-- https://www.phpmyadmin.net/
--

START TRANSACTION;



--
-- Database: `foqasacademy`
--

-- --------------------------------------------------------

--
-- Table structure for table `accounts`
--

CREATE TABLE `accounts` (
  `id` bigint(20) UNSIGNED NOT NULL,
  `name` varchar(191) COLLATE utf8mb4_unicode_ci NOT NULL,
  `type` varchar(191) COLLATE utf8mb4_unicode_ci NOT NULL,
  `amount` int(11) NOT NULL,
  `description` text COLLATE utf8mb4_unicode_ci NOT NULL,
  `school_id` int(10) UNSIGNED NOT NULL,
  `user_id` int(10) UNSIGNED NOT NULL,
  `created_at` timestamp NULL DEFAULT NULL,
  `updated_at` timestamp NULL DEFAULT NULL
) ENGINE=InnoDB DEFAULT CHARSET=utf8mb4 COLLATE=utf8mb4_unicode_ci;

-- --------------------------------------------------------

--
-- Table structure for table `account_sectors`
--

CREATE TABLE `account_sectors` (
  `id` bigint(20) UNSIGNED NOT NULL,
  `name` varchar(191) COLLATE utf8mb4_unicode_ci NOT NULL,
  `type` varchar(191) COLLATE utf8mb4_unicode_ci NOT NULL,
  `school_id` int(10) UNSIGNED NOT NULL,
  `user_id` int(10) UNSIGNED NOT NULL,
  `created_at` timestamp NULL DEFAULT NULL,
  `updated_at` timestamp NULL DEFAULT NULL
) ENGINE=InnoDB DEFAULT CHARSET=utf8mb4 COLLATE=utf8mb4_unicode_ci;

--
-- Dumping data for table `account_sectors`
--

INSERT INTO `account_sectors` (`id`, `name`, `type`, `school_id`, `user_id`, `created_at`, `updated_at`) VALUES
(1, 'Admission/ Re-Admission Fee', 'income', 1, 12, '2021-02-10 06:09:26', '2021-02-10 06:09:26'),
(2, 'Tuition Fee', 'income', 1, 12, '2021-02-10 06:12:13', '2021-02-10 06:12:13'),
(3, 'Board  Reg. Fee', 'income', 1, 12, '2021-02-10 06:12:47', '2021-02-10 06:12:47'),
(4, 'Late Fee', 'income', 1, 12, '2021-02-10 06:13:17', '2021-02-10 06:13:17'),
(5, 'College Exam Fee', 'income', 1, 12, '2021-02-10 06:13:36', '2021-02-10 06:13:36'),
(6, 'Library Fee', 'income', 1, 12, '2021-02-10 06:15:09', '2021-02-10 06:15:09'),
(7, 'Teacher-Staff Welfare Fund', 'income', 1, 12, '2021-02-10 06:15:53', '2021-02-10 06:15:53'),
(8, 'Milad', 'income', 1, 12, '2021-02-10 06:42:47', '2021-02-10 06:42:47'),
(9, 'College Annual Fee', 'income', 1, 12, '2021-02-10 06:43:44', '2021-02-10 06:43:44'),
(10, 'Testimonial Fee', 'income', 1, 12, '2021-02-10 06:50:23', '2021-02-10 06:50:23'),
(11, 'Maintenance Fee', 'income', 1, 12, '2021-02-10 06:55:16', '2021-02-10 06:55:16'),
(12, 'Form Fill Up', 'income', 1, 12, '2021-02-10 06:55:45', '2021-02-10 06:55:45'),
(13, 'ID Card Fee', 'income', 1, 12, '2021-02-10 06:56:09', '2021-02-10 06:56:09'),
(14, 'Admission Expense', 'expense', 1, 12, '2021-02-10 07:16:29', '2021-02-10 07:16:29'),
(15, 'Electric Bill & Others exp.', 'expense', 1, 12, '2021-02-10 07:29:39', '2021-02-10 07:29:39'),
(16, 'WASA Bill & Others exp.', 'expense', 1, 12, '2021-02-10 07:30:02', '2021-02-10 07:30:02'),
(17, 'Telephone Bill exp.', 'expense', 1, 12, '2021-02-10 07:30:48', '2021-02-10 07:30:48'),
(18, 'Paper Bill exp.', 'expense', 1, 12, '2021-02-10 07:46:34', '2021-02-10 07:46:34'),
(19, 'Computer Maintenance exp.', 'expense', 1, 12, '2021-02-10 07:48:52', '2021-02-10 07:48:52'),
(20, 'Printing & Stationary exp.', 'expense', 1, 12, '2021-02-10 07:50:47', '2021-02-10 07:50:47'),
(21, 'Gas Bill & Others exp.', 'expense', 1, 12, '2021-02-10 07:58:55', '2021-02-10 07:58:55'),
(22, 'Internet Bill Expense', 'expense', 1, 12, '2021-02-17 09:29:15', '2021-02-17 09:29:15');

-- --------------------------------------------------------

--
-- Table structure for table `admissions`
--

CREATE TABLE `admissions` (
  `id` bigint(20) UNSIGNED NOT NULL,
  `school_id` bigint(20) UNSIGNED NOT NULL,
  `section_id` int(10) UNSIGNED DEFAULT NULL,
  `class_id` int(10) UNSIGNED NOT NULL,
  `preadmission_id` int(11) DEFAULT NULL,
  `roll` int(11) DEFAULT NULL,
  `mark` float DEFAULT NULL,
  `add_pass` varchar(200) COLLATE utf8mb4_unicode_ci DEFAULT NULL,
  `name` varchar(191) COLLATE utf8mb4_unicode_ci NOT NULL,
  `gender` tinyint(4) NOT NULL,
  `religon` tinyint(4) NOT NULL,
  `dob` varchar(50) COLLATE utf8mb4_unicode_ci NOT NULL,
  `bloodgroup` varchar(100) COLLATE utf8mb4_unicode_ci DEFAULT NULL,
  `mobile` varchar(191) COLLATE utf8mb4_unicode_ci DEFAULT NULL,
  `email` varchar(191) COLLATE utf8mb4_unicode_ci DEFAULT NULL,
  `photo` varchar(191) COLLATE utf8mb4_unicode_ci DEFAULT NULL,
  `father_name` varchar(191) COLLATE utf8mb4_unicode_ci DEFAULT NULL,
  `signature` varchar(191) COLLATE utf8mb4_unicode_ci DEFAULT NULL,
  `fathercell` varchar(191) COLLATE utf8mb4_unicode_ci DEFAULT NULL,
  `fatheremail` varchar(191) COLLATE utf8mb4_unicode_ci DEFAULT NULL,
  `mother_name` varchar(191) COLLATE utf8mb4_unicode_ci DEFAULT NULL,
  `mothercell` varchar(191) COLLATE utf8mb4_unicode_ci DEFAULT NULL,
  `motheremail` varchar(191) COLLATE utf8mb4_unicode_ci DEFAULT NULL,
  `fatheroccupation` varchar(191) COLLATE utf8mb4_unicode_ci DEFAULT NULL,
  `motheroccupation` varchar(191) COLLATE utf8mb4_unicode_ci DEFAULT NULL,
  `height` varchar(191) COLLATE utf8mb4_unicode_ci DEFAULT NULL,
  `weight` varchar(191) COLLATE utf8mb4_unicode_ci DEFAULT NULL,
  `contactperson` varchar(191) COLLATE utf8mb4_unicode_ci DEFAULT NULL,
  `contactpersonmobile` varchar(191) COLLATE utf8mb4_unicode_ci DEFAULT NULL,
  `realation` varchar(191) COLLATE utf8mb4_unicode_ci DEFAULT NULL,
  `presentAddress` varchar(191) COLLATE utf8mb4_unicode_ci DEFAULT NULL,
  `perpostoffice` varchar(191) COLLATE utf8mb4_unicode_ci DEFAULT NULL,
  `perpostcode` varchar(191) COLLATE utf8mb4_unicode_ci DEFAULT NULL,
  `pastAddress` varchar(191) COLLATE utf8mb4_unicode_ci DEFAULT NULL,
  `pastpostoffice` varchar(191) COLLATE utf8mb4_unicode_ci DEFAULT NULL,
  `pastpostcode` varchar(191) COLLATE utf8mb4_unicode_ci DEFAULT NULL,
  `birthcertificateNo` varchar(191) COLLATE utf8mb4_unicode_ci DEFAULT NULL,
  `fatherPassport` varchar(191) COLLATE utf8mb4_unicode_ci DEFAULT NULL,
  `nameAddressofmainSchool` varchar(400) COLLATE utf8mb4_unicode_ci DEFAULT NULL,
  `admissioninbengaliClass` varchar(400) COLLATE utf8mb4_unicode_ci DEFAULT NULL,
  `gName` varchar(200) COLLATE utf8mb4_unicode_ci DEFAULT NULL,
  `gNationality` varchar(200) COLLATE utf8mb4_unicode_ci DEFAULT NULL,
  `gMobile` varchar(100) COLLATE utf8mb4_unicode_ci DEFAULT NULL,
  `gEmail` varchar(100) COLLATE utf8mb4_unicode_ci DEFAULT NULL,
  `gdate` varchar(50) COLLATE utf8mb4_unicode_ci DEFAULT NULL,
  `gnrcNo` varchar(200) COLLATE utf8mb4_unicode_ci DEFAULT NULL,
  `gPhone` varchar(200) COLLATE utf8mb4_unicode_ci DEFAULT NULL,
  `gAddress` varchar(200) COLLATE utf8mb4_unicode_ci DEFAULT NULL,
  `gOccupation` varchar(200) COLLATE utf8mb4_unicode_ci DEFAULT NULL,
  `placeBirth` varchar(200) COLLATE utf8mb4_unicode_ci DEFAULT NULL,
  `singaporepr` tinyint(4) DEFAULT NULL,
  `cemail` varchar(100) COLLATE utf8mb4_unicode_ci DEFAULT NULL,
  `preDivision` varchar(100) COLLATE utf8mb4_unicode_ci DEFAULT NULL,
  `preDistrict` varchar(100) COLLATE utf8mb4_unicode_ci DEFAULT NULL,
  `preThana` varchar(200) COLLATE utf8mb4_unicode_ci DEFAULT NULL,
  `pastDivision` varchar(200) COLLATE utf8mb4_unicode_ci DEFAULT NULL,
  `pastDistrict` varchar(200) COLLATE utf8mb4_unicode_ci DEFAULT NULL,
  `pastThana` varchar(200) COLLATE utf8mb4_unicode_ci DEFAULT NULL,
  `nationality` varchar(100) COLLATE utf8mb4_unicode_ci DEFAULT NULL,
  `persent_same` varchar(200) COLLATE utf8mb4_unicode_ci DEFAULT NULL,
  `bengaliLang` varchar(200) COLLATE utf8mb4_unicode_ci DEFAULT NULL,
  `password` varchar(100) COLLATE utf8mb4_unicode_ci DEFAULT NULL,
  `status` tinyint(4) DEFAULT 1 COMMENT '1=pending,2=approve,3=reject,4=paid,5=unpaid,6=promoted,7=not_promoted',
  `remark` varchar(200) COLLATE utf8mb4_unicode_ci DEFAULT NULL,
  `streetAddress_1` varchar(200) COLLATE utf8mb4_unicode_ci DEFAULT NULL,
  `streetAddress_2` varchar(200) COLLATE utf8mb4_unicode_ci DEFAULT NULL,
  `city` varchar(200) COLLATE utf8mb4_unicode_ci DEFAULT NULL,
  `state` varchar(200) COLLATE utf8mb4_unicode_ci DEFAULT NULL,
  `zipCode` varchar(200) COLLATE utf8mb4_unicode_ci DEFAULT NULL,
  `country` varchar(200) COLLATE utf8mb4_unicode_ci DEFAULT NULL,
  `created_at` timestamp NULL DEFAULT NULL,
  `updated_at` timestamp NULL DEFAULT NULL
) ENGINE=InnoDB DEFAULT CHARSET=utf8mb4 COLLATE=utf8mb4_unicode_ci;

--
-- Dumping data for table `admissions`
--

INSERT INTO `admissions` (`id`, `school_id`, `section_id`, `class_id`, `preadmission_id`, `roll`, `mark`, `add_pass`, `name`, `gender`, `religon`, `dob`, `bloodgroup`, `mobile`, `email`, `photo`, `father_name`, `signature`, `fathercell`, `fatheremail`, `mother_name`, `mothercell`, `motheremail`, `fatheroccupation`, `motheroccupation`, `height`, `weight`, `contactperson`, `contactpersonmobile`, `realation`, `presentAddress`, `perpostoffice`, `perpostcode`, `pastAddress`, `pastpostoffice`, `pastpostcode`, `birthcertificateNo`, `fatherPassport`, `nameAddressofmainSchool`, `admissioninbengaliClass`, `gName`, `gNationality`, `gMobile`, `gEmail`, `gdate`, `gnrcNo`, `gPhone`, `gAddress`, `gOccupation`, `placeBirth`, `singaporepr`, `cemail`, `preDivision`, `preDistrict`, `preThana`, `pastDivision`, `pastDistrict`, `pastThana`, `nationality`, `persent_same`, `bengaliLang`, `password`, `status`, `remark`, `streetAddress_1`, `streetAddress_2`, `city`, `state`, `zipCode`, `country`, `created_at`, `updated_at`) VALUES
(10, 1, 25, 10, 5, 2020101, 20, '123456', 'sysok@mailinator.com', 1, 1, '0000-00-00', '1', 'Animi optio rem co', 'dili@mailinator.com', 'http://192.168.0.109:8001/storage/FA20165757S/FA20165757H/2020/profile/XLsWFvVvw7BKDQy0CcMb68EwYKtO8yy2vp8asbeI.png', 'Maggy Lowe', NULL, NULL, NULL, 'Lisandra Santiago', NULL, NULL, NULL, NULL, NULL, NULL, 'Omnis sit nesciunt', 'In consequatur dolo', 'Non dolorem debitis', 'Ipsa cum reprehende', 'Aliquid eum neque do', '82', 'Ipsa cum reprehende', 'Aliquid eum neque do', '82', 'Vitae modi velit ut', NULL, 'Tanisha Craig', 'In ut et dolor dolor', 'Russell Hughes', 'Ut illo rerum expedi', 'Fugiat quis distinct', 'virawy@mailinator.com', '0000-00-00', 'Ut dolore molestiae', '+1 (554) 261-6972', 'Ipsa quidem fuga I', 'Alias vitae labore s', 'Amet et in voluptat', 1, 'nabyrywo@mailinator.com', 'Ipsam ducimus esse', 'Accusamus modi magna', 'Ut aut autem obcaeca', 'Ipsam ducimus esse', 'Accusamus modi magna', 'Ut aut autem obcaeca', 'Distinctio Eos ame', '1', NULL, '123', 6, NULL, NULL, NULL, NULL, NULL, NULL, '18', '2020-11-24 12:10:47', '2021-03-31 07:53:05'),
(11, 1, 25, 10, 5, 2020102, NULL, '123', 'zozonipico@mailinator.com', 2, 1, '0000-00-00', '2', 'Sed et tempore do e', 'mupam@mailinator.com', NULL, 'Cain Workman', NULL, NULL, NULL, 'Lamar Ballard', NULL, NULL, NULL, NULL, NULL, NULL, 'Amet in temporibus', 'Aut itaque id blandi', 'Numquam laboriosam', 'Dhanmondi', 'Sit id mollit digni', '61', 'Dhanmondi', 'Sit id mollit digni', '61', 'Voluptas in est dolo', NULL, 'Micah Bradford', 'Dolor dolor laborum', 'Henry Adams', 'Ut reiciendis tempor', 'Beatae iure sit cum', 'zafakurane@mailinator.com', '0000-00-00', 'Dolores a labore sed', '+1 (471) 451-9725', 'Aut consequatur nul', 'Et tempore sit erro', 'Occaecat pariatur N', 2, 'zakuvywus@mailinator.com', 'Nesciunt in assumen', 'Debitis sint consequ', 'Vel blanditiis elige', 'Nesciunt in assumen', 'Debitis sint consequ', 'Vel blanditiis elige', 'Ut ipsum nihil reic', '1', NULL, '123456', 3, 'Reject', NULL, NULL, NULL, NULL, NULL, '18', '2020-11-24 12:12:59', '2020-12-10 07:23:53'),
(12, 1, 25, 10, 5, 2020103, NULL, '12345', 'joxuwafef@mailinator.com', 2, 1, '0000-00-00', '1', 'Ea soluta aliqua Nu', 'bugu@mailinator.com', NULL, 'Lester Solomon', NULL, NULL, NULL, 'Dominique Villarreal', NULL, NULL, NULL, NULL, NULL, NULL, 'Accusamus est sed si', 'Eveniet perspiciati', 'Sit at omnis qui do', 'In rerum explicabo', 'Rem esse in minim i', '85', 'In rerum explicabo', 'Rem esse in minim i', '85', 'Pariatur Sit cillu', NULL, 'Quamar Weaver', 'Nostrud mollitia par', 'Zane Maynard', 'Fugiat quia sequi u', 'Est itaque ut expedi', 'kiwexumari@mailinator.com', '0000-00-00', 'Nostrum fugit ut et', '+1 (806) 372-2227', 'Maxime perspiciatis', 'Dolore commodi cum v', 'Est sed ea dolore qu', 1, 'lobyveb@mailinator.com', '1', '4', '122', '5', '44', '422', 'Ab sunt ipsam ipsum', '1', NULL, NULL, 5, NULL, NULL, NULL, NULL, NULL, NULL, '18', '2020-11-25 07:03:13', '2020-12-10 07:29:06'),
(14, 1, 25, 10, 5, 2020104, NULL, '12345678', 'xunyfiquv@mailinator.com', 1, 4, '2020-09-11', '3', 'Cum repudiandae exce', 'vomoc@mailinator.com', NULL, 'Drake Newton', NULL, NULL, NULL, 'Stephen Mckay', NULL, NULL, NULL, NULL, NULL, NULL, 'Aut aut aut in ut ex', 'Dolor nostrud natus', 'Ut duis rem ad exerc', 'Anim molestiae disti', 'Temporibus ad sequi', '54', 'Anim molestiae disti', 'Temporibus ad sequi', '54', 'Ad molestias incidun', NULL, 'Yeo Garza', 'Quibusdam sint enim', 'Germane Carter', 'Qui quis proident e', 'Voluptatem laboriosa', 'mitugef@mailinator.com', '0000-00-00', 'Voluptatem dolor rep', '+1 (628) 632-1397', 'Commodi beatae est d', 'Proident quis minim', 'Sit ipsum explicab', 2, 'jewocymy@mailinator.com', '1', '24', '139', '1', '24', '139', 'Consequatur velit vi', '1', 'Nill', NULL, 3, 'sdfsadff', NULL, NULL, NULL, NULL, NULL, '18', '2020-11-28 10:58:29', '2020-12-10 07:29:19'),
(16, 1, 25, 10, 5, 2020105, NULL, '123456789', 'Ingrid Lewis', 3, 1, '1971-12-02', '4', '221', 'wehyf@mailinator.com', NULL, 'Belle Booth', NULL, NULL, NULL, 'Logan Barton', NULL, NULL, NULL, NULL, NULL, NULL, 'Zachary Goodwin', 'Earum minima deserun', 'Praesentium neque ne', 'Et iure nostrud mini', 'Nobis harum alias in', 'Mollitia quo autem a', 'Et iure nostrud mini', 'Nobis harum alias in', 'Mollitia quo autem a', 'Neque aliqua Vel od', NULL, 'Keane Romero', 'Impedit facilis qui', 'Michelle Schroeder', 'Dolorum eos alias bl', 'Sapiente est ut temp', 'fenifew@mailinator.com', '2020-12-11', 'Repellendus Proiden', '+1 (918) 888-1117', 'Dolor porro magni ve', 'Id magni nisi quam c', 'Praesentium corporis', 2, 'doloxoh@mailinator.com', '4', '34', '340', '4', '34', '340', 'Quis tempor suscipit', '1', 'Good', NULL, 5, NULL, NULL, NULL, NULL, NULL, NULL, '18', '2020-11-29 10:27:38', '2020-12-30 05:46:37'),
(18, 1, 25, 10, 5, 2020108, NULL, NULL, 'Brendan Carroll', 3, 4, '2005-11-12', '1', '374', 'buzul@mailinator.com', NULL, 'Mufutau Pate', NULL, NULL, NULL, 'Hermione Vega', NULL, NULL, NULL, NULL, NULL, NULL, 'Alec Goff', 'Qui eligendi sed cul', 'Nihil magna et dolor', 'In qui esse est id', 'Veritatis aliqua Pa', 'Maxime quo et aut ni', 'Irure fugiat dolori', 'Commodi ex numquam d', 'Error enim cillum la', 'Voluptas sunt ullam', NULL, 'Gisela Meyer', 'Et nisi voluptas ea', 'Basil Joseph', 'Voluptatibus pariatu', 'Ad voluptatibus iure', 'wizon@mailinator.com', '1979-08-03', 'Officia anim mollit', '+1 (531) 774-7207', 'Perspiciatis facili', 'Velit voluptas dolo', 'Est nostrum asperior', 1, 'wemufu@mailinator.com', '7', '20', '357', '5', '7', '389', 'Aliquid cumque aute', NULL, 'Good', NULL, 5, NULL, NULL, NULL, NULL, NULL, NULL, '18', '2020-12-01 08:56:04', '2021-01-06 11:27:30'),
(19, 1, 25, 10, 5, 2020109, NULL, NULL, 'Quamar Davidson', 3, 2, '2007-08-08', '8', '190', 'totizusejo@mailinator.com', NULL, 'Reuben Barker', NULL, NULL, NULL, 'Emery Dejesus', NULL, NULL, NULL, NULL, NULL, NULL, 'Pandora Burks', 'Totam molestiae corr', 'In commodi quia dolo', 'Animi impedit quo', 'Aut placeat id sin', 'Consequatur volupta', 'Animi impedit quo', 'Aut placeat id sin', 'Consequatur volupta', 'Neque in qui est dol', NULL, 'Iola Ruiz', 'Commodi excepteur do', 'Xena Bowen', 'Quos dolor sed sint', 'Illo at nesciunt el', 'xejakop@mailinator.com', '0000-00-00', 'Rerum recusandae Su', '+1 (719) 591-5953', 'Deserunt ut cupidata', 'Ullam at est aut est', 'In reiciendis quia d', 2, 'kunapo@mailinator.com', '7', '20', NULL, '7', '20', NULL, 'Labore ut iure fuga', '1', 'Fair', NULL, 5, NULL, NULL, NULL, NULL, NULL, NULL, '18', '2020-12-01 10:20:49', '2021-01-06 11:27:33'),
(23, 1, 25, 10, 5, 2020110, NULL, NULL, 'Rae Branch', 3, 4, '0000-00-00', '1', '40', 'cebebodi@mailinator.com', NULL, 'Genevieve Gentry', NULL, NULL, NULL, 'Aladdin Hewitt', NULL, NULL, NULL, NULL, NULL, NULL, 'Fleur Patrick', 'Corporis nihil dolor', 'Necessitatibus in eo', 'Consectetur archite', 'Laudantium nihil no', 'Aliquid qui perspici', 'Consectetur archite', 'Laudantium nihil no', 'Aliquid qui perspici', 'Quia et aliqua Nequ', NULL, 'Todd Weber', 'In consequatur Quos', 'Micah Jones', 'Temporibus atque dol', 'Incididunt molestias', 'salexo@mailinator.com', '0000-00-00', 'Optio dolore adipis', '+1 (509) 124-7572', 'Magni sed laboriosam', 'Ea a veritatis quis', 'Quidem facere beatae', 1, 'suqu@mailinator.com', '5', '40', '405', '5', '40', '405', 'Repudiandae obcaecat', '1', 'Nill', '$2y$10$bnNRAVEv9RI/VCKH94TpT.YuA5Qq6WNC.dGWI/sZTG87M0yHybr7K', 5, NULL, NULL, NULL, NULL, NULL, NULL, '18', '2020-12-03 07:10:58', '2020-12-07 07:33:01'),
(25, 1, 25, 10, 5, 2020111, NULL, NULL, 'Abra Weeks', 1, 2, '1970-01-01', '8', '435', 'hydisaj@mailinator.com', NULL, 'Shea Baird', NULL, NULL, NULL, 'Scott Burt', NULL, NULL, NULL, NULL, NULL, NULL, 'Jordan Atkinson', 'Nam veniam do dolor', 'Laborum consequatur', 'Aut sit ullam nobis', 'Eu adipisci quis sit', 'Blanditiis autem eum', 'Aut sit ullam nobis', 'Eu adipisci quis sit', 'Blanditiis autem eum', 'Deserunt voluptatibu', NULL, 'Maite Houston', 'Assumenda beatae mai', 'Mollie Holland', 'Tempora est volupta', 'Autem voluptatem sin', 'kysine@mailinator.com', '1972-12-08', 'Ullamco officia inve', '+1 (619) 625-7969', 'Excepturi ut aut lau', 'Ad at praesentium ip', 'Nostrud architecto a', 1, 'lakeby@mailinator.com', '1', '4', '478', '1', '4', '478', 'Optio rerum id et u', '1', 'Fair', '$2y$10$CgcfNI4I4aUPb9uItL2Nq.mNcUBOAL8WguVY.GZGN1myOvGvfNApu', 5, NULL, NULL, NULL, NULL, NULL, NULL, '18', '2020-12-03 07:32:56', '2021-01-06 11:27:38'),
(26, 1, 25, 10, 5, 2020112, NULL, NULL, 'fgfgfgfgfgfgfgf', 2, 3, '0000-00-00', '7', '888', 'lizawyqu@mailinator.com', NULL, 'Scott Ramos', NULL, NULL, NULL, 'Dorothy Wood', NULL, NULL, NULL, NULL, NULL, NULL, 'Gail Tyson', 'Exercitation eligend', 'Dolores eius cum qui', 'Dolor distinctio Op', 'Reiciendis minus eum', 'Quidem eum facere no', 'Dolor distinctio Op', 'Reiciendis minus eum', 'Quidem eum facere no', 'Rerum et consequuntu', NULL, 'Ifeoma Walker', 'Similique sint reici', 'Hanae Bean', 'Doloribus id ex labo', 'Ipsum hic expedita q', 'bejyzelo@mailinator.com', '0000-00-00', 'Nulla consequatur a', '+1 (184) 185-1456', 'Aut illum ab volupt', 'Ipsa voluptas ad ip', 'Ut aut totam ipsum q', 2, 'fulutit@mailinator.com', '4', '25', '313', '4', '25', '313', 'Quis dolores ducimus', '1', NULL, '$2y$10$KVq9jMT1YbfpCC8xinx.L.F//KRGRrdw/5NlMi2xcv.23eTzyi3ny', 5, NULL, NULL, NULL, NULL, NULL, NULL, '18', '2020-12-03 09:50:51', '2020-12-07 07:33:01'),
(27, 1, 25, 10, 5, 2020113, NULL, NULL, 'Debra Bowers', 1, 1, '0000-00-00', '2', '77', 'cujyz@mailinator.com', NULL, 'Kylee Dickerson', NULL, NULL, NULL, 'Gregory Sykes', NULL, NULL, NULL, NULL, NULL, NULL, 'Hector Diaz', 'Repudiandae non qui', 'Aliquip quia est qu', 'Voluptatem ut ipsam', 'Consequuntur et at q', 'Ipsa ea quia amet', 'Ipsum sit qui et v', 'Esse officia unde c', 'Laudantium vero ani', 'Molestiae cillum a a', NULL, 'Cameron Sheppard', 'Delectus est aute', 'Guinevere Wright', 'Commodo obcaecati om', 'Tenetur modi ut offi', 'duhybu@mailinator.com', '0000-00-00', 'Cupidatat anim aut u', '+1 (263) 376-2322', 'Facere itaque fuga', 'Dolore et rerum labo', 'Quis reprehenderit', 1, 'tomubov@mailinator.com', '2', '2', NULL, '2', '8', '56', 'Suscipit doloremque', NULL, 'Poor', '$2y$10$S/ZV/3rIfNZzTRYFilOZVuZ4Dej0JeY0bLScqI63J5BM7cn3.Klia', 5, NULL, NULL, NULL, NULL, NULL, NULL, '18', '2020-12-05 05:46:52', '2020-12-07 07:33:02'),
(28, 1, 25, 10, 5, 2020114, NULL, NULL, 'Bertha Patterson', 2, 5, '0000-00-00', '4', '329', 'hixinunut@mailinator.com', NULL, 'Sebastian Roy', NULL, NULL, NULL, 'Carol Bates', NULL, NULL, NULL, NULL, NULL, NULL, 'Ashton Carrillo', 'Odio in fugiat blan', 'Numquam exercitation', 'Quod voluptatem Dol', 'Eos quos molestiae', 'Consequatur eligend', 'Quod voluptatem Dol', 'Eos quos molestiae', 'Consequatur eligend', 'Incididunt qui sit t', NULL, 'Constance Bauer', 'Vitae error a deseru', 'Prescott Medina', 'Reprehenderit dolor', 'Pariatur Atque volu', 'pukafugyt@mailinator.com', '0000-00-00', 'Est perspiciatis es', '+1 (368) 391-3059', 'Enim rerum vero omni', 'Est quia omnis ut po', 'Commodi Nam non nisi', 1, 'bixekuhur@mailinator.com', '8', NULL, NULL, '8', NULL, NULL, 'Impedit harum lorem', '1', 'Fair', '$2y$10$uTyz844PsSWH6x6rn3HP2uFUmq1uS5MPR4nXm8azR8COpcc0FncgG', 5, NULL, NULL, NULL, NULL, NULL, NULL, '18', '2020-12-05 05:47:32', '2020-12-07 07:33:02'),
(29, 1, 25, 10, 5, 2020115, NULL, NULL, 'Colby Meyer', 2, 2, '0000-00-00', '2', '255', 'boxoqehu@mailinator.com', NULL, 'Ava Vance', NULL, NULL, NULL, 'Vivien Randall', NULL, NULL, NULL, NULL, NULL, NULL, 'Yael Howard', 'Sed laudantium non', 'Labore minima aut vo', 'Sequi velit temporib', 'Molestiae exercitati', 'Sed et deserunt mini', 'Sequi velit temporib', 'Molestiae exercitati', 'Sed et deserunt mini', 'Commodo voluptatem', NULL, 'Ciaran Ellis', 'Repellendus Sed qua', 'Kelly Compton', 'Nostrum error deleni', 'Iure deserunt aut re', 'ramuvof@mailinator.com', '0000-00-00', 'Praesentium rerum au', '+1 (736) 596-8467', 'Dignissimos dolor qu', 'Doloremque reprehend', 'Consectetur qui nat', 2, 'fykybebeq@mailinator.com', '7', '37', '361', '7', '37', '361', 'Autem maxime adipisi', '1', 'Nill', '$2y$10$R128.hwfgNEP.N3aHO4sQO4Ga/moTMY/MKHHgs707PA.kMMI9f29a', 5, NULL, NULL, NULL, NULL, NULL, NULL, '18', '2020-12-05 05:49:25', '2020-12-07 07:33:02'),
(30, 1, 25, 10, 5, 2020116, NULL, NULL, 'Hyatt Duffy', 1, 2, '1998-05-05', '1', '422', 'miza@mailinator.com', NULL, 'Lani Joseph', NULL, NULL, NULL, 'Ferdinand Wright', NULL, NULL, NULL, NULL, NULL, NULL, 'Jerome Anthony', 'Commodi non id bland', 'Cillum excepteur dol', 'Mollitia qui velit', 'Et eos velit et ull', 'Quis aute non conseq', 'Mollitia qui velit', 'Et eos velit et ull', 'Quis aute non conseq', 'Dolore vitae rerum d', NULL, 'Cailin Sargent', 'Aspernatur quia est', 'Isaiah Hayes', 'Anim libero sed ex n', 'Amet adipisci unde', 'xypexel@mailinator.com', '2008-03-04', 'Voluptate consequat', '+1 (447) 352-2157', 'Recusandae Molestia', 'Optio quo aut aut p', 'Amet sint laborum', 2, 'valogaci@mailinator.com', '3', '42', '256', '3', '42', '256', 'Qui voluptate tempor', '1', NULL, '$2y$10$1KGJDE6/fPJ/ur3S0w1zMeKAIBCGRuXpLxLUVpzYpwo66eC8W9pia', 5, NULL, NULL, NULL, NULL, NULL, NULL, '18', '2020-12-05 05:50:16', '2020-12-07 07:33:02'),
(31, 1, 25, 10, 5, 2020117, NULL, NULL, 'Liberty Burke', 2, 5, '0000-00-00', '3', '378', 'kybewy@mailinator.com', NULL, 'Hasad Carson', NULL, NULL, NULL, 'Caldwell Lucas', NULL, NULL, NULL, NULL, NULL, NULL, 'Fiona Rush', 'Officia consequatur', 'Eu aliqua Ipsum id', 'Quisquam ipsum vel', 'Voluptatem Nihil ut', 'Cillum tempora omnis', 'Quisquam ipsum vel', 'Voluptatem Nihil ut', 'Cillum tempora omnis', 'Sed est nobis occaec', NULL, 'Daphne Rush', 'Ut eum facilis sequi', 'Mohammad Erickson', 'Consequatur Aliquid', 'Velit itaque et face', 'wabojy@mailinator.com', '2018-05-07', 'In non ducimus volu', '+1 (946) 901-8531', 'Exercitation ad quas', 'Id iure nobis sit of', 'Consequatur volupta', 1, 'nanuvi@mailinator.com', '7', '20', NULL, '7', '20', NULL, 'Minus amet dolor ma', '1', 'Nill', '$2y$10$/1OueJHYbwtNXU3wnF6jOeunw/CeaRxXg.T5SyFSRsV1FFaJqGCdm', 5, NULL, NULL, NULL, NULL, NULL, NULL, '18', '2020-12-05 07:04:20', '2020-12-07 07:33:02'),
(32, 1, 25, 10, 5, 2020118, NULL, NULL, 'Ciaran Cleveland', 2, 1, '1970-02-07', '8', '959', 'lajulyd@mailinator.com', NULL, 'Michael Blankenship', NULL, NULL, NULL, 'Sage Wilkins', NULL, NULL, NULL, NULL, NULL, NULL, 'Nora Allison', 'Veritatis autem est', 'Ipsam quia placeat', 'Sed omnis enim aliqu', 'Eiusmod aut velit no', 'Voluptatibus debitis', 'Sed omnis enim aliqu', 'Eiusmod aut velit no', 'Voluptatibus debitis', 'Voluptatem minima qu', NULL, 'Reuben Cote', 'Minim rerum laborum', 'Ina Campos', 'Eos ut et a aperiam', 'Velit sit eos arch', 'notaly@mailinator.com', '1997-03-12', 'Nulla veniam sit q', '+1 (911) 841-5466', 'Laudantium deleniti', 'Debitis et facere au', 'Eaque dicta nemo dol', 2, 'weka@mailinator.com', '1', '3', '355', '1', '3', '355', 'A reprehenderit null', '1', 'Good', '$2y$10$FKzKSwFtERix2VGEr84tD.2.BZEhfOaurN9kyC.tuZhAjOWFwMA1u', 5, NULL, NULL, NULL, NULL, NULL, NULL, '18', '2020-12-05 07:04:38', '2020-12-07 07:33:02'),
(33, 1, 25, 10, 5, 2020119, NULL, NULL, 'Taylor Craig', 2, 2, '1983-10-08', '5', '134', 'daquku@mailinator.com', NULL, 'Jennifer Ferguson', NULL, NULL, NULL, 'Irene Warner', NULL, NULL, NULL, NULL, NULL, NULL, 'Melyssa Kelly', 'Earum animi cupidit', 'Voluptate inventore', 'Exercitationem fugia', 'Ea eveniet tempore', 'Cupiditate amet lab', 'Repudiandae et repre', 'Dolor est alias et s', 'Reiciendis qui conse', 'Sint laborum Ullam', NULL, 'Andrew Walters', 'Culpa iste sint qui', 'Lillian Moon', 'Omnis asperiores vol', 'Vitae asperiores dol', 'nixit@mailinator.com', '0000-00-00', 'Maiores adipisicing', '+1 (623) 551-2453', 'Inventore consequatu', 'Quibusdam ut minima', 'Ut minus culpa rerum', 2, 'muwepod@mailinator.com', '7', '20', NULL, '5', '40', '408', 'Quae laborum Vitae', NULL, 'Good', '$2y$10$OkCgWAlR1qvQ54HGFgl1GOnpaSfXEoRVENWJCKczQG9QV0EVsyQYO', 5, NULL, NULL, NULL, NULL, NULL, NULL, '18', '2020-12-05 07:05:19', '2020-12-07 07:33:02'),
(34, 1, 25, 10, 5, 2020120, NULL, NULL, 'Mariam Becker', 1, 3, '0000-00-00', '6', '608', 'keboti@mailinator.com', NULL, 'Jamal Owens', NULL, NULL, NULL, 'Aretha Wheeler', NULL, NULL, NULL, NULL, NULL, NULL, 'Adam Wong', 'Quos dolore elit si', 'Dolorem quia volupta', 'Ex voluptates et qui', 'Architecto ut cum qu', 'Illo sit laboris re', 'Ex voluptates et qui', 'Architecto ut cum qu', 'Illo sit laboris re', 'Amet sit porro ani', NULL, 'Sebastian Maynard', 'Vel odio et perspici', 'Rebecca Lindsay', 'Error commodo doloru', 'Cum minim suscipit n', 'qyrupuz@mailinator.com', '0000-00-00', 'Vel aut nostrud dele', '+1 (673) 278-7297', 'Adipisci enim dolore', 'Quas adipisci volupt', 'Officia et non amet', 2, 'segac@mailinator.com', '7', '20', '361', '7', '20', '361', 'Accusamus et et ut m', '1', 'Good', '$2y$10$UJ0KKQ/7paGvW5htc5bHDOdetijY9A.qDdi0Jhkk9lQdQzr/WD49K', 5, NULL, NULL, NULL, NULL, NULL, NULL, '18', '2020-12-05 07:06:12', '2020-12-07 07:33:02'),
(35, 1, 25, 10, 5, 2020121, NULL, NULL, 'Mariam Becker', 1, 3, '0000-00-00', '6', '608', 'keboti@mailinator.com', NULL, 'Jamal Owens', NULL, NULL, NULL, 'Aretha Wheeler', NULL, NULL, NULL, NULL, NULL, NULL, 'Adam Wong', 'Quos dolore elit si', 'Dolorem quia volupta', 'Ex voluptates et qui', 'Architecto ut cum qu', 'Illo sit laboris re', 'Ex voluptates et qui', 'Architecto ut cum qu', 'Illo sit laboris re', 'Amet sit porro ani', NULL, 'Sebastian Maynard', 'Vel odio et perspici', 'Rebecca Lindsay', 'Error commodo doloru', 'Cum minim suscipit n', 'qyrupuz@mailinator.com', '0000-00-00', 'Vel aut nostrud dele', '+1 (673) 278-7297', 'Adipisci enim dolore', 'Quas adipisci volupt', 'Officia et non amet', 2, 'segac@mailinator.com', '7', '20', NULL, '7', '20', NULL, 'Accusamus et et ut m', '1', NULL, '$2y$10$ZwFZfnGevVLvB6TmT53SyOSvloBqp02poyYJ1Jzn7hpy.B7F1Ivk2', 5, NULL, NULL, NULL, NULL, NULL, NULL, '18', '2020-12-05 07:06:13', '2020-12-07 07:33:02'),
(36, 1, 25, 10, 5, 2020122, NULL, NULL, 'Mariam Becker', 1, 3, '0000-00-00', '6', '608', 'keboti@mailinator.com', NULL, 'Jamal Owens', NULL, NULL, NULL, 'Aretha Wheeler', NULL, NULL, NULL, NULL, NULL, NULL, 'Adam Wong', 'Quos dolore elit si', 'Dolorem quia volupta', 'Ex voluptates et qui', 'Architecto ut cum qu', 'Illo sit laboris re', 'Ex voluptates et qui', 'Architecto ut cum qu', 'Illo sit laboris re', 'Amet sit porro ani', NULL, 'Sebastian Maynard', 'Vel odio et perspici', 'Rebecca Lindsay', 'Error commodo doloru', 'Cum minim suscipit n', 'qyrupuz@mailinator.com', '0000-00-00', 'Vel aut nostrud dele', '+1 (673) 278-7297', 'Adipisci enim dolore', 'Quas adipisci volupt', 'Officia et non amet', 2, 'segac@mailinator.com', '7', '20', '361', '7', '20', '361', 'Accusamus et et ut m', '1', 'Good', '$2y$10$52Pa24gc8C/v8KV/hwagnuGupag3Sk0B65lpCjS6PenXSh23Dzr1W', 3, 'aad', NULL, NULL, NULL, NULL, NULL, '18', '2020-12-05 07:06:14', '2020-12-10 07:31:14'),
(37, 1, 25, 10, 5, 2020123, NULL, NULL, 'Mariam Becker', 1, 3, '0000-00-00', '6', '608', 'keboti@mailinator.com', NULL, 'Jamal Owens', NULL, NULL, NULL, 'Aretha Wheeler', NULL, NULL, NULL, NULL, NULL, NULL, 'Adam Wong', 'Quos dolore elit si', 'Dolorem quia volupta', 'Ex voluptates et qui', 'Architecto ut cum qu', 'Illo sit laboris re', 'Ex voluptates et qui', 'Architecto ut cum qu', 'Illo sit laboris re', 'Amet sit porro ani', NULL, 'Sebastian Maynard', 'Vel odio et perspici', 'Rebecca Lindsay', 'Error commodo doloru', 'Cum minim suscipit n', 'qyrupuz@mailinator.com', '0000-00-00', 'Vel aut nostrud dele', '+1 (673) 278-7297', 'Adipisci enim dolore', 'Quas adipisci volupt', 'Officia et non amet', 2, 'segac@mailinator.com', '7', '20', NULL, '7', '20', NULL, 'Accusamus et et ut m', '1', NULL, '$2y$10$tvoM0VlGOmhPLcgylcCKIum6R3ikHhTP6FcZLD0w7GCYIaAygxJQ6', 5, NULL, NULL, NULL, NULL, NULL, NULL, '18', '2020-12-05 07:06:14', '2020-12-07 07:33:02'),
(38, 1, 25, 10, 5, 2020124, NULL, NULL, 'Mariam Becker', 1, 3, '0000-00-00', '6', '608', 'keboti@mailinator.com', NULL, 'Jamal Owens', NULL, NULL, NULL, 'Aretha Wheeler', NULL, NULL, NULL, NULL, NULL, NULL, 'Adam Wong', 'Quos dolore elit si', 'Dolorem quia volupta', 'Ex voluptates et qui', 'Architecto ut cum qu', 'Illo sit laboris re', 'Ex voluptates et qui', 'Architecto ut cum qu', 'Illo sit laboris re', 'Amet sit porro ani', NULL, 'Sebastian Maynard', 'Vel odio et perspici', 'Rebecca Lindsay', 'Error commodo doloru', 'Cum minim suscipit n', 'qyrupuz@mailinator.com', '0000-00-00', 'Vel aut nostrud dele', '+1 (673) 278-7297', 'Adipisci enim dolore', 'Quas adipisci volupt', 'Officia et non amet', 2, 'segac@mailinator.com', '7', '20', '361', '7', '20', '361', 'Accusamus et et ut m', '1', 'Good', '$2y$10$sd4o8u0nIvQbxWw3KXUWtOLV3gxx.Ll5hf1I15y2qAXSHO5Ukm0hS', 5, NULL, NULL, NULL, NULL, NULL, NULL, '18', '2020-12-05 07:06:19', '2020-12-07 07:33:02'),
(39, 1, 25, 10, 5, 2020125, NULL, NULL, 'Mariam Becker', 1, 3, '0000-00-00', '6', '608', 'keboti@mailinator.com', NULL, 'Jamal Owens', NULL, NULL, NULL, 'Aretha Wheeler', NULL, NULL, NULL, NULL, NULL, NULL, 'Adam Wong', 'Quos dolore elit si', 'Dolorem quia volupta', 'Ex voluptates et qui', 'Architecto ut cum qu', 'Illo sit laboris re', 'Ex voluptates et qui', 'Architecto ut cum qu', 'Illo sit laboris re', 'Amet sit porro ani', NULL, 'Sebastian Maynard', 'Vel odio et perspici', 'Rebecca Lindsay', 'Error commodo doloru', 'Cum minim suscipit n', 'qyrupuz@mailinator.com', '0000-00-00', 'Vel aut nostrud dele', '+1 (673) 278-7297', 'Adipisci enim dolore', 'Quas adipisci volupt', 'Officia et non amet', 2, 'segac@mailinator.com', '7', '20', '361', '7', '20', '361', 'Accusamus et et ut m', '1', 'Good', '$2y$10$l5sELwUak8eRJm0Chh4L7Oyn3zKkv.Zo4RUXUGz7JHIB6N.pVx5eW', 5, NULL, NULL, NULL, NULL, NULL, NULL, '18', '2020-12-05 07:06:19', '2020-12-07 07:33:02'),
(40, 1, 25, 10, 5, 2020126, NULL, NULL, 'Maia Farrell', 1, 4, '0000-00-00', '5', '569', 'pofezep@mailinator.com', NULL, 'Nina Hayes', NULL, NULL, NULL, 'Ahmed Knight', NULL, NULL, NULL, NULL, NULL, NULL, 'Uma Tran', 'Hic assumenda nisi d', 'Ab sint non asperior', 'Eum ad qui et aliqua', 'Quas et ullam non er', 'Quis exercitation fu', 'Eum ad qui et aliqua', 'Quas et ullam non er', 'Quis exercitation fu', 'Ex suscipit quis par', NULL, 'Amanda Wade', 'Aut fugiat tempor u', 'Xena Burris', 'Dolor eos quidem ma', 'Et nesciunt volupta', 'nuxe@mailinator.com', '1982-07-04', 'Aliquam quod est non', '+1 (189) 476-4177', 'Impedit mollit nihi', 'Accusamus a quia atq', 'Amet facilis eligen', 2, 'vonu@mailinator.com', '4', '1', NULL, '4', '1', NULL, 'Est labore dolore e', '1', 'Good', '$2y$10$IPJowhy8svGwFjDt1Pa/HOfBGCtocN.nm51RxHDVUy7rS8yZmBfHO', 5, NULL, NULL, NULL, NULL, NULL, NULL, '18', '2020-12-05 07:06:36', '2020-12-07 07:33:02'),
(41, 1, 25, 10, 5, 2020127, NULL, NULL, 'Garrett Vega', 1, 3, '0000-00-00', '1', '581', 'momypu@mailinator.com', NULL, 'Ariel Blackburn', NULL, NULL, NULL, 'Flynn Norman', NULL, NULL, NULL, NULL, NULL, NULL, 'Sylvia Mcleod', 'Sit aut qui qui dol', 'Ipsum aliquid volupt', 'Sint nulla qui possi', 'Qui dolore commodo p', 'Eos non sed aut occa', 'Sint nulla qui possi', 'Qui dolore commodo p', 'Eos non sed aut occa', 'Voluptatem ea cumque', NULL, 'Carson Stout', 'Ad pariatur Est la', 'Alvin Holman', 'Maiores sunt libero', 'Aut in nulla placeat', 'pymoj@mailinator.com', '0000-00-00', 'Numquam quae saepe v', '+1 (307) 363-4046', 'Dignissimos accusant', 'Officia veritatis re', 'Quis vel sapiente vo', 2, 'nozuvytopy@mailinator.com', '3', '13', '291', '3', '13', '291', 'Ducimus non digniss', '1', 'Nill', '$2y$10$G1feSpG4ClnHUL1CCY9er.nDbFfIatFaziI.ChTW3Rb4Lj03h8Ugm', 5, NULL, NULL, NULL, NULL, NULL, NULL, '18', '2020-12-05 07:06:51', '2020-12-07 07:33:02'),
(42, 1, 25, 10, 5, 2020128, NULL, NULL, 'Clinton Harmon', 2, 3, '0000-00-00', '7', '754', 'wacu@mailinator.com', NULL, 'Leigh Taylor', NULL, NULL, NULL, 'Alexander Morrison', NULL, NULL, NULL, NULL, NULL, NULL, 'Madeson Sutton', 'Enim soluta quia quo', 'Aut odio asperiores', 'Eius rem nesciunt e', 'Sed corrupti quis n', 'Quis corrupti paria', 'Eius rem nesciunt e', 'Sed corrupti quis n', 'Quis corrupti paria', 'Consequat Consequun', NULL, 'Hilda Bradley', 'Soluta ut iure et fu', 'Patrick Schwartz', 'In quis nulla quo do', 'Nemo ut et in cillum', 'qisomy@mailinator.com', '0000-00-00', 'Minus et nobis labor', '+1 (151) 505-6728', 'Aut assumenda laboru', 'Ipsum eveniet tempo', 'Dolor hic sunt archi', 1, 'cabylugum@mailinator.com', '4', '1', '292', '4', '1', '292', 'Sed numquam quo numq', '1', NULL, '$2y$10$gwWy7pSw.quT7Q3CAd6qcuPsRzS.Sed003IoDGEBx/3JGkoWVCyZC', 5, 'ghhghghghgh', NULL, NULL, NULL, NULL, NULL, '18', '2020-12-05 07:42:51', '2020-12-31 05:04:29'),
(43, 1, 25, 10, 5, 2020129, NULL, NULL, 'Arthur Newton', 3, 4, '2014-08-06', '5', '116', 'teqasenino@mailinator.com', NULL, 'Mark Cortez', NULL, NULL, NULL, 'Cynthia Wyatt', NULL, NULL, NULL, NULL, NULL, NULL, 'Jeanette Dickson', 'Alias praesentium ac', 'Tempor iste commodo', 'Ut itaque consequat', 'Asperiores non deser', 'Eum cum sed at ullam', 'Ut itaque consequat', 'Asperiores non deser', 'Eum cum sed at ullam', 'Vitae molestiae dolo', NULL, 'Fredericka Wilder', 'Iure nisi qui rem qu', 'Juliet Yang', 'Aliquam tenetur ipsa', 'Dolore reprehenderit', 'lawira@mailinator.com', '1992-04-09', 'Corrupti aut sed pr', '+1 (474) 269-2712', 'In vel fuga Labore', 'Quia eaque delectus', 'Et molestiae volupta', 2, 'dazuvahas@mailinator.com', '1', '3', NULL, '1', '3', NULL, 'Ut deserunt placeat', '1', 'Nill', '$2y$10$.M3wOkMkIM0N8uVNHwOqm.knDWKcFT6X9EDDpnBMddMmYHkreNoVS', 5, NULL, NULL, NULL, NULL, NULL, NULL, '18', '2020-12-05 09:34:56', '2020-12-07 07:33:02'),
(44, 1, 25, 10, 5, 2020130, NULL, NULL, 'Jeremy Carver', 1, 2, '0000-00-00', '6', '759', 'bizyrywafo@mailinator.com', NULL, 'Sopoline Harris', NULL, NULL, NULL, 'Jared Campbell', NULL, NULL, NULL, NULL, NULL, NULL, 'Winter Hood', 'Ut et odit earum vol', 'Autem accusamus eius', 'Error amet eveniet', 'Sit dolores et omni', 'Dolorem voluptatum i', 'Error amet eveniet', 'Sit dolores et omni', 'Dolorem voluptatum i', 'Voluptas numquam cor', NULL, 'Aimee Barlow', 'Quod neque est sint', 'Rudyard Irwin', 'Sapiente aperiam imp', 'Eos reprehenderit l', 'qygo@mailinator.com', '1997-01-06', 'Et totam a voluptate', '+1 (964) 197-8203', 'Quia quod pariatur', 'Est eu magna nulla a', 'Quam ut nisi error q', 1, 'qezeg@mailinator.com', '2', '9', '75', '2', '9', '75', 'Ipsam maiores ut ear', '1', 'Poor', '$2y$10$whCneszPZ5DK40r7ZX13i.ADNwgpI34l6oipgG.Ao17y3D5VHbqmy', 5, NULL, NULL, NULL, NULL, NULL, NULL, '18', '2020-12-06 08:24:38', '2020-12-07 07:33:02'),
(45, 1, 25, 10, 5, 2020131, NULL, NULL, 'Dylan Espinoza', 2, 2, '2008-03-05', '2', '553', 'geweni@mailinator.com', NULL, 'Arden Castillo', NULL, NULL, NULL, 'Jelani Maddox', NULL, NULL, NULL, NULL, NULL, NULL, 'Rhonda Eaton', 'Deserunt officiis do', 'Accusantium eu commo', 'Nisi nulla eos dele', 'Odio nisi exercitati', 'Id sunt corrupti', 'Nisi nulla eos dele', 'Odio nisi exercitati', 'Id sunt corrupti', 'Fugiat minima qui m', NULL, 'Jescie Armstrong', 'Nulla et aliquid qui', 'Chava Mcgowan', 'Eius magna magni cul', 'Quo et delectus fug', 'pynilyj@mailinator.com', '0000-00-00', 'Quia aliquid asperna', '+1 (126) 871-6171', 'Itaque molestiae bea', 'Quidem elit volupta', 'Voluptatem Voluptat', 1, 'jatex@mailinator.com', '2', '8', '55', '2', '8', '55', 'Nesciunt voluptas d', '1', 'Fair', '$2y$10$kBwaMVeJ2c2mJhrITZlG1Ot/jAiokf.NkmVEIWF1d19JqelQnvEi6', 5, NULL, NULL, NULL, NULL, NULL, NULL, '18', '2020-12-06 10:05:15', '2020-12-07 07:33:02'),
(46, 1, 25, 10, 5, 2020132, NULL, NULL, 'Geraldine Becker', 2, 3, '0000-00-00', '5', '30', 'zuqec@mailinator.com', NULL, 'Raphael Bernard', NULL, NULL, NULL, 'Latifah Burgess', NULL, NULL, NULL, NULL, NULL, NULL, 'Imani Raymond', 'Quaerat qui necessit', 'Explicabo Nostrum v', 'Expedita dolor verit', 'Provident eum elige', 'Corporis reprehender', 'Expedita dolor verit', 'Provident eum elige', 'Corporis reprehender', 'Recusandae Minim pa', NULL, 'Kane Zimmerman', 'Temporibus unde dolo', 'Davis Stuart', 'Nulla amet voluptat', 'Qui ut magna tempor', 'gyxaketoh@mailinator.com', '2005-11-08', 'Consectetur in expli', '+1 (601) 807-2173', 'Sed proident suscip', 'Vero excepteur sunt', 'Obcaecati facilis si', 2, 'kynazel@mailinator.com', '2', '8', '53', '2', '8', '53', 'Quae quia aute dolor', '1', 'Good', '$2y$10$/WVI6v7F0guWMxmQUY0NxOMA4jTqHnjGK/LYKDX5cRO2Cw.9Xn7NC', 5, NULL, NULL, NULL, NULL, NULL, NULL, '18', '2020-12-06 10:34:55', '2020-12-07 07:33:03'),
(47, 1, 25, 10, 5, 2020133, NULL, NULL, 'Macey Mcintyre', 2, 3, '0000-00-00', '7', '783', 'muhecugeb@mailinator.com', NULL, 'Keegan Marshall', NULL, NULL, NULL, 'Amanda Alexander', NULL, NULL, NULL, NULL, NULL, NULL, 'Nadine Adams', 'Sit voluptas provid', 'Magnam saepe occaeca', 'Ut esse numquam rep', 'Iure cumque quod cul', 'A sit delectus temp', 'Ut esse numquam rep', 'Iure cumque quod cul', 'A sit delectus temp', 'Aliquam ut minus ut', NULL, 'Phillip Goff', 'Esse sunt enim vel v', 'Jessica Simpson', 'Ea dolore possimus', 'Fugit ex eos sunt v', 'jitamoqyvo@mailinator.com', '0000-00-00', 'Dolore reprehenderit', '+1 (545) 111-1265', 'Voluptatem culpa eni', 'Architecto alias qua', 'Quia velit voluptati', 2, 'gavoqil@mailinator.com', '1', '6', '133', '1', '6', '133', 'Sapiente rerum venia', '1', 'Poor', '$2y$10$G2d50Vg6wNTl7vUZQgvSPuUt6unNAPXlU1CAkcWN6UThVyxeyWp5S', 5, NULL, NULL, NULL, NULL, NULL, NULL, '18', '2020-12-06 10:35:34', '2020-12-07 07:33:03'),
(48, 1, 25, 10, 5, 2020134, NULL, NULL, 'Penelope Crane', 1, 3, '1992-08-01', '2', '949', 'ririba@mailinator.com', NULL, 'Madeline Pena', NULL, NULL, NULL, 'Tamekah Bates', NULL, NULL, NULL, NULL, NULL, NULL, 'Rogan Mcmillan', 'Officiis aliquid exp', 'Et ut quisquam tempo', 'Ab nulla quidem qui', 'Doloremque et suscip', 'Voluptas odio dolor', 'Ab nulla quidem qui', 'Doloremque et suscip', 'Voluptas odio dolor', 'Sit explicabo Venia', NULL, 'MacKensie Mcintyre', 'In reiciendis mollit', 'Shannon Jones', 'Ad omnis quia sit nu', 'Sit do et debitis q', 'wesyfe@mailinator.com', '0000-00-00', 'Iste atque hic tempo', '+1 (339) 208-4838', 'Aut esse commodo de', 'Deserunt optio nece', 'Aut in aliquip odit', 2, 'golitiqep@mailinator.com', '4', '25', '313', '4', '25', '313', 'Illum possimus aut', '1', 'Poor', '$2y$10$26Mj9t27UfNPLVYT1T0EC.UtDOXayXlgcwWcK82O1JOxZ.m6xAfUC', 5, NULL, NULL, NULL, NULL, NULL, NULL, '18', '2020-12-06 10:36:30', '2020-12-07 07:33:03'),
(49, 1, 25, 10, 5, 2020135, NULL, NULL, 'Brianna Rosales', 3, 4, '1996-06-08', '5', '633', 'rerufe@mailinator.com', NULL, 'Ariel Hart', NULL, NULL, NULL, 'Martin Ramirez', NULL, NULL, NULL, NULL, NULL, NULL, 'Devin Swanson', 'Quas voluptatem Lor', 'Ut aspernatur ea rem', 'Libero dolore non mo', 'Aspernatur et volupt', 'Assumenda incidunt', 'Libero dolore non mo', 'Aspernatur et volupt', 'Assumenda incidunt', 'Provident ab volupt', NULL, 'Caesar Carter', 'Facilis perferendis', 'Zenaida Deleon', 'Est animi ratione n', 'Odio aut unde aut au', 'nepywok@mailinator.com', '2007-10-10', 'Neque voluptates asp', '+1 (134) 367-9986', 'Molestiae eum expedi', 'Temporibus quia iste', 'In delectus rem nec', 2, 'gyvu@mailinator.com', '6', '29', '481', '6', '29', '481', 'Commodi velit offici', '1', 'Fair', '$2y$10$iCKT6nI8oy7r5TrJOwG2keAIf7SncWvKVcQoK6RAi3yKpdhsfi0N6', 5, NULL, NULL, NULL, NULL, NULL, NULL, '18', '2020-12-06 10:41:06', '2020-12-07 07:33:03'),
(50, 1, 25, 10, 5, 2020136, NULL, NULL, 'Aileen Joyner', 1, 1, '0000-00-00', '8', '572', 'wejaw@mailinator.com', NULL, 'Felicia Riggs', NULL, NULL, NULL, 'Aaron Cameron', NULL, NULL, NULL, NULL, NULL, NULL, 'Signe Bowen', 'Voluptatem ipsam ev', 'Velit nulla in sit', 'Possimus voluptates', 'Sed eos porro rerum', 'Nostrum veniam nost', 'Possimus voluptates', 'Sed eos porro rerum', 'Nostrum veniam nost', 'Doloribus qui cum mi', NULL, 'Amena Weeks', 'Consequat Est aut q', 'Cole Mcpherson', 'Eveniet laboris sit', 'Sed aperiam laudanti', 'sifomebe@mailinator.com', '1994-12-03', 'Qui voluptatem est', '+1 (901) 727-7548', 'Cum est deleniti lab', 'Dolores culpa dolor', 'Laudantium vero mol', 1, 'dibilydy@mailinator.com', '7', '37', '362', '7', '37', '362', 'Sit dolor aliquip pl', '1', 'Good', '$2y$10$C0HnQwTXRZp9dtUyk/H6je5HsB/EdxoKNMDWPGowniSgEn4.3nSEi', 5, NULL, NULL, NULL, NULL, NULL, NULL, '18', '2020-12-06 10:43:24', '2020-12-07 07:33:03'),
(51, 1, 25, 10, 5, 2020137, NULL, NULL, 'Gage Weaver', 3, 3, '0000-00-00', '3', '215', 'lyxudig@mailinator.com', NULL, 'Amity Chavez', NULL, NULL, NULL, 'Dawn Collins', NULL, NULL, NULL, NULL, NULL, NULL, 'Yoshio Atkins', 'Et rerum beatae dolo', 'Temporibus consequat', 'Amet quo culpa rer', 'Ea amet iure quidem', 'Provident ipsam cor', 'Amet quo culpa rer', 'Ea amet iure quidem', 'Provident ipsam cor', 'Irure adipisci aut n', NULL, 'Georgia Wilson', 'Eveniet saepe aut i', 'Hammett Cummings', 'Ea laboriosam delec', 'Distinctio Dolore c', 'fedyvoveqo@mailinator.com', '0000-00-00', 'Dolore aut dolore al', '+1 (477) 534-6316', 'Optio odio animi e', 'Fugiat ad hic enim q', 'Velit sunt similique', 2, 'fuwobe@mailinator.com', '7', '61', '367', '7', '61', '367', 'Laboris minim dignis', '1', 'Fair', '$2y$10$uWAtazH.SI9A9JhknXcIbutoEu7OM4g9N08Yipm.lZIvZnRttqct.', 5, NULL, NULL, NULL, NULL, NULL, NULL, '18', '2020-12-06 10:45:33', '2020-12-07 07:33:03'),
(52, 1, 25, 10, 5, 2020138, NULL, NULL, 'Jin Sharp', 3, 1, '0000-00-00', '2', '969', 'pegasevo@mailinator.com', NULL, 'Shelley Taylor', NULL, NULL, NULL, 'Brian Wooten', NULL, NULL, NULL, NULL, NULL, NULL, 'Chiquita Justice', 'Dolorem rem labore h', 'Consequuntur autem s', 'Facilis itaque volup', 'Adipisicing sit eum', 'Quas optio quia rat', 'Facilis itaque volup', 'Adipisicing sit eum', 'Quas optio quia rat', 'Architecto et eos d', NULL, 'Brendan Hurst', 'Est dolor occaecat e', 'Shelby Montoya', 'Ut pariatur Aute fu', 'Adipisicing alias ci', 'wyzuwa@mailinator.com', '1991-04-12', 'Ipsam minim dolorem', '+1 (126) 703-4842', 'Magni perspiciatis', 'Fuga Est maiores n', 'Velit recusandae I', 2, 'jitixu@mailinator.com', '2', '9', '65', '2', '9', '65', 'Doloribus anim dolor', '1', 'Fair', '$2y$10$J7.9w2IeMqfnU7bA02s6YefwDyMitnslYdYjZR2GAu1FF5LWZ/1Jy', 5, NULL, NULL, NULL, NULL, NULL, NULL, '18', '2020-12-06 10:49:15', '2020-12-07 07:33:03'),
(53, 1, 25, 10, 5, 2020139, NULL, NULL, 'Roth Sexton', 2, 1, '0000-00-00', '4', '564', 'fuca@mailinator.com', NULL, 'Thaddeus Holcomb', NULL, NULL, NULL, 'Fiona Bell', NULL, NULL, NULL, NULL, NULL, NULL, 'Talon Vang', 'Dolorem velit est si', 'Illum quibusdam tem', 'Laboris beatae asper', 'Sed commodi aliqua', 'Itaque veniam dolor', 'Laboris beatae asper', 'Sed commodi aliqua', 'Itaque veniam dolor', 'Blanditiis exercitat', NULL, 'TaShya Valdez', 'Porro laborum totam', 'Rigel Cantu', 'Deserunt quis eius n', 'Enim sit accusamus', 'feka@mailinator.com', '2012-01-02', 'Rerum adipisci incid', '+1 (679) 168-1384', 'Repudiandae ut sed e', 'In quo possimus por', 'Velit asperiores in', 2, 'danez@mailinator.com', '1', '4', '123', '1', '4', '123', 'Illum iure velit at', '1', 'Poor', '$2y$10$qLG5pBXnzzsaQOGtOHpyjeBDcjzRkalpcAP61ncu0Rj8ba/twQ8nm', 5, NULL, NULL, NULL, NULL, NULL, NULL, '18', '2020-12-07 04:52:33', '2020-12-07 07:33:03'),
(54, 1, 25, 10, 5, 2020140, NULL, NULL, 'Roth Sexton', 2, 1, '0000-00-00', '4', '564', 'fuca@mailinator.com', NULL, 'Thaddeus Holcomb', NULL, NULL, NULL, 'Fiona Bell', NULL, NULL, NULL, NULL, NULL, NULL, 'Talon Vang', 'Dolorem velit est si', 'Illum quibusdam tem', 'Laboris beatae asper', 'Sed commodi aliqua', 'Itaque veniam dolor', 'Laboris beatae asper', 'Sed commodi aliqua', 'Itaque veniam dolor', 'Blanditiis exercitat', NULL, 'TaShya Valdez', 'Porro laborum totam', 'Rigel Cantu', 'Deserunt quis eius n', 'Enim sit accusamus', 'feka@mailinator.com', '2012-01-02', 'Rerum adipisci incid', '+1 (679) 168-1384', 'Repudiandae ut sed e', 'In quo possimus por', 'Velit asperiores in', 2, 'danez@mailinator.com', '1', '4', '123', '1', '4', '123', 'Illum iure velit at', '1', 'Poor', '$2y$10$c4zQ2NEJERllfiYjb4rMXOeXiFX3ChsrAdBc20nWneBy0y9qdbzUy', 5, NULL, NULL, NULL, NULL, NULL, NULL, '18', '2020-12-07 04:54:09', '2020-12-07 07:33:03'),
(55, 1, 25, 10, 5, 2020141, NULL, NULL, 'Delilah Waters', 1, 2, '2000-07-04', '1', '783', 'nisaj@mailinator.com', NULL, 'Jack Bird', NULL, NULL, NULL, 'Sasha Douglas', NULL, NULL, NULL, NULL, NULL, NULL, 'Jacob Walters', 'Rem nostrum iure exc', 'Ullamco vel maiores', 'Voluptas dolore nihi', 'Non ab excepteur del', 'Delectus porro in v', 'Voluptas dolore nihi', 'Non ab excepteur del', 'Delectus porro in v', 'Sit quis ab vitae i', NULL, 'Hedda Kline', 'Possimus soluta ad', 'Olga Allison', 'Deleniti ut eligendi', 'Dolor optio assumen', 'kige@mailinator.com', '0000-00-00', 'Sint eiusmod elit l', '+1 (196) 256-3531', 'Voluptas vitae aliqu', 'Mollit ea similique', 'Cupiditate libero eu', 2, 'puvogobam@mailinator.com', '6', '29', '478', '6', '29', '478', 'Qui dolorem quos qua', '1', 'Nill', '$2y$10$mcwatYixHhAEbcTVDBqUsO/ilYQ7ti/56Utxv4aBvlSUYyOYe83OC', 5, NULL, NULL, NULL, NULL, NULL, NULL, '18', '2020-12-07 04:55:42', '2020-12-07 07:33:03'),
(56, 1, 25, 10, 5, 2020142, NULL, NULL, 'Delilah Waters', 1, 2, '2000-07-04', '1', '783', 'nisaj@mailinator.com', NULL, 'Jack Bird', NULL, NULL, NULL, 'Sasha Douglas', NULL, NULL, NULL, NULL, NULL, NULL, 'Jacob Walters', 'Rem nostrum iure exc', 'Ullamco vel maiores', 'Voluptas dolore nihi', 'Non ab excepteur del', 'Delectus porro in v', 'Voluptas dolore nihi', 'Non ab excepteur del', 'Delectus porro in v', 'Sit quis ab vitae i', NULL, 'Hedda Kline', 'Possimus soluta ad', 'Olga Allison', 'Deleniti ut eligendi', 'Dolor optio assumen', 'kige@mailinator.com', '0000-00-00', 'Sint eiusmod elit l', '+1 (196) 256-3531', 'Voluptas vitae aliqu', 'Mollit ea similique', 'Cupiditate libero eu', 2, 'puvogobam@mailinator.com', '6', '29', '478', '6', '29', '478', 'Qui dolorem quos qua', '1', 'Nill', '$2y$10$K/BTG3u636NvVk/BsYP.0e5J20GXiUkOOnJVfMozAIR21or0UJ1FC', 5, NULL, NULL, NULL, NULL, NULL, NULL, '18', '2020-12-07 04:57:56', '2020-12-07 07:33:03'),
(57, 1, 25, 10, 5, 2020143, NULL, NULL, 'Erin French', 2, 3, '1978-11-06', '5', '457', 'xucegona@mailinator.com', NULL, 'Sydney Russo', NULL, NULL, NULL, 'Lacey Moon', NULL, NULL, NULL, NULL, NULL, NULL, 'Medge Gomez', 'Ipsum ullam volupta', 'Magnam iure dolor Na', 'Aliquid omnis et ali', 'A perferendis quos e', 'Eu nostrum eligendi', 'Aliquid omnis et ali', 'A perferendis quos e', 'Eu nostrum eligendi', 'A consequat Possimu', NULL, 'Camilla Wilkinson', 'Dolores distinctio', 'Dominique Griffin', 'Debitis rem obcaecat', 'A voluptates tempori', 'bysidegy@mailinator.com', '0000-00-00', 'Nisi ullam incidunt', '+1 (415) 784-8855', 'Ea officia est ex d', 'Aspernatur error ull', 'Ut asperiores perspi', 1, 'civyf@mailinator.com', '4', '10', '301', '4', '10', '301', 'Illum adipisicing o', '1', 'Good', '$2y$10$foNj7fIH92JVPBTKCdKjP.UF959SF3U4k8aZokz0NQ4qpDUdJL2uq', 5, NULL, NULL, NULL, NULL, NULL, NULL, '18', '2020-12-07 05:00:09', '2020-12-07 07:33:03'),
(58, 1, 25, 10, 5, 2020144, NULL, NULL, 'Erin French', 2, 3, '1978-11-06', '5', '457', 'xucegona@mailinator.com', NULL, 'Sydney Russo', NULL, NULL, NULL, 'Lacey Moon', NULL, NULL, NULL, NULL, NULL, NULL, 'Medge Gomez', 'Ipsum ullam volupta', 'Magnam iure dolor Na', 'Aliquid omnis et ali', 'A perferendis quos e', 'Eu nostrum eligendi', 'Aliquid omnis et ali', 'A perferendis quos e', 'Eu nostrum eligendi', 'A consequat Possimu', NULL, 'Camilla Wilkinson', 'Dolores distinctio', 'Dominique Griffin', 'Debitis rem obcaecat', 'A voluptates tempori', 'bysidegy@mailinator.com', '0000-00-00', 'Nisi ullam incidunt', '+1 (415) 784-8855', 'Ea officia est ex d', 'Aspernatur error ull', 'Ut asperiores perspi', 1, 'civyf@mailinator.com', '4', '10', '301', '4', '10', '301', 'Illum adipisicing o', '1', 'Good', '$2y$10$IXn0iupkn6UJGZJrG746c.ymWTQVCeY8agbHowQ98DSpgJJWPxjKy', 5, NULL, NULL, NULL, NULL, NULL, NULL, '18', '2020-12-07 05:04:44', '2020-12-07 07:33:03'),
(59, 1, 25, 10, 5, 2020145, NULL, NULL, 'Erin French', 2, 3, '1978-11-06', '5', '457', 'xucegona@mailinator.com', NULL, 'Sydney Russo', NULL, NULL, NULL, 'Lacey Moon', NULL, NULL, NULL, NULL, NULL, NULL, 'Medge Gomez', 'Ipsum ullam volupta', 'Magnam iure dolor Na', 'Aliquid omnis et ali', 'A perferendis quos e', 'Eu nostrum eligendi', 'Aliquid omnis et ali', 'A perferendis quos e', 'Eu nostrum eligendi', 'A consequat Possimu', NULL, 'Camilla Wilkinson', 'Dolores distinctio', 'Dominique Griffin', 'Debitis rem obcaecat', 'A voluptates tempori', 'bysidegy@mailinator.com', '0000-00-00', 'Nisi ullam incidunt', '+1 (415) 784-8855', 'Ea officia est ex d', 'Aspernatur error ull', 'Ut asperiores perspi', 1, 'civyf@mailinator.com', '4', '10', '301', '4', '10', '301', 'Illum adipisicing o', '1', 'Good', '$2y$10$hoIYYRnryAFlRfjY.Hh2.OLsQu5vGgZUI7j5MMDvRZBebL0ccwcFC', 5, NULL, NULL, NULL, NULL, NULL, NULL, '18', '2020-12-07 05:05:33', '2020-12-07 07:33:03'),
(60, 1, 25, 10, 5, 2020146, NULL, NULL, 'Erin French', 2, 3, '1978-11-06', '5', '457', 'xucegona@mailinator.com', NULL, 'Sydney Russo', NULL, NULL, NULL, 'Lacey Moon', NULL, NULL, NULL, NULL, NULL, NULL, 'Medge Gomez', 'Ipsum ullam volupta', 'Magnam iure dolor Na', 'Aliquid omnis et ali', 'A perferendis quos e', 'Eu nostrum eligendi', 'Aliquid omnis et ali', 'A perferendis quos e', 'Eu nostrum eligendi', 'A consequat Possimu', NULL, 'Camilla Wilkinson', 'Dolores distinctio', 'Dominique Griffin', 'Debitis rem obcaecat', 'A voluptates tempori', 'bysidegy@mailinator.com', '0000-00-00', 'Nisi ullam incidunt', '+1 (415) 784-8855', 'Ea officia est ex d', 'Aspernatur error ull', 'Ut asperiores perspi', 1, 'civyf@mailinator.com', '4', '10', '301', '4', '10', '301', 'Illum adipisicing o', '1', 'Good', '$2y$10$j7Tsoxg21Ygy9/2XZhOPDeggmnquRyPHZ0WhnvN/j6fRFAgVubMOO', 5, NULL, NULL, NULL, NULL, NULL, NULL, '18', '2020-12-07 05:06:06', '2020-12-07 07:33:03'),
(61, 1, 25, 10, 5, 2020147, NULL, NULL, 'Erin French', 2, 3, '1978-11-06', '5', '457', 'xucegona@mailinator.com', NULL, 'Sydney Russo', NULL, NULL, NULL, 'Lacey Moon', NULL, NULL, NULL, NULL, NULL, NULL, 'Medge Gomez', 'Ipsum ullam volupta', 'Magnam iure dolor Na', 'Aliquid omnis et ali', 'A perferendis quos e', 'Eu nostrum eligendi', 'Aliquid omnis et ali', 'A perferendis quos e', 'Eu nostrum eligendi', 'A consequat Possimu', NULL, 'Camilla Wilkinson', 'Dolores distinctio', 'Dominique Griffin', 'Debitis rem obcaecat', 'A voluptates tempori', 'bysidegy@mailinator.com', '0000-00-00', 'Nisi ullam incidunt', '+1 (415) 784-8855', 'Ea officia est ex d', 'Aspernatur error ull', 'Ut asperiores perspi', 1, 'civyf@mailinator.com', '4', '10', '301', '4', '10', '301', 'Illum adipisicing o', '1', 'Good', '$2y$10$I3fTFrXzsuQqNoUe5BXms.D0XEzLkv2kOKwDBgPksYzf8.ThX7PGm', 5, NULL, NULL, NULL, NULL, NULL, NULL, '18', '2020-12-07 05:07:17', '2020-12-07 07:33:03'),
(62, 1, 25, 10, 5, 2020148, NULL, NULL, 'Erin French', 2, 3, '1978-11-06', '5', '457', 'xucegona@mailinator.com', NULL, 'Sydney Russo', NULL, NULL, NULL, 'Lacey Moon', NULL, NULL, NULL, NULL, NULL, NULL, 'Medge Gomez', 'Ipsum ullam volupta', 'Magnam iure dolor Na', 'Aliquid omnis et ali', 'A perferendis quos e', 'Eu nostrum eligendi', 'Aliquid omnis et ali', 'A perferendis quos e', 'Eu nostrum eligendi', 'A consequat Possimu', NULL, 'Camilla Wilkinson', 'Dolores distinctio', 'Dominique Griffin', 'Debitis rem obcaecat', 'A voluptates tempori', 'bysidegy@mailinator.com', '0000-00-00', 'Nisi ullam incidunt', '+1 (415) 784-8855', 'Ea officia est ex d', 'Aspernatur error ull', 'Ut asperiores perspi', 1, 'civyf@mailinator.com', '4', '10', '301', '4', '10', '301', 'Illum adipisicing o', '1', 'Good', '$2y$10$9QCUDloqSJk7N1GxdzxHuuxQ75k64GgN57gyLmPUqgzz/lcyXlmGK', 5, NULL, NULL, NULL, NULL, NULL, NULL, '18', '2020-12-07 05:07:29', '2020-12-07 07:33:03'),
(63, 1, 25, 10, 5, 2020149, NULL, NULL, 'Erin French', 2, 3, '1978-11-06', '5', '457', 'xucegona@mailinator.com', NULL, 'Sydney Russo', NULL, NULL, NULL, 'Lacey Moon', NULL, NULL, NULL, NULL, NULL, NULL, 'Medge Gomez', 'Ipsum ullam volupta', 'Magnam iure dolor Na', 'Aliquid omnis et ali', 'A perferendis quos e', 'Eu nostrum eligendi', 'Aliquid omnis et ali', 'A perferendis quos e', 'Eu nostrum eligendi', 'A consequat Possimu', NULL, 'Camilla Wilkinson', 'Dolores distinctio', 'Dominique Griffin', 'Debitis rem obcaecat', 'A voluptates tempori', 'bysidegy@mailinator.com', '0000-00-00', 'Nisi ullam incidunt', '+1 (415) 784-8855', 'Ea officia est ex d', 'Aspernatur error ull', 'Ut asperiores perspi', 1, 'civyf@mailinator.com', '4', '10', '301', '4', '10', '301', 'Illum adipisicing o', '1', 'Good', '$2y$10$9zwCPXRUxwHV.B3xmEnIn.ySAwH4Wrbm61dWkkjOQQN6JmP1MKaii', 5, NULL, NULL, NULL, NULL, NULL, NULL, '18', '2020-12-07 05:08:48', '2020-12-07 07:33:03'),
(64, 1, 25, 10, 5, 2020150, NULL, NULL, 'Vanna Oconnor', 3, 3, '1991-01-08', '6', '601', 'wytolehec@mailinator.com', NULL, 'Trevor Cain', NULL, NULL, NULL, 'Brenna Park', NULL, NULL, NULL, NULL, NULL, NULL, 'Blythe Spencer', 'Nisi labore dignissi', 'Rerum incididunt quo', 'Ea fuga Commodo dol', 'Laboris dolores at q', 'Exercitation sit au', 'Ea fuga Commodo dol', 'Laboris dolores at q', 'Exercitation sit au', 'Est cupiditate conse', NULL, 'Hiram Wiggins', 'Quo voluptatem Ut f', 'Regina Peck', 'Ut exercitation volu', 'Dicta ut ut dolore o', 'zypybyg@mailinator.com', '1970-06-10', 'Dolor repellendus V', '+1 (787) 876-4156', 'Quia aut labore adip', 'Commodi facilis in n', 'Libero sed eaque pla', 1, 'byjaroqa@mailinator.com', '3', '19', '197', '3', '19', '197', 'Voluptate et aperiam', '1', 'Nill', '$2y$10$pIwnUYeE7XzwOz5/5bPVi.hhRBysKOfvFvkgrJoIZnc917rI.pF36', 5, NULL, NULL, NULL, NULL, NULL, NULL, '18', '2020-12-07 05:25:17', '2020-12-07 07:33:03'),
(65, 1, 25, 10, 5, 2020151, NULL, NULL, 'Vanna Oconnor', 3, 3, '1991-01-08', '6', '601', 'wytolehec@mailinator.com', NULL, 'Trevor Cain', NULL, NULL, NULL, 'Brenna Park', NULL, NULL, NULL, NULL, NULL, NULL, 'Blythe Spencer', 'Nisi labore dignissi', 'Rerum incididunt quo', 'Ea fuga Commodo dol', 'Laboris dolores at q', 'Exercitation sit au', 'Ea fuga Commodo dol', 'Laboris dolores at q', 'Exercitation sit au', 'Est cupiditate conse', NULL, 'Hiram Wiggins', 'Quo voluptatem Ut f', 'Regina Peck', 'Ut exercitation volu', 'Dicta ut ut dolore o', 'zypybyg@mailinator.com', '1970-06-10', 'Dolor repellendus V', '+1 (787) 876-4156', 'Quia aut labore adip', 'Commodi facilis in n', 'Libero sed eaque pla', 1, 'byjaroqa@mailinator.com', '3', '19', '197', '3', '19', '197', 'Voluptate et aperiam', '1', 'Nill', '$2y$10$H8KJHGLh/qJ1JTi8G/JsheDOcfuUSvRLbUt645Kjgn.2JulTSgYEe', 5, NULL, NULL, NULL, NULL, NULL, NULL, '18', '2020-12-07 05:28:59', '2020-12-07 07:33:03'),
(66, 1, 25, 10, 5, 2020152, NULL, NULL, 'Vanna Oconnor', 3, 3, '1991-01-08', '6', '601', 'wytolehec@mailinator.com', NULL, 'Trevor Cain', NULL, NULL, NULL, 'Brenna Park', NULL, NULL, NULL, NULL, NULL, NULL, 'Blythe Spencer', 'Nisi labore dignissi', 'Rerum incididunt quo', 'Ea fuga Commodo dol', 'Laboris dolores at q', 'Exercitation sit au', 'Ea fuga Commodo dol', 'Laboris dolores at q', 'Exercitation sit au', 'Est cupiditate conse', NULL, 'Hiram Wiggins', 'Quo voluptatem Ut f', 'Regina Peck', 'Ut exercitation volu', 'Dicta ut ut dolore o', 'zypybyg@mailinator.com', '1970-06-10', 'Dolor repellendus V', '+1 (787) 876-4156', 'Quia aut labore adip', 'Commodi facilis in n', 'Libero sed eaque pla', 1, 'byjaroqa@mailinator.com', '3', '19', '197', '3', '19', '197', 'Voluptate et aperiam', '1', 'Nill', '$2y$10$IGJ6n.RKs6fQ8rioUS5I9eV29FHT8lDmVxgEoGjyJZkAcpf05cWYu', 5, NULL, NULL, NULL, NULL, NULL, NULL, '18', '2020-12-07 05:29:32', '2020-12-07 07:33:03'),
(67, 1, 25, 10, 5, 2020153, NULL, NULL, 'Vanna Oconnor', 3, 3, '1991-01-08', '6', '601', 'wytolehec@mailinator.com', NULL, 'Trevor Cain', NULL, NULL, NULL, 'Brenna Park', NULL, NULL, NULL, NULL, NULL, NULL, 'Blythe Spencer', 'Nisi labore dignissi', 'Rerum incididunt quo', 'Ea fuga Commodo dol', 'Laboris dolores at q', 'Exercitation sit au', 'Ea fuga Commodo dol', 'Laboris dolores at q', 'Exercitation sit au', 'Est cupiditate conse', NULL, 'Hiram Wiggins', 'Quo voluptatem Ut f', 'Regina Peck', 'Ut exercitation volu', 'Dicta ut ut dolore o', 'zypybyg@mailinator.com', '1970-06-10', 'Dolor repellendus V', '+1 (787) 876-4156', 'Quia aut labore adip', 'Commodi facilis in n', 'Libero sed eaque pla', 1, 'byjaroqa@mailinator.com', '3', '19', '197', '3', '19', '197', 'Voluptate et aperiam', '1', 'Nill', '$2y$10$F0pt/HqoMcHZZ5dcWYxPf.0h5cyDSYxfkiszPkys.61AGZsWJ7S4e', 5, NULL, NULL, NULL, NULL, NULL, NULL, '18', '2020-12-07 05:35:42', '2020-12-07 07:33:03');
INSERT INTO `admissions` (`id`, `school_id`, `section_id`, `class_id`, `preadmission_id`, `roll`, `mark`, `add_pass`, `name`, `gender`, `religon`, `dob`, `bloodgroup`, `mobile`, `email`, `photo`, `father_name`, `signature`, `fathercell`, `fatheremail`, `mother_name`, `mothercell`, `motheremail`, `fatheroccupation`, `motheroccupation`, `height`, `weight`, `contactperson`, `contactpersonmobile`, `realation`, `presentAddress`, `perpostoffice`, `perpostcode`, `pastAddress`, `pastpostoffice`, `pastpostcode`, `birthcertificateNo`, `fatherPassport`, `nameAddressofmainSchool`, `admissioninbengaliClass`, `gName`, `gNationality`, `gMobile`, `gEmail`, `gdate`, `gnrcNo`, `gPhone`, `gAddress`, `gOccupation`, `placeBirth`, `singaporepr`, `cemail`, `preDivision`, `preDistrict`, `preThana`, `pastDivision`, `pastDistrict`, `pastThana`, `nationality`, `persent_same`, `bengaliLang`, `password`, `status`, `remark`, `streetAddress_1`, `streetAddress_2`, `city`, `state`, `zipCode`, `country`, `created_at`, `updated_at`) VALUES
(68, 1, 25, 10, 5, 2020154, NULL, NULL, 'MacKenzie Dickerson', 3, 3, '0000-00-00', '1', '432', 'wymohylu@mailinator.com', NULL, 'Dean Stewart', NULL, NULL, NULL, 'Theodore Battle', NULL, NULL, NULL, NULL, NULL, NULL, 'Cora Bell', 'Et est omnis aperiam', 'Autem explicabo Nos', 'Fuga Maiores offici', 'Eiusmod qui doloremq', 'Ut iusto ut omnis sa', 'Fuga Maiores offici', 'Eiusmod qui doloremq', 'Ut iusto ut omnis sa', 'Tempore consectetur', NULL, 'Griffith Battle', 'Aut est modi corpori', 'Cleo Mccormick', 'Reprehenderit persp', 'Neque ducimus est', 'biqyje@mailinator.com', '0000-00-00', 'Aliqua Dolor verita', '+1 (144) 459-8336', 'Quidem ipsam excepte', 'Aute quia assumenda', 'Qui esse voluptas de', 2, 'dyfafokub@mailinator.com', '6', '29', '479', '6', '29', '479', 'Officiis aperiam eli', '1', 'Good', '$2y$10$nyDJBiyNQnURFZa32aOHrOnGZvatlP8uZIcyHS89tfTQbAnW8UBEe', 5, NULL, NULL, NULL, NULL, NULL, NULL, '18', '2020-12-07 05:37:09', '2020-12-07 07:33:03'),
(69, 1, 25, 10, 5, 2020155, NULL, NULL, 'Arthur Ewing', 2, 3, '0000-00-00', '3', '795', 'luberad@mailinator.com', NULL, 'Casey Hardy', NULL, NULL, NULL, 'Guinevere Riggs', NULL, NULL, NULL, NULL, NULL, NULL, 'Colin Dale', 'Sequi dolorem incidi', 'Aliqua Deserunt mag', 'Exercitation impedit', 'Assumenda maiores qu', 'Distinctio Omnis be', 'Exercitation impedit', 'Assumenda maiores qu', 'Distinctio Omnis be', 'Exercitation esse i', NULL, 'Nathan Hayden', 'Corrupti inventore', 'Iola Duffy', 'Et aut sed doloremqu', 'Facere modi consecte', 'bigepuno@mailinator.com', '2005-12-09', 'Dolorum a adipisci m', '+1 (834) 393-6272', 'Eligendi minus liber', 'Aut alias do dolor o', 'Nihil voluptate nobi', 2, 'kowy@mailinator.com', '4', '30', '334', '4', '30', '334', 'Reiciendis ex qui eu', '1', 'Poor', '$2y$10$a9P0erHke1Vm2cSIIGOiRe5gSx65FQzp3WyCn23VYy3KJzq0gldB6', 5, NULL, NULL, NULL, NULL, NULL, NULL, '18', '2020-12-07 05:39:02', '2020-12-07 07:33:03'),
(70, 1, 25, 10, 5, 2020156, NULL, NULL, 'Patricia Reeves', 2, 2, '0000-00-00', '2', '736', 'pagip@mailinator.com', NULL, 'Chase Nieves', NULL, NULL, NULL, 'Melinda Koch', NULL, NULL, NULL, NULL, NULL, NULL, 'Willa Fields', 'Sed expedita id eaqu', 'Velit ut laudantium', 'Explicabo Repellend', 'Possimus modi qui l', 'Voluptatum voluptate', 'Explicabo Repellend', 'Possimus modi qui l', 'Voluptatum voluptate', 'Laborum aliqua Cons', NULL, 'Tanner Frye', 'Alias velit dolore o', 'Aurora Holloway', 'Dolor voluptatem At', 'Voluptas iusto excep', 'jeqazisawy@mailinator.com', '0000-00-00', 'Reprehenderit repreh', '+1 (642) 118-7101', 'Dolorum ratione mole', 'Illo rem est commodo', 'Sint non quos labore', 1, 'dajusisuq@mailinator.com', '6', '17', '472', '6', '17', '472', 'Hic lorem non ipsa', '1', 'Nill', '$2y$10$gkxLresfiSC3GjJVeLUTVeIDSz5VGZwhl9vz2A7c7UQU0Q.LfVM1u', 5, NULL, NULL, NULL, NULL, NULL, NULL, '18', '2020-12-07 06:11:33', '2020-12-07 07:33:03'),
(71, 1, 25, 10, 5, 2020157, NULL, NULL, 'Patricia Reeves', 2, 2, '0000-00-00', '2', '736', 'pagip@mailinator.com', NULL, 'Chase Nieves', NULL, NULL, NULL, 'Melinda Koch', NULL, NULL, NULL, NULL, NULL, NULL, 'Willa Fields', 'Sed expedita id eaqu', 'Velit ut laudantium', 'Explicabo Repellend', 'Possimus modi qui l', 'Voluptatum voluptate', 'Explicabo Repellend', 'Possimus modi qui l', 'Voluptatum voluptate', 'Laborum aliqua Cons', NULL, 'Tanner Frye', 'Alias velit dolore o', 'Aurora Holloway', 'Dolor voluptatem At', 'Voluptas iusto excep', 'jeqazisawy@mailinator.com', '0000-00-00', 'Reprehenderit repreh', '+1 (642) 118-7101', 'Dolorum ratione mole', 'Illo rem est commodo', 'Sint non quos labore', 1, 'dajusisuq@mailinator.com', '6', '17', '472', '6', '17', '472', 'Hic lorem non ipsa', '1', 'Nill', '$2y$10$F68GQWeaBGsKHHwNtNNCUe4NeXz0FGI4vLScsnp3qwO/I/j2.RGfK', 5, NULL, NULL, NULL, NULL, NULL, NULL, '18', '2020-12-07 06:14:40', '2020-12-07 07:33:04'),
(72, 1, 25, 10, 5, 2020158, NULL, NULL, 'Graham Grant', 1, 3, '1991-12-04', '1', '700', 'sefag@mailinator.com', NULL, 'Warren Swanson', NULL, NULL, NULL, 'Kyla Foster', NULL, NULL, NULL, NULL, NULL, NULL, 'Kamal Ramirez', 'Ut error incididunt', 'Ea voluptatem odio a', 'In commodo consectet', 'Exercitation rerum q', 'Sit tempore exercit', 'In commodo consectet', 'Exercitation rerum q', 'Sit tempore exercit', 'Placeat nesciunt v', NULL, 'Gail Donovan', 'Placeat est autem v', 'Montana Sparks', 'Reiciendis aliqua E', 'Quo est sint eos qu', 'hecoviliw@mailinator.com', '0000-00-00', 'Aperiam irure dolor', '+1 (485) 733-9963', 'Mollit laboris repud', 'Ipsum laboriosam te', 'Adipisicing cumque q', 1, 'hytedave@mailinator.com', '3', '53', '270', '3', '53', '270', 'Qui fugiat atque eaq', '1', 'Nill', '$2y$10$5kPGu7qz5z1dE8G8SscrMu9NFa4PMOEzqxgIQC2X6raPqpK86foWu', 5, NULL, NULL, NULL, NULL, NULL, NULL, '18', '2020-12-07 06:53:39', '2020-12-07 07:33:04'),
(73, 1, 25, 10, 5, 2020159, NULL, NULL, 'Cheyenne Warner', 2, 3, '1977-02-11', '7', '795', 'jesacobok@mailinator.com', NULL, 'Kellie Ochoa', NULL, NULL, NULL, 'Colorado Jennings', NULL, NULL, NULL, NULL, NULL, NULL, 'William Barrera', 'Perspiciatis aliqui', 'Pariatur Odit sint', 'Magna aute quia qui', 'Fuga Quibusdam beat', 'Aut quia nesciunt e', 'Magna aute quia qui', 'Fuga Quibusdam beat', 'Aut quia nesciunt e', 'Animi sit porro sun', NULL, 'Alden Buck', 'Vero nisi ut vel rem', 'Rogan Leonard', 'Culpa sunt incidunt', 'Sed nisi sint vero d', 'tisigu@mailinator.com', '2006-03-06', 'Inventore esse quia', '+1 (899) 143-7781', 'Amet ab consequatur', 'Accusantium nisi dol', 'Sequi obcaecati ipsu', 2, 'zatydafev@mailinator.com', '3', '15', '183', '3', '15', '183', 'Labore officiis volu', '1', NULL, '$2y$10$xeX/RiCfy8Xo4RY8AvgvA.BXbe8rApWABGYQoz7qa3r2bNUP2lCH6', 5, NULL, NULL, NULL, NULL, NULL, NULL, '18', '2020-12-07 07:01:13', '2020-12-07 07:33:04'),
(74, 1, 25, 10, 5, 2020160, NULL, NULL, 'Harlan Powers', 3, 4, '2017-06-05', '2', '732', 'xyjefabe@mailinator.com', NULL, 'Gisela Hendricks', NULL, NULL, NULL, 'Avram Melendez', NULL, NULL, NULL, NULL, NULL, NULL, 'MacKensie Bridges', 'Sed rerum ullamco qu', 'Error fugit aliquid', 'Dolor necessitatibus', 'Error mollit qui tem', 'Laborum Velit esse', 'Dolor necessitatibus', 'Error mollit qui tem', 'Laborum Velit esse', 'Do itaque Nam volupt', NULL, 'Kennan Valencia', 'Cumque distinctio C', 'Hadley Key', 'Perferendis commodi', 'Lorem ullamco dolore', 'naryc@mailinator.com', '0000-00-00', 'Esse debitis animi', '+1 (472) 676-1115', 'Est id laborum Qui', 'Omnis asperiores seq', 'Et quos provident e', 1, 'kuto@mailinator.com', '7', '61', '368', '7', '61', '368', 'Eum inventore et vol', '1', 'Nill', '$2y$10$LoaDUuQukBl8BeMZD4dh4u/mJpP2lF0kDIaF3bdgK9TluwOzUmtEG', 5, NULL, NULL, NULL, NULL, NULL, NULL, '18', '2020-12-07 07:35:04', '2020-12-07 07:35:04'),
(75, 1, 25, 10, 5, 2020161, NULL, NULL, 'Francesca Caldwell', 3, 1, '1977-03-09', '2', '475', 'maxo@mailinator.com', NULL, 'Charles Jensen', NULL, NULL, NULL, 'Willow Webb', NULL, NULL, NULL, NULL, NULL, NULL, 'Channing Montgomery', 'Sit et nostrum perf', 'Irure laboriosam du', 'In blanditiis perspi', 'Aut quo officia eius', 'Dolore itaque sunt d', 'In blanditiis perspi', 'Aut quo officia eius', 'Dolore itaque sunt d', 'Ad voluptas sed sequ', NULL, 'Nomlanga Alvarez', 'Veritatis est aliqui', 'Kellie Frederick', 'Iste praesentium in', 'Laboris eligendi eum', 'riwexodel@mailinator.com', '0000-00-00', 'Distinctio Id ipsum', '+1 (855) 612-9982', 'Aliquid voluptatem i', 'Duis dolorum ipsam p', 'Reprehenderit adipi', 2, 'pocyhabif@mailinator.com', '2', '11', '20', '2', '11', '20', 'Ratione dolor volupt', '1', 'Good', '$2y$10$zAVnzWaNIK4EuBKUdH/h4OiS06.0H5BF067C0/4FKjGb3p8tWjFh.', 5, NULL, NULL, NULL, NULL, NULL, NULL, '18', '2020-12-07 07:42:47', '2020-12-07 07:42:47'),
(76, 1, 25, 10, 5, 2020162, NULL, NULL, 'Francesca Caldwell', 3, 1, '1977-03-09', '2', '475', 'maxo@mailinator.com', NULL, 'Charles Jensen', NULL, NULL, NULL, 'Willow Webb', NULL, NULL, NULL, NULL, NULL, NULL, 'Channing Montgomery', 'Sit et nostrum perf', 'Irure laboriosam du', 'In blanditiis perspi', 'Aut quo officia eius', 'Dolore itaque sunt d', 'In blanditiis perspi', 'Aut quo officia eius', 'Dolore itaque sunt d', 'Ad voluptas sed sequ', NULL, 'Nomlanga Alvarez', 'Veritatis est aliqui', 'Kellie Frederick', 'Iste praesentium in', 'Laboris eligendi eum', 'riwexodel@mailinator.com', '0000-00-00', 'Distinctio Id ipsum', '+1 (855) 612-9982', 'Aliquid voluptatem i', 'Duis dolorum ipsam p', 'Reprehenderit adipi', 2, 'pocyhabif@mailinator.com', '2', '11', '20', '2', '11', '20', 'Ratione dolor volupt', '1', 'Good', '$2y$10$capFlVv8Z2y8L9B7OXnnbu0i9iWwHHTg90zFQLHj4Zi3vxi79HtgC', 5, NULL, NULL, NULL, NULL, NULL, NULL, '18', '2020-12-07 07:45:46', '2020-12-07 07:45:46'),
(77, 1, 25, 10, 5, 2020163, NULL, NULL, 'MacKenzie Perry', 3, 5, '1983-12-05', '3', '870', 'leha@mailinator.com', NULL, 'Zoe Hudson', NULL, NULL, NULL, 'Colin Fuentes', NULL, NULL, NULL, NULL, NULL, NULL, 'Ryder Everett', 'Tenetur qui fugiat', 'Debitis ullamco aper', 'Dolores consequatur', 'Occaecat aut repudia', 'Magna non exercitati', 'Dolores consequatur', 'Occaecat aut repudia', 'Magna non exercitati', 'Dolore quia voluptat', NULL, 'Alana Hartman', 'Sit officia est dol', 'Cynthia Savage', 'Numquam elit dolori', 'Similique incididunt', 'symuvu@mailinator.com', '1972-12-09', 'Asperiores ad qui eu', '+1 (603) 267-2755', 'Illum eiusmod nesci', 'Voluptatem qui animi', 'Vel enim ullamco ani', 2, 'byza@mailinator.com', '6', '32', '488', '6', '32', '488', 'Laudantium aliquid', '1', 'Good', '$2y$10$i0Zd53W3GJxdxi4snF.I/uoHhmVrJPjHInQJenb69cCJSfkcOuEqy', 5, NULL, NULL, NULL, NULL, NULL, NULL, '18', '2020-12-07 08:30:30', '2020-12-07 08:30:30'),
(78, 1, 25, 10, 5, 2020164, NULL, NULL, 'Kibo Harris', 3, 2, '2006-12-09', '2', '343', 'vivyk@mailinator.com', NULL, 'Axel Wilkerson', NULL, NULL, NULL, 'Britanni Navarro', NULL, NULL, NULL, NULL, NULL, NULL, 'Patience Owen', 'Architecto sit cumq', 'Duis est ut nemo qui', 'Commodi voluptatem e', 'Molestiae quod ad vo', 'Qui in quos velit u', 'Commodi voluptatem e', 'Molestiae quod ad vo', 'Qui in quos velit u', 'Nostrud beatae beata', NULL, 'Claire Ewing', 'Aliquid voluptatum q', 'Arsenio Vasquez', 'Sint aut quia conse', 'Repudiandae obcaecat', 'ribe@mailinator.com', '0000-00-00', 'Ducimus elit offic', '+1 (871) 498-8184', 'Aspernatur qui asper', 'Ducimus culpa ut ve', 'Magna dolorem quo si', 1, 'rixacihep@mailinator.com', '4', '25', '314', '4', '25', '314', 'Esse ex doloremque n', '1', 'Fair', '$2y$10$3K56.VuQu/hcJlNFr0pa/.O1/gMTyIS2lQgqT7zzLcLy0awn.S1D.', 5, NULL, NULL, NULL, NULL, NULL, NULL, '18', '2020-12-07 08:56:31', '2020-12-07 08:56:31'),
(79, 1, 25, 10, 5, 2020165, NULL, NULL, 'Linda Ellison', 3, 5, '0000-00-00', '8', '430', 'hexu@mailinator.com', NULL, 'Gary Dejesus', NULL, NULL, NULL, 'Tiger Perkins', NULL, NULL, NULL, NULL, NULL, NULL, 'Carly Fulton', 'Quo do nihil dolore', 'Qui dicta debitis fu', 'Elit duis quo sapie', 'Molestiae tempora et', 'Aspernatur rerum arc', 'Elit duis quo sapie', 'Molestiae tempora et', 'Aspernatur rerum arc', 'Quo excepturi volupt', NULL, 'Charlotte Rosales', 'Molestiae molestiae', 'Chester Townsend', 'Odit autem Nam est', 'Fuga Autem autem at', 'talycihyri@mailinator.com', '0000-00-00', 'Debitis itaque totam', '+1 (793) 815-8693', 'Fugiat magni deserun', 'Illum possimus aut', 'Cillum dolorum aut d', 2, 'nuremef@mailinator.com', '3', '58', '276', '3', '58', '276', 'Consequatur Laborum', '1', 'Good', '$2y$10$4FtmKQo5rrPbHGB3iCOMKuYT4m0g2WfUErEfxmPSfU2FRdvAdPGwS', 5, NULL, NULL, NULL, NULL, NULL, NULL, '18', '2020-12-07 10:02:46', '2020-12-07 10:02:46'),
(80, 1, 25, 10, 5, 2020166, NULL, NULL, 'Linda Ellison', 3, 5, '1970-01-01', '8', '430', 'hexu@mailinator.com', NULL, 'Gary Dejesus', NULL, NULL, NULL, 'Tiger Perkins', NULL, NULL, NULL, NULL, NULL, NULL, 'Carly Fulton', 'Quo do nihil dolore', 'Qui dicta debitis fu', 'Elit duis quo sapie', 'Molestiae tempora et', 'Aspernatur rerum arc', 'Elit duis quo sapie', 'Molestiae tempora et', 'Aspernatur rerum arc', 'Quo excepturi volupt', NULL, 'Charlotte Rosales', 'Molestiae molestiae', 'Chester Townsend', 'Odit autem Nam est', 'Fuga Autem autem at', 'talycihyri@mailinator.com', '1970-01-01', 'Debitis itaque totam', '+1 (793) 815-8693', 'Fugiat magni deserun', 'Illum possimus aut', 'Cillum dolorum aut d', 2, 'nuremef@mailinator.com', '3', '58', '276', '3', '58', '276', 'Consequatur Laborum', '1', 'Good', '$2y$10$l.bXPNvlRtUMYv8kNfvCwutfRj28CmMefYttQ41t97Np4QZ/lIOiy', 5, NULL, NULL, NULL, NULL, NULL, NULL, '18', '2020-12-07 10:10:20', '2020-12-07 10:10:20'),
(81, 1, 25, 10, 5, 2020167, NULL, NULL, 'Anika Andrews', 1, 2, '1972-11-07', '7', '951', 'rehyduhofi@mailinator.com', NULL, 'Remedios Olson', NULL, NULL, NULL, 'Dominique Velazquez', NULL, NULL, NULL, NULL, NULL, NULL, 'Zorita Dudley', 'Nobis laborum eaque', 'Aliqua Molestiae es', 'Minim dolor occaecat', 'Rerum quibusdam amet', 'Id rerum ea molestia', 'Minim dolor occaecat', 'Rerum quibusdam amet', 'Id rerum ea molestia', 'Deleniti quasi cupid', NULL, 'Robin Mckay', 'Mollitia provident', 'Stephen Pugh', 'A maiores libero qui', 'Ut a eum iure rerum', 'kigatywuvo@mailinator.com', '1982-10-04', 'Eaque perferendis qu', '+1 (137) 253-8102', 'Aliqua Est ea dese', 'Harum Nam quis eiusm', 'Dolore proident eos', 2, 'zapilajore@mailinator.com', '3', '53', '273', '3', '53', '273', 'Consequatur Ea culp', '1', 'Good', '$2y$10$Nxq9q7UOPLtIpJdIIMU5me0qLqQs60w0//hVW9d5EBeclpzeojVoK', 5, NULL, NULL, NULL, NULL, NULL, NULL, '18', '2020-12-07 10:38:10', '2020-12-07 10:38:10'),
(82, 1, 25, 10, 5, 2020168, NULL, NULL, 'Rylee Clemons', 1, 5, '0000-00-00', '8', '533', 'tifez@mailinator.com', NULL, 'Dean Mullen', NULL, NULL, NULL, 'Anika Rodriquez', NULL, NULL, NULL, NULL, NULL, NULL, 'Wynter Short', 'Natus molestias quam', 'Quod incididunt quae', 'Dolores dolore eu fu', 'Adipisicing sit quia', 'Consectetur est in', 'Dolores dolore eu fu', 'Adipisicing sit quia', 'Consectetur est in', 'Non aute est ut sit', NULL, 'Finn Park', 'Aute sed rerum esse', 'Malcolm Conrad', 'Iure sit in vel exe', 'In sed velit nisi ul', 'molon@mailinator.com', '0000-00-00', 'Exercitationem itaqu', '+1 (443) 305-9913', 'Et nostrum magni eos', 'Quis tempor sequi de', 'Error exercitation e', 1, 'puwynes@mailinator.com', '6', '29', '477', '6', '29', '477', 'Aliqua Magna aut mi', '1', 'Fair', '$2y$10$4YJ/d/Pu0YAp/s5Ad2pr/OiUVqkAEYdIvWF3hrXoEfwHf9EPjORru', 5, NULL, NULL, NULL, NULL, NULL, NULL, '18', '2020-12-07 10:52:05', '2020-12-07 10:52:05'),
(83, 1, 25, 10, 5, 2020169, NULL, NULL, 'Aretha Suarez', 2, 4, '0000-00-00', '6', '322', 'veka@mailinator.com', NULL, 'Skyler Guzman', NULL, NULL, NULL, 'Illiana Rios', NULL, NULL, NULL, NULL, NULL, NULL, 'Brady Dorsey', 'Consequatur blanditi', 'Voluptatem qui sed s', 'Esse sint aut quo di', 'Eos eos sapiente ma', 'A ab eum ipsum sunt', 'Esse sint aut quo di', 'Eos eos sapiente ma', 'A ab eum ipsum sunt', 'Irure atque et perfe', NULL, 'Hayfa Morton', 'Delectus ut eaque i', 'Shannon Kent', 'Unde ipsa non eum d', 'Iure laboris iusto m', 'wucyvyril@mailinator.com', '0000-00-00', 'Corporis sed laborum', '+1 (632) 969-9689', 'Voluptatem Voluptat', 'Blanditiis fugiat u', 'Fugiat consequatur', 2, 'nesaq@mailinator.com', '3', '19', '197', '3', '19', '197', 'Aliquid a reprehende', '1', NULL, '$2y$10$ubl.8eSLvteYqIkx6Sw3luaugqS2cJksvjwJrdbwfsERFzhQweKRO', 5, NULL, NULL, NULL, NULL, NULL, NULL, '18', '2020-12-07 11:23:34', '2020-12-19 07:44:54'),
(84, 1, 25, 10, 5, 2020170, NULL, NULL, 'Unity Spears', 1, 4, '2011-02-08', '2', '498', 'vywe@mailinator.com', NULL, 'Thor Buckner', NULL, NULL, NULL, 'Lysandra Mcdonald', NULL, NULL, NULL, NULL, NULL, NULL, 'Alan Tyson', 'Aperiam et error mod', 'Deserunt vero sequi', 'Ullam lorem aut volu', 'Voluptatem consectet', 'Libero enim excepteu', 'Ullam lorem aut volu', 'Voluptatem consectet', 'Libero enim excepteu', 'Elit dolore nihil v', NULL, 'Audra Cooke', 'Anim velit voluptate', 'Melodie Shepherd', 'Atque aliquam in lib', 'Sed nihil labore cil', 'mudewygut@mailinator.com', '1974-07-02', 'Ea enim voluptas con', '+1 (582) 305-8322', 'Omnis laboris quia q', 'Enim pariatur Nisi', 'Temporibus amet dol', 1, 'jivuxe@mailinator.com', '7', '61', '367', '7', '61', '367', 'Inventore iusto a om', '1', 'Nill', '$2y$10$BaDDOv143CJrF1yLtI9mAuqmtCfq4YhhQmE0eI8b5alrBld4QPtDm', 5, NULL, NULL, NULL, NULL, NULL, NULL, '18', '2020-12-07 11:29:44', '2020-12-07 11:29:44'),
(85, 1, 25, 10, 5, 2020171, NULL, NULL, 'Unity Spears', 1, 4, '2011-08-02', '2', '498', 'vywe@mailinator.com', NULL, 'Thor Buckner', NULL, NULL, NULL, 'Lysandra Mcdonald', NULL, NULL, NULL, NULL, NULL, NULL, 'Alan Tyson', 'Aperiam et error mod', 'Deserunt vero sequi', 'Ullam lorem aut volu', 'Voluptatem consectet', 'Libero enim excepteu', 'Ullam lorem aut volu', 'Voluptatem consectet', 'Libero enim excepteu', 'Elit dolore nihil v', NULL, 'Audra Cooke', 'Anim velit voluptate', 'Melodie Shepherd', 'Atque aliquam in lib', 'Sed nihil labore cil', 'mudewygut@mailinator.com', '1974-02-07', 'Ea enim voluptas con', '+1 (582) 305-8322', 'Omnis laboris quia q', 'Enim pariatur Nisi', 'Temporibus amet dol', 1, 'jivuxe@mailinator.com', '7', '61', '367', '7', '61', '367', 'Inventore iusto a om', '1', 'Nill', '$2y$10$NFBCRugb87esjIHnEQl7cOjKn8EOy2zmpMOge8vCAAzl.VCQqkRRG', 5, NULL, NULL, NULL, NULL, NULL, NULL, '18', '2020-12-07 11:54:03', '2020-12-07 11:54:03'),
(86, 1, 25, 10, 5, 2020172, NULL, NULL, 'Indigo Bradford', 1, 4, '1986-10-12', '6', '163', 'beqovijusi@mailinator.com', NULL, 'Demetrius Ford', NULL, NULL, NULL, 'Buckminster Beach', NULL, NULL, NULL, NULL, NULL, NULL, 'Virginia Lindsey', 'Sint vitae cupidata', 'Distinctio Dignissi', 'Voluptatum necessita', 'Eiusmod quae nisi ni', 'Enim dolores corrupt', 'Voluptatum necessita', 'Eiusmod quae nisi ni', 'Enim dolores corrupt', 'Aliquip veniam eum', NULL, 'Alexander Jordan', 'Exercitation aut sim', 'Shelby Brooks', 'Atque cupiditate in', 'Mollitia maiores fug', 'neryda@mailinator.com', '0000-00-00', 'Qui qui corrupti vo', '+1 (619) 453-9397', 'Obcaecati fugiat ea', 'Explicabo Eius arch', 'Ab sequi dolor asper', 2, 'jyvazuj@mailinator.com', '6', '32', '487', '6', '32', '487', 'Ad rerum ea ea fugia', '1', 'Poor', '$2y$10$ys5nHc5VZNSiOA5y74U5H.7iS.9lrr3XPnyL8OSQhEMEdJyDfAHOS', 5, NULL, NULL, NULL, NULL, NULL, NULL, '18', '2020-12-07 12:04:37', '2020-12-07 12:04:37'),
(87, 1, 25, 10, 5, 2020173, NULL, NULL, 'Alvin Shaffer', 1, 5, '0000-00-00', '1', '569', 'seqi@mailinator.com', NULL, 'Aretha Padilla', NULL, NULL, NULL, 'Chava Maynard', NULL, NULL, NULL, NULL, NULL, NULL, 'Amy Wade', 'Dolore exercitation', 'Ut cumque fugiat inc', 'Nostrum provident v', 'Voluptate sit volupt', 'Fugiat mollitia exe', 'Nostrum provident v', 'Voluptate sit volupt', 'Fugiat mollitia exe', 'Repudiandae expedita', NULL, 'Isaiah Odom', 'Velit exercitation m', 'Christen Small', 'Ducimus error tempo', 'Qui eaque minus et d', 'kogovacij@mailinator.com', '0000-00-00', 'Accusantium velit u', '+1 (387) 776-3664', 'Maxime reprehenderit', 'Dolorem nesciunt iu', 'Corrupti sit cillu', 2, 'seruwevipi@mailinator.com', '5', '43', '418', '5', '43', '418', 'Quis id fuga Culpa', '1', 'Nill', '$2y$10$Jp.AlZuVUFWp71PGPZMk8ePSQn.GV/0MeexrjOBJqscZOykkcJstW', 5, NULL, NULL, NULL, NULL, NULL, NULL, '18', '2020-12-07 12:11:06', '2020-12-07 12:11:06'),
(88, 1, 25, 10, 5, 2020174, NULL, NULL, 'Hillary Cannon', 2, 5, '0000-00-00', '7', '567', 'juki@mailinator.com', NULL, 'Illiana Mccarthy', NULL, NULL, NULL, 'Levi Whitaker', NULL, NULL, NULL, NULL, NULL, NULL, 'Diana Finley', 'Vitae sed eum ex ea', 'Enim a obcaecati odi', 'Facilis quas qui mol', 'Nostrud recusandae', 'Voluptatibus aliquid', 'Facilis quas qui mol', 'Nostrud recusandae', 'Voluptatibus aliquid', 'Necessitatibus volup', NULL, 'Tyler Bass', 'Rerum quos qui disti', 'Uta Callahan', 'Ad eius ex commodi n', 'Suscipit aperiam acc', 'sogicukymu@mailinator.com', '0000-00-00', 'Minus ea minus incid', '+1 (891) 828-6786', 'Aliquip amet eos e', 'A omnis eligendi sol', 'Deleniti eaque volup', 1, 'wykafan@mailinator.com', '7', '61', '370', '7', '61', '370', 'Sequi ut sint minus', '1', 'Nill', '$2y$10$T8L4nBupd5yZXD0CyvkIL.d7aXujykOW3/VIXawNkZmYaHe5PwjuW', 5, NULL, NULL, NULL, NULL, NULL, NULL, '18', '2020-12-07 12:22:47', '2020-12-07 12:22:47'),
(89, 1, 25, 10, 5, 2020175, NULL, NULL, 'Dawn Morris', 2, 4, '0000-00-00', '3', '21', 'jyfi@mailinator.com', NULL, 'Hedwig Lane', NULL, NULL, NULL, 'Carol Wilkerson', NULL, NULL, NULL, NULL, NULL, NULL, 'Burke Pope', 'Voluptatem error pra', 'Modi in iste molesti', 'Non delectus culpa', 'Vel nisi in aspernat', 'Ducimus omnis qui o', 'Non delectus culpa', 'Vel nisi in aspernat', 'Ducimus omnis qui o', 'Voluptas perferendis', NULL, 'Bevis Harmon', 'Non iure mollit cupi', 'Timon Estes', 'Possimus qui aliqui', 'Asperiores ea odio q', 'vazazy@mailinator.com', '1993-05-11', 'Esse earum adipisci', '+1 (325) 186-7611', 'Voluptatibus sed ea', 'Sit quibusdam nemo N', 'Rerum omnis pariatur', 2, 'zysyfo@mailinator.com', '4', '25', '316', '4', '25', '316', 'Quam quia id duis an', '1', 'Good', '$2y$10$VOlawErl0EEeNwR3ehiwwOxGMO6V5nIH5yGdpjazF9ocGA0Rodv52', 5, NULL, NULL, NULL, NULL, NULL, NULL, '18', '2020-12-08 04:24:36', '2020-12-08 04:24:36'),
(90, 1, 25, 10, 5, 2020176, NULL, NULL, 'Macey Williamson', 3, 5, '1981-01-12', '4', '519', 'baxibeto@mailinator.com', NULL, 'Meredith Russell', NULL, NULL, NULL, 'Kieran Barnett', NULL, NULL, NULL, NULL, NULL, NULL, 'September Bowers', 'Molestias quia vel q', 'Sed dicta earum in e', 'Voluptas inventore e', 'Numquam velit labore', 'Quos sed ut tempora', 'Voluptas inventore e', 'Numquam velit labore', 'Quos sed ut tempora', 'Ex velit expedita do', NULL, 'Kevin Joyner', 'Neque magna quia min', 'Raya Luna', 'Unde labore libero s', 'Ad quidem laboris sa', 'dusipotapa@mailinator.com', '1996-09-12', 'Temporibus non iste', '+1 (423) 681-8739', 'Obcaecati quo aut et', 'Nam voluptatum sed i', 'Reprehenderit sit q', 1, 'hyreza@mailinator.com', '1', '4', '123', '1', '4', '123', 'Maxime vitae mollit', '1', 'Poor', '$2y$10$vWHSEx6qC.tD1A2.Cw54xui9jpWC3KGk2ZHNfhSFWSZ9HtHA9KRma', 5, NULL, NULL, NULL, NULL, NULL, NULL, '18', '2020-12-08 04:28:24', '2020-12-08 04:28:24'),
(91, 1, 25, 10, 5, 2020177, NULL, NULL, 'Olivia Mccray', 2, 5, '0000-00-00', '6', '824', 'wibaxevori@mailinator.com', NULL, 'Mason Vazquez', NULL, NULL, NULL, 'Tobias Peck', NULL, NULL, NULL, NULL, NULL, NULL, 'Fuller Valencia', 'Ut quis cupidatat et', 'Incididunt repellend', 'Deserunt quasi in qu', 'Qui consequatur nos', 'Eligendi occaecat ut', 'Deserunt quasi in qu', 'Qui consequatur nos', 'Eligendi occaecat ut', 'Est officia ut deser', NULL, 'Hakeem Torres', 'Autem natus necessit', 'Marsden Sanders', 'Omnis consequat Ad', 'Ducimus in dolores', 'pewas@mailinator.com', '2005-04-07', 'Voluptatem dicta eos', '+1 (993) 193-7036', 'Dolores aut odit pla', 'Commodo id vero tem', 'Natus dicta molestia', 2, 'zicocade@mailinator.com', '6', '29', '481', '6', '29', '481', 'Necessitatibus neque', '1', 'Fair', '$2y$10$f54PdR1jFO.2lsitKliL8uwxAY.UJSrrbvU23Gw1.cE1UmSJIdDuC', 5, NULL, NULL, NULL, NULL, NULL, NULL, '18', '2020-12-08 04:35:07', '2020-12-08 04:35:07'),
(92, 1, 25, 10, 5, 2020178, NULL, NULL, 'Omar Moore', 1, 1, '0000-00-00', '6', '84', 'tyla@mailinator.com', NULL, 'Sierra Leach', NULL, NULL, NULL, 'Hammett Hatfield', NULL, NULL, NULL, NULL, NULL, NULL, 'Ronan Wagner', 'Est aut quos quia sa', 'Aut veritatis omnis', 'Ut ipsum quia non ve', 'Molestiae ipsa ad n', 'Eum sunt fugiat non', 'Ut ipsum quia non ve', 'Molestiae ipsa ad n', 'Eum sunt fugiat non', 'Quia quae est impedi', NULL, 'Aurora Olson', 'Ducimus non vero id', 'Reese Monroe', 'Mollit qui unde prov', 'Aute dolor veniam l', 'qijiwi@mailinator.com', '0000-00-00', 'Fugiat molestias to', '+1 (818) 362-5141', 'Accusamus aliquid te', 'Distinctio Ducimus', 'Qui ut eiusmod quas', 1, 'secasago@mailinator.com', '2', '5', '14', '2', '5', '14', 'Alias voluptas incid', '1', 'Nill', '$2y$10$.937kunI/howdpeoR37lJOCbQDvsTTzLIurkO78W2XFJBdTEsHp8i', 5, NULL, NULL, NULL, NULL, NULL, NULL, '18', '2020-12-08 04:36:57', '2020-12-08 04:36:57'),
(93, 1, 25, 10, 5, 2020179, NULL, NULL, 'Lacota Hanson', 1, 1, '1990-11-12', '3', '122', 'ziranuny@mailinator.com', NULL, 'Savannah Fuentes', NULL, NULL, NULL, 'Briar Valenzuela', NULL, NULL, NULL, NULL, NULL, NULL, 'Leslie Barron', 'Eligendi laboris par', 'Consectetur asperior', 'Excepteur corporis d', 'Perferendis culpa v', 'Eum aut perspiciatis', 'Excepteur corporis d', 'Perferendis culpa v', 'Eum aut perspiciatis', 'Esse sed perspiciati', NULL, 'Carter Newman', 'Ducimus amet nobis', 'Penelope Murray', 'Reiciendis non labor', 'Eos recusandae Qui', 'ramu@mailinator.com', '0000-00-00', 'Qui quibusdam itaque', '+1 (261) 305-2535', 'Exercitationem in de', 'Dolorem numquam sunt', 'Consequatur Deserun', 1, 'xelodurak@mailinator.com', '3', '19', '197', '3', '19', '197', 'Quis aut anim sed ex', '1', 'Fair', '$2y$10$znv2GQFFQdAQMuM4C.18Xe5BIsl/2TDihxoweCkaNu4.HC6SF3CkW', 5, NULL, NULL, NULL, NULL, NULL, NULL, '18', '2020-12-08 05:00:26', '2020-12-08 05:00:26'),
(94, 1, 25, 10, 5, 2020180, NULL, NULL, 'ccsasxasxax', 1, 1, '2020-12-09', '2', '04256353533', 'dshhghb@gmail.com', NULL, 'ergtrgggrg', NULL, NULL, NULL, 'dasdadadadadda', NULL, NULL, NULL, NULL, NULL, NULL, 'dddadd', NULL, 'dadadadadacscfwef', 'fffcsdsca', 'DSS', '535555', 'fffcsdsca', 'DSS', '535555', '424442', NULL, 'ssaxsxasxasx', 'sccc', 'dadadadadadadadda', 'ddddwdd', NULL, 'dshhghb@gmail.com', '1970-01-01', NULL, '066230', 'ddddd', 'dddwdwdwd', 'sccac', 1, 'dshhghb@gmail.com', '6', '56', '507', '6', '56', '507', 'sxasxaxasxx', '1', 'Poor', '$2y$10$ECK4b/yrZnYpS9zgzEWIh.KTfI5EMZCoeGDRFVrlob4e3dQ7dK0pK', 5, NULL, NULL, NULL, NULL, NULL, NULL, '18', '2020-12-08 05:35:56', '2020-12-08 05:35:56'),
(95, 1, 25, 10, 5, 2020181, NULL, NULL, 'xcfgthyju', 2, 1, '1970-01-01', '5', '53356..', 'adasdfg@gmail.com', NULL, '404045', NULL, NULL, NULL, 'bv', NULL, NULL, NULL, NULL, NULL, NULL, 'sfsfs', '45888', 'dsdfg', 'sdg', 'dwerg', '85', 'sdg', 'dwerg', '85', '5876345', NULL, 'gregegg', 'cdgthyju', 'dffff', 'thttr', '..4444', 'adasdfg@gmail.com', '1970-01-01', '4454..45.', '.4.45.4..', 'frgthtrh', 'tgtgtg', 'hgk', 1, 'adasdfg@gmail.com', '2', '31', '38', '2', '31', '38', 'gergergegeg', '1', 'Good', '$2y$10$kXCCnzi9gfzxZW.ksIaw1OGuj7bZsDivVvd2FkuRdyO36JpNzDY4m', 5, NULL, NULL, NULL, NULL, NULL, NULL, '18', '2020-12-08 05:44:44', '2020-12-08 05:44:44'),
(96, 1, 25, 10, 5, 2020182, NULL, NULL, 'fgfgfg', 1, 1, '1970-01-01', '1', '56565', 'ad@gmail.com', NULL, 'fgfgf', NULL, NULL, NULL, 'fgfgf', NULL, NULL, NULL, NULL, NULL, NULL, 'ghgh', 'fgfgf', 'fgfg', 'fgfgf', 'fgfgfg', '56565', 'fgfgf', 'fgfgfg', '56565', 'fgfgf', NULL, 'fgfg', 'ffgf', 'fgfgfg', 'fgfgfg', 'fgfgf', 'rt@gmail.com', '1970-01-01', 'fgfgfg', '78787', 'fgfgf', 'fgfgf', 'fgfg', 1, 'hj@gmail.com', '3', '13', '155', '3', '13', '155', 'fgfgf', '1', 'Good', '$2y$10$0ZQxwWvBUI0NGLJhWE5CJ.YFs3.mwRLchanLJPfBWciiFdW3Qvfeq', 5, NULL, NULL, NULL, NULL, NULL, NULL, '18', '2020-12-08 05:54:02', '2020-12-08 05:54:02'),
(97, 1, 25, 10, 5, 2020183, NULL, NULL, 'ghjj', 1, 1, '1970-01-01', '4', '56565', 'dfg@gmail.com', NULL, 'ghghg', NULL, NULL, NULL, 'ghghgh', NULL, NULL, NULL, NULL, NULL, NULL, 'ghghgh', '66565', 'ghghgh', 'ghgh', 'ghggh', '56', 'ghgh', 'ghggh', '56', 'fgfg', NULL, 'fgg', 'ghhh', 'ghghgh', 'hghgh', 'ghgh', 'rtyyu@gmail.com', '1970-01-01', 'ghgh', 'ghgh', 'ghgh', 'ghghg', 'ghghgh', 1, 'tyu@gmail.com', '1', '3', '116', '1', '3', '116', 'fggg', '1', 'Good', '$2y$10$bNO5FNyCRuvnQ.TUTggecuoQX.yglPtorS5kSc99frRT7NeghBrNy', 5, NULL, NULL, NULL, NULL, NULL, NULL, '18', '2020-12-08 06:13:41', '2020-12-08 06:13:41'),
(98, 1, 25, 10, 5, 2020184, NULL, NULL, 'Angelica Roach', 1, 5, '0000-00-00', '8', '374', 'lywyzu@mailinator.com', NULL, 'Buckminster Evans', NULL, NULL, NULL, 'Nina Thompson', NULL, NULL, NULL, NULL, NULL, NULL, 'Samuel Alvarado', 'Et nulla rerum ex pa', 'Deserunt veniam in', 'Irure incididunt mol', 'Qui autem fugiat ei', 'Aute in atque reicie', 'Irure incididunt mol', 'Qui autem fugiat ei', 'Aute in atque reicie', 'Architecto ut non vo', NULL, 'Reagan Faulkner', 'Illo voluptatibus no', 'Jana Welch', 'Harum tempor delectu', 'Deleniti vitae in de', 'ricubizen@mailinator.com', '0000-00-00', 'Delectus corrupti', '+1 (276) 657-2614', 'Molestiae ex magni v', 'Non in in aliquip ul', 'A sit consequuntur', 2, 'nujyzi@mailinator.com', '2', '8', '52', '2', '8', '52', 'Hic assumenda ut ani', '1', 'Good', '$2y$10$6s35p.EMA0BZ3ibreMRfeumMVoet0MUN.UKr1B9BC82sv05INriS2', 5, NULL, NULL, NULL, NULL, NULL, NULL, '18', '2020-12-08 06:16:51', '2020-12-08 06:16:51'),
(99, 1, 25, 10, 5, 2020185, NULL, NULL, 'refgthy', 2, 1, '1970-01-01', '3', '054387878786', 'zsdfgthyjukil@gmail.com', NULL, 'fefefvefef', NULL, NULL, NULL, 'zassg', NULL, NULL, NULL, NULL, NULL, NULL, 'dfghjukjhgdf', '787824866268', 'fscffsdscff', 'scsffsfsf', 'xccx zxdc', '886868686', 'scsffsfsf', 'xccx zxdc', '886868686', '57868686786', NULL, 'Xxaxx', 'zazzZAz', 'xsxasascc', 'xsaxsaxas', '2686868686', 'zsdfgthyjukil@gmail.com', '1970-01-01', '22822868', '688678637867', 'xfgthyjdf', 'addxasddasd', 'zaZZA', 1, 'zsdfgthyjukil@gmail.com', '5', '44', '424', '5', '44', '424', 'axaxasxasx', '1', 'Good', '$2y$10$2DPcCwdt4EZSM./p.Lg16.vjKVGfTHdLm/zC5XRSW1YDHs.DeYWqu', 5, NULL, NULL, NULL, NULL, NULL, NULL, '18', '2020-12-08 06:56:18', '2020-12-08 06:56:18'),
(100, 1, 25, 10, 5, 2020186, NULL, NULL, 'Nathan Boyd', 3, 2, '1975-07-06', '5', '853', 'tabikeh@mailinator.com', NULL, 'Stella Simon', NULL, NULL, NULL, 'Aristotle Combs', NULL, NULL, NULL, NULL, NULL, NULL, 'Mollie Baker', 'Eligendi est offici', 'Labore et autem ea c', 'Explicabo Obcaecati', 'Soluta enim unde aut', 'Et pariatur Est ut', 'Explicabo Obcaecati', 'Soluta enim unde aut', 'Et pariatur Est ut', 'Fugiat rem magni et', NULL, 'Lance Davenport', 'Quae ad placeat do', 'Ella Thompson', 'Voluptatem sed volup', 'Ut sapiente occaecat', 'cehonol@mailinator.com', '0000-00-00', 'In tempora ipsam ali', '+1 (707) 534-1747', 'Exercitationem excep', 'Eveniet qui et dolo', 'Ut elit voluptas su', 2, 'hugigyqo@mailinator.com', '3', '42', '255', '3', '42', '255', 'Eius animi aute qui', '1', 'Nill', '$2y$10$igJwhxDaqrwL7ceV6v7AfezkADI/hqjPTG9H74GISPOo7pjn6GULC', 5, NULL, NULL, NULL, NULL, NULL, NULL, '18', '2020-12-08 07:00:32', '2020-12-08 07:00:32'),
(101, 1, 25, 10, 5, 2020187, NULL, NULL, 'crrvv vvv tvtvtvtv', 1, 3, '1970-01-01', '6', '58882882', 'gtgyygygg@gmail.com', NULL, 'dcfvbghngfd', NULL, NULL, NULL, 'dcfvgbhbf', NULL, NULL, NULL, NULL, NULL, NULL, 'ffbbhthbhr', '268626666', 'fvefervfv', 'vdfvdfv dfvdf', 'fddd', '2787868686', 'vdfvdfv dfvdf', 'fddd', '2787868686', '868686', NULL, 'rewqweewrrfw', 'gvtv', 'xscdfvdsc', 'scffef', '572785278527', 'sddfgffc@gmail.com', '1970-01-01', '5852727', '82686868', 'frethht', 'fffeff', 'rrrgrgrg', 1, 'dfgbjj@gmail.com', '5', '44', '423', '5', '44', '423', 'fwefwefewfewf', '1', 'Good', '$2y$10$lgfEDMLyL1y7W9DcZg1kw.3b8O/jB3GP896nD6y.ShfRD8BCfCpdW', 5, NULL, NULL, NULL, NULL, NULL, NULL, '18', '2020-12-08 07:05:32', '2020-12-08 07:05:32'),
(102, 1, 25, 10, 5, 2020188, NULL, NULL, 'dfdf', 1, 1, '1970-01-01', '1', '3434', 'rt@gmail.com', NULL, 'fdfdf', NULL, NULL, NULL, 'dfdfd', NULL, NULL, NULL, NULL, NULL, NULL, 'fgfgfg', 'fgfgf', 'fgfg', 'fgfg', 'fgfg', '454', 'fgfg', 'fgfg', '454', 'dfdf', NULL, 'dfdf', 'dfdf', 'dfdf', 'fgfgf', '545454', 'er@gmail.com', '1970-01-01', 'dfdfdf', '4545', 'fgfg', 'fgfg', 'dfdfdf', 1, 'kj@gmail.com', '4', '30', '332', '4', '30', '332', 'dfdf', '1', 'Good', '$2y$10$FAX8g9NXO8AaSdhJ/ASHT.gniRoNv.loOJCjsTVs4A6ImLgqqDVL6', 5, NULL, NULL, NULL, NULL, NULL, NULL, '18', '2020-12-08 07:22:58', '2020-12-08 07:22:58'),
(103, 1, 25, 10, 5, 2020189, NULL, NULL, 'Stephen Johnson', 1, 4, '0000-00-00', '4', '391', 'cymu@mailinator.com', NULL, 'Alden Baird', NULL, NULL, NULL, 'Forrest Lewis', NULL, NULL, NULL, NULL, NULL, NULL, 'Imelda Nash', 'Obcaecati nisi praes', 'Pariatur Quia qui s', 'Vel deleniti repelle', 'Ut rem earum exercit', 'Ad velit quas qui om', 'Vel deleniti repelle', 'Ut rem earum exercit', 'Ad velit quas qui om', 'Amet ratione ad mol', NULL, 'Keelie Murphy', 'Debitis numquam cons', 'Chava Rosa', 'Accusamus ut nulla f', 'Nostrud rerum error', 'dazo@mailinator.com', '0000-00-00', 'Harum tempore ut Na', '+1 (112) 705-4326', 'Qui ut in minim iust', 'Mollit doloremque in', 'Dolorum consectetur', 2, 'vecyzy@mailinator.com', '3', '58', '274', '3', '58', '274', 'Minim aspernatur in', '1', 'Fair', '$2y$10$JQwxCcSWUexFDxLGGjGzHOD1rKKHxb5gWr6ikzZj3TbsSTo4kcVey', 5, NULL, NULL, NULL, NULL, NULL, NULL, '18', '2020-12-08 07:39:39', '2020-12-08 07:39:39'),
(104, 1, 25, 10, 5, 2020190, NULL, NULL, 'sdfgh', 1, 4, '1970-01-01', '5', '86268868', 'cdcdcsd@gmail.com', NULL, 'asxxaxxsa', NULL, NULL, NULL, 'asxxaxa', NULL, NULL, NULL, NULL, NULL, NULL, 'csdfvdgdg', '2686868', 'gvddsds', 'scccsdcds', 'vdfvdd', '578785785', 'scccsdcds', 'vdfvdd', '578785785', '98645668', NULL, 'swertyui', 'sddsadda', 'asxsaxsx', 'asddasda', '8266888', 'sdsdd@gmail.com', '1970-01-01', '226868', '68368686', 'ddaddasd', 'adadsad', 'dasddasdda', 1, 'csfsdfs@gmail.com', '5', '54', '442', '5', '54', '442', 'ttyjukjh', '1', 'Good', '$2y$10$FZW5wbDUYNY77tfZZBPb0uGhUc7DU5VX1rZDlKBnNzT8bEVRvzI3.', 5, NULL, NULL, NULL, NULL, NULL, NULL, '18', '2020-12-08 07:43:10', '2020-12-08 07:43:10'),
(105, 1, 25, 10, 5, 2020191, NULL, NULL, 'sdfgh', 1, 4, '1970-01-01', '5', '86268868', 'cdcdcsd@gmail.com', NULL, 'asxxaxxsa', NULL, NULL, NULL, 'asxxaxa', NULL, NULL, NULL, NULL, NULL, NULL, 'csdfvdgdg', '2686868', 'gvddsds', 'scccsdcds', 'vdfvdd', '578785785', 'scccsdcds', 'vdfvdd', '578785785', '98645668', NULL, 'swertyui', 'sddsadda', 'asxsaxsx', 'asddasda', '8266888', 'sdsdd@gmail.com', '1970-01-01', '226868', '68368686', 'ddaddasd', 'adadsad', 'dasddasdda', 1, 'csfsdfs@gmail.com', '5', '54', '442', '5', '54', '442', 'ttyjukjh', '1', 'Good', '$2y$10$pm/LwAI8INzmObi8M.DZWu6Gr1kyRiZndbwRtmPUBZ1gHvIRysE5C', 5, NULL, NULL, NULL, NULL, NULL, NULL, '18', '2020-12-08 07:56:55', '2020-12-08 07:56:55'),
(106, 1, 25, 10, 5, 2020192, NULL, NULL, 'sdfgh', 1, 4, '1970-01-01', '5', '86268868', 'cdcdcsd@gmail.com', NULL, 'asxxaxxsa', NULL, NULL, NULL, 'asxxaxa', NULL, NULL, NULL, NULL, NULL, NULL, 'csdfvdgdg', '2686868', 'gvddsds', 'scccsdcds', 'vdfvdd', '578785785', 'scccsdcds', 'vdfvdd', '578785785', '98645668', NULL, 'swertyui', 'sddsadda', 'asxsaxsx', 'asddasda', '8266888', 'sdsdd@gmail.com', '1970-01-01', '226868', '68368686', 'ddaddasd', 'adadsad', 'dasddasdda', 1, 'csfsdfs@gmail.com', '5', '54', '442', '5', '54', '442', 'ttyjukjh', '1', 'Good', '$2y$10$ADVKqwE78j2fJRBzadISXue1PwAfCtCG2F6yCRciGfGrIrYG3wODu', 5, NULL, NULL, NULL, NULL, NULL, NULL, '18', '2020-12-08 07:57:32', '2020-12-08 07:57:32'),
(107, 1, 25, 10, 5, 2020193, NULL, NULL, 'Priscilla Phelps', 2, 5, '1974-11-09', '8', '567', 'juhemig@mailinator.com', NULL, 'Paloma Sims', NULL, NULL, NULL, 'Avye Carey', NULL, NULL, NULL, NULL, NULL, NULL, 'Veda Hobbs', 'Quasi et voluptatem', 'Sit ullam harum cor', 'Explicabo Nihil nec', 'Eiusmod deserunt dol', 'Molestias occaecat r', 'Explicabo Nihil nec', 'Eiusmod deserunt dol', 'Molestias occaecat r', 'Optio totam quasi n', NULL, 'Cheyenne Rodgers', 'Voluptas aut sit hi', 'Samantha Norman', 'Anim eligendi ipsam', 'Ex quis sed repellen', 'hoti@mailinator.com', '2019-10-10', 'Dolorum facere velit', '+1 (369) 911-7307', 'Illum quo facilis e', 'Et enim commodi expl', 'Deleniti velit reru', 2, 'libozowym@mailinator.com', '6', '29', '478', '6', '29', '478', 'Elit fugiat accusan', '1', 'Good', '$2y$10$/IAKAaSg5B2VEqJ85KI9z.OGyc8W0n.L5Zw06iJuCkjqRIpkhxOPW', 5, NULL, NULL, NULL, NULL, NULL, NULL, '18', '2020-12-08 08:03:05', '2020-12-08 08:03:05'),
(108, 1, 25, 10, 5, 2020194, NULL, NULL, 'Beatrice Coffey', 3, 1, '0000-00-00', '7', '610', 'tozag@mailinator.com', NULL, 'Hedwig Kelly', NULL, NULL, NULL, 'Reagan Foreman', NULL, NULL, NULL, NULL, NULL, NULL, 'Deborah Dorsey', 'Incidunt sequi quia', 'Quisquam dignissimos', 'Quidem sint eveniet', 'Eos quam laborum Qu', 'Eius fugit et ipsa', 'Quidem sint eveniet', 'Eos quam laborum Qu', 'Eius fugit et ipsa', 'Magni sint exercitat', NULL, 'Calista Best', 'In et voluptatem Na', 'Leila Nichols', 'Temporibus amet qua', 'Commodi dolorem labo', 'jaligug@mailinator.com', '0000-00-00', 'Pariatur Aliquam Na', '+1 (651) 128-3409', 'Sequi voluptatem est', 'Quos animi eos solu', 'Et aut quis ex est e', 1, 'qenit@mailinator.com', '2', '5', '14', '2', '5', '14', 'Fugit enim sit id', '1', 'Poor', '$2y$10$5tFR1uzDB06bXiuCtmUmNeFAlEmc4yFxZb.rxEHT2bpNCLIcdzAa.', 5, NULL, NULL, NULL, NULL, NULL, NULL, '18', '2020-12-08 08:11:25', '2020-12-08 08:11:25'),
(109, 1, 25, 10, 5, 2020195, NULL, NULL, 'Simone Mccormick', 2, 4, '0000-00-00', '7', '401', 'seni@mailinator.com', NULL, 'Violet Wilcox', NULL, NULL, NULL, 'Curran Neal', NULL, NULL, NULL, NULL, NULL, NULL, 'Cedric Vang', 'Excepturi quas venia', 'Lorem Nam et aut omn', 'Dolor aut nesciunt', 'Incididunt quibusdam', 'Non obcaecati irure', 'Dolor aut nesciunt', 'Incididunt quibusdam', 'Non obcaecati irure', 'Odio quis autem anim', NULL, 'Geraldine Reynolds', 'Ea quaerat ut dolore', 'Gray Hays', 'Quo consequatur dol', 'Aperiam quia sint h', 'jydihywe@mailinator.com', '0000-00-00', 'Est reprehenderit e', '+1 (307) 888-1107', 'Eum dolores harum es', 'Reprehenderit quia', 'Cupiditate soluta ex', 2, 'vukub@mailinator.com', '4', '27', '327', '4', '27', '327', 'Sequi minim sunt acc', '1', 'Nill', '$2y$10$nsStUkaE1UH86D3RHJZeCuyLKzhjFzEOzTb3WteYL0b9U5A41XigK', 5, NULL, NULL, NULL, NULL, NULL, NULL, '18', '2020-12-08 08:15:46', '2020-12-08 08:15:46'),
(110, 1, 25, 10, 5, 2020196, NULL, NULL, 'Merrill Church', 1, 1, '0000-00-00', '2', '70', 'mubasasyq@mailinator.com', NULL, 'Stephen Harris', NULL, NULL, NULL, 'Ross Bruce', NULL, NULL, NULL, NULL, NULL, NULL, 'Faith Schneider', 'Nobis omnis irure it', 'Quae dolor asperiore', 'Minima atque qui ut', 'Possimus vel facili', 'Accusantium modi exp', 'Minima atque qui ut', 'Possimus vel facili', 'Accusantium modi exp', 'Quasi eum magnam rer', NULL, 'Cooper Beach', 'Exercitationem velit', 'Ethan Huffman', 'Aute sed laboriosam', 'Eos et deserunt offi', 'cixysebo@mailinator.com', '0000-00-00', 'Illo vitae doloribus', '+1 (774) 373-1642', 'Omnis vel in est do', 'Eligendi deleniti te', 'Quia at doloremque m', 2, 'vasozo@mailinator.com', '1', '4', '126', '1', '4', '126', 'Earum dolore harum s', '1', 'Fair', '$2y$10$NUCGGLjnhGz25LChU28XUuUHcY4.BDJ.jc72NebN1nNcr0keiCK5C', 5, NULL, NULL, NULL, NULL, NULL, NULL, '18', '2020-12-08 08:44:45', '2020-12-08 08:44:45'),
(111, 1, 25, 10, 5, 2020197, NULL, NULL, 'Merrill Church', 1, 1, '1970-01-01', '2', '70', 'mubasasyq@mailinator.com', NULL, 'Stephen Harris', NULL, NULL, NULL, 'Ross Bruce', NULL, NULL, NULL, NULL, NULL, NULL, 'Faith Schneider', 'Nobis omnis irure it', 'Quae dolor asperiore', 'Minima atque qui ut', 'Possimus vel facili', 'Accusantium modi exp', 'Minima atque qui ut', 'Possimus vel facili', 'Accusantium modi exp', 'Quasi eum magnam rer', NULL, 'Cooper Beach', 'Exercitationem velit', 'Ethan Huffman', 'Aute sed laboriosam', 'Eos et deserunt offi', 'cixysebo@mailinator.com', '1970-01-01', 'Illo vitae doloribus', '+1 (774) 373-1642', 'Omnis vel in est do', 'Eligendi deleniti te', 'Quia at doloremque m', 2, 'vasozo@mailinator.com', '1', '4', '126', '1', '4', '126', 'Earum dolore harum s', '1', NULL, '$2y$10$uHxkdzEprRsAyEtkDKX7geWkkj.Ye4.knezq.qNxhpBzRah.0.JGi', 5, NULL, NULL, NULL, NULL, NULL, NULL, '18', '2020-12-08 08:52:29', '2020-12-08 11:00:16'),
(112, 1, 25, 10, 5, 2020198, NULL, NULL, 'Merrill Church', 1, 1, '1970-01-01', '2', '70', 'mubasasyq@mailinator.com', NULL, 'Stephen Harris', NULL, NULL, NULL, 'Ross Bruce', NULL, NULL, NULL, NULL, NULL, NULL, 'Faith Schneider', 'Nobis omnis irure it', 'Quae dolor asperiore', 'Minima atque qui ut', 'Possimus vel facili', 'Accusantium modi exp', 'Minima atque qui ut', 'Possimus vel facili', 'Accusantium modi exp', 'Quasi eum magnam rer', NULL, 'Cooper Beach', 'Exercitationem velit', 'Ethan Huffman', 'Aute sed laboriosam', 'Eos et deserunt offi', 'cixysebo@mailinator.com', '1970-01-01', 'Illo vitae doloribus', '+1 (774) 373-1642', 'Omnis vel in est do', 'Eligendi deleniti te', 'Quia at doloremque m', 2, 'vasozo@mailinator.com', '1', '4', '126', '1', '4', '126', 'Earum dolore harum s', '1', NULL, '$2y$10$YUD0gsjgV5hpF8.YfKS9peeIm1dWMM6.lnRhA.FwDWeUNJbYECz0O', 5, NULL, NULL, NULL, NULL, NULL, NULL, '18', '2020-12-08 09:02:52', '2020-12-08 10:57:51'),
(113, 1, 25, 10, 5, 2020199, NULL, NULL, 'Jackson Duran', 3, 1, '2014-06-11', '8', '956', 'xoha@mailinator.com', NULL, 'Gretchen Santiago', NULL, NULL, NULL, 'Lionel Mcguire', NULL, NULL, NULL, NULL, NULL, NULL, 'Carl Velazquez', 'Elit odio nostrud n', 'Ipsam elit dolorum', 'Eiusmod nisi fugiat', 'Vitae amet aute con', 'Ex in sint quam sun', 'Eiusmod nisi fugiat', 'Vitae amet aute con', 'Ex in sint quam sun', 'Maxime sed eaque ali', NULL, 'Hadley Carlson', 'Minus quis est culpa', 'Shoshana Villarreal', 'Occaecat nesciunt o', 'Nihil aut nostrud iu', 'copyjajo@mailinator.com', '2009-04-12', 'Illo voluptates aliq', '+1 (871) 926-3438', 'Vel repudiandae aut', 'Consequatur officia', 'Sit tempora omnis qu', 1, 'fozisog@mailinator.com', '2', '16', '94', '2', '16', '94', 'Ut officia dolorum c', '1', 'Good', '$2y$10$KL9NigWZ/Jp4vdeKwc8w.O1Q.ZRq7G/DLb7ny93ASrSXpYq4t2nM.', 5, NULL, NULL, NULL, NULL, NULL, NULL, '18', '2020-12-09 11:57:59', '2020-12-09 11:57:59'),
(114, 1, 25, 10, 5, 2020200, NULL, NULL, 'Jackson Duran', 3, 1, '2014-11-06', '8', '956', 'xoha@mailinator.com', NULL, 'Gretchen Santiago', NULL, NULL, NULL, 'Lionel Mcguire', NULL, NULL, NULL, NULL, NULL, NULL, 'Carl Velazquez', 'Elit odio nostrud n', 'Ipsam elit dolorum', 'Eiusmod nisi fugiat', 'Vitae amet aute con', 'Ex in sint quam sun', 'Eiusmod nisi fugiat', 'Vitae amet aute con', 'Ex in sint quam sun', 'Maxime sed eaque ali', NULL, 'Hadley Carlson', 'Minus quis est culpa', 'Shoshana Villarreal', 'Occaecat nesciunt o', 'Nihil aut nostrud iu', 'copyjajo@mailinator.com', '2009-12-04', 'Illo voluptates aliq', '+1 (871) 926-3438', 'Vel repudiandae aut', 'Consequatur officia', 'Sit tempora omnis qu', 1, 'fozisog@mailinator.com', '2', '16', '94', '2', '16', '94', 'Ut officia dolorum c', '1', 'Good', '$2y$10$Oot0nTnsNaLUF2XJhqrZVOxeajIRO2kBmax6cbwxh030pRivOvhje', 5, NULL, NULL, NULL, NULL, NULL, NULL, '18', '2020-12-09 12:04:49', '2020-12-09 12:04:49'),
(115, 1, 25, 10, 5, 2020201, NULL, NULL, 'Coby Hansen', 3, 3, '1991-04-07', '2', '733', 'dogyt@mailinator.com', NULL, 'Marcia Gilliam', NULL, NULL, NULL, 'Belle Fox', NULL, NULL, NULL, NULL, NULL, NULL, 'Elaine Justice', 'Fugiat eos in disti', 'Illo ut vel do culpa', 'Voluptate hic esse', 'Consequatur Non ist', 'Tenetur est ducimus', 'Voluptate hic esse', 'Consequatur Non ist', 'Tenetur est ducimus', 'Quo nulla ea nobis e', NULL, 'Stacey Melendez', 'Accusamus fuga Veri', 'Hayes Mejia', 'Quisquam ut aut repr', 'Accusamus qui ut est', 'cahugu@mailinator.com', '0000-00-00', 'Ut fugiat similique', '+1 (362) 228-7588', 'Dolor perferendis mo', 'Fuga Error minus au', 'Voluptatem aliquid e', 2, 'zohyjor@mailinator.com', '7', '20', '356', '7', '20', '356', 'Est cupidatat volup', '1', 'Good', '$2y$10$6d6J0YYPwl7Xi8mI7vAQZuEKUjWdQMhD/Yb2/YR7JDO9PlsmWU/h6', 5, NULL, NULL, NULL, NULL, NULL, NULL, '18', '2020-12-09 12:15:23', '2020-12-09 12:15:23'),
(116, 1, 25, 10, 5, 2020202, NULL, NULL, 'Grant Simmons', 1, 3, '0000-00-00', '4', '48', 'mizapi@mailinator.com', NULL, 'Charissa Benjamin', NULL, NULL, NULL, 'Nasim Gallegos', NULL, NULL, NULL, NULL, NULL, NULL, 'Brian Long', 'Eaque sapiente proid', 'Sed unde officia adi', 'Explicabo Occaecat', 'Cupidatat dolor dolo', 'Consequatur minima c', 'Explicabo Occaecat', 'Cupidatat dolor dolo', 'Consequatur minima c', 'Dicta et molestiae s', NULL, 'Lana Dillon', 'Ex qui aliquip nobis', 'Tamara Roy', 'Sit distinctio Sit', 'Quo et a ab rerum al', 'jedyg@mailinator.com', '2019-10-09', 'Amet pariatur Null', '+1 (215) 557-1556', 'Omnis quia rerum do', 'Exercitationem incid', 'Perspiciatis est i', 1, 'mise@mailinator.com', '2', '9', '72', '2', '9', '72', 'Eligendi placeat si', '1', 'Fair', '$2y$10$Vr8DonCjZK/m6u9mDZP8juN1fxogusrYUlW038mNiSMutDkGLel2i', 5, NULL, NULL, NULL, NULL, NULL, NULL, '18', '2020-12-09 12:18:48', '2020-12-09 12:18:48'),
(117, 1, 25, 10, 5, 2020203, NULL, '123', 'Jessamine Key', 3, 4, '0000-00-00', '4', '55066', 'jawi@mailinator.com', NULL, 'Brynne Farley', NULL, NULL, NULL, 'Scarlet Cooper', NULL, NULL, NULL, NULL, NULL, NULL, 'Hedda Garrett', 'Labore cupiditate ex', 'Ipsa excepteur volu', 'Molestiae dignissimo', 'Quo autem dolorum mo', 'Voluptas minus sunt', 'Molestiae dignissimo', 'Quo autem dolorum mo', 'Voluptas minus sunt', 'Praesentium ad quas', NULL, '4', 'Nulla et expedita ab', 'Ivana Melendez', 'Beatae tempora aliqu', 'In dolorem id nesci', 'dedomifif@mailinator.com', '0000-00-00', 'Illum illo quia qui', '+1 (828) 436-3126', 'Odio aut architecto', 'Consequatur Mollit', 'Iure eligendi dolore', 2, 'qynute@mailinator.com', '5', '44', '422', '5', '44', '422', 'Qui consectetur aliq', '1', 'Fair', '$2y$10$MWlj4pK1ifdGf8IUGO9pUegcDSx96qV0dSQwbFrmRxmoI1yiQ4zlu', 5, NULL, NULL, NULL, NULL, NULL, NULL, '18', '2020-12-09 12:25:20', '2020-12-09 12:25:20'),
(118, 1, 25, 10, 5, 2020204, NULL, '123456', 'Leila Frost', 1, 4, '1997-11-03', '7', '687', 'lyreqal@mailinator.com', NULL, 'Caryn Ryan', NULL, NULL, NULL, 'Elliott Hyde', NULL, NULL, NULL, NULL, NULL, NULL, 'Channing Cobb', 'Consequatur mollit', 'Aut cupidatat id max', 'Similique dolore nem', 'Nostrud architecto i', 'Architecto provident', 'Similique dolore nem', 'Nostrud architecto i', 'Architecto provident', 'Ipsam qui natus quis', NULL, 'Winter Foreman', 'Quidem in eum ullamc', 'Kalia Terrell', 'Sunt aut nobis quia', 'Sunt enim elit mole', 'nipuqihopi@mailinator.com', '1998-06-04', 'Qui corporis minim n', '+1 (945) 432-8796', 'Autem voluptatem au', 'Quibusdam nisi lorem', 'Dolorem nulla anim s', 1, 'qucasopuvi@mailinator.com', '2', '16', '95', '2', '16', '95', 'Quae magnam doloremq', '1', 'Fair', '$2y$10$AVA20PQDnK8yGDG2cJjL4eIsU9YalqNfUCqBoCyt3HGhtHUnfRvoq', 5, NULL, NULL, NULL, NULL, NULL, NULL, '18', '2020-12-10 05:44:26', '2020-12-10 05:44:26'),
(119, 1, 25, 10, 5, 2020205, 63, 'abc', 'Graiden Browning', 1, 3, '2000-06-02', '3', '410', 'favokutuhu@mailinator.com', NULL, 'Alika Rice', NULL, NULL, NULL, 'Josiah Witt', NULL, NULL, NULL, NULL, NULL, NULL, 'Quinn Pierce', 'Sit delectus eaque', 'Consequat Sint quia', 'Sit numquam id reru', 'Sed sint aut odit a', 'Distinctio Est ven', 'Sit numquam id reru', 'Sed sint aut odit a', 'Distinctio Est ven', 'Nihil quia at placea', NULL, 'Kennan Landry', 'Est adipisicing volu', 'Jada Pate', 'Perspiciatis aut il', 'Aute sunt proident', 'boti@mailinator.com', '0000-00-00', 'Consequatur omnis e', '+1 (973) 693-7994', 'Similique quos accus', 'Fuga Sint minima cu', 'Eos non accusamus ex', 1, 'biqyko@mailinator.com', '3', '42', '255', '3', '42', '255', 'Ratione ut esse nul', '1', 'Poor', '$2y$10$zNkoZ5m10ZW/1aOelKyC1uVp0jnC/GWVb/l5Uwvdz/u2G5xrDFZVS', 2, NULL, NULL, NULL, NULL, NULL, NULL, '18', '2020-12-10 06:03:00', '2021-03-31 10:23:39'),
(120, 1, 25, 10, 5, 2020206, NULL, NULL, 'Rose Benton', 3, 4, '0000-00-00', '4', '999', 'paqi@mailinator.com', NULL, 'Tate Sawyer', NULL, NULL, NULL, 'Noel Vincent', NULL, NULL, NULL, NULL, NULL, NULL, 'Christine Kerr', 'Lorem fugiat dicta e', 'Aute quo commodi cup', 'Earum dolor amet in', 'Ad laboris qui animi', 'Incididunt est dolo', 'Earum dolor amet in', 'Ad laboris qui animi', 'Incididunt est dolo', 'Impedit deserunt cu', NULL, 'Melissa Solis', 'Repudiandae recusand', 'Logan Sherman', 'Do aut tempore exer', 'Autem incididunt con', 'byduxuxosa@mailinator.com', '1997-05-06', 'Aut deserunt reprehe', '+1 (582) 827-8333', 'Ducimus quia cum re', 'Consectetur harum et', 'Enim a ex ea do solu', 1, 'hoqifydot@mailinator.com', '1', '51', '144', '1', '51', '144', 'Est ut magnam molest', '1', 'Good', '$2y$10$tWktAxMeR9.rI61cDyTSg.z2ByUml85I9404amZDVG5692FgSX.zm', 5, NULL, NULL, NULL, NULL, NULL, NULL, '18', '2020-12-10 08:34:33', '2021-03-10 08:30:29');
INSERT INTO `admissions` (`id`, `school_id`, `section_id`, `class_id`, `preadmission_id`, `roll`, `mark`, `add_pass`, `name`, `gender`, `religon`, `dob`, `bloodgroup`, `mobile`, `email`, `photo`, `father_name`, `signature`, `fathercell`, `fatheremail`, `mother_name`, `mothercell`, `motheremail`, `fatheroccupation`, `motheroccupation`, `height`, `weight`, `contactperson`, `contactpersonmobile`, `realation`, `presentAddress`, `perpostoffice`, `perpostcode`, `pastAddress`, `pastpostoffice`, `pastpostcode`, `birthcertificateNo`, `fatherPassport`, `nameAddressofmainSchool`, `admissioninbengaliClass`, `gName`, `gNationality`, `gMobile`, `gEmail`, `gdate`, `gnrcNo`, `gPhone`, `gAddress`, `gOccupation`, `placeBirth`, `singaporepr`, `cemail`, `preDivision`, `preDistrict`, `preThana`, `pastDivision`, `pastDistrict`, `pastThana`, `nationality`, `persent_same`, `bengaliLang`, `password`, `status`, `remark`, `streetAddress_1`, `streetAddress_2`, `city`, `state`, `zipCode`, `country`, `created_at`, `updated_at`) VALUES
(121, 1, 25, 10, 5, 2020207, NULL, NULL, 'Kellie Joyce', 1, 3, '2018-04-06', '6', '580', 'pyny@mailinator.com', NULL, 'Hammett Bowman', NULL, NULL, NULL, 'Colette Browning', NULL, NULL, NULL, NULL, NULL, NULL, 'Lilah Gonzalez', 'Eu deserunt exceptur', 'Iure aliquip assumen', 'Dolores ea soluta sa', 'Illum nulla iste ad', 'Deserunt consequatur', 'Dolores ea soluta sa', 'Illum nulla iste ad', 'Deserunt consequatur', 'Quisquam qui molliti', NULL, 'Brittany Estes', 'In commodi ut minim', 'Adrienne Greer', 'Dolores dolores dict', 'Fugiat tempora error', 'pudafudi@mailinator.com', '0000-00-00', 'Et qui totam non quo', '+1 (732) 729-1768', 'Deleniti commodi ius', 'Reprehenderit itaqu', 'Quia distinctio Cor', 1, 'ponetiq@mailinator.com', '1', '24', '140', '1', '24', '140', 'A autem magni amet', '1', 'Good', '$2y$10$tbnQrtUUjbNMax3yv6ocNeyz97zUlIENjEcnbEJGCO4kD/JxF3klu', 6, NULL, NULL, NULL, NULL, NULL, NULL, '18', '2020-12-10 08:48:15', '2021-03-31 07:53:06'),
(122, 1, 25, 10, 5, 2020208, NULL, NULL, 'Teagan Espinoza', 2, 2, '1993-08-02', '7', '977', 'xezo@mailinator.com', NULL, 'Devin Joyner', NULL, NULL, NULL, 'Rhea Guthrie', NULL, NULL, NULL, NULL, NULL, NULL, 'Dahlia Edwards', 'Numquam tempor minim', 'Veniam quis placeat', 'Ea quo mollit volupt', 'Nihil Nam dolores no', 'Quaerat ex et a repu', 'Ea quo mollit volupt', 'Nihil Nam dolores no', 'Quaerat ex et a repu', 'Quaerat ut alias qui', NULL, 'Brandon Delgado', 'Atque tempore porro', 'August Wilkerson', 'Est aut in sunt ess', 'Recusandae Assumend', 'cire@mailinator.com', '0000-00-00', 'Minus eligendi ducim', '+1 (522) 342-4883', 'Expedita error dolor', 'Numquam temporibus c', 'Fugiat eveniet exp', 2, 'nyjylehot@mailinator.com', '1', '4', '122', '1', '4', '122', 'Quibusdam inventore', '1', 'Nill', '$2y$10$XcE5XBhFwSKwIB2X7JAzzu4vM54guuyRGeqEM.nNSe61DghLMPuvG', 4, NULL, NULL, NULL, NULL, NULL, NULL, '18', '2020-12-10 09:22:14', '2021-03-09 09:42:41'),
(123, 1, 25, 10, 5, 2020209, NULL, NULL, 'Teagan Espinoza', 2, 2, '1993-02-08', '7', '977', 'xezo@mailinator.com', NULL, 'Devin Joyner', NULL, NULL, NULL, 'Rhea Guthrie', NULL, NULL, NULL, NULL, NULL, NULL, 'Dahlia Edwards', 'Numquam tempor minim', 'Veniam quis placeat', 'Ea quo mollit volupt', 'Nihil Nam dolores no', 'Quaerat ex et a repu', 'Ea quo mollit volupt', 'Nihil Nam dolores no', 'Quaerat ex et a repu', 'Quaerat ut alias qui', NULL, 'Brandon Delgado', 'Atque tempore porro', 'August Wilkerson', 'Est aut in sunt ess', 'Recusandae Assumend', 'cire@mailinator.com', '1970-01-01', 'Minus eligendi ducim', '+1 (522) 342-4883', 'Expedita error dolor', 'Numquam temporibus c', 'Fugiat eveniet exp', 2, 'nyjylehot@mailinator.com', '1', '4', '122', '1', '4', '122', 'Quibusdam inventore', '1', 'Nill', '$2y$10$QdeVsxEYVhG/H46JGTrJY.Fy2u3q7ZR4NXNuCDiKtGhj7kymFl0lm', 4, NULL, NULL, NULL, NULL, NULL, NULL, '18', '2020-12-10 09:26:56', '2021-03-09 09:50:42'),
(124, 1, 25, 10, 5, 2020210, NULL, NULL, 'Brady Pace', 2, 3, '0000-00-00', '2', '945', 'mawapiw@mailinator.com', NULL, 'Michelle Wilkinson', NULL, NULL, NULL, 'Paul Barnett', NULL, NULL, NULL, NULL, NULL, NULL, 'Daquan Flowers', 'At qui obcaecati id', 'Nostrud ipsum est', 'Ratione cupiditate r', 'Mollitia qui mollit', 'Autem voluptas non c', 'Ratione cupiditate r', 'Mollitia qui mollit', 'Autem voluptas non c', 'Dolorem deserunt arc', NULL, 'Grant Osborne', 'Amet sed nulla quis', 'Jerry Sullivan', 'Dignissimos quos con', 'Sunt cupiditate qui', 'wunuvejug@mailinator.com', '1997-07-09', 'Quam mollitia est qu', '+1 (863) 574-2711', 'Aliqua Debitis non', 'Provident consectet', 'In culpa aut aut sit', 3, 'wadejiwu@mailinator.com', '3', '18', '191', '3', '18', '191', 'Porro vel delectus', '1', NULL, '$2y$10$qQNFbh4rBAFxYP9Tw9/fguSnnCVVQ41AxZ/XmKZ8nbj9lJasZiGGO', 4, NULL, NULL, NULL, NULL, NULL, NULL, '18', '2020-12-10 11:59:22', '2021-03-09 10:44:13'),
(125, 1, 25, 10, 5, 2020211, NULL, NULL, 'Melyssa Walton', 3, 5, '0000-00-00', '4', '8', 'zaxipom@mailinator.com', NULL, 'Ashely Travis', NULL, NULL, NULL, 'Lisandra Campos', NULL, NULL, NULL, NULL, NULL, NULL, 'Lawrence Mccoy', 'Dolorem quidem dolor', 'Dolor corrupti sed', 'Nihil ipsam dolores', 'Elit excepturi esse', 'Officiis dolore et a', 'Nihil ipsam dolores', 'Elit excepturi esse', 'Officiis dolore et a', 'A dolorum magnam tot', NULL, 'Abdul Hensley', 'Quos tempor delectus', 'Brennan Barron', 'Debitis quia officia', 'Repudiandae a velit', 'nuho@mailinator.com', '1999-04-03', 'Ab perspiciatis et', '+1 (678) 268-5477', 'Commodi reprehenderi', 'Eaque perferendis te', 'Distinctio Quibusda', 4, 'gema@mailinator.com', '2', '2', '45', '2', '2', '45', 'Earum et rerum eos e', '1', 'Poor', '$2y$10$7rJAyrV/MIwnRNCpnzbyDewLUr2BxzgZkE4CrAijOpedwGCfrPA.G', 5, NULL, NULL, NULL, NULL, NULL, NULL, '18', '2020-12-10 12:01:23', '2021-03-08 11:54:43'),
(126, 1, 25, 10, 5, 2020212, NULL, NULL, 'Barbara Howe', 2, 2, '1999-09-01', '2', '832', 'jovovevat@mailinator.com', NULL, 'Hilel Weaver', NULL, NULL, NULL, 'Uriah Haynes', NULL, NULL, NULL, NULL, NULL, NULL, 'Tanner Beck', 'Vel porro minus prae', 'Veniam omnis except', 'Labore et expedita a', 'Nulla et vero velit', 'Duis iusto ex a sed', 'Labore et expedita a', 'Nulla et vero velit', 'Duis iusto ex a sed', 'Et esse cillum magn', NULL, 'Nissim Fernandez', 'Earum itaque ut dolo', 'Hamilton Houston', 'Officia exercitation', 'Aliquip ullam sint', 'muvoqa@mailinator.com', '2012-01-05', 'Pariatur Rerum at u', '+1 (601) 818-3999', 'Dolore reiciendis ma', 'Excepturi magni aliq', 'Temporibus odit dolo', 3, 'huduryt@mailinator.com', '5', '7', '389', '5', '7', '389', 'Nulla porro vel elig', '1', NULL, '$2y$10$OAvF9ZWMxOFpmaklaMrifuwdp83afoT7Fd5QmVjH2AXQaTCOz6P4y', 4, NULL, '540 Cowley Drive', 'Voluptate ea aliquid', 'Suscipit ex soluta r', '6', '59191', '18', '2020-12-12 10:04:53', '2021-03-09 11:10:46'),
(127, 1, 25, 10, 5, 2020213, NULL, NULL, 'Isabelle Kelley', 2, 3, '1994-05-07', '8', '316', 'xilib@mailinator.com', NULL, 'Fallon Cochran', NULL, NULL, NULL, 'Laith Brennan', NULL, NULL, NULL, NULL, NULL, NULL, 'Byron Dixon', 'Nihil impedit ad do', 'Nam debitis quisquam', 'Quod rerum qui velit', 'Fugit atque quisqua', 'Sed aliquip quo volu', 'Quod rerum qui velit', 'Fugit atque quisqua', 'Sed aliquip quo volu', 'Maxime rem ullam min', NULL, 'Kellie Mercado', 'Rerum est facilis ei', 'Branden Wells', 'Consequatur mollitia', 'Minus eos consequat', 'lisoras@mailinator.com', '1988-09-03', 'Obcaecati adipisicin', '+1 (369) 788-7275', 'Dolorum libero vel h', 'Voluptatum rerum eve', 'Proident quia venia', 3, 'gufufoqed@mailinator.com', '1', '3', '116', '1', '3', '116', 'Numquam voluptates d', '1', 'Nill', '$2y$10$cAIy9zxhQD20ozYQ8ojgyejFFx2NynNkP/EtvbnAzNUh.QBOR98xm', 5, NULL, '25 Fabien Road', 'Aute dolorem ab id o', 'Placeat ducimus fu', '3', '11622', '18', '2020-12-12 10:51:16', '2021-03-09 06:38:45'),
(128, 1, 25, 10, 5, 2020214, NULL, NULL, 'Shelley Garrett', 2, 5, '1970-01-01', '8', '520', 'jidal@mailinator.com', NULL, 'Hadley Ochoa', NULL, NULL, NULL, 'Octavia Benjamin', NULL, NULL, NULL, NULL, NULL, NULL, 'Iona Buckley', 'Laudantium esse ex', 'Tempore exercitatio', 'Amet culpa quia omn', 'Reprehenderit alias', 'Ut enim qui quam fac', 'Amet culpa quia omn', 'Reprehenderit alias', 'Ut enim qui quam fac', 'Sint officia commodo', NULL, 'Nadine Parsons', 'Ea pariatur Dolorem', 'Mason Browning', 'Vel in nulla error c', 'Cupidatat porro cupi', 'qyxipapo@mailinator.com', '1970-01-01', 'Et eum lorem asperio', '+1 (831) 993-2697', 'Quia mollit mollit s', 'Totam quia illum cu', 'Consectetur neque i', 1, 'tuzu@mailinator.com', '5', '40', '404', '5', '40', '404', 'Esse ea quis et lab', '1', 'Poor', '$2y$10$NrRt4.ymkm6efzPzE4XSAOj.Q/V6huxUVeZZj/HrqXIoNYVzrlFAa', 5, NULL, '20 West Clarendon Boulevard', 'At ducimus illo ani', 'Corporis et totam ea', '23', '70919', '18', '2020-12-13 06:00:11', '2021-03-09 07:02:31'),
(129, 1, 25, 10, 5, 2020215, NULL, NULL, 'Heidi Fulton', 2, 1, '1970-01-01', '2', '927', 'norym@mailinator.com', NULL, 'Marcia Bullock', NULL, NULL, NULL, 'Josiah Johns', NULL, NULL, NULL, NULL, NULL, NULL, 'Megan Santana', 'Quidem tempora non a', 'Est fugit ullam es', 'Qui in unde in enim', 'Labore nihil totam d', 'Velit velit esse f', 'Qui in unde in enim', 'Labore nihil totam d', 'Velit velit esse f', 'Non voluptatem offic', NULL, 'Camilla Terrell', 'Beatae inventore dol', 'Zeus Peck', 'Qui magnam necessita', 'Irure quis adipisci', 'nugon@mailinator.com', '2020-12-09', 'Et fugiat quis dolo', '+1 (107) 859-5474', 'Qui quia aliquip exe', 'Aliquam nisi itaque', 'Et necessitatibus do', 2, 'tutosepa@mailinator.com', '1', '3', '117', '1', '3', '117', 'Eum illum anim ea l', '1', 'Poor', '$2y$10$yKY5XyUeuO9XlcsoQZepQeMX9yAVw4FiLClRzkf0Q0ElMvhZzPX32', 5, NULL, '836 Old Freeway', 'Minus officiis elige', 'Sed rerum do commodi', '5', '37165', '18', '2020-12-13 10:49:17', '2021-03-09 07:04:53'),
(130, 1, 25, 10, 5, 2020216, NULL, NULL, 'Wesley Mueller', 2, 2, '0000-00-00', '5', '44', 'bymylo@mailinator.com', NULL, 'Macy Hewitt', NULL, NULL, NULL, 'Victoria Pickett', NULL, NULL, NULL, NULL, NULL, NULL, 'Ila Bond', 'Adipisicing adipisic', 'Et dolore odit nihil', 'Culpa possimus fug', 'Corrupti cumque eum', 'Culpa hic similique', 'Culpa possimus fug', 'Corrupti cumque eum', 'Culpa hic similique', 'Minim molestiae enim', NULL, 'Myles Stanton', 'Eos vero anim saepe', 'Kiona Rodriguez', 'Eu nulla asperiores', 'Quis voluptatibus do', 'siqefymyqy@mailinator.com', '0000-00-00', 'Velit impedit tempo', '+1 (976) 403-9807', 'Corporis laborum Lo', 'Commodi saepe velit', 'Provident non harum', 4, 'zuhuza@mailinator.com', '3', '45', '264', '3', '45', '264', 'Sint aut sed velit', '1', 'Good', '$2y$10$.54pGVpgTGx0SrCGP3eylOiSdr0F6pB0gxVyv2xTX6CuHiX2eDjrO', 5, NULL, '295 North Green Second Road', 'Excepturi minim fugi', 'Porro labore omnis d', NULL, '96083', '18', '2020-12-13 10:56:10', '2021-03-09 07:05:56'),
(131, 1, 25, 10, 5, 2020217, NULL, NULL, 'Nell Reese', 2, 3, '2010-10-01', '6', '496', 'virowuxibi@mailinator.com', NULL, 'Callie Weeks', NULL, NULL, NULL, 'Ginger Calderon', NULL, NULL, NULL, NULL, NULL, NULL, 'Carissa Barlow', 'Pariatur Eiusmod ob', 'Nulla veniam qui al', 'Omnis aliquip in ea', 'Voluptas tempore mo', 'Eu voluptatem Sit m', 'Omnis aliquip in ea', 'Voluptas tempore mo', 'Eu voluptatem Sit m', 'Pariatur Sed cupida', NULL, 'Renee Nelson', 'Facilis ea nihil ull', 'Blaine Whitley', 'Sequi repudiandae et', 'Odio praesentium ad', 'zidodewexy@mailinator.com', '0000-00-00', 'Iusto quasi inventor', '+1 (844) 197-7767', 'Laboris et eligendi', 'Sed voluptas quae qu', 'Aute et ducimus lib', 4, 'jucil@mailinator.com', '3', '22', '202', '3', '22', '202', 'Aut ab accusamus dol', '1', 'Nill', '$2y$10$B4hoAZfkjoatfoOVNE9iTOMRr76wcQp7fZzAiA/fQD/KtG23nB4e2', 5, NULL, '56 North White New Road', 'Dignissimos debitis', 'Qui eum ut qui velit', NULL, '24432', '18', '2020-12-13 10:57:23', '2021-03-09 07:07:47'),
(132, 1, 25, 10, 5, 2020218, NULL, NULL, 'Lance Kline', 1, 1, '0000-00-00', '4', '918', 'bexeno@mailinator.com', NULL, 'Leandra Morris', NULL, NULL, NULL, 'Martena Medina', NULL, NULL, NULL, NULL, NULL, NULL, 'Emma Woods', 'Qui aut officia odio', 'Quis sed rerum rerum', 'Dolore nulla ab unde', 'Minima ea nostrum ne', 'Nobis fugiat ut off', 'Dolore nulla ab unde', 'Minima ea nostrum ne', 'Nobis fugiat ut off', 'Consectetur qui vol', NULL, 'Arthur Galloway', 'Delectus voluptate', 'Azalia Moody', 'Cillum quos assumend', 'Saepe ullamco dolor', 'hufahosero@mailinator.com', '2007-03-07', 'In architecto explic', '+1 (131) 536-3168', 'Enim velit molestias', 'Voluptas eaque conse', 'Commodi ratione qui', 1, 'ryvypo@mailinator.com', '3', '42', '254', '3', '42', '254', 'Dolores maxime sunt', '1', 'Fair', '$2y$10$njIuEeqGWXAhJeGUQergj.7aakmk/t0WDh8cYW.dSsFRWu.b4joj2', 5, NULL, '64 South New Avenue', 'Recusandae Voluptat', 'Qui ut voluptatibus', '2', '79257', '18', '2020-12-13 10:57:25', '2021-03-09 07:11:19'),
(133, 1, 25, 10, 5, 2020219, NULL, NULL, 'Stewart Sweeney', 2, 1, '0000-00-00', '6', '264', 'cutoq@mailinator.com', NULL, 'Xenos Oliver', NULL, NULL, NULL, 'Gray Peck', NULL, NULL, NULL, NULL, NULL, NULL, 'Ima Dillon', 'Tempor sint veritati', 'Est sed architecto', 'Recusandae Tempore', 'Aperiam enim officia', 'Vel eiusmod voluptat', 'Recusandae Tempore', 'Aperiam enim officia', 'Vel eiusmod voluptat', 'Aut ullam elit sunt', NULL, 'Sopoline Walsh', 'Harum omnis aliquip', 'Brenna Holloway', 'Quasi in ad laborios', 'Dolores enim dolor v', 'zeguze@mailinator.com', '0000-00-00', 'Cupidatat nobis susc', '+1 (179) 222-6257', 'Excepturi facilis di', 'Qui voluptatem occae', 'Qui proident vero q', 4, 'xyxexe@mailinator.com', '3', '19', '197', '3', '19', '197', 'Sunt error perspici', '1', NULL, '$2y$10$pPHewFhoA/pFdC8ucO0Chus9UsuKxbyrFGtXdVYNQvrAxMQnkxDNW', 5, NULL, '34 West White Old Freeway', 'Neque ex obcaecati s', 'Tenetur mollit ad ve', NULL, '10893', '18', '2020-12-13 12:15:58', '2021-03-09 07:12:35'),
(134, 1, 25, 10, 5, 2020220, NULL, '338439', 'Moses Dixon', 3, 3, '0000-00-00', '4', '553', 'zacaj@mailinator.com', 'http://127.0.0.1:8000/storage/FA20165757S/FA20165757H/2020/SP/1608725606.png', 'Yael Robles', NULL, NULL, NULL, 'Nehru Flowers', NULL, NULL, NULL, NULL, NULL, NULL, 'Urielle Hammond', 'Irure molestias simi', 'Sint velit obcaecat', 'In eligendi et neque', 'Omnis non commodi ad', 'Ad fugit quam nemo', 'In eligendi et neque', 'Omnis non commodi ad', 'Ad fugit quam nemo', 'Tempore quia pariat', NULL, 'Guinevere Becker', 'Obcaecati deserunt m', 'Whoopi Houston', 'Dolores aut aliqua', 'Eiusmod nulla repudi', 'hanujyqo@mailinator.com', '0000-00-00', 'Aute ex cillum fugia', '+1 (771) 807-2326', 'Eum corrupti sed pr', 'Animi ullam quos od', 'Eveniet rerum quia', 1, 'cylamef@mailinator.com', '1', '51', '146', '1', '51', '146', 'Qui nihil natus sit', '1', 'Fair', '$2y$10$YKqU22xtKsqLU2qGuNO/g./94D3DtUWwIsi4Y9a/l6HUj1SFyC.NO', 5, NULL, '12 Oak Drive', 'Ducimus et aute lab', 'Dolore ullam eum rem', NULL, '74544', '18', '2020-12-23 12:13:27', '2021-03-09 07:26:14'),
(135, 1, 25, 10, 5, 2020221, NULL, '778323', 'Asher Bonner', 2, 4, '0000-00-00', '4', '561', 'vywyxaru@mailinator.com', '', 'Brielle Morrow', NULL, NULL, NULL, 'Jocelyn Lopez', NULL, NULL, NULL, NULL, NULL, NULL, 'Travis Hurst', 'A sed quisquam at ne', 'Ipsum ipsa corrupt', 'Quis tempore illum', 'Aut assumenda aliqua', 'Ut illo fugiat ad i', 'Quis tempore illum', 'Aut assumenda aliqua', 'Ut illo fugiat ad i', 'Eos aspernatur qui', NULL, 'Isabella Newton', 'Doloremque et id quo', 'Selma Spencer', 'Non minim aute ut vo', 'Ex minus est laboru', 'mugyx@mailinator.com', '0000-00-00', 'Tempora voluptatum r', '+1 (653) 837-8118', 'Maxime sit sint est', 'Aute nemo vel qui ex', 'Adipisci tempora con', 3, 'qozixudo@mailinator.com', '3', '28', '213', '3', '28', '213', 'Qui voluptatum sapie', '1', 'Fair', '$2y$10$OO1gqMx95SQq8BKg5G0rF.6zxlR34faEVGDNh6XsLJ2CshA4S.Cgi', 5, NULL, '51 East Second Extension', 'Omnis sit officiis', 'Molestiae vitae dolo', 'Choose', '86820', '18', '2020-12-24 10:06:03', '2021-03-09 07:27:29'),
(136, 1, 26, 3, 5, 2020222, NULL, '276263', 'Zephania Armstrong', 3, 3, '0000-00-00', '6', '811', 'mexoxur@mailinator.com', '', 'Daryl Dale', NULL, NULL, NULL, 'Charde Stone', NULL, NULL, NULL, NULL, NULL, NULL, 'Kenneth Clark', 'Ex illum modi sint', 'Praesentium reprehen', 'Consectetur ipsum mo', 'Dolore enim qui aliq', 'Laborum Ut recusand', 'Consectetur ipsum mo', 'Dolore enim qui aliq', 'Laborum Ut recusand', 'Qui non nulla necess', NULL, '3', 'Ea ullamco necessita', 'Felicia Gonzales', 'Voluptatem nihil dol', 'Est accusantium nul', 'qezajyh@mailinator.com', '0000-00-00', 'Ipsa officia duis l', '+1 (229) 617-5359', 'Illo esse atque quo', 'Veritatis dolore ani', 'Anim officiis at con', 3, 'cehiqokumy@mailinator.com', '7', '20', '355', '7', '20', '355', 'Veniam ipsum accus', '1', 'Fair', '$2y$10$dK.A15wYIs78RsLQ5FA.meFsOwlmV6yCAVFeEiD9fgUq5IKM5W1h2', 5, NULL, NULL, NULL, NULL, NULL, NULL, '18', '2020-12-29 07:20:55', '2020-12-29 07:20:55'),
(137, 1, 26, 3, 5, 2020223, NULL, '139546', 'Wyatt Stevenson', 1, 1, '0000-00-00', '2', '283', 'vabanyrov@mailinator.com', '', 'Debra Fields', NULL, NULL, NULL, 'Naomi Riley', NULL, NULL, NULL, NULL, NULL, NULL, 'Jorden Levy', 'Dolorem velit qui ci', 'Reprehenderit ut ni', NULL, NULL, NULL, NULL, NULL, NULL, 'Accusamus sit tempo', NULL, 'Kelsey Hurley', 'In temporibus omnis', 'Wyoming Torres', 'Ut sit ad mollit hi', 'Suscipit voluptate o', 'nuso@mailinator.com', '0000-00-00', 'Recusandae Incidunt', '+1 (769) 281-6393', 'Laboriosam assumend', 'Praesentium repellen', 'Sed mollit dolore oc', 2, 'hamasogi@mailinator.com', NULL, NULL, NULL, NULL, NULL, NULL, 'Est nostrum amet et', NULL, 'Good', '$2y$10$pKc9.1w.SfycklSQ4nOP6.Oig5ovRQXczBCgryuAdEVe8K4MeLbnG', 5, NULL, '816 North First Avenue', 'Laborum Nulla alias', 'Voluptas quisquam no', '32', '93753', '18', '2020-12-29 08:34:31', '2021-03-09 08:17:46'),
(138, 1, 24, 7, 5, 2020224, NULL, '317306', 'Shelby Bolton', 2, 5, '0000-00-00', '1', '427', 'hakiryxiwo@mailinator.com', '', 'Shay Baker', NULL, NULL, NULL, 'Fletcher Strong', NULL, NULL, NULL, NULL, NULL, NULL, 'Clarke Pratt', 'In non qui reprehend', 'Deserunt distinctio', NULL, NULL, NULL, NULL, NULL, NULL, 'Fugiat esse aut la', NULL, 'Athena Rios', 'Proident nemo place', 'Nora Aguirre', 'Dignissimos non volu', 'Autem aut quibusdam', 'hemokoqigo@mailinator.com', '2018-10-09', 'Labore aperiam enim', '+1 (634) 637-9674', 'Deleniti qui nemo il', 'Corporis qui nihil a', 'Assumenda fugiat er', 2, 'cidecume@mailinator.com', NULL, NULL, NULL, NULL, NULL, NULL, 'Officia hic voluptas', NULL, 'Good', '$2y$10$nZbcNadwcLhmZelNBVzZv.NBv.65lCIBWntkzgtMtkY4c1aXdBds6', 5, NULL, '225 South Fabien Lane', 'Quia cum ad qui dolo', 'Obcaecati in enim al', '1', '80272', '18', '2020-12-29 10:55:10', '2021-03-09 08:42:43'),
(139, 1, 26, 3, 5, 2020225, NULL, '651284', 'Iona Morgan', 1, 1, '0000-00-00', '3', '299', 'hohykigi@mailinator.com', 'http://192.168.0.109:8001/storage/FA20165757S/FA20165757H/2020/SP/1609390374.png', 'Hilary Workman', NULL, NULL, NULL, 'Jena Sanders', NULL, NULL, NULL, NULL, NULL, NULL, 'Leigh Macdonald', 'Fugiat ipsa repudia', 'Illum esse sequi q', 'Tenetur dolor aute c', 'Consectetur dolor i', 'Dolores proident no', 'Tenetur dolor aute c', 'Consectetur dolor i', 'Dolores proident no', 'Eiusmod exercitation', NULL, 'Jacob Russo', 'Quia incidunt ea is', 'Basia Herman', 'Fuga Maxime incidun', 'Ut ut labore tempora', 'nuvosipyw@mailinator.com', '0000-00-00', 'Omnis consectetur a', '+1 (622) 142-2908', 'Et iste labore labor', 'Possimus explicabo', 'Cum ex facilis ea li', NULL, 'vusojodiqy@mailinator.com', '5', '54', '441', '5', '54', '441', 'Cumque quis dolores', '1', NULL, '$2y$10$j/fjmr3ldZ0JYgVUX21poOvDG2Vr0DIekgB8WVJFlOna7VjbdtvYy', 5, NULL, NULL, NULL, NULL, NULL, NULL, '18', '2020-12-31 04:52:55', '2021-03-09 08:44:07'),
(140, 1, 26, 3, 9, 2020226, 60, '618611', 'Amanda Mckee', 2, 3, '0000-00-00', '3', '564', 'hycuqaruna@mailinator.com', '', 'Cheryl Clemons', NULL, NULL, NULL, 'Avram Branch', NULL, NULL, NULL, NULL, NULL, NULL, 'Eric Larson', 'Est quia ut eveniet', 'Cillum eveniet haru', 'Officiis molestiae u', 'In maiores culpa ea', 'Doloribus non velit', 'Officiis molestiae u', 'In maiores culpa ea', 'Doloribus non velit', 'Perferendis pariatur', NULL, 'Porter Doyle', 'Beatae maiores sunt', 'Maisie Brewer', 'Assumenda rem omnis', 'Sit non quam ad et', 'libixumelu@mailinator.com', '2014-08-06', 'Ut earum dolore lore', '+1 (632) 549-9968', 'Assumenda maiores si', 'Quisquam dolore cupi', 'Dolorem iure in et e', NULL, 'jilebyvowo@mailinator.com', '4', '1', '291', '4', '1', '291', 'Corporis minima adip', '1', NULL, '$2y$10$mXICSxF5fqumXFTEHeiW2e6a6CNMaX3YxYiC4jpwYZ5Kj5Gj4I5Eu', 5, NULL, NULL, NULL, NULL, NULL, NULL, '18', '2021-01-02 08:44:42', '2021-01-12 09:02:14'),
(141, 1, 25, 10, 9, 2020227, 0, '166524', 'Ifeoma Rodgers', 3, 3, '1995-10-01', '1', '484', 'zuzyrux@mailinator.com', '', 'Abbot Duncan', NULL, NULL, NULL, 'Venus Conrad', NULL, NULL, NULL, NULL, NULL, NULL, 'Rana Witt', 'Quia est et asperior', 'Consequatur enim ver', NULL, NULL, NULL, NULL, NULL, NULL, 'Sit ducimus repreh', NULL, 'Eve Taylor', 'Obcaecati id rerum u', 'Wyatt William', 'Iusto quod quidem si', 'Dolorem delectus do', 'pike@mailinator.com', '0000-00-00', 'Velit ad impedit es', '+1 (782) 393-5236', 'Unde minus delectus', 'Est minus exercitat', 'Doloremque quis haru', 4, 'kehymow@mailinator.com', NULL, NULL, NULL, NULL, NULL, NULL, 'Qui duis eu sint vol', NULL, 'Fair', '$2y$10$GLszKN0VFteKPoUXsoAaY.7oMuaFPO2xtk9j2Q.kxYpF6dHDcyvOO', 5, NULL, '79 North Green Milton Boulevard', 'Architecto neque acc', 'Sit dolorum nihil vo', NULL, '23178', '18', '2021-01-10 10:31:11', '2021-03-09 09:13:28'),
(142, 1, 24, 7, 9, 2020228, 85, '243227', 'Lillian Pennington', 3, 4, '0000-00-00', '3', '218', 'tiloki@mailinator.com', '', 'Cullen Noble', NULL, NULL, NULL, 'Kibo Richard', NULL, NULL, NULL, NULL, NULL, NULL, 'Rachel Mathews', 'Commodo nulla aut la', 'Dolore rerum Nam Nam', NULL, NULL, NULL, NULL, NULL, NULL, 'Deleniti incididunt', NULL, 'Hu Lawson', 'Ipsum lorem quaerat', 'Astra Gallegos', 'Quisquam aut sit qui', 'Itaque dolorem elit', 'sovexyvobu@mailinator.com', '2002-06-10', 'Sed aliquam commodi', '+1 (416) 419-9331', 'Repudiandae et fuga', 'Ratione libero eveni', 'Incidunt autem labo', 1, 'kedilaw@mailinator.com', NULL, NULL, NULL, NULL, NULL, NULL, 'Illo laudantium cul', NULL, 'Poor', '$2y$10$zfxs7pUgteh1v2HCvfLiQOzi1JRwzAeG.S5Ob7tUb9/9YeSN.MwGG', 5, NULL, '294 South First Parkway', 'Quis voluptatem numq', 'Tempor amet labore', 'Choose', '98110', '18', '2021-01-10 11:37:21', '2021-03-01 00:29:40'),
(143, 1, 25, 10, 9, 2020229, NULL, '290353', 'Whilemina Mejia', 3, 2, '0000-00-00', '5', '535', 'nyba@mailinator.com', '', 'Orlando Mitchell', NULL, NULL, NULL, 'Alice Pope', NULL, NULL, NULL, NULL, NULL, NULL, 'Imelda Vinson', 'Aspernatur irure est', 'Cum ipsa consequatu', 'Amet veniam harum', 'Architecto dolor sim', '1207', 'Dhaka', 'Dhaka', '1205', 'Elit vel quia venia', NULL, 'Patience Middleton', 'Aperiam consequat S', 'Yeo Hughes', 'Voluptate ipsam maio', 'Est quae quasi natu', 'razu@mailinator.com', '0000-00-00', 'Corrupti reprehende', '+1 (297) 103-8457', 'Sint voluptate faci', 'Laboriosam nisi vel', 'Qui velit voluptates', NULL, 'poqy@mailinator.com', '3', '28', '213', '3', '28', '213', 'Et fugiat cupidatat', NULL, NULL, '', NULL, NULL, NULL, NULL, NULL, NULL, NULL, '18', '2021-01-13 07:55:25', '2021-01-13 10:42:29'),
(144, 1, 25, 10, 9, 2020230, NULL, '109864', 'Thomas Griffith', 3, 4, '1999-05-06', '8', '694', 'femijel@mailinator.com', 'http://192.168.0.109:8001/storage/FA20165757S/FA20165757H/2021/SP/1610525792.png', 'Mannix Reid', NULL, NULL, NULL, 'Paki Williamson', NULL, NULL, NULL, NULL, NULL, NULL, 'Jasper Fletcher', 'Impedit excepturi h', 'Molestiae pariatur', 'Rerum totam enim eni', 'Accusantium vel do v', 'Magni in sint dolor', 'Rerum totam enim eni', 'Accusantium vel do v', 'Magni in sint dolor', 'Perspiciatis volupt', NULL, 'Chelsea French', 'Non porro velit vol', 'Dakota Zimmerman', 'Corrupti qui id pos', 'Sit minim temporibus', 'honoje@mailinator.com', '2005-11-03', 'Nisi ea et autem eaq', '+1 (414) 901-1056', 'Cum alias recusandae', 'Quisquam repellendus', 'Quod ipsam sint eiu', NULL, 'rotuzymib@mailinator.com', '3', '22', '203', '3', '22', '203', 'Fugiat autem vel ut', '1', NULL, '$2y$10$rea1asx/zYEtbsbRjXAY6e8YPg/GPfSn7i7F/i96qK0HsaUqWaM86', 5, NULL, NULL, NULL, NULL, NULL, NULL, '18', '2021-01-13 08:16:32', '2021-01-13 08:16:32'),
(145, 1, 24, 7, 9, 2020231, NULL, '266819', 'Courtney Huber', 3, 3, '0000-00-00', '7', '944', 'mawerehe@mailinator.com', '', 'Bryar Rios', NULL, NULL, NULL, 'Edan Dawson', NULL, NULL, NULL, NULL, NULL, NULL, 'Randall Sykes', 'Explicabo Blanditii', 'Eum in minim commodo', 'Provident eum nostr', 'Odit nihil sit sunt', 'Do eu quasi possimus', 'Provident eum nostr', 'Odit nihil sit sunt', 'Do eu quasi possimus', 'Aut optio ipsum imp', NULL, 'Bruno Valenzuela', 'Sunt nihil in iusto', 'Aimee Haynes', 'Architecto numquam o', 'Quisquam eius accusa', 'kebopuryf@mailinator.com', '0000-00-00', 'Aut odio pariatur S', '+1 (654) 233-7361', 'Elit rerum sit cons', 'Corporis laboris in', 'Quo pariatur Dicta', NULL, 'jydiforez@mailinator.com', '5', '21', '400', '5', '21', '400', 'Neque voluptatem qu', '1', NULL, '', 5, NULL, NULL, NULL, NULL, NULL, NULL, '18', '2021-01-13 08:58:23', '2021-01-13 08:59:47'),
(146, 1, 26, 3, 9, 2020232, NULL, '264006', 'Brody Holder', 1, 1, '0000-00-00', '3', '90', 'zezycowe@mailinator.com', '', 'Kyla Rhodes', NULL, NULL, NULL, 'Emery Mcconnell', NULL, NULL, NULL, NULL, NULL, NULL, 'Halee Bishop', 'Est ut ea asperiore', 'Enim quos facere dol', 'Dolor aut inventore', 'Minim non sed possim', '5623', 'Dolor aut inventore', 'Minim non sed possim', '5623', 'Perferendis nostrud', NULL, 'Sylvester Colon', 'Sit duis distinctio', 'Phoebe Zimmerman', 'Veniam velit nostru', 'Sit unde non ut iru', 'vigogytid@mailinator.com', '0000-00-00', 'Similique recusandae', '+1 (295) 843-8047', 'Voluptatem inventor', 'Officiis facilis vol', 'Non dicta illo dolor', NULL, 'zivywek@mailinator.com', '5', 'Choose', NULL, '5', 'Choose', NULL, 'Dolores maiores cons', '1', NULL, '$2y$10$iO67VO/Mxoxh4JGH8xVYDe.WSpz6ud2zaAyJ0f311umQoR7QznguO', 5, NULL, NULL, NULL, NULL, NULL, NULL, '18', '2021-03-01 00:28:16', '2021-03-01 00:28:16'),
(147, 1, 24, 7, 9, 2020233, NULL, '386505', 'Halla Pitts', 1, 2, '2021-17-03', '5', '479', 'ciraxi@mailinator.com', '', 'Colin Landry', NULL, NULL, NULL, 'Valentine Hudson', NULL, NULL, NULL, NULL, NULL, NULL, 'Brennan Stone', 'Fugiat assumenda au', 'Iusto rem aut enim q', 'Labore harum nisi ve', 'Reiciendis quaerat n', '9563', 'Labore harum nisi ve', 'Reiciendis quaerat n', '9563', 'Aut totam in sit rat', NULL, 'Geraldine Alvarado', 'Repellendus Veritat', 'Kaden Robles', 'Sit reprehenderit in', 'Voluptas quae duis s', 'tozuju@mailinator.com', '2021-25-03', 'Obcaecati ipsa amet', '+1 (679) 334-7687', 'Voluptatem Ut non v', 'Corporis officia par', 'Quia expedita ipsum', NULL, 'bycegimak@mailinator.com', '5', '44', '423', '5', '44', '423', 'Ipsa quas elit et', '1', NULL, '$2y$10$omVQgYQLW.pCIjgj/RNn8eVgJwLqBS.JG5Vr19HV3eKm5y2lKJPOi', 5, NULL, NULL, NULL, NULL, NULL, NULL, '18', '2021-03-01 01:01:45', '2021-03-01 01:01:45');

-- --------------------------------------------------------

--
-- Table structure for table `admission_payments`
--

CREATE TABLE `admission_payments` (
  `id` bigint(20) UNSIGNED NOT NULL,
  `school_id` bigint(20) UNSIGNED NOT NULL,
  `admission_id` bigint(20) UNSIGNED NOT NULL,
  `trans_number` varchar(15) COLLATE utf8mb4_unicode_ci DEFAULT NULL,
  `stripe_charge` varchar(150) COLLATE utf8mb4_unicode_ci DEFAULT NULL,
  `trans_id` varchar(150) COLLATE utf8mb4_unicode_ci DEFAULT NULL,
  `trans_date` timestamp NULL DEFAULT NULL,
  `trans_type` tinyint(4) DEFAULT NULL COMMENT '1=Stripe,2=SSL',
  `trans_status` varchar(20) COLLATE utf8mb4_unicode_ci DEFAULT NULL,
  `fee_pay` tinyint(4) DEFAULT 1 COMMENT '1=charge with amount,0=charge without amount',
  `amount` double(8,2) NOT NULL,
  `stripe_fee` double(3,2) DEFAULT NULL,
  `currency` varchar(10) COLLATE utf8mb4_unicode_ci NOT NULL,
  `card_type` varchar(100) COLLATE utf8mb4_unicode_ci DEFAULT NULL COMMENT 'For SSL',
  `created_at` timestamp NULL DEFAULT NULL,
  `updated_at` timestamp NULL DEFAULT NULL
) ENGINE=InnoDB DEFAULT CHARSET=utf8mb4 COLLATE=utf8mb4_unicode_ci;

--
-- Dumping data for table `admission_payments`
--

INSERT INTO `admission_payments` (`id`, `school_id`, `admission_id`, `trans_number`, `stripe_charge`, `trans_id`, `trans_date`, `trans_type`, `trans_status`, `fee_pay`, `amount`, `stripe_fee`, `currency`, `card_type`, `created_at`, `updated_at`) VALUES
(3, 1, 121, 'FA1615281733', NULL, 'txn_21FAvXSo4MoUswucjekF1W2u', '2021-03-09 09:27:30', 2, 'Paid', 1, 200.00, 0.00, 'BDT', 'BKASH-BKash', '2021-03-09 09:22:13', '2021-03-09 09:22:40'),
(4, 1, 122, 'FA1615282751', NULL, 'txn_21FAWxDeECzBU6xcfZHabNUj', '2021-03-09 09:44:28', 2, 'Paid', 1, 150.00, 3.85, 'BDT', 'BKASH-BKash', '2021-03-09 09:39:11', '2021-03-09 09:42:40'),
(5, 1, 123, 'FA1615283425', NULL, 'txn_21FA0FhkQLwqraYUX5ZkzYIB', '2021-03-09 09:55:41', 2, 'Paid', 1, 150.00, 3.85, 'BDT', 'NAGAD-Nagad', '2021-03-09 09:50:25', '2021-03-09 09:50:42'),
(6, 1, 124, 'FA1615284078', NULL, 'txn_21FAZsuATcaWuZmZuiUHn9VM', NULL, 2, 'Canceled', 1, 153.85, 3.85, 'BDT', NULL, '2021-03-09 10:01:18', '2021-03-09 10:01:27'),
(7, 1, 124, 'FA1615286196', NULL, 'txn_21FAqJtWbhMAS40wl9G0IkzR', NULL, 2, 'Pending', 1, 153.85, 3.85, 'BDT', NULL, '2021-03-09 10:36:36', '2021-03-09 10:36:36'),
(8, 1, 124, 'FA1615286508', NULL, 'txn_21FA1FDm9XZlH1F0FsUrb2In', NULL, 2, 'Pending', 1, 153.85, 3.85, 'BDT', NULL, '2021-03-09 10:41:48', '2021-03-09 10:41:48'),
(9, 1, 124, 'FA1615286592', NULL, 'txn_21FAyA4catr5TnNSGkzFmsTJ', '2021-03-09 10:48:29', 2, 'Paid', 1, 150.00, 3.85, 'BDT', 'ABBANKIB-AB Bank', '2021-03-09 10:43:12', '2021-03-09 10:44:13'),
(10, 1, 126, 'FA1615286690', NULL, 'txn_21FA3axdHQTT7Q1BGMMi6OyK', NULL, 2, 'Pending', 1, 153.85, 3.85, 'BDT', NULL, '2021-03-09 10:44:50', '2021-03-09 10:44:50'),
(11, 1, 126, 'FA1615286733', NULL, 'txn_21FAYgKC7BrVu82koPCcuzLD', NULL, 2, 'Pending', 1, 153.85, 3.85, 'BDT', NULL, '2021-03-09 10:45:33', '2021-03-09 10:45:33'),
(12, 1, 126, 'FA1615288194', NULL, 'txn_21FAhx6pSBwaNeL8slKo41Dl', '2021-03-09 11:15:11', 2, 'Paid', 1, 150.00, 3.85, 'BDT', 'IBBL-Islami Bank', '2021-03-09 11:09:54', '2021-03-09 11:10:46'),
(13, 1, 10, 'FA1615376676', NULL, 'txn_21FASXSOzVSR3qs4MnHep7JN', NULL, 2, 'Pending', 1, 153.85, 3.85, 'BDT', NULL, '2021-03-10 11:44:36', '2021-03-10 11:44:36'),
(14, 1, 119, 'FA1616655678', NULL, 'txn_21FAtkSBpNnTV0eLLzBtTaNd', NULL, 2, 'Pending', 1, 153.85, 3.85, 'BDT', NULL, '2021-03-25 07:01:17', '2021-03-25 07:01:18');

-- --------------------------------------------------------

--
-- Table structure for table `agents`
--

CREATE TABLE `agents` (
  `id` bigint(20) UNSIGNED NOT NULL,
  `user_id` bigint(20) UNSIGNED NOT NULL,
  `district_id` bigint(20) UNSIGNED DEFAULT NULL,
  `state_id` bigint(20) UNSIGNED DEFAULT NULL,
  `city` varchar(100) COLLATE utf8mb4_unicode_ci DEFAULT NULL,
  `nid` varchar(20) COLLATE utf8mb4_unicode_ci DEFAULT NULL,
  `nid_url` varchar(191) COLLATE utf8mb4_unicode_ci DEFAULT NULL,
  `shareOf` double(8,2) DEFAULT NULL,
  `bank_name` varchar(100) COLLATE utf8mb4_unicode_ci DEFAULT NULL,
  `ac_name` varchar(100) COLLATE utf8mb4_unicode_ci DEFAULT NULL,
  `ac_number` varchar(30) COLLATE utf8mb4_unicode_ci DEFAULT NULL,
  `ac_branch` varchar(100) COLLATE utf8mb4_unicode_ci DEFAULT NULL,
  `ac_routing` varchar(100) COLLATE utf8mb4_unicode_ci DEFAULT NULL,
  `created_at` timestamp NULL DEFAULT NULL,
  `updated_at` timestamp NULL DEFAULT NULL
) ENGINE=InnoDB DEFAULT CHARSET=utf8mb4 COLLATE=utf8mb4_unicode_ci;

--
-- Dumping data for table `agents`
--

INSERT INTO `agents` (`id`, `user_id`, `district_id`, `state_id`, `city`, `nid`, `nid_url`, `shareOf`, `bank_name`, `ac_name`, `ac_number`, `ac_branch`, `ac_routing`, `created_at`, `updated_at`) VALUES
(1, 402, 46, NULL, NULL, '19927313651000176', 'http://192.168.0.109:8001/storage/FA20165757S/FA20165757H/2021/NID/9771612953802.png', 21.45, 'Islami Bank Ltd', 'Arun Kumar', '12434', 'Elephant Road', '41324', NULL, '2021-03-24 10:11:30'),
(2, 403, NULL, 1, NULL, NULL, NULL, 20.00, 'Dhaka Bank', 'asdsa', 'asdasd', 'asdad', 'asdasd', NULL, '2021-03-25 08:12:47'),
(3, 404, NULL, NULL, 'My City is\r\nDhaka', NULL, NULL, 15.00, 'asda', 'asda', 'asda', 'asdas', 'asdasd', '2021-02-09 10:51:15', '2021-03-24 09:50:16'),
(4, 431, NULL, NULL, NULL, NULL, NULL, 15.00, NULL, NULL, NULL, NULL, NULL, '2021-03-24 07:38:36', '2021-03-24 07:38:36'),
(5, 432, NULL, NULL, NULL, NULL, NULL, 30.00, NULL, NULL, NULL, NULL, NULL, '2021-03-24 07:41:41', '2021-03-24 09:48:55'),
(6, 434, NULL, NULL, NULL, NULL, NULL, 20.00, NULL, NULL, NULL, NULL, NULL, '2021-03-24 07:45:55', '2021-03-24 09:59:24'),
(7, 435, NULL, NULL, NULL, NULL, NULL, 12.00, NULL, NULL, NULL, NULL, NULL, '2021-03-24 07:55:39', '2021-03-24 09:59:11'),
(8, 436, NULL, NULL, NULL, NULL, NULL, 50.00, NULL, NULL, NULL, NULL, NULL, '2021-03-24 08:05:06', '2021-03-24 09:59:05'),
(9, 437, NULL, NULL, NULL, NULL, NULL, 16.50, NULL, NULL, NULL, NULL, NULL, '2021-03-24 08:08:06', '2021-03-24 09:58:34'),
(10, 438, NULL, NULL, NULL, NULL, NULL, 1.99, NULL, NULL, NULL, NULL, NULL, '2021-03-24 08:13:23', '2021-03-24 09:55:02'),
(11, 439, NULL, NULL, '15', NULL, NULL, 22.00, NULL, NULL, NULL, NULL, NULL, '2021-03-24 08:14:42', '2021-03-24 09:54:14'),
(12, 440, NULL, NULL, NULL, NULL, NULL, 30.50, NULL, NULL, NULL, NULL, NULL, '2021-03-24 08:16:54', '2021-03-24 09:52:53'),
(13, 441, NULL, NULL, NULL, NULL, NULL, 24.00, NULL, NULL, NULL, NULL, NULL, '2021-03-24 08:18:38', '2021-03-24 08:18:38'),
(14, 442, NULL, NULL, NULL, NULL, NULL, 50.00, NULL, NULL, NULL, NULL, NULL, '2021-03-24 08:22:15', '2021-03-24 08:22:15'),
(15, 443, NULL, NULL, NULL, NULL, NULL, 50.00, NULL, NULL, NULL, NULL, NULL, '2021-03-24 08:25:12', '2021-03-24 08:25:12'),
(16, 444, NULL, NULL, NULL, NULL, NULL, 45.00, NULL, NULL, NULL, NULL, NULL, '2021-03-24 08:29:28', '2021-03-24 09:48:36');

-- --------------------------------------------------------

--
-- Table structure for table `attendances`
--

CREATE TABLE `attendances` (
  `id` bigint(20) UNSIGNED NOT NULL,
  `school_id` bigint(20) UNSIGNED NOT NULL,
  `student_id` bigint(20) UNSIGNED NOT NULL,
  `section_id` bigint(20) UNSIGNED NOT NULL,
  `exam_id` bigint(20) UNSIGNED NOT NULL,
  `present` tinyint(3) UNSIGNED NOT NULL,
  `user_id` bigint(20) UNSIGNED NOT NULL,
  `date` date NOT NULL,
  `remark` varchar(191) COLLATE utf8mb4_unicode_ci DEFAULT NULL,
  `created_at` timestamp NULL DEFAULT NULL,
  `updated_at` timestamp NULL DEFAULT NULL
) ENGINE=InnoDB DEFAULT CHARSET=utf8mb4 COLLATE=utf8mb4_unicode_ci;

--
-- Dumping data for table `attendances`
--

INSERT INTO `attendances` (`id`, `school_id`, `student_id`, `section_id`, `exam_id`, `present`, `user_id`, `date`, `remark`, `created_at`, `updated_at`) VALUES
(1, 1, 110, 17, 1, 1, 12, '2021-01-28', NULL, '2021-01-30 08:17:21', '2021-01-30 08:17:21'),
(2, 1, 210, 17, 1, 1, 12, '2021-01-28', NULL, '2021-01-30 08:17:22', '2021-01-30 08:17:22'),
(3, 1, 239, 17, 1, 1, 12, '2021-01-28', NULL, '2021-01-30 08:17:23', '2021-01-30 08:17:23'),
(4, 1, 137, 17, 1, 0, 12, '2021-01-28', NULL, '2021-01-30 08:17:24', '2021-01-30 08:17:35'),
(5, 1, 157, 17, 1, 1, 12, '2021-01-28', NULL, '2021-01-30 08:17:25', '2021-01-30 08:17:25'),
(6, 1, 231, 17, 1, 1, 12, '2021-01-28', NULL, '2021-01-30 08:17:26', '2021-01-30 08:17:26'),
(7, 1, 66, 17, 1, 1, 12, '2021-01-28', NULL, '2021-01-30 08:17:27', '2021-01-30 08:17:27'),
(8, 1, 124, 17, 1, 0, 12, '2021-01-28', NULL, '2021-01-30 08:17:28', '2021-01-30 08:17:37'),
(9, 1, 267, 17, 1, 1, 12, '2021-01-28', NULL, '2021-01-30 08:17:29', '2021-01-30 08:17:29'),
(10, 1, 110, 17, 1, 0, 12, '2021-01-29', NULL, '2021-01-30 08:17:48', '2021-01-30 08:17:59'),
(11, 1, 210, 17, 1, 1, 12, '2021-01-29', NULL, '2021-01-30 08:17:49', '2021-01-30 08:17:49'),
(12, 1, 239, 17, 1, 1, 12, '2021-01-29', NULL, '2021-01-30 08:17:50', '2021-01-30 08:17:50'),
(13, 1, 137, 17, 1, 1, 12, '2021-01-29', NULL, '2021-01-30 08:17:51', '2021-01-30 08:17:51'),
(14, 1, 157, 17, 1, 1, 12, '2021-01-29', NULL, '2021-01-30 08:17:52', '2021-01-30 08:17:52'),
(15, 1, 231, 17, 1, 1, 12, '2021-01-29', NULL, '2021-01-30 08:17:53', '2021-01-30 08:17:53'),
(16, 1, 66, 17, 1, 1, 12, '2021-01-29', NULL, '2021-01-30 08:17:54', '2021-01-30 08:17:54'),
(17, 1, 124, 17, 1, 0, 12, '2021-01-29', NULL, '2021-01-30 08:17:55', '2021-01-30 08:18:01'),
(18, 1, 267, 17, 1, 1, 12, '2021-01-29', NULL, '2021-01-30 08:17:56', '2021-03-25 12:06:46'),
(19, 1, 210, 17, 1, 1, 12, '2021-01-30', NULL, '2021-01-30 08:18:09', '2021-01-30 08:18:09'),
(20, 1, 157, 17, 1, 1, 12, '2021-01-30', NULL, '2021-01-30 08:18:11', '2021-01-30 08:18:11'),
(21, 1, 124, 17, 1, 1, 12, '2021-01-30', NULL, '2021-01-30 08:18:12', '2021-01-30 08:18:12'),
(22, 1, 110, 17, 1, 1, 12, '2021-01-07', NULL, '2021-01-31 12:09:08', '2021-01-31 12:09:08'),
(23, 1, 210, 17, 1, 1, 12, '2021-01-07', NULL, '2021-01-31 12:09:10', '2021-01-31 12:09:10'),
(24, 1, 239, 17, 1, 1, 12, '2021-01-07', NULL, '2021-01-31 12:09:11', '2021-01-31 12:09:11'),
(25, 1, 137, 17, 1, 1, 12, '2021-01-07', NULL, '2021-01-31 12:09:12', '2021-01-31 12:09:12'),
(26, 1, 157, 17, 1, 1, 12, '2021-01-07', NULL, '2021-01-31 12:09:13', '2021-01-31 12:09:13'),
(27, 1, 231, 17, 1, 1, 12, '2021-01-07', NULL, '2021-01-31 12:09:14', '2021-01-31 12:09:14'),
(28, 1, 66, 17, 1, 1, 12, '2021-01-07', NULL, '2021-01-31 12:09:15', '2021-01-31 12:09:15'),
(29, 1, 124, 17, 1, 1, 12, '2021-01-07', NULL, '2021-01-31 12:09:16', '2021-01-31 12:09:16'),
(30, 1, 267, 17, 1, 1, 12, '2021-01-07', NULL, '2021-01-31 12:09:17', '2021-01-31 12:09:17'),
(31, 1, 110, 17, 1, 1, 12, '2021-01-20', NULL, '2021-01-31 12:09:30', '2021-01-31 12:09:30'),
(32, 1, 210, 17, 1, 1, 12, '2021-01-20', NULL, '2021-01-31 12:09:31', '2021-01-31 12:09:31'),
(33, 1, 239, 17, 1, 0, 12, '2021-01-20', NULL, '2021-01-31 12:09:32', '2021-01-31 12:09:41'),
(34, 1, 137, 17, 1, 1, 12, '2021-01-20', NULL, '2021-01-31 12:09:33', '2021-01-31 12:09:33'),
(35, 1, 157, 17, 1, 1, 12, '2021-01-20', NULL, '2021-01-31 12:09:34', '2021-01-31 12:09:34'),
(36, 1, 231, 17, 1, 0, 12, '2021-01-20', NULL, '2021-01-31 12:09:35', '2021-01-31 12:09:45'),
(37, 1, 66, 17, 1, 1, 12, '2021-01-20', NULL, '2021-01-31 12:09:37', '2021-01-31 12:09:37'),
(38, 1, 124, 17, 1, 1, 12, '2021-01-20', NULL, '2021-01-31 12:09:38', '2021-01-31 12:09:38'),
(39, 1, 267, 17, 1, 0, 12, '2021-01-20', NULL, '2021-01-31 12:09:38', '2021-01-31 12:09:43'),
(40, 1, 230, 1, 1, 0, 12, '2021-02-04', NULL, '2021-02-04 10:10:35', '2021-02-04 10:10:43'),
(41, 1, 227, 8, 1, 0, 12, '2021-02-03', 'fgb', '2021-02-04 10:20:41', '2021-02-04 10:21:33'),
(42, 1, 232, 8, 1, 1, 12, '2021-02-01', NULL, '2021-02-04 10:31:50', '2021-02-04 10:31:50'),
(43, 1, 90, 8, 1, 1, 12, '2021-02-03', 's', '2021-02-06 07:09:16', '2021-02-06 07:09:16'),
(44, 1, 133, 8, 1, 0, 12, '2021-02-03', NULL, '2021-02-06 07:49:54', '2021-02-06 07:49:54'),
(45, 1, 216, 8, 1, 0, 12, '2021-02-03', NULL, '2021-02-06 07:49:54', '2021-02-06 07:49:54'),
(46, 1, 223, 8, 1, 0, 12, '2021-02-03', NULL, '2021-02-06 07:49:54', '2021-02-06 07:49:54'),
(47, 1, 232, 8, 1, 0, 12, '2021-02-03', NULL, '2021-02-06 07:49:54', '2021-02-06 07:49:54'),
(48, 1, 90, 8, 1, 0, 12, '2021-02-01', NULL, '2021-02-06 07:59:41', '2021-02-06 07:59:41'),
(49, 1, 133, 8, 1, 0, 12, '2021-02-01', NULL, '2021-02-06 07:59:41', '2021-02-06 07:59:41'),
(50, 1, 216, 8, 1, 0, 12, '2021-02-01', NULL, '2021-02-06 07:59:41', '2021-02-06 07:59:41'),
(51, 1, 223, 8, 1, 0, 12, '2021-02-01', NULL, '2021-02-06 07:59:41', '2021-02-06 07:59:41'),
(52, 1, 227, 8, 1, 0, 12, '2021-02-01', NULL, '2021-02-06 07:59:41', '2021-02-06 07:59:41'),
(53, 1, 227, 8, 1, 0, 12, '2021-02-06', 'no test', '2021-02-06 10:02:40', '2021-02-06 10:08:46'),
(54, 1, 90, 8, 1, 0, 12, '2021-02-06', NULL, '2021-02-06 10:03:07', '2021-02-06 10:03:07'),
(55, 1, 133, 8, 1, 0, 12, '2021-02-06', NULL, '2021-02-06 10:03:07', '2021-02-06 10:03:07'),
(56, 1, 216, 8, 1, 0, 12, '2021-02-06', NULL, '2021-02-06 10:03:07', '2021-02-06 10:03:07'),
(57, 1, 223, 8, 1, 1, 12, '2021-02-06', 'okay', '2021-02-06 10:03:07', '2021-02-06 10:08:28'),
(58, 1, 232, 8, 1, 0, 12, '2021-02-06', NULL, '2021-02-06 10:03:07', '2021-02-06 10:03:07'),
(59, 1, 239, 17, 1, 1, 12, '2021-02-06', NULL, '2021-02-06 10:11:38', '2021-02-06 10:11:38'),
(60, 1, 66, 17, 1, 0, 12, '2021-02-06', NULL, '2021-02-06 10:11:46', '2021-02-06 10:11:46'),
(61, 1, 110, 17, 1, 0, 12, '2021-02-06', NULL, '2021-02-06 10:11:46', '2021-02-06 10:11:46'),
(62, 1, 124, 17, 1, 0, 12, '2021-02-06', NULL, '2021-02-06 10:11:46', '2021-02-06 10:11:46'),
(63, 1, 137, 17, 1, 0, 12, '2021-02-06', NULL, '2021-02-06 10:11:46', '2021-02-06 10:11:46'),
(64, 1, 157, 17, 1, 0, 12, '2021-02-06', NULL, '2021-02-06 10:11:46', '2021-02-06 10:11:46'),
(65, 1, 210, 17, 1, 0, 12, '2021-02-06', NULL, '2021-02-06 10:11:46', '2021-02-06 10:11:46'),
(66, 1, 231, 17, 1, 0, 12, '2021-02-06', NULL, '2021-02-06 10:11:46', '2021-02-06 10:11:46'),
(67, 1, 267, 17, 1, 0, 12, '2021-02-06', NULL, '2021-02-06 10:11:46', '2021-02-06 10:11:46'),
(68, 1, 110, 17, 1, 1, 12, '2021-02-04', NULL, '2021-02-06 10:12:05', '2021-02-06 10:12:05'),
(69, 1, 231, 17, 1, 1, 12, '2021-02-04', NULL, '2021-02-06 10:12:07', '2021-02-06 10:12:07'),
(70, 1, 66, 17, 1, 0, 12, '2021-02-04', NULL, '2021-02-06 10:12:13', '2021-02-06 10:12:13'),
(71, 1, 124, 17, 1, 0, 12, '2021-02-04', NULL, '2021-02-06 10:12:13', '2021-02-06 10:12:13'),
(72, 1, 137, 17, 1, 0, 12, '2021-02-04', NULL, '2021-02-06 10:12:13', '2021-02-06 10:12:13'),
(73, 1, 157, 17, 1, 0, 12, '2021-02-04', NULL, '2021-02-06 10:12:13', '2021-02-06 10:12:13'),
(74, 1, 210, 17, 1, 0, 12, '2021-02-04', NULL, '2021-02-06 10:12:13', '2021-02-06 10:12:13'),
(75, 1, 239, 17, 1, 0, 12, '2021-02-04', NULL, '2021-02-06 10:12:13', '2021-02-06 10:12:13'),
(76, 1, 267, 17, 1, 0, 12, '2021-02-04', NULL, '2021-02-06 10:12:13', '2021-02-06 10:12:13'),
(77, 1, 66, 17, 1, 0, 12, '2021-01-30', NULL, '2021-02-06 10:15:37', '2021-02-06 10:15:37'),
(78, 1, 110, 17, 1, 0, 12, '2021-01-30', NULL, '2021-02-06 10:15:37', '2021-02-06 10:15:37'),
(79, 1, 137, 17, 1, 0, 12, '2021-01-30', NULL, '2021-02-06 10:15:37', '2021-02-06 10:15:37'),
(80, 1, 231, 17, 1, 0, 12, '2021-01-30', NULL, '2021-02-06 10:15:37', '2021-02-06 10:15:37'),
(81, 1, 239, 17, 1, 0, 12, '2021-01-30', NULL, '2021-02-06 10:15:37', '2021-02-06 10:15:37'),
(82, 1, 267, 17, 1, 0, 12, '2021-01-30', NULL, '2021-02-06 10:15:37', '2021-02-06 10:15:37'),
(83, 1, 210, 17, 1, 1, 12, '2021-02-07', NULL, '2021-02-07 07:47:31', '2021-02-07 07:47:31'),
(84, 1, 66, 17, 1, 1, 12, '2021-02-07', NULL, '2021-02-07 07:47:33', '2021-02-07 07:47:33'),
(85, 1, 149, 1, 1, 1, 12, '2021-02-07', NULL, '2021-02-07 07:49:39', '2021-02-07 07:49:39'),
(86, 1, 82, 1, 1, 0, 12, '2021-02-07', NULL, '2021-02-07 07:49:49', '2021-02-07 07:49:49'),
(87, 1, 153, 1, 1, 0, 12, '2021-02-07', NULL, '2021-02-07 07:49:49', '2021-02-07 07:49:49'),
(88, 1, 162, 1, 1, 0, 12, '2021-02-07', NULL, '2021-02-07 07:49:49', '2021-02-07 07:49:49'),
(89, 1, 168, 1, 1, 0, 12, '2021-02-07', NULL, '2021-02-07 07:49:49', '2021-02-07 07:49:49'),
(90, 1, 206, 1, 1, 0, 12, '2021-02-07', NULL, '2021-02-07 07:49:49', '2021-02-07 07:49:49'),
(91, 1, 212, 1, 1, 0, 12, '2021-02-07', NULL, '2021-02-07 07:49:49', '2021-02-07 07:49:49'),
(92, 1, 229, 1, 1, 0, 12, '2021-02-07', NULL, '2021-02-07 07:49:49', '2021-02-07 07:49:49'),
(93, 1, 230, 1, 1, 0, 12, '2021-02-07', NULL, '2021-02-07 07:49:49', '2021-02-07 07:49:49'),
(94, 1, 238, 1, 1, 0, 12, '2021-02-07', NULL, '2021-02-07 07:49:49', '2021-02-07 07:49:49'),
(95, 1, 248, 1, 1, 0, 12, '2021-02-07', NULL, '2021-02-07 07:49:49', '2021-02-07 07:49:49'),
(96, 1, 249, 1, 1, 0, 12, '2021-02-07', NULL, '2021-02-07 07:49:49', '2021-02-07 07:49:49'),
(97, 1, 82, 1, 1, 0, 12, '2021-02-04', NULL, '2021-02-07 07:50:33', '2021-02-07 07:50:33'),
(98, 1, 149, 1, 1, 0, 12, '2021-02-04', NULL, '2021-02-07 07:50:33', '2021-02-07 07:50:33'),
(99, 1, 153, 1, 1, 0, 12, '2021-02-04', NULL, '2021-02-07 07:50:33', '2021-02-07 07:50:33'),
(100, 1, 162, 1, 1, 0, 12, '2021-02-04', NULL, '2021-02-07 07:50:33', '2021-02-07 07:50:33'),
(101, 1, 168, 1, 1, 0, 12, '2021-02-04', NULL, '2021-02-07 07:50:33', '2021-02-07 07:50:33'),
(102, 1, 206, 1, 1, 0, 12, '2021-02-04', NULL, '2021-02-07 07:50:33', '2021-02-07 07:50:33'),
(103, 1, 212, 1, 1, 0, 12, '2021-02-04', NULL, '2021-02-07 07:50:33', '2021-02-07 07:50:33'),
(104, 1, 229, 1, 1, 0, 12, '2021-02-04', NULL, '2021-02-07 07:50:33', '2021-02-07 07:50:33'),
(105, 1, 238, 1, 1, 0, 12, '2021-02-04', NULL, '2021-02-07 07:50:33', '2021-02-07 07:50:33'),
(106, 1, 248, 1, 1, 0, 12, '2021-02-04', NULL, '2021-02-07 07:50:33', '2021-02-07 07:50:33'),
(107, 1, 249, 1, 1, 0, 12, '2021-02-04', NULL, '2021-02-07 07:50:33', '2021-02-07 07:50:33'),
(108, 1, 212, 1, 1, 1, 12, '2021-02-06', NULL, '2021-02-07 07:51:14', '2021-02-07 07:51:14'),
(109, 1, 168, 1, 1, 1, 12, '2021-02-06', NULL, '2021-02-07 07:51:16', '2021-02-07 07:51:16'),
(110, 1, 82, 1, 1, 0, 12, '2021-02-06', NULL, '2021-02-07 07:51:21', '2021-02-07 07:51:21'),
(111, 1, 149, 1, 1, 0, 12, '2021-02-06', NULL, '2021-02-07 07:51:21', '2021-02-07 07:51:21'),
(112, 1, 153, 1, 1, 0, 12, '2021-02-06', NULL, '2021-02-07 07:51:21', '2021-02-07 07:51:21'),
(113, 1, 162, 1, 1, 0, 12, '2021-02-06', NULL, '2021-02-07 07:51:21', '2021-02-07 07:51:21'),
(114, 1, 206, 1, 1, 0, 12, '2021-02-06', NULL, '2021-02-07 07:51:21', '2021-02-07 07:51:21'),
(115, 1, 229, 1, 1, 0, 12, '2021-02-06', NULL, '2021-02-07 07:51:21', '2021-02-07 07:51:21'),
(116, 1, 230, 1, 1, 0, 12, '2021-02-06', NULL, '2021-02-07 07:51:21', '2021-02-07 07:51:21'),
(117, 1, 238, 1, 1, 0, 12, '2021-02-06', NULL, '2021-02-07 07:51:21', '2021-02-07 07:51:21'),
(118, 1, 248, 1, 1, 0, 12, '2021-02-06', NULL, '2021-02-07 07:51:21', '2021-02-07 07:51:21'),
(119, 1, 249, 1, 1, 0, 12, '2021-02-06', NULL, '2021-02-07 07:51:21', '2021-02-07 07:51:21'),
(120, 1, 110, 17, 1, 0, 12, '2021-02-07', NULL, '2021-02-18 06:39:44', '2021-02-18 06:39:44'),
(121, 1, 124, 17, 1, 0, 12, '2021-02-07', NULL, '2021-02-18 06:39:44', '2021-02-18 06:39:44'),
(122, 1, 137, 17, 1, 0, 12, '2021-02-07', NULL, '2021-02-18 06:39:44', '2021-02-18 06:39:44'),
(123, 1, 157, 17, 1, 0, 12, '2021-02-07', NULL, '2021-02-18 06:39:44', '2021-02-18 06:39:44'),
(124, 1, 239, 17, 1, 0, 12, '2021-02-07', NULL, '2021-02-18 06:39:44', '2021-02-18 06:39:44'),
(125, 1, 267, 17, 1, 0, 12, '2021-02-07', NULL, '2021-02-18 06:39:44', '2021-02-18 06:39:44'),
(126, 1, 110, 17, 1, 1, 12, '2021-02-22', NULL, '2021-02-22 06:31:43', '2021-02-22 06:31:43'),
(127, 1, 210, 17, 1, 1, 12, '2021-02-22', NULL, '2021-02-22 06:31:45', '2021-02-22 06:31:45'),
(128, 1, 239, 17, 1, 1, 12, '2021-02-22', NULL, '2021-02-22 06:31:45', '2021-02-22 06:31:45'),
(129, 1, 137, 17, 1, 1, 12, '2021-02-22', NULL, '2021-02-22 06:31:47', '2021-02-22 06:31:47'),
(130, 1, 157, 17, 1, 1, 12, '2021-02-22', NULL, '2021-02-22 06:31:47', '2021-02-22 06:31:47'),
(131, 1, 66, 17, 1, 1, 12, '2021-02-22', NULL, '2021-02-22 06:31:49', '2021-02-22 06:31:49'),
(132, 1, 124, 17, 1, 1, 12, '2021-02-22', NULL, '2021-02-22 06:31:50', '2021-02-22 06:31:50'),
(133, 1, 267, 17, 1, 1, 12, '2021-02-22', NULL, '2021-02-22 06:31:51', '2021-02-22 06:31:51'),
(134, 1, 110, 17, 1, 1, 12, '2021-03-04', NULL, '2021-03-04 09:51:06', '2021-03-04 09:51:27'),
(135, 1, 210, 17, 1, 1, 12, '2021-03-04', NULL, '2021-03-04 09:51:14', '2021-03-04 09:51:16'),
(136, 1, 239, 17, 1, 1, 12, '2021-03-04', NULL, '2021-03-04 09:51:31', '2021-03-04 09:51:33'),
(137, 1, 137, 17, 1, 1, 12, '2021-03-04', NULL, '2021-03-04 09:51:40', '2021-03-04 09:51:43'),
(138, 1, 157, 17, 1, 1, 12, '2021-03-04', NULL, '2021-03-04 09:51:50', '2021-03-04 09:51:52'),
(139, 1, 66, 17, 1, 0, 12, '2021-03-04', NULL, '2021-03-04 09:52:21', '2021-03-04 09:52:21'),
(140, 1, 124, 17, 1, 0, 12, '2021-03-04', NULL, '2021-03-04 09:52:21', '2021-03-04 09:52:21'),
(141, 1, 267, 17, 1, 0, 12, '2021-03-04', NULL, '2021-03-04 09:52:21', '2021-03-04 09:52:21'),
(158, 1, 110, 17, 7, 1, 12, '2021-04-01', NULL, '2021-04-01 09:48:28', '2021-04-01 09:48:28'),
(159, 1, 267, 17, 7, 1, 12, '2021-04-01', NULL, '2021-04-01 09:48:30', '2021-04-01 09:48:30'),
(160, 1, 66, 17, 7, 0, 12, '2021-04-01', NULL, '2021-04-01 09:48:44', '2021-04-01 09:48:44'),
(161, 1, 124, 17, 7, 0, 12, '2021-04-01', NULL, '2021-04-01 09:48:44', '2021-04-01 09:48:44'),
(162, 1, 137, 17, 7, 0, 12, '2021-04-01', NULL, '2021-04-01 09:48:44', '2021-04-01 09:48:44'),
(163, 1, 157, 17, 7, 0, 12, '2021-04-01', NULL, '2021-04-01 09:48:44', '2021-04-01 09:48:44'),
(164, 1, 210, 17, 7, 0, 12, '2021-04-01', NULL, '2021-04-01 09:48:44', '2021-04-01 09:48:44'),
(165, 1, 239, 17, 7, 0, 12, '2021-04-01', NULL, '2021-04-01 09:48:44', '2021-04-01 09:48:44');

-- --------------------------------------------------------

--
-- Table structure for table `books`
--

CREATE TABLE `books` (
  `id` bigint(20) UNSIGNED NOT NULL,
  `book_code` varchar(50) COLLATE utf8mb4_unicode_ci NOT NULL,
  `title` varchar(250) COLLATE utf8mb4_unicode_ci NOT NULL,
  `author` varchar(100) COLLATE utf8mb4_unicode_ci NOT NULL,
  `quantity` int(10) UNSIGNED NOT NULL,
  `rackNo` varchar(10) COLLATE utf8mb4_unicode_ci NOT NULL,
  `rowNo` varchar(10) COLLATE utf8mb4_unicode_ci NOT NULL,
  `img_path` varchar(191) COLLATE utf8mb4_unicode_ci NOT NULL,
  `about` text COLLATE utf8mb4_unicode_ci NOT NULL,
  `type` varchar(10) COLLATE utf8mb4_unicode_ci NOT NULL,
  `price` int(11) NOT NULL,
  `class_id` int(10) UNSIGNED NOT NULL,
  `school_id` int(10) UNSIGNED NOT NULL,
  `user_id` int(10) UNSIGNED NOT NULL,
  `created_at` timestamp NULL DEFAULT NULL,
  `updated_at` timestamp NULL DEFAULT NULL
) ENGINE=InnoDB DEFAULT CHARSET=utf8mb4 COLLATE=utf8mb4_unicode_ci;

--
-- Dumping data for table `books`
--

INSERT INTO `books` (`id`, `book_code`, `title`, `author`, `quantity`, `rackNo`, `rowNo`, `img_path`, `about`, `type`, `price`, `class_id`, `school_id`, `user_id`, `created_at`, `updated_at`) VALUES
(1, 'bk6845506', 'Optio ratione culpa iste.', 'Dr. Carole Mann Sr.', 34, '2', '1', 'https://lorempixel.com/150/150/cats/?48828', 'Consequuntur numquam natus itaque velit. Vitae et ut quam exercitationem tempora qui et. Eveniet et accusantium et nostrum dolores vitae.', 'Academic', 79, 9, 35, 25, '2020-10-28 06:24:00', '2020-10-28 06:24:00'),
(2, 'bk4546201', 'Eaque voluptates ea cupiditate iusto tempora architecto tempore quia.', 'Angelica Tromp', 13, '12', '8', 'https://lorempixel.com/150/150/cats/?24413', 'Autem qui dolores recusandae accusantium voluptas tenetur temporibus maiores. Explicabo quasi vel dolore animi cum minima odit. Ea voluptas dolor omnis.', 'Magazine', 205601, 13, 21, 23, '2020-10-28 06:24:00', '2020-10-28 06:24:00'),
(3, 'bk295587', 'Quis aut ratione et nihil qui.', 'Cristobal Schulist', 19, '3', '9', 'https://lorempixel.com/150/150/cats/?78881', 'Possimus illo repudiandae architecto illum placeat a. Inventore quos eveniet rerum est ut expedita eveniet. Et sequi voluptatum distinctio voluptate voluptas.', 'Other', 5531320, 2, 33, 23, '2020-10-28 06:24:00', '2020-10-28 06:24:00'),
(4, 'bk6647813', 'Et saepe iure maxime modi consequatur minus.', 'Evan Monahan', 13, '7', '2', 'https://lorempixel.com/150/150/cats/?42344', 'Quia nisi unde veritatis totam. Qui omnis exercitationem ipsa consequatur occaecati officia. Consequatur et itaque reiciendis iste.', 'Magazine', 74, 6, 44, 30, '2020-10-28 06:24:00', '2020-10-28 06:24:00'),
(5, 'bk8357165', 'A consectetur culpa provident saepe.', 'Bertram Rosenbaum', 5, '4', '12', 'https://lorempixel.com/150/150/cats/?59126', 'Tempora aut harum architecto molestiae. Nisi aspernatur et architecto quibusdam fuga neque enim. Voluptatem assumenda qui ab aut aut enim sint.', 'Academic', 600691863, 2, 29, 31, '2020-10-28 06:24:00', '2020-10-28 06:24:00'),
(6, 'bk9340920', 'Eos eum iure iure accusantium cum nesciunt.', 'Clair Sauer IV', 8, '8', '11', 'https://lorempixel.com/150/150/cats/?96445', 'Quam facere quibusdam ratione quis et numquam est. Assumenda ipsa expedita dolorem. Ea facilis rerum quo delectus quos ut.', 'Story', 1145455, 11, 49, 30, '2020-10-28 06:24:00', '2020-10-28 06:24:00'),
(7, 'bk6793073', 'Autem nihil ut voluptatem rerum dolores a.', 'Nico Littel', 8, '4', '4', 'https://lorempixel.com/150/150/cats/?36298', 'Repudiandae ex necessitatibus a sed reiciendis labore explicabo. Iure excepturi qui omnis optio. Nobis aperiam sapiente nihil perspiciatis officiis et ut.', 'Academic', 332269, 5, 1, 23, '2020-10-28 06:24:00', '2020-10-28 06:24:00'),
(8, 'bk4804935', 'Et quo similique laudantium eum.', 'Jennyfer O\'Hara', 13, '11', '10', 'https://lorempixel.com/150/150/cats/?25043', 'Asperiores error dolore quaerat sunt dicta est. Impedit similique soluta recusandae iste tempore modi adipisci. Est necessitatibus neque libero pariatur qui dolor consequatur.', 'Story', 245, 6, 22, 25, '2020-10-28 06:24:00', '2020-10-28 06:24:00'),
(9, 'bk9552705', 'Et illo voluptate ut impedit.', 'Providenci Paucek', 5, '2', '5', 'https://lorempixel.com/150/150/cats/?64051', 'Autem impedit debitis iure aut. Quis et placeat qui qui ad sapiente possimus veniam. Repellendus et sit consectetur eligendi sit dolorem.', 'Magazine', 3, 9, 34, 27, '2020-10-28 06:24:00', '2020-10-28 06:24:00'),
(10, 'bk4659352', 'Iusto fuga quam ratione rem nulla.', 'Adriana Sauer', 8, '7', '11', 'https://lorempixel.com/150/150/cats/?90707', 'Ipsum aut quia hic qui molestiae tempore architecto. Voluptatem sit tempora voluptates ad sapiente vitae quis tempora. Optio molestiae illum et saepe.', 'Magazine', 535, 9, 10, 31, '2020-10-28 06:24:00', '2020-10-28 06:24:00'),
(11, 'bk5873275', 'Repellendus assumenda officiis quo magnam ad ut.', 'Fatima Morar', 34, '8', '9', 'https://lorempixel.com/150/150/cats/?86015', 'Cum non sit aut in. Praesentium voluptatem ut ea. Repudiandae iste dolorum laboriosam suscipit.', 'Magazine', 5481927, 11, 26, 30, '2020-10-28 06:24:00', '2020-10-28 06:24:00'),
(12, 'bk5313884', 'Iusto dolorum enim cum nihil vel.', 'Ms. Sharon Rodriguez', 34, '9', '1', 'https://lorempixel.com/150/150/cats/?30848', 'Modi fugit ratione harum deserunt aut consequatur. Qui perspiciatis vero sit deleniti. Adipisci quibusdam ipsa earum enim ea voluptate.', 'Academic', 127105, 10, 8, 29, '2020-10-28 06:24:00', '2020-10-28 06:24:00'),
(13, 'bk8564793', 'Repellat omnis expedita repudiandae velit beatae.', 'Anna Sauer V', 19, '8', '9', 'https://lorempixel.com/150/150/cats/?21884', 'Et consequatur quis tempore autem sed quisquam. Quis sed illo fugit sed quia sit ut. Voluptate quia iure ratione ullam modi sed.', 'Magazine', 97311, 4, 30, 27, '2020-10-28 06:24:00', '2020-10-28 06:24:00'),
(14, 'bk3085769', 'Quia aliquam aspernatur commodi perferendis dolorem dolorum ut magni.', 'Savanah Feest DVM', 8, '3', '6', 'https://lorempixel.com/150/150/cats/?27660', 'Esse ipsa ex distinctio voluptatem qui dolor. Temporibus iste harum voluptas perspiciatis ex cumque. Reprehenderit nisi ea sunt doloribus.', 'Other', 196, 8, 43, 30, '2020-10-28 06:24:00', '2020-10-28 06:24:00'),
(15, 'bk3273903', 'Dolor reprehenderit praesentium labore velit veniam asperiores minus.', 'Raymond Carter', 5, '9', '5', 'https://lorempixel.com/150/150/cats/?34439', 'Magnam sint veniam et voluptatem maxime ab. Cumque cumque atque consequatur possimus eaque quia corrupti doloribus. Suscipit ipsa excepturi temporibus ut sed voluptatem error.', 'Academic', 75031116, 8, 20, 25, '2020-10-28 06:24:00', '2020-10-28 06:24:00'),
(16, 'bk8278099', 'Et sit explicabo totam aut vel optio totam optio.', 'Myles Beatty', 8, '6', '10', 'https://lorempixel.com/150/150/cats/?55590', 'Autem non optio expedita unde quidem aut unde fugiat. Eum tempora doloribus ut sint autem. Fuga necessitatibus praesentium voluptas ut perspiciatis.', 'Other', 939145825, 1, 8, 25, '2020-10-28 06:24:01', '2020-10-28 06:24:01'),
(17, 'bk3483184', 'Quae facere sapiente eum quaerat officiis.', 'Bettye Berge', 5, '11', '9', 'https://lorempixel.com/150/150/cats/?31734', 'A praesentium placeat nemo fugit in. Unde unde voluptatem sit. Atque sunt a vero optio.', 'Story', 571761125, 7, 15, 28, '2020-10-28 06:24:01', '2020-10-28 06:24:01'),
(18, 'bk72752', 'Voluptatem libero quia aperiam quia possimus.', 'Okey Mante', 19, '4', '10', 'https://lorempixel.com/150/150/cats/?49529', 'Aliquam mollitia optio non deserunt earum accusantium quisquam. Eum adipisci cum quam molestiae. Nesciunt reiciendis pariatur dolore et perferendis molestiae.', 'Other', 451111, 4, 8, 27, '2020-10-28 06:24:01', '2020-10-28 06:24:01'),
(19, 'bk8209628', 'Voluptas pariatur odio doloribus molestias suscipit voluptas adipisci.', 'Lula Fahey PhD', 5, '8', '11', 'https://lorempixel.com/150/150/cats/?98687', 'Ex et perspiciatis nihil aut velit. Quia alias harum perferendis voluptas eaque. Magnam ab fuga cupiditate doloribus et dolores.', 'Story', 8, 11, 14, 23, '2020-10-28 06:24:01', '2020-10-28 06:24:01'),
(20, 'bk6324613', 'Nemo commodi occaecati quam nostrum natus saepe minus.', 'Dr. Ivah Schaefer', 13, '6', '5', 'https://lorempixel.com/150/150/cats/?13406', 'Quisquam nihil aut est quia. Rerum dolores sed voluptatem ad ut voluptas. Praesentium magnam possimus aut tempore.', 'Academic', 438583, 2, 39, 29, '2020-10-28 06:24:01', '2020-10-28 06:24:01'),
(21, 'bk9232209', 'Expedita dolor ea pariatur qui eos.', 'Jevon Becker', 5, '5', '7', 'https://lorempixel.com/150/150/cats/?77579', 'Nihil quidem ut eaque dolor totam qui rerum repellat. Non non temporibus libero quia. Sint laborum quis praesentium consequatur.', 'Academic', 32763, 6, 23, 23, '2020-10-28 06:24:01', '2020-10-28 06:24:01'),
(22, 'bk6681180', 'Inventore et laboriosam sapiente facere autem.', 'Dr. Wayne Towne Sr.', 13, '7', '12', 'https://lorempixel.com/150/150/cats/?89758', 'Aut ipsam commodi atque quas aut beatae quis eveniet. Ad consectetur rerum consequatur voluptatem distinctio impedit et. At corrupti odit excepturi pariatur in sed.', 'Magazine', 237623388, 7, 47, 30, '2020-10-28 06:24:01', '2020-10-28 06:24:01'),
(23, 'bk7438097', 'Ipsam labore possimus nisi voluptas.', 'Davion Bernhard', 19, '7', '7', 'https://lorempixel.com/150/150/cats/?11350', 'Ipsum enim eos omnis possimus eum. Sunt maxime qui sit in accusantium aut consequuntur. Officiis architecto neque ea.', 'Story', 337, 7, 37, 23, '2020-10-28 06:24:01', '2020-10-28 06:24:01'),
(24, 'bk3375551', 'Vitae consequuntur quisquam quos quis est fugit ea.', 'Abner Erdman', 5, '9', '12', 'https://lorempixel.com/150/150/cats/?98037', 'Ut unde consequatur perspiciatis sit voluptatem. Dolorem rerum qui ut aliquam maiores. A blanditiis perspiciatis aut voluptatibus perferendis.', 'Academic', 7275, 1, 9, 28, '2020-10-28 06:24:01', '2020-10-28 06:24:01'),
(25, 'bk30813', 'Nemo cumque aspernatur vel fuga.', 'Mya Ankunding Sr.', 19, '7', '8', 'https://lorempixel.com/150/150/cats/?94772', 'Aliquam non et praesentium. Exercitationem odit at quis est. Ipsam rerum fugiat totam ipsam.', 'Academic', 9336210, 10, 33, 23, '2020-10-28 06:24:01', '2020-10-28 06:24:01'),
(26, 'bk2463570', 'Omnis ratione reiciendis qui vero consequatur quia non voluptates.', 'Carley Marquardt', 8, '12', '2', 'https://lorempixel.com/150/150/cats/?65130', 'Qui aut dolores velit laboriosam dolore qui. Voluptas dolor ea ut labore alias et. Dolor quos id quibusdam voluptas ipsa odit id.', 'Academic', 37, 7, 51, 22, '2020-10-28 06:24:01', '2020-10-28 06:24:01'),
(27, 'bk4089420', 'Sed quisquam quos doloribus vero sit eos.', 'Shanelle Bartell', 19, '8', '2', 'https://lorempixel.com/150/150/cats/?12752', 'Officia est occaecati aut ut et id dolores. Quo exercitationem enim facilis est eum blanditiis ad. Et dolore quam dolores voluptatem corrupti sed beatae.', 'Story', 5453313, 10, 25, 22, '2020-10-28 06:24:01', '2020-10-28 06:24:01'),
(28, 'bk1535746', 'Atque fuga officia in.', 'Leslie Bednar', 19, '12', '8', 'https://lorempixel.com/150/150/cats/?45289', 'Pariatur rerum odio neque eos. Voluptas corrupti sit sed quo. Aut quisquam voluptas nam labore.', 'Academic', 46, 9, 34, 25, '2020-10-28 06:24:01', '2020-10-28 06:24:01'),
(29, 'bk6931455', 'Non cumque asperiores non sit.', 'Alda Schultz', 13, '2', '9', 'https://lorempixel.com/150/150/cats/?19943', 'Incidunt dolore ipsum cumque error. Adipisci ab est magni quas quis atque. Accusamus architecto fugit quia esse.', 'Story', 743414, 1, 8, 27, '2020-10-28 06:24:01', '2020-10-28 06:24:01'),
(30, 'bk9334799', 'Eos dolorum provident nisi consequatur sequi.', 'Marilou Kutch', 34, '8', '7', 'https://lorempixel.com/150/150/cats/?80784', 'Dignissimos atque quia fugiat eligendi vel. Quasi porro illo deleniti porro quisquam. Aut consequuntur perferendis quos inventore aut aut culpa.', 'Other', 25253, 7, 11, 23, '2020-10-28 06:24:01', '2020-10-28 06:24:01'),
(31, 'bk5531104', 'Est sit asperiores nihil.', 'Beth Bode', 13, '9', '9', 'https://lorempixel.com/150/150/cats/?41124', 'Temporibus magnam hic repellat debitis. Ducimus architecto accusantium quaerat harum odit. Magni iste distinctio ex.', 'Story', 3250, 3, 26, 22, '2020-10-28 06:24:01', '2020-10-28 06:24:01'),
(32, 'bk7547862', 'Officiis est voluptatem id.', 'Meagan Abbott', 5, '5', '2', 'https://lorempixel.com/150/150/cats/?25531', 'Deleniti ut eius laudantium odio. Ea eaque voluptas doloremque adipisci. Est cumque ut non.', 'Academic', 8375329, 8, 15, 29, '2020-10-28 06:24:01', '2020-10-28 06:24:01'),
(33, 'bk2576842', 'Sint laboriosam occaecati et rerum incidunt voluptatem amet.', 'Lea Baumbach PhD', 8, '3', '4', 'https://lorempixel.com/150/150/cats/?16294', 'Perferendis consequatur consequatur qui suscipit. Sit et perferendis iure quaerat earum similique. Rerum quaerat laudantium sit voluptas qui.', 'Story', 17, 10, 4, 31, '2020-10-28 06:24:01', '2020-10-28 06:24:01'),
(34, 'bk9965877', 'Impedit assumenda et sint voluptas repudiandae.', 'Prof. Willa Haag', 8, '9', '3', 'https://lorempixel.com/150/150/cats/?96396', 'Nemo suscipit ut quia. Omnis exercitationem est facere dignissimos placeat. Rerum quas consequuntur unde tempore.', 'Story', 72920069, 3, 19, 22, '2020-10-28 06:24:01', '2020-10-28 06:24:01'),
(35, 'bk1235792', 'Molestiae repellat repudiandae amet.', 'Mrs. Lenora Trantow Jr.', 5, '3', '7', 'https://lorempixel.com/150/150/cats/?68053', 'Natus harum id ut accusantium et atque reiciendis. Vitae et quia minima sapiente. Aut aut alias aperiam at facere quaerat.', 'Magazine', 9691, 3, 8, 23, '2020-10-28 06:24:01', '2020-10-28 06:24:01'),
(36, 'bk6122609', 'Sapiente velit a omnis nemo dignissimos unde rerum consequatur.', 'Mr. Garrett Oberbrunner', 13, '7', '1', 'https://lorempixel.com/150/150/cats/?71731', 'Unde maxime aspernatur omnis nostrum magnam culpa blanditiis. Et dolorum qui explicabo. Modi vel mollitia consequatur qui ut.', 'Academic', 58, 1, 29, 22, '2020-10-28 06:24:01', '2020-10-28 06:24:01'),
(37, 'bk629530', 'Placeat accusantium quae nisi.', 'Nelson Rohan', 13, '10', '6', 'https://lorempixel.com/150/150/cats/?75122', 'Qui at vero voluptatem dolorem. Totam sed autem rem veniam aliquid qui facere qui. Praesentium eos culpa provident voluptas et accusamus nemo.', 'Magazine', 533940889, 4, 37, 29, '2020-10-28 06:24:01', '2020-10-28 06:24:01'),
(38, 'bk6431166', 'Iste minus qui aut aspernatur est voluptas vel.', 'Mortimer Klocko', 8, '5', '11', 'https://lorempixel.com/150/150/cats/?38388', 'Repudiandae dolores alias at quia est et. Sed qui voluptatem placeat. Corporis corporis quis et aliquam quis non.', 'Academic', 384113, 13, 28, 25, '2020-10-28 06:24:01', '2020-10-28 06:24:01'),
(39, 'bk3401165', 'Eius eius aut totam dolores explicabo aut.', 'Stephan Emard', 8, '6', '7', 'https://lorempixel.com/150/150/cats/?68601', 'Eum quis eum id cumque. Sed ratione itaque suscipit sit. Soluta amet rerum porro quibusdam eum.', 'Other', 5, 12, 7, 31, '2020-10-28 06:24:01', '2020-10-28 06:24:01'),
(40, 'bk5294887', 'Suscipit repellat earum ipsum et.', 'Clinton Osinski', 5, '9', '3', 'https://lorempixel.com/150/150/cats/?60125', 'Aspernatur optio tempora et quia aut. Eum possimus quis nostrum non vel est. Adipisci dolor debitis at illo.', 'Other', 738574436, 3, 35, 28, '2020-10-28 06:24:01', '2020-10-28 06:24:01'),
(41, 'bk3346875', 'Ad reprehenderit et adipisci et rem.', 'Mr. Trystan Dibbert III', 8, '1', '2', 'https://lorempixel.com/150/150/cats/?15961', 'Vero libero ad recusandae quis molestiae consectetur consequuntur. Officiis odit quisquam neque sequi error ea omnis praesentium. Vel quia quibusdam nostrum accusamus sunt voluptas ut.', 'Academic', 7, 6, 45, 23, '2020-10-28 06:24:01', '2020-10-28 06:24:01'),
(42, 'bk8826311', 'Officiis ea impedit sit saepe.', 'Mr. Dorian Bernhard', 5, '10', '12', 'https://lorempixel.com/150/150/cats/?29832', 'Nihil ut commodi mollitia rerum sapiente. Aliquam velit quidem mollitia ipsa ut voluptatum velit. Optio quibusdam cum officia velit.', 'Magazine', 20430, 6, 26, 23, '2020-10-28 06:24:01', '2020-10-28 06:24:01'),
(43, 'bk1541827', 'Facere ducimus aut aspernatur ut.', 'Ozella Schowalter V', 8, '10', '9', 'https://lorempixel.com/150/150/cats/?76251', 'Aut ratione provident ut et quo eos quam provident. Aut distinctio voluptas omnis soluta. Ut amet voluptatum soluta quo deleniti.', 'Academic', 53, 3, 41, 28, '2020-10-28 06:24:01', '2020-10-28 06:24:01'),
(44, 'bk7263877', 'Eligendi ipsam recusandae natus ab aspernatur quos.', 'Mrs. Laurine Grimes', 5, '10', '4', 'https://lorempixel.com/150/150/cats/?48609', 'Et et assumenda labore amet aut soluta et. Architecto vel vitae aut eum illum odio et. Ex corporis ab vel rerum qui.', 'Academic', 987210, 5, 19, 27, '2020-10-28 06:24:01', '2020-10-28 06:24:01'),
(45, 'bk2874762', 'Est quia ipsam dolor aliquid qui adipisci.', 'Amara Kreiger MD', 34, '8', '8', 'https://lorempixel.com/150/150/cats/?26257', 'Temporibus qui ut et repellat ut placeat. Voluptas unde pariatur cumque est minima. Id libero cumque laborum nihil.', 'Magazine', 99, 10, 40, 23, '2020-10-28 06:24:01', '2020-10-28 06:24:01'),
(46, 'bk8574458', 'Corrupti iste voluptas vel amet possimus.', 'Genesis Dickens', 8, '3', '8', 'https://lorempixel.com/150/150/cats/?50366', 'Ipsum saepe beatae dolore facere minima animi id. Id illo et praesentium illum eum eum. Nesciunt beatae commodi et saepe enim voluptatum in eos.', 'Magazine', 7575021, 1, 19, 26, '2020-10-28 06:24:01', '2020-10-28 06:24:01'),
(47, 'bk8094719', 'Est nemo veniam voluptas voluptas.', 'Ms. Sylvia Marquardt III', 19, '3', '11', 'https://lorempixel.com/150/150/cats/?71714', 'Recusandae quibusdam molestiae blanditiis fuga. Rerum placeat corrupti nisi nam harum suscipit. Placeat ut ut quidem.', 'Academic', 4832, 3, 11, 25, '2020-10-28 06:24:01', '2020-10-28 06:24:01'),
(48, 'bk7932219', 'Quis reprehenderit impedit autem explicabo et nostrum eveniet.', 'Sabina Dooley', 13, '11', '7', 'https://lorempixel.com/150/150/cats/?39406', 'Ullam molestiae earum maiores voluptate tempore. Architecto rerum natus praesentium architecto id delectus voluptatum omnis. Voluptatem corrupti consequatur et deleniti.', 'Academic', 9946, 7, 32, 30, '2020-10-28 06:24:01', '2020-10-28 06:24:01'),
(49, 'bk8177092', 'Libero quidem minus maiores consequatur recusandae magnam.', 'Stanley Glover', 34, '7', '10', 'https://lorempixel.com/150/150/cats/?33536', 'Nostrum vel hic temporibus officia autem. Eos cum perferendis aliquam vel voluptatem omnis. Repellendus veritatis magni odio.', 'Academic', 6314257, 2, 3, 28, '2020-10-28 06:24:01', '2020-10-28 06:24:01'),
(50, 'bk8282635', 'Consequatur quidem voluptatem aut expedita rerum eveniet qui.', 'Kianna Kertzmann', 8, '9', '4', 'https://lorempixel.com/150/150/cats/?88441', 'Aut vel ullam sint. Distinctio mollitia omnis earum rerum. Officiis expedita quia ab.', 'Academic', 3, 11, 39, 28, '2020-10-28 06:24:01', '2020-10-28 06:24:01');

-- --------------------------------------------------------

--
-- Table structure for table `categories`
--

CREATE TABLE `categories` (
  `id` bigint(20) UNSIGNED NOT NULL,
  `school_id` bigint(20) UNSIGNED NOT NULL,
  `name` varchar(191) COLLATE utf8mb4_unicode_ci NOT NULL,
  `status` tinyint(4) NOT NULL DEFAULT 1,
  `created_at` timestamp NULL DEFAULT NULL,
  `updated_at` timestamp NULL DEFAULT NULL
) ENGINE=InnoDB DEFAULT CHARSET=utf8mb4 COLLATE=utf8mb4_unicode_ci;

--
-- Dumping data for table `categories`
--

INSERT INTO `categories` (`id`, `school_id`, `name`, `status`, `created_at`, `updated_at`) VALUES
(1, 1, 'Good', 1, '2020-12-31 09:50:57', '2020-12-31 11:08:09'),
(3, 1, 'Blue', 1, '2021-01-04 07:33:03', '2021-01-04 08:37:21');

-- --------------------------------------------------------

--
-- Table structure for table `certificates`
--

CREATE TABLE `certificates` (
  `id` bigint(20) UNSIGNED NOT NULL,
  `created_at` timestamp NULL DEFAULT NULL,
  `updated_at` timestamp NULL DEFAULT NULL,
  `file_path` varchar(191) COLLATE utf8mb4_unicode_ci NOT NULL,
  `title` varchar(191) COLLATE utf8mb4_unicode_ci NOT NULL,
  `given_to` int(11) NOT NULL,
  `active` tinyint(4) NOT NULL,
  `school_id` int(10) UNSIGNED NOT NULL,
  `user_id` int(10) UNSIGNED NOT NULL
) ENGINE=InnoDB DEFAULT CHARSET=utf8mb4 COLLATE=utf8mb4_unicode_ci;

--
-- Dumping data for table `certificates`
--

INSERT INTO `certificates` (`id`, `created_at`, `updated_at`, `file_path`, `title`, `given_to`, `active`, `school_id`, `user_id`) VALUES
(1, '2020-10-28 06:24:21', '2020-10-28 06:24:21', 'https://turner.com/et-velit-et-odio-sit.html', 'Ipsa qui non aspernatur maxime quam modi quia.', 5202467, 0, 24, 108),
(2, '2020-10-28 06:24:21', '2020-10-28 06:24:21', 'http://bogisich.info/placeat-consequuntur-deserunt-dolores-deleniti-distinctio-optio-cupiditate', 'Expedita sit illum commodi vitae maiores repellendus.', 2253136, 1, 50, 85),
(3, '2020-10-28 06:24:22', '2020-10-28 06:24:22', 'http://harber.biz/quaerat-soluta-tempora-blanditiis-blanditiis', 'Blanditiis aut voluptatem ipsum autem veniam.', 8807394, 0, 13, 173),
(4, '2020-10-28 06:24:22', '2020-10-28 06:24:22', 'http://www.fay.com/et-id-quidem-maxime-in-ut-repudiandae', 'Consequatur officia adipisci officia architecto.', 5486484, 1, 27, 196),
(5, '2020-10-28 06:24:22', '2020-10-28 06:24:22', 'http://www.heidenreich.org/consequatur-sapiente-blanditiis-vel-ut', 'Placeat rerum eius quod incidunt.', 6326221, 1, 30, 8),
(6, '2020-10-28 06:24:22', '2020-10-28 06:24:22', 'http://olson.com/', 'Fuga et nam ipsa voluptas.', 7883688, 0, 19, 228),
(7, '2020-10-28 06:24:22', '2020-10-28 06:24:22', 'http://donnelly.com/', 'Qui aliquam labore vitae minus eum reprehenderit.', 6326221, 1, 18, 86),
(8, '2020-10-28 06:24:22', '2020-10-28 06:24:22', 'http://dickinson.com/et-consectetur-veniam-iusto-facere-optio-dicta-et', 'Assumenda quaerat eligendi eius odio.', 6284574, 1, 36, 35),
(9, '2020-10-28 06:24:22', '2020-10-28 06:24:22', 'http://www.kihn.net/', 'Quas itaque quo quod.', 1076681, 1, 47, 67),
(10, '2020-10-28 06:24:22', '2020-10-28 06:24:22', 'http://www.daugherty.com/odit-inventore-facere-repellat-iste-repudiandae-quisquam-voluptate.html', 'Quo ipsa ducimus aut rerum accusantium id iusto.', 4153705, 1, 12, 221),
(11, '2020-10-28 06:24:22', '2020-10-28 06:24:22', 'http://www.hand.com/saepe-quia-et-et-nobis-laudantium.html', 'Numquam ab eos saepe consequatur et vel quia.', 3814034, 0, 48, 55),
(12, '2020-10-28 06:24:22', '2020-10-28 06:24:22', 'http://kirlin.com/consequatur-aut-provident-minima-saepe-adipisci-aut-nemo-mollitia.html', 'Alias eligendi ipsam voluptatem corrupti voluptatem.', 1373799, 0, 28, 215),
(13, '2020-10-28 06:24:22', '2020-10-28 06:24:22', 'https://www.botsford.com/dolores-maiores-quo-excepturi-reprehenderit-cumque', 'Doloremque est rem occaecati qui saepe fuga dignissimos recusandae.', 765807, 0, 23, 224),
(14, '2020-10-28 06:24:22', '2020-10-28 06:24:22', 'https://www.gaylord.com/rerum-fuga-ipsa-expedita-tempora', 'Eligendi commodi necessitatibus quod perferendis minima.', 3904042, 0, 3, 218),
(15, '2020-10-28 06:24:22', '2020-10-28 06:24:22', 'http://www.russel.net/et-asperiores-reiciendis-aut-sit-laudantium-itaque-qui.html', 'Odio maxime natus odio soluta non.', 1954445, 0, 5, 54),
(16, '2020-10-28 06:24:22', '2020-10-28 06:24:22', 'http://bartoletti.com/consequatur-recusandae-dolorum-vel-sequi-cumque-ea', 'Similique dicta impedit suscipit voluptatibus voluptatem.', 2136437, 1, 37, 171),
(17, '2020-10-28 06:24:22', '2020-10-28 06:24:22', 'http://johnson.com/minus-quidem-facilis-minima-error-ut-omnis.html', 'Necessitatibus nihil voluptate ut laudantium.', 5128255, 1, 13, 110),
(18, '2020-10-28 06:24:22', '2020-10-28 06:24:22', 'http://christiansen.net/ea-dolor-dolores-numquam', 'Et recusandae recusandae sint exercitationem nostrum quaerat aut.', 5293452, 1, 46, 206),
(19, '2020-10-28 06:24:22', '2020-10-28 06:24:22', 'http://schultz.com/sint-natus-optio-quaerat-aut-consequatur', 'Est nam asperiores fugiat odit dolores maxime.', 2281988, 1, 49, 28),
(20, '2020-10-28 06:24:22', '2020-10-28 06:24:22', 'https://www.hoeger.com/itaque-et-quia-cupiditate-enim-culpa-ut', 'Est amet dolorum natus ex aut.', 4920151, 1, 24, 228),
(21, '2020-10-28 06:24:22', '2020-10-28 06:24:22', 'http://www.walter.com/quo-mollitia-sed-dolores-dolorem.html', 'Quibusdam ipsum voluptates ut ut aut dolores.', 4486827, 1, 13, 199),
(22, '2020-10-28 06:24:22', '2020-10-28 06:24:22', 'http://www.brakus.com/nisi-aliquid-quis-accusamus-est', 'Excepturi aliquid ad et dolor.', 6296949, 1, 8, 2),
(23, '2020-10-28 06:24:22', '2020-10-28 06:24:22', 'http://www.okuneva.org/est-deleniti-nihil-ab-velit.html', 'Rerum expedita omnis voluptatibus excepturi.', 3511245, 0, 4, 177),
(24, '2020-10-28 06:24:22', '2020-10-28 06:24:22', 'http://www.beer.com/labore-rem-saepe-sequi-quibusdam-illum', 'Aspernatur ut est natus quod vitae.', 1076681, 1, 35, 82),
(25, '2020-10-28 06:24:22', '2020-10-28 06:24:22', 'http://osinski.com/', 'Quidem suscipit hic qui doloribus qui aut accusantium.', 689293, 1, 37, 23),
(26, '2020-10-28 06:24:22', '2020-10-28 06:24:22', 'http://www.veum.com/aliquam-asperiores-omnis-magni-et-recusandae.html', 'Modi nemo minus ipsa.', 7606811, 1, 21, 211),
(27, '2020-10-28 06:24:22', '2020-10-28 06:24:22', 'http://grimes.com/voluptatum-exercitationem-magni-placeat-quae-molestiae', 'Cumque consequatur quos consectetur distinctio ipsum.', 6949307, 0, 27, 113),
(28, '2020-10-28 06:24:22', '2020-10-28 06:24:22', 'http://goyette.com/illum-sit-ad-saepe-ratione-voluptate-sit-maxime.html', 'Et totam autem porro error neque qui ut nisi.', 709312, 1, 39, 46),
(29, '2020-10-28 06:24:22', '2020-10-28 06:24:22', 'https://www.stark.com/voluptatem-rem-at-nihil-culpa-voluptatem', 'Quam voluptas deserunt nulla animi sapiente quae.', 2036656, 1, 27, 257),
(30, '2020-10-28 06:24:22', '2020-10-28 06:24:22', 'https://www.konopelski.com/voluptate-delectus-adipisci-et', 'Consequuntur sint culpa omnis reprehenderit voluptatem sed omnis.', 8557557, 0, 36, 92),
(31, '2020-10-28 06:24:22', '2020-10-28 06:24:22', 'https://yost.info/vitae-dicta-est-quia-sint-est.html', 'Quisquam excepturi aut amet cupiditate.', 34914, 0, 8, 113),
(32, '2020-10-28 06:24:22', '2020-10-28 06:24:22', 'http://kautzer.info/velit-rerum-praesentium-autem-cupiditate', 'Atque amet quasi tempore velit qui minus.', 4964603, 1, 44, 184),
(33, '2020-10-28 06:24:22', '2020-10-28 06:24:22', 'http://bradtke.com/deserunt-quisquam-nulla-possimus-aut-et.html', 'Aut asperiores laborum quibusdam quae laudantium quis consequatur maxime.', 3664500, 1, 17, 197),
(34, '2020-10-28 06:24:22', '2020-10-28 06:24:22', 'https://www.lindgren.com/ipsa-voluptas-qui-voluptas', 'Ut vitae eligendi molestiae molestiae doloribus sunt quasi.', 8123404, 0, 10, 242),
(35, '2020-10-28 06:24:22', '2020-10-28 06:24:22', 'http://kuhlman.biz/et-occaecati-distinctio-eum', 'Suscipit et sed modi eaque.', 1137277, 1, 46, 187),
(36, '2020-10-28 06:24:22', '2020-10-28 06:24:22', 'http://www.hartmann.com/architecto-voluptatum-suscipit-eius-rerum-omnis-quidem', 'Et perspiciatis suscipit nesciunt nihil libero aut temporibus quos.', 2281988, 0, 26, 10),
(37, '2020-10-28 06:24:22', '2020-10-28 06:24:22', 'http://www.powlowski.com/inventore-totam-officia-voluptates-eaque-laudantium-enim-id', 'Labore incidunt ipsa facere sed similique.', 5768075, 0, 34, 30),
(38, '2020-10-28 06:24:22', '2020-10-28 06:24:22', 'http://hessel.com/est-ipsa-vero-temporibus-numquam-quod-quia-quas-voluptatem', 'Consequatur magnam nihil magnam dicta aperiam impedit.', 5959945, 1, 10, 221),
(39, '2020-10-28 06:24:22', '2020-10-28 06:24:22', 'http://tillman.com/', 'Occaecati esse voluptatem eum vel nisi eligendi quisquam odio.', 5300341, 1, 28, 203),
(40, '2020-10-28 06:24:23', '2020-10-28 06:24:23', 'https://www.kuhic.com/quia-consequatur-nesciunt-molestias-perferendis-sapiente', 'Qui et corrupti qui sed.', 8104302, 0, 46, 1),
(41, '2020-10-28 06:24:23', '2020-10-28 06:24:23', 'http://www.nitzsche.com/quam-aut-cum-eos-in-aut-iste-ratione.html', 'Et velit ut nemo quod provident.', 2253136, 0, 32, 57),
(42, '2020-10-28 06:24:23', '2020-10-28 06:24:23', 'http://lakin.biz/quos-non-et-et-incidunt.html', 'Suscipit atque placeat officiis aut ut nemo magni.', 336996, 1, 33, 236),
(43, '2020-10-28 06:24:23', '2020-10-28 06:24:23', 'http://lang.net/', 'Eum suscipit non eum sed cumque eum.', 3246019, 1, 50, 91),
(44, '2020-10-28 06:24:23', '2020-10-28 06:24:23', 'http://harber.com/provident-rem-corporis-dignissimos', 'Corporis tempore voluptatibus cum aut.', 5768075, 1, 9, 245),
(45, '2020-10-28 06:24:23', '2020-10-28 06:24:23', 'http://www.eichmann.com/consectetur-quia-non-eligendi', 'Velit vero quis sit non tenetur iusto veniam fuga.', 4003335, 0, 22, 55),
(46, '2020-10-28 06:24:23', '2020-10-28 06:24:23', 'http://koelpin.biz/sapiente-incidunt-similique-et-laboriosam.html', 'Nisi magnam ea laborum qui.', 8999766, 0, 13, 43),
(47, '2020-10-28 06:24:23', '2020-10-28 06:24:23', 'http://hackett.info/', 'Ducimus quidem ut animi quia in hic.', 6397436, 1, 6, 221),
(48, '2020-10-28 06:24:23', '2020-10-28 06:24:23', 'http://www.abernathy.com/itaque-neque-illum-consequuntur-odit.html', 'Natus qui aut quis dolorem.', 9142896, 1, 46, 231),
(49, '2020-10-28 06:24:23', '2020-10-28 06:24:23', 'http://trantow.com/est-nihil-quia-dolor-ut.html', 'Iure ipsum labore officia et eos consequatur.', 6404180, 1, 42, 91),
(50, '2020-10-28 06:24:23', '2020-10-28 06:24:23', 'https://www.volkman.biz/quam-odit-fuga-exercitationem-id', 'Impedit unde ipsa et ut voluptatem asperiores quis.', 2341800, 1, 26, 33);

-- --------------------------------------------------------

--
-- Table structure for table `classes`
--

CREATE TABLE `classes` (
  `id` bigint(20) UNSIGNED NOT NULL,
  `name` varchar(191) COLLATE utf8mb4_unicode_ci NOT NULL,
  `class_number` varchar(191) COLLATE utf8mb4_unicode_ci NOT NULL,
  `school_id` int(10) UNSIGNED NOT NULL,
  `group` varchar(191) COLLATE utf8mb4_unicode_ci NOT NULL,
  `status` tinyint(4) NOT NULL DEFAULT 1 COMMENT '1=active,2=inactive',
  `created_at` timestamp NULL DEFAULT NULL,
  `updated_at` timestamp NULL DEFAULT NULL
) ENGINE=InnoDB DEFAULT CHARSET=utf8mb4 COLLATE=utf8mb4_unicode_ci;

--
-- Dumping data for table `classes`
--

INSERT INTO `classes` (`id`, `name`, `class_number`, `school_id`, `group`, `status`, `created_at`, `updated_at`) VALUES
(1, 'Zero', '0', 1, '', 1, '2020-10-28 06:23:22', '2021-01-17 11:45:39'),
(2, 'One', '1', 1, 'Sc', 1, '2020-10-28 06:23:22', '2021-01-17 09:16:55'),
(3, 'Two', '2', 1, '', 1, '2020-10-28 06:23:22', '2020-10-28 06:23:22'),
(4, 'Three', '3', 1, '', 1, '2020-10-28 06:23:22', '2020-10-28 06:23:22'),
(5, 'Four', '4', 1, '', 1, '2020-10-28 06:23:22', '2020-12-01 07:57:03'),
(6, 'Five', '5', 1, '', 1, '2020-10-28 06:23:22', '2020-10-28 06:23:22'),
(7, 'Six', '6', 1, '', 1, '2020-10-28 06:23:22', '2020-10-28 06:23:22'),
(8, 'Seven', '7', 1, '', 1, '2020-10-28 06:23:22', '2020-10-28 06:23:22'),
(9, 'Eight', '8', 1, 'arts', 1, '2020-10-28 06:23:22', '2020-10-28 06:23:22'),
(10, 'Nine', '9', 1, 'arts', 1, '2020-10-28 06:23:22', '2020-10-28 06:23:22'),
(11, 'Ten', '10', 1, 'science', 1, '2020-10-28 06:23:22', '2020-10-28 06:23:22'),
(12, 'Eleven', '11', 1, 'commerce', 1, '2020-10-28 06:23:23', '2020-10-28 06:23:23'),
(13, 'Twelve', '12', 1, 'arts', 1, '2020-10-28 06:23:23', '2020-10-28 06:23:23'),
(14, 'Grade 1', 'Grade 1', 1, 'ff', 1, '2020-11-18 05:48:19', '2020-11-18 05:48:19'),
(15, 'Grade 2', 'Grade 2', 1, 'dfdf', 1, '2020-11-18 06:09:40', '2020-11-18 06:09:40'),
(16, 'Grade 3', 'Grade 3', 1, 'fgfg', 1, '2020-11-18 06:30:13', '2020-11-18 06:30:13'),
(17, 'One', '1', 2, '', 1, '2020-12-21 07:18:18', '2020-12-21 07:18:18'),
(18, 'Play', '14', 1, '', 1, '2021-01-17 09:10:48', '2021-01-17 09:10:48');

-- --------------------------------------------------------

--
-- Table structure for table `committees`
--

CREATE TABLE `committees` (
  `id` bigint(20) UNSIGNED NOT NULL,
  `school_id` int(10) UNSIGNED NOT NULL,
  `name` varchar(191) COLLATE utf8mb4_unicode_ci NOT NULL,
  `gender` tinyint(4) DEFAULT NULL,
  `religon` tinyint(4) DEFAULT NULL,
  `dob` varchar(50) COLLATE utf8mb4_unicode_ci DEFAULT NULL,
  `bloodgroup` tinyint(4) DEFAULT NULL,
  `email` varchar(191) COLLATE utf8mb4_unicode_ci DEFAULT NULL,
  `nid` varchar(191) COLLATE utf8mb4_unicode_ci DEFAULT NULL,
  `mobile` varchar(191) COLLATE utf8mb4_unicode_ci DEFAULT NULL,
  `profession` varchar(191) COLLATE utf8mb4_unicode_ci DEFAULT NULL,
  `education` varchar(191) COLLATE utf8mb4_unicode_ci DEFAULT NULL,
  `image` varchar(200) COLLATE utf8mb4_unicode_ci DEFAULT NULL,
  `priority` int(11) DEFAULT NULL,
  `designation` varchar(191) COLLATE utf8mb4_unicode_ci DEFAULT NULL,
  `marritalstatus` tinyint(4) DEFAULT NULL,
  `startdate` varchar(50) COLLATE utf8mb4_unicode_ci DEFAULT NULL,
  `enddate` varchar(50) COLLATE utf8mb4_unicode_ci DEFAULT NULL,
  `father_name` varchar(191) COLLATE utf8mb4_unicode_ci DEFAULT NULL,
  `mother_name` varchar(191) COLLATE utf8mb4_unicode_ci DEFAULT NULL,
  `address` varchar(191) COLLATE utf8mb4_unicode_ci DEFAULT NULL,
  `status` tinyint(4) DEFAULT NULL,
  `nationality` varchar(200) COLLATE utf8mb4_unicode_ci DEFAULT NULL,
  `created_at` timestamp NULL DEFAULT NULL,
  `updated_at` timestamp NULL DEFAULT NULL
) ENGINE=InnoDB DEFAULT CHARSET=utf8mb4 COLLATE=utf8mb4_unicode_ci;

--
-- Dumping data for table `committees`
--

INSERT INTO `committees` (`id`, `school_id`, `name`, `gender`, `religon`, `dob`, `bloodgroup`, `email`, `nid`, `mobile`, `profession`, `education`, `image`, `priority`, `designation`, `marritalstatus`, `startdate`, `enddate`, `father_name`, `mother_name`, `address`, `status`, `nationality`, `created_at`, `updated_at`) VALUES
(6, 1, 'Xyla Malone', 2, 1, '2020-12-01', 2, 'jawuny@mailinator.com', 'Nisi provident qui', '2025588', 'Aut doloribus nisi n', 'Ut voluptas sunt su', NULL, NULL, '2', 2, '2020-12-07', '1970-01-01', 'Patrick Hudson', 'Avram Wynn', 'Architecto sunt et c', 1, '114', '2020-12-15 05:34:55', '2020-12-15 05:35:19'),
(7, 1, 'Latifah Donovan', 1, 1, '2020-12-07', 4, 'sazixup@mailinator.com', 'Dolor laborum Asper', 'Sint dolore sed recu', 'Tempora minim ex asp', 'Consequuntur rerum c', 'http://192.168.0.109:8001/storage/FA20165757S/FA20165757H/2021/SC/1609573768.png', NULL, '8', 1, '1970-01-01', '1970-01-01', 'Hamilton Frost', 'Giacomo Valentine', 'Quaerat tempor ea id', 1, '153', '2020-12-15 07:04:48', '2021-01-02 07:49:28'),
(8, 1, 'Winifred Collier', 1, 5, '2020-23-12', 1, 'bodanizod@mailinator.com', 'Quis ea inventore in', 'Hic magna assumenda', 'Ea consequuntur sapi', 'Minus ea perferendis', 'http://127.0.0.1:8000/storage/FA20165757S/FA20165757H/2020/SC/1608018875.png', NULL, '4', 1, '1986-23-10', '1988-23-03', 'Melanie Hubbard', 'Duncan Parks', 'Culpa qui eaque aspe', 1, '157', '2020-12-15 07:54:36', '2020-12-15 07:54:36'),
(9, 1, 'Suki Torres', 2, 5, '2014-15-03', 4, 'zigak@mailinator.com', 'Nostrum mollit maior', 'Earum non mollit qui', 'Esse ducimus est p', 'Ut tempore sit pos', '', NULL, '8', 2, '2009-12-02', '1975-03-06', 'Wade Ewing', 'Julian Mills', 'Voluptate proident', 1, '94', '2020-12-15 08:06:46', '2020-12-15 08:06:46');

-- --------------------------------------------------------

--
-- Table structure for table `complains`
--

CREATE TABLE `complains` (
  `id` bigint(20) UNSIGNED NOT NULL,
  `school_id` bigint(20) UNSIGNED NOT NULL,
  `name` varchar(191) COLLATE utf8mb4_unicode_ci NOT NULL,
  `contactnumber` varchar(191) COLLATE utf8mb4_unicode_ci DEFAULT NULL,
  `email` varchar(191) COLLATE utf8mb4_unicode_ci DEFAULT NULL,
  `description` longtext COLLATE utf8mb4_unicode_ci DEFAULT NULL,
  `ip_address` varchar(45) COLLATE utf8mb4_unicode_ci DEFAULT NULL,
  `remark` varchar(191) COLLATE utf8mb4_unicode_ci DEFAULT NULL,
  `status` tinyint(4) NOT NULL DEFAULT 1,
  `created_at` timestamp NULL DEFAULT NULL,
  `updated_at` timestamp NULL DEFAULT NULL
) ENGINE=InnoDB DEFAULT CHARSET=utf8mb4 COLLATE=utf8mb4_unicode_ci;

--
-- Dumping data for table `complains`
--

INSERT INTO `complains` (`id`, `school_id`, `name`, `contactnumber`, `email`, `description`, `ip_address`, `remark`, `status`, `created_at`, `updated_at`) VALUES
(1, 1, 'Amethyst Sellers', '535355353535353535', 'fadubak@mailinator.com', 'Quod lorem ut molest', '192.168.0.103', 'Xfghjkkjhgfd', 1, '2020-12-26 11:08:32', '2020-12-26 12:07:27'),
(2, 1, 'Indigo Estes', '730', 'nacegyki@mailinator.com', 'olore suscipiNobis dolore suscipiNobis dolore suscipiNobis dolore suscipiNobis dolore suscipi', '192.168.0.109', 'sczxczxczxc sczxczxczxc sczxczxczxc sczxczxczxc sczxczxczxc', 1, '2020-12-26 12:11:53', '2020-12-26 12:27:00'),
(5, 1, 'Mufutau Hubbard', '951', 'dytysopy@mailinator.com', 'Error quisquam vitae', '192.168.0.108', 'ok', 1, '2021-01-17 11:16:51', '2021-03-01 05:53:34');

-- --------------------------------------------------------

--
-- Table structure for table `contacts`
--

CREATE TABLE `contacts` (
  `id` bigint(20) UNSIGNED NOT NULL,
  `school_id` bigint(20) UNSIGNED NOT NULL,
  `name` varchar(191) COLLATE utf8mb4_unicode_ci NOT NULL,
  `email` varchar(191) COLLATE utf8mb4_unicode_ci DEFAULT NULL,
  `phone` varchar(191) COLLATE utf8mb4_unicode_ci DEFAULT NULL,
  `subject` varchar(191) COLLATE utf8mb4_unicode_ci DEFAULT NULL,
  `message` longtext COLLATE utf8mb4_unicode_ci DEFAULT NULL,
  `ip_address` varchar(45) COLLATE utf8mb4_unicode_ci DEFAULT NULL,
  `remark` varchar(191) COLLATE utf8mb4_unicode_ci DEFAULT NULL,
  `created_at` timestamp NULL DEFAULT NULL,
  `updated_at` timestamp NULL DEFAULT NULL
) ENGINE=InnoDB DEFAULT CHARSET=utf8mb4 COLLATE=utf8mb4_unicode_ci;

--
-- Dumping data for table `contacts`
--

INSERT INTO `contacts` (`id`, `school_id`, `name`, `email`, `phone`, `subject`, `message`, `ip_address`, `remark`, `created_at`, `updated_at`) VALUES
(1, 1, 'MD. EMRUL HASSAN', 'emrul.01745@gmail.com', '01745371324', 'fghhhjj', 'ghghghgx', '192.168.0.105', 'cccsccscs', '2020-12-23 10:25:36', '2020-12-26 12:06:56'),
(4, 1, 'Clark Manning', 'teva@mailinator.com', '+1 (277) 338-9598', 'Fugiat velit quam e', 'Voluptatem numquam q', '192.168.0.103', NULL, '2020-12-24 08:28:20', '2020-12-24 08:28:20'),
(5, 1, 'Fuller Levine', 'jiwu@mailinator.com', '+1 (595) 729-3257', 'Totam cupidatat aute', 'Animi et dolore eli', '192.168.0.108', NULL, '2021-01-17 11:19:56', '2021-01-17 11:19:56');

-- --------------------------------------------------------

--
-- Table structure for table `contents`
--

CREATE TABLE `contents` (
  `id` bigint(20) UNSIGNED NOT NULL,
  `school_id` bigint(20) UNSIGNED NOT NULL,
  `menu_id` bigint(20) NOT NULL,
  `title` varchar(191) COLLATE utf8mb4_unicode_ci NOT NULL,
  `description` longtext COLLATE utf8mb4_unicode_ci NOT NULL,
  `image` varchar(191) COLLATE utf8mb4_unicode_ci DEFAULT NULL,
  `created_at` timestamp NULL DEFAULT NULL,
  `updated_at` timestamp NULL DEFAULT NULL
) ENGINE=InnoDB DEFAULT CHARSET=utf8mb4 COLLATE=utf8mb4_unicode_ci;

-- --------------------------------------------------------

--
-- Table structure for table `countries`
--

CREATE TABLE `countries` (
  `id` int(11) NOT NULL,
  `name` varchar(128) COLLATE utf8_bin NOT NULL,
  `currency` varchar(30) COLLATE utf8_bin NOT NULL,
  `rate` float NOT NULL,
  `code` varchar(2) COLLATE utf8_bin NOT NULL DEFAULT '',
  `iso_code_3` varchar(3) COLLATE utf8_bin NOT NULL DEFAULT '',
  `nationality` varchar(100) COLLATE utf8_bin DEFAULT NULL,
  `status` char(1) COLLATE utf8_bin NOT NULL DEFAULT '1'
) ENGINE=InnoDB DEFAULT CHARSET=utf8 COLLATE=utf8_bin;

--
-- Dumping data for table `countries`
--

INSERT INTO `countries` (`id`, `name`, `currency`, `rate`, `code`, `iso_code_3`, `nationality`, `status`) VALUES
(1, 'United States (USA)', 'USD', 85.3, 'AS', 'ASM', 'American', '2'),
(2, 'Afghanistan', 'USD', 0, 'AF', 'AFG', 'Afghan', '1'),
(3, 'Albania', 'USD', 0, 'AL', 'ALB', 'Albanian', '1'),
(4, 'Algeria', 'USD', 0, 'DZ', 'DZA', 'Algerian', '1'),
(5, 'Andorra', 'USD', 0, 'AD', 'AND', 'Andorran', '1'),
(6, 'Angola', 'USD', 0, 'AO', 'AGO', 'Angolan', '1'),
(7, 'Anguilla', 'USD', 0, 'AI', 'AIA', 'Antiguans', '1'),
(8, 'Antarctica', 'USD', 0, 'AQ', 'ATA', NULL, '1'),
(9, 'Antigua and Barbuda', 'USD', 0, 'AG', 'ATG', NULL, '1'),
(10, 'Argentina', 'USD', 0, 'AR', 'ARG', 'Argentinean', '1'),
(11, 'Armenia', 'USD', 0, 'AM', 'ARM', 'Armenian', '1'),
(12, 'Aruba', 'USD', 0, 'AW', 'ABW', NULL, '1'),
(13, 'Australia', 'USD', 0, 'AU', 'AUS', 'Australian', '1'),
(14, 'Austria', 'USD', 0, 'AT', 'AUT', 'Austrian', '1'),
(15, 'Azerbaijan', 'USD', 0, 'AZ', 'AZE', 'Azerbaijani', '1'),
(16, 'Bahamas', 'USD', 0, 'BS', 'BHS', 'Bahamian', '1'),
(17, 'Bahrain', 'USD', 0, 'BH', 'BHR', 'Bahraini', '1'),
(18, 'Bangladesh', 'BDT', 0, 'BD', 'BGD', 'Bangladeshi', '1'),
(19, 'Barbados', 'USD', 0, 'BB', 'BRB', 'Barbadian', '1'),
(20, 'Belarus', 'USD', 0, 'BY', 'BLR', 'Belarusian', '1'),
(21, 'Belgium', 'USD', 0, 'BE', 'BEL', 'Belgian', '1'),
(22, 'Belize', 'USD', 0, 'BZ', 'BLZ', 'Belizean', '1'),
(23, 'Benin', 'USD', 0, 'BJ', 'BEN', 'Beninese', '1'),
(24, 'Bermuda', 'USD', 0, 'BM', 'BMU', NULL, '1'),
(25, 'Bhutan', 'USD', 0, 'BT', 'BTN', 'Bhutanese', '1'),
(26, 'Bolivia', 'USD', 0, 'BO', 'BOL', 'Bolivian', '1'),
(27, 'Bosnia and Herzegowina', 'USD', 0, 'BA', 'BIH', 'Bosnian', '1'),
(28, 'Botswana', 'USD', 0, 'BW', 'BWA', NULL, '1'),
(29, 'Bouvet Island', 'USD', 0, 'BV', 'BVT', NULL, '1'),
(30, 'Brazil', 'USD', 0, 'BR', 'BRA', 'Brazilian', '1'),
(31, 'British Indian Ocean Territory', 'USD', 0, 'IO', 'IOT', 'British', '1'),
(32, 'Brunei Darussalam', 'USD', 0, 'BN', 'BRN', 'Bruneian', '1'),
(33, 'Bulgaria', 'USD', 0, 'BG', 'BGR', 'Bulgarian', '1'),
(34, 'Burkina Faso', 'USD', 0, 'BF', 'BFA', 'Burkinabe', '1'),
(35, 'Burundi', 'USD', 0, 'BI', 'BDI', 'Burundian', '1'),
(36, 'Cambodia', 'USD', 0, 'KH', 'KHM', 'Cambodian', '1'),
(37, 'Cameroon', 'USD', 0, 'CM', 'CMR', 'Cameroonian', '1'),
(38, 'Canada', 'USD', 0, 'CA', 'CAN', 'Canadian', '1'),
(39, 'Cape Verde', 'USD', 0, 'CV', 'CPV', 'Cape Verdean', '1'),
(40, 'Cayman Islands', 'USD', 0, 'KY', 'CYM', NULL, '1'),
(41, 'Central African Republic', 'USD', 0, 'CF', 'CAF', 'Central African', '1'),
(42, 'Chad', 'USD', 0, 'TD', 'TCD', 'Chadian', '1'),
(43, 'Chile', 'USD', 0, 'CL', 'CHL', 'Chilean', '1'),
(44, 'China', 'USD', 0, 'CN', 'CHN', 'Chinese', '1'),
(45, 'Christmas Island', 'USD', 0, 'CX', 'CXR', NULL, '1'),
(46, 'Cocos (Keeling) Islands', 'USD', 0, 'CC', 'CCK', NULL, '1'),
(47, 'Colombia', 'USD', 0, 'CO', 'COL', 'Colombian', '1'),
(48, 'Comoros', 'USD', 0, 'KM', 'COM', 'Comoran', '1'),
(49, 'Congo', 'USD', 0, 'CG', 'COG', 'Congolese', '1'),
(50, 'Cook Islands', 'USD', 0, 'CK', 'COK', NULL, '1'),
(51, 'Costa Rica', 'USD', 0, 'CR', 'CRI', 'Costa Rican', '1'),
(52, 'Cote D\'Ivoire', 'USD', 0, 'CI', 'CIV', NULL, '1'),
(53, 'Croatia', 'USD', 0, 'HR', 'HRV', 'Croatian', '1'),
(54, 'Cuba', 'USD', 0, 'CU', 'CUB', 'Cuban', '1'),
(55, 'Cyprus', 'USD', 0, 'CY', 'CYP', 'Cypriot', '1'),
(56, 'Czech Republic', 'USD', 0, 'CZ', 'CZE', 'Czech', '1'),
(57, 'Denmark', 'USD', 0, 'DK', 'DNK', 'Danish', '1'),
(58, 'Djibouti', 'USD', 0, 'DJ', 'DJI', 'Djibouti', '1'),
(59, 'Dominica', 'USD', 0, 'DM', 'DMA', 'Dominican', '1'),
(60, 'Dominican Republic', 'USD', 0, 'DO', 'DOM', 'Dominican Republic', '1'),
(61, 'East Timor', 'USD', 0, 'TP', 'TMP', 'East Timorese', '1'),
(62, 'Ecuador', 'USD', 0, 'EC', 'ECU', 'Ecuadorean', '1'),
(63, 'Egypt', 'USD', 0, 'EG', 'EGY', 'Egyptian', '1'),
(64, 'El Salvador', 'USD', 0, 'SV', 'SLV', NULL, '1'),
(65, 'Equatorial Guinea', 'USD', 0, 'GQ', 'GNQ', NULL, '1'),
(66, 'Eritrea', 'USD', 0, 'ER', 'ERI', NULL, '1'),
(67, 'Estonia', 'USD', 0, 'EE', 'EST', NULL, '1'),
(68, 'Ethiopia', 'USD', 0, 'ET', 'ETH', NULL, '1'),
(69, 'Falkland Islands (Malvinas)', 'USD', 0, 'FK', 'FLK', NULL, '1'),
(70, 'Faroe Islands', 'USD', 0, 'FO', 'FRO', NULL, '1'),
(71, 'Fiji', 'USD', 0, 'FJ', 'FJI', NULL, '1'),
(72, 'Finland', 'USD', 0, 'FI', 'FIN', NULL, '1'),
(73, 'France', 'USD', 0, 'FR', 'FRA', NULL, '1'),
(74, 'France, Metropolitan', 'USD', 0, 'FX', 'FXX', NULL, '1'),
(75, 'French Guiana', 'USD', 0, 'GF', 'GUF', NULL, '1'),
(76, 'French Polynesia', 'USD', 0, 'PF', 'PYF', NULL, '1'),
(77, 'French Southern Territories', 'USD', 0, 'TF', 'ATF', NULL, '1'),
(78, 'Gabon', 'USD', 0, 'GA', 'GAB', NULL, '1'),
(79, 'Gambia', 'USD', 0, 'GM', 'GMB', NULL, '1'),
(80, 'Georgia', 'USD', 0, 'GE', 'GEO', NULL, '1'),
(81, 'Germany', 'USD', 0, 'DE', 'DEU', NULL, '1'),
(82, 'Ghana', 'USD', 0, 'GH', 'GHA', NULL, '1'),
(83, 'Gibraltar', 'USD', 0, 'GI', 'GIB', NULL, '1'),
(84, 'Greece', 'USD', 0, 'GR', 'GRC', NULL, '1'),
(85, 'Greenland', 'USD', 0, 'GL', 'GRL', NULL, '1'),
(86, 'Grenada', 'USD', 0, 'GD', 'GRD', NULL, '1'),
(87, 'Guadeloupe', 'USD', 0, 'GP', 'GLP', NULL, '1'),
(88, 'Guam', 'USD', 0, 'GU', 'GUM', NULL, '1'),
(89, 'Guatemala', 'USD', 0, 'GT', 'GTM', NULL, '1'),
(90, 'Guinea', 'USD', 0, 'GN', 'GIN', NULL, '1'),
(91, 'Guinea-bissau', 'USD', 0, 'GW', 'GNB', NULL, '1'),
(92, 'Guyana', 'USD', 0, 'GY', 'GUY', NULL, '1'),
(93, 'Haiti', 'USD', 0, 'HT', 'HTI', NULL, '1'),
(94, 'Heard and Mc Donald Islands', 'USD', 0, 'HM', 'HMD', NULL, '1'),
(95, 'Honduras', 'USD', 0, 'HN', 'HND', NULL, '1'),
(96, 'Hong Kong', 'USD', 0, 'HK', 'HKG', NULL, '1'),
(97, 'Hungary', 'USD', 0, 'HU', 'HUN', NULL, '1'),
(98, 'Iceland', 'USD', 0, 'IS', 'ISL', NULL, '1'),
(99, 'India', 'USD', 0, 'IN', 'IND', NULL, '1'),
(100, 'Indonesia', 'USD', 0, 'ID', 'IDN', NULL, '1'),
(101, 'Iran (Islamic Republic of)', 'USD', 0, 'IR', 'IRN', NULL, '1'),
(102, 'Iraq', 'USD', 0, 'IQ', 'IRQ', NULL, '1'),
(103, 'Ireland', 'USD', 0, 'IE', 'IRL', NULL, '1'),
(104, 'Israel', 'USD', 0, 'IL', 'ISR', NULL, '1'),
(105, 'Italy', 'USD', 0, 'IT', 'ITA', NULL, '1'),
(106, 'Jamaica', 'USD', 0, 'JM', 'JAM', NULL, '1'),
(107, 'Japan', 'USD', 0, 'JP', 'JPN', NULL, '1'),
(108, 'Jordan', 'USD', 0, 'JO', 'JOR', NULL, '1'),
(109, 'Kazakhstan', 'USD', 0, 'KZ', 'KAZ', NULL, '1'),
(110, 'Kenya', 'USD', 0, 'KE', 'KEN', NULL, '1'),
(111, 'Kiribati', 'USD', 0, 'KI', 'KIR', NULL, '1'),
(112, 'North Korea', 'USD', 0, 'KP', 'PRK', NULL, '1'),
(113, 'Korea, Republic of', 'USD', 0, 'KR', 'KOR', NULL, '1'),
(114, 'Kuwait', 'USD', 0, 'KW', 'KWT', NULL, '1'),
(115, 'Kyrgyzstan', 'USD', 0, 'KG', 'KGZ', NULL, '1'),
(116, 'Lao People\'s Democratic Republic', 'USD', 0, 'LA', 'LAO', NULL, '1'),
(117, 'Latvia', 'USD', 0, 'LV', 'LVA', NULL, '1'),
(118, 'Lebanon', 'USD', 0, 'LB', 'LBN', NULL, '1'),
(119, 'Lesotho', 'USD', 0, 'LS', 'LSO', NULL, '1'),
(120, 'Liberia', 'USD', 0, 'LR', 'LBR', NULL, '1'),
(121, 'Libyan Arab Jamahiriya', 'USD', 0, 'LY', 'LBY', NULL, '1'),
(122, 'Liechtenstein', 'USD', 0, 'LI', 'LIE', NULL, '1'),
(123, 'Lithuania', 'USD', 0, 'LT', 'LTU', NULL, '1'),
(124, 'Luxembourg', 'USD', 0, 'LU', 'LUX', NULL, '1'),
(125, 'Macau', 'USD', 0, 'MO', 'MAC', NULL, '1'),
(126, 'Macedonia', 'USD', 0, 'MK', 'MKD', NULL, '1'),
(127, 'Madagascar', 'USD', 0, 'MG', 'MDG', NULL, '1'),
(128, 'Malawi', 'USD', 0, 'MW', 'MWI', NULL, '1'),
(129, 'Malaysia', 'USD', 0, 'MY', 'MYS', NULL, '1'),
(130, 'Maldives', 'USD', 0, 'MV', 'MDV', NULL, '1'),
(131, 'Mali', 'USD', 0, 'ML', 'MLI', NULL, '1'),
(132, 'Malta', 'USD', 0, 'MT', 'MLT', NULL, '1'),
(133, 'Marshall Islands', 'USD', 0, 'MH', 'MHL', NULL, '1'),
(134, 'Martinique', 'USD', 0, 'MQ', 'MTQ', NULL, '1'),
(135, 'Mauritania', 'USD', 0, 'MR', 'MRT', NULL, '1'),
(136, 'Mauritius', 'USD', 0, 'MU', 'MUS', NULL, '1'),
(137, 'Mayotte', 'USD', 0, 'YT', 'MYT', NULL, '1'),
(138, 'Mexico', 'USD', 0, 'MX', 'MEX', NULL, '1'),
(139, 'Micronesia, Federated States of', 'USD', 0, 'FM', 'FSM', NULL, '1'),
(140, 'Moldova, Republic of', 'USD', 0, 'MD', 'MDA', NULL, '1'),
(141, 'Monaco', 'USD', 0, 'MC', 'MCO', NULL, '1'),
(142, 'Mongolia', 'USD', 0, 'MN', 'MNG', NULL, '1'),
(143, 'Montserrat', 'USD', 0, 'MS', 'MSR', NULL, '1'),
(144, 'Morocco', 'USD', 0, 'MA', 'MAR', NULL, '1'),
(145, 'Mozambique', 'USD', 0, 'MZ', 'MOZ', NULL, '1'),
(146, 'Myanmar', 'USD', 0, 'MM', 'MMR', NULL, '1'),
(147, 'Namibia', 'USD', 0, 'NA', 'NAM', NULL, '1'),
(148, 'Nauru', 'USD', 0, 'NR', 'NRU', NULL, '1'),
(149, 'Nepal', 'USD', 0, 'NP', 'NPL', NULL, '1'),
(150, 'Netherlands', 'USD', 0, 'NL', 'NLD', NULL, '1'),
(151, 'Netherlands Antilles', 'USD', 0, 'AN', 'ANT', NULL, '1'),
(152, 'New Caledonia', 'USD', 0, 'NC', 'NCL', NULL, '1'),
(153, 'New Zealand', 'USD', 0, 'NZ', 'NZL', NULL, '1'),
(154, 'Nicaragua', 'USD', 0, 'NI', 'NIC', NULL, '1'),
(155, 'Niger', 'USD', 0, 'NE', 'NER', NULL, '1'),
(156, 'Nigeria', 'USD', 0, 'NG', 'NGA', NULL, '1'),
(157, 'Niue', 'USD', 0, 'NU', 'NIU', NULL, '1'),
(158, 'Norfolk Island', 'USD', 0, 'NF', 'NFK', NULL, '1'),
(159, 'Northern Mariana Islands', 'USD', 0, 'MP', 'MNP', NULL, '1'),
(160, 'Norway', 'USD', 0, 'NO', 'NOR', NULL, '1'),
(161, 'Oman', 'USD', 0, 'OM', 'OMN', NULL, '1'),
(162, 'Pakistan', 'USD', 0, 'PK', 'PAK', NULL, '1'),
(163, 'Palau', 'USD', 0, 'PW', 'PLW', NULL, '1'),
(164, 'Panama', 'USD', 0, 'PA', 'PAN', NULL, '1'),
(165, 'Papua New Guinea', 'USD', 0, 'PG', 'PNG', NULL, '1'),
(166, 'Paraguay', 'USD', 0, 'PY', 'PRY', NULL, '1'),
(167, 'Peru', 'USD', 0, 'PE', 'PER', NULL, '1'),
(168, 'Philippines', 'USD', 0, 'PH', 'PHL', NULL, '1'),
(169, 'Pitcairn', 'USD', 0, 'PN', 'PCN', NULL, '1'),
(170, 'Poland', 'USD', 0, 'PL', 'POL', NULL, '1'),
(171, 'Portugal', 'USD', 0, 'PT', 'PRT', NULL, '1'),
(172, 'Puerto Rico', 'USD', 0, 'PR', 'PRI', NULL, '1'),
(173, 'Qatar', 'USD', 0, 'QA', 'QAT', NULL, '1'),
(174, 'Reunion', 'USD', 0, 'RE', 'REU', NULL, '1'),
(175, 'Romania', 'USD', 0, 'RO', 'ROM', NULL, '1'),
(176, 'Russian Federation', 'USD', 0, 'RU', 'RUS', NULL, '1'),
(177, 'Rwanda', 'USD', 0, 'RW', 'RWA', NULL, '1'),
(178, 'Saint Kitts and Nevis', 'USD', 0, 'KN', 'KNA', NULL, '1'),
(179, 'Saint Lucia', 'USD', 0, 'LC', 'LCA', NULL, '1'),
(180, 'Saint Vincent and the Grenadines', 'USD', 0, 'VC', 'VCT', NULL, '1'),
(181, 'Samoa', 'USD', 0, 'WS', 'WSM', NULL, '1'),
(182, 'San Marino', 'USD', 0, 'SM', 'SMR', NULL, '1'),
(183, 'Sao Tome and Principe', 'USD', 0, 'ST', 'STP', NULL, '1'),
(184, 'Saudi Arabia', 'USD', 0, 'SA', 'SAU', NULL, '1'),
(185, 'Senegal', 'USD', 0, 'SN', 'SEN', NULL, '1'),
(186, 'Seychelles', 'USD', 0, 'SC', 'SYC', NULL, '1'),
(187, 'Sierra Leone', 'USD', 0, 'SL', 'SLE', NULL, '1'),
(188, 'Singapore', 'USD', 0, 'SG', 'SGP', NULL, '1'),
(189, 'Slovak Republic', 'USD', 0, 'SK', 'SVK', NULL, '1'),
(190, 'Slovenia', 'USD', 0, 'SI', 'SVN', NULL, '1'),
(191, 'Solomon Islands', 'USD', 0, 'SB', 'SLB', NULL, '1'),
(192, 'Somalia', 'USD', 0, 'SO', 'SOM', NULL, '1'),
(193, 'South Africa', 'USD', 0, 'ZA', 'ZAF', NULL, '1'),
(194, 'South Georgia &amp; South Sandwich Islands', 'USD', 0, 'GS', 'SGS', NULL, '1'),
(195, 'Spain', 'USD', 0, 'ES', 'ESP', NULL, '1'),
(196, 'Sri Lanka', 'USD', 0, 'LK', 'LKA', NULL, '1'),
(197, 'St. Helena', 'USD', 0, 'SH', 'SHN', NULL, '1'),
(198, 'St. Pierre and Miquelon', 'USD', 0, 'PM', 'SPM', NULL, '1'),
(199, 'Sudan', 'USD', 0, 'SD', 'SDN', NULL, '1'),
(200, 'Suriname', 'USD', 0, 'SR', 'SUR', NULL, '1'),
(201, 'Svalbard and Jan Mayen Islands', 'USD', 0, 'SJ', 'SJM', NULL, '1'),
(202, 'Swaziland', 'USD', 0, 'SZ', 'SWZ', NULL, '1'),
(203, 'Sweden', 'USD', 0, 'SE', 'SWE', NULL, '1'),
(204, 'Switzerland', 'USD', 0, 'CH', 'CHE', NULL, '1'),
(205, 'Syrian Arab Republic', 'USD', 0, 'SY', 'SYR', NULL, '1'),
(206, 'Taiwan', 'USD', 0, 'TW', 'TWN', NULL, '1'),
(207, 'Tajikistan', 'USD', 0, 'TJ', 'TJK', NULL, '1'),
(208, 'Tanzania, United Republic of', 'USD', 0, 'TZ', 'TZA', NULL, '1'),
(209, 'Thailand', 'USD', 0, 'TH', 'THA', NULL, '1'),
(210, 'Togo', 'USD', 0, 'TG', 'TGO', NULL, '1'),
(211, 'Tokelau', 'USD', 0, 'TK', 'TKL', NULL, '1'),
(212, 'Tonga', 'USD', 0, 'TO', 'TON', NULL, '1'),
(213, 'Trinidad and Tobago', 'USD', 0, 'TT', 'TTO', NULL, '1'),
(214, 'Tunisia', 'USD', 0, 'TN', 'TUN', NULL, '1'),
(215, 'Turkey', 'USD', 0, 'TR', 'TUR', NULL, '1'),
(216, 'Turkmenistan', 'USD', 0, 'TM', 'TKM', NULL, '1'),
(217, 'Turks and Caicos Islands', 'USD', 0, 'TC', 'TCA', NULL, '1'),
(218, 'Tuvalu', 'USD', 0, 'TV', 'TUV', NULL, '1'),
(219, 'Uganda', 'USD', 0, 'UG', 'UGA', NULL, '1'),
(220, 'Ukraine', 'USD', 0, 'UA', 'UKR', NULL, '1'),
(221, 'United Arab Emirates', 'USD', 0, 'AE', 'ARE', NULL, '1'),
(222, 'United Kingdom', 'USD', 0, 'GB', 'GBR', NULL, '1'),
(223, 'United States', 'USD', 0, 'US', 'USA', NULL, '1'),
(224, 'United States Minor Outlying Islands', 'USD', 0, 'UM', 'UMI', NULL, '1'),
(225, 'Uruguay', 'USD', 0, 'UY', 'URY', NULL, '1'),
(226, 'Uzbekistan', 'USD', 0, 'UZ', 'UZB', NULL, '1'),
(227, 'Vanuatu', 'USD', 0, 'VU', 'VUT', NULL, '1'),
(228, 'Vatican City State (Holy See)', 'USD', 0, 'VA', 'VAT', NULL, '1'),
(229, 'Venezuela', 'USD', 0, 'VE', 'VEN', NULL, '1'),
(230, 'Viet Nam', 'USD', 0, 'VN', 'VNM', NULL, '1'),
(231, 'Virgin Islands (British)', 'USD', 0, 'VG', 'VGB', NULL, '1'),
(232, 'Virgin Islands (U.S.)', 'USD', 0, 'VI', 'VIR', NULL, '1'),
(233, 'Wallis and Futuna Islands', 'USD', 0, 'WF', 'WLF', NULL, '1'),
(234, 'Western Sahara', 'USD', 0, 'EH', 'ESH', NULL, '1'),
(235, 'Yemen', 'USD', 0, 'YE', 'YEM', NULL, '1'),
(236, 'Yugoslavia', 'USD', 0, 'YU', 'YUG', NULL, '1'),
(237, 'Democratic Republic of Congo', 'USD', 0, 'CD', 'COD', NULL, '1'),
(238, 'Zambia', 'USD', 0, 'ZM', 'ZMB', NULL, '1'),
(239, 'Zimbabwe', 'USD', 0, 'ZW', 'ZWE', NULL, '1');

-- --------------------------------------------------------

--
-- Table structure for table `courses`
--

CREATE TABLE `courses` (
  `id` int(10) UNSIGNED NOT NULL,
  `school_id` bigint(20) UNSIGNED NOT NULL,
  `user_id` bigint(20) UNSIGNED NOT NULL,
  `name` varchar(191) COLLATE utf8mb4_unicode_ci NOT NULL,
  `code` varchar(191) COLLATE utf8mb4_unicode_ci DEFAULT NULL,
  `type` tinyint(4) NOT NULL DEFAULT 1 COMMENT '1=mandatory,2=optional',
  `status` tinyint(4) NOT NULL DEFAULT 1,
  `created_at` timestamp NULL DEFAULT NULL,
  `updated_at` timestamp NULL DEFAULT NULL
) ENGINE=InnoDB DEFAULT CHARSET=utf8mb4 COLLATE=utf8mb4_unicode_ci;

--
-- Dumping data for table `courses`
--

INSERT INTO `courses` (`id`, `school_id`, `user_id`, `name`, `code`, `type`, `status`, `created_at`, `updated_at`) VALUES
(1, 1, 12, 'Bangla 1st Paper', '101', 1, 1, '2021-01-09 10:01:56', '2021-01-17 09:38:21'),
(2, 1, 12, 'Bangla 2nd Paper', '102', 1, 1, '2021-01-09 11:07:30', '2021-01-09 11:07:30'),
(3, 1, 12, 'English 1st Paper', '107', 1, 1, '2021-01-09 11:07:44', '2021-01-09 11:07:44'),
(4, 1, 12, 'English 2nd Paper', '108', 1, 1, '2021-01-09 11:07:49', '2021-01-09 11:07:49'),
(5, 1, 12, 'Math', '109', 1, 1, '2021-01-09 11:07:58', '2021-01-09 11:07:58'),
(6, 1, 12, 'ICT', '154', 1, 1, '2021-01-09 11:08:13', '2021-01-09 11:08:13'),
(7, 1, 12, 'Religion', '111', 1, 1, '2021-01-09 11:08:44', '2021-02-25 02:16:11'),
(8, 1, 12, 'Hindu Studies', '112', 2, 2, '2021-01-09 11:08:53', '2021-02-25 02:15:11'),
(9, 1, 12, 'Physics', '136', 2, 1, '2021-01-09 11:09:32', '2021-01-09 11:10:27'),
(10, 1, 12, 'Chemistry', '137', 2, 1, '2021-01-09 11:09:44', '2021-01-09 11:09:44'),
(11, 1, 12, 'Biology', '138', 2, 1, '2021-01-09 11:09:57', '2021-01-09 11:09:57'),
(12, 1, 12, 'Higher Math', '126', 2, 1, '2021-01-09 11:10:07', '2021-01-09 11:10:07'),
(13, 1, 12, 'Bangladesh and Global Studies', '150', 1, 1, '2021-01-09 11:17:05', '2021-01-09 11:17:05'),
(14, 1, 12, 'CSE', '1143', 2, 1, '2021-01-17 09:39:40', '2021-01-17 09:39:40'),
(15, 1, 12, 'Liberty Lang', '20202', 1, 2, '2021-01-17 09:46:41', '2021-01-17 09:47:44'),
(16, 1, 12, 'Agricultural Studies', '134', 3, 1, '2021-01-18 08:16:16', '2021-01-18 08:16:16');

-- --------------------------------------------------------

--
-- Table structure for table `course_attendances`
--

CREATE TABLE `course_attendances` (
  `id` bigint(20) UNSIGNED NOT NULL,
  `school_id` bigint(20) UNSIGNED NOT NULL,
  `student_id` bigint(20) UNSIGNED NOT NULL,
  `section_id` bigint(20) UNSIGNED NOT NULL,
  `course_id` bigint(20) UNSIGNED NOT NULL,
  `exam_id` bigint(20) UNSIGNED NOT NULL,
  `user_id` bigint(20) UNSIGNED NOT NULL,
  `present` tinyint(3) UNSIGNED NOT NULL,
  `remark` varchar(191) COLLATE utf8mb4_unicode_ci DEFAULT NULL,
  `created_at` timestamp NULL DEFAULT NULL,
  `updated_at` timestamp NULL DEFAULT NULL
) ENGINE=InnoDB DEFAULT CHARSET=utf8mb4 COLLATE=utf8mb4_unicode_ci;

--
-- Dumping data for table `course_attendances`
--

INSERT INTO `course_attendances` (`id`, `school_id`, `student_id`, `section_id`, `course_id`, `exam_id`, `user_id`, `present`, `remark`, `created_at`, `updated_at`) VALUES
(17, 1, 66, 17, 16, 1, 12, 1, NULL, '2021-03-25 02:35:26', '2021-03-25 02:35:26'),
(18, 1, 110, 17, 16, 1, 12, 1, NULL, '2021-03-25 02:35:26', '2021-03-25 12:07:50'),
(19, 1, 124, 17, 16, 1, 12, 1, NULL, '2021-03-25 02:35:26', '2021-03-25 02:35:26'),
(20, 1, 137, 17, 16, 1, 12, 1, NULL, '2021-03-25 02:35:26', '2021-03-25 02:35:26'),
(21, 1, 157, 17, 16, 1, 12, 1, NULL, '2021-03-25 02:35:26', '2021-03-25 02:35:26'),
(22, 1, 210, 17, 16, 1, 12, 0, NULL, '2021-03-25 02:35:26', '2021-03-25 02:35:26'),
(23, 1, 239, 17, 16, 1, 12, 1, 'late', '2021-03-25 02:35:26', '2021-03-25 12:13:17'),
(24, 1, 267, 17, 16, 1, 12, 0, NULL, '2021-03-25 02:35:26', '2021-03-25 02:35:26');

-- --------------------------------------------------------

--
-- Table structure for table `course_configs`
--

CREATE TABLE `course_configs` (
  `id` bigint(20) UNSIGNED NOT NULL,
  `school_id` bigint(20) UNSIGNED NOT NULL,
  `class_id` bigint(20) UNSIGNED NOT NULL,
  `section_id` bigint(20) UNSIGNED NOT NULL,
  `course_id` bigint(20) UNSIGNED NOT NULL,
  `exam_id` bigint(20) UNSIGNED NOT NULL,
  `teacher_id` bigint(20) UNSIGNED NOT NULL,
  `user_id` bigint(20) UNSIGNED NOT NULL,
  `grade_system_name` varchar(191) COLLATE utf8mb4_unicode_ci DEFAULT NULL,
  `quiz_count` int(11) NOT NULL DEFAULT 0,
  `assignment_count` int(11) NOT NULL DEFAULT 0,
  `ct_count` int(11) NOT NULL DEFAULT 0,
  `quiz_percent` int(11) NOT NULL DEFAULT 0,
  `attendance_percent` int(11) NOT NULL DEFAULT 0,
  `assignment_percent` int(11) NOT NULL DEFAULT 0,
  `ct_percent` int(11) NOT NULL DEFAULT 0,
  `final_exam_percent` int(11) NOT NULL DEFAULT 0,
  `practical_percent` int(11) NOT NULL DEFAULT 0,
  `att_fullmark` int(11) NOT NULL DEFAULT 0,
  `quiz_fullmark` int(11) NOT NULL DEFAULT 0,
  `a_fullmark` int(11) NOT NULL DEFAULT 0,
  `ct_fullmark` int(11) NOT NULL DEFAULT 0,
  `final_fullmark` int(11) NOT NULL DEFAULT 0,
  `practical_fullmark` int(11) NOT NULL DEFAULT 0,
  `created_at` timestamp NULL DEFAULT NULL,
  `updated_at` timestamp NULL DEFAULT NULL
) ENGINE=InnoDB DEFAULT CHARSET=utf8mb4 COLLATE=utf8mb4_unicode_ci;

--
-- Dumping data for table `course_configs`
--

INSERT INTO `course_configs` (`id`, `school_id`, `class_id`, `section_id`, `course_id`, `exam_id`, `teacher_id`, `user_id`, `grade_system_name`, `quiz_count`, `assignment_count`, `ct_count`, `quiz_percent`, `attendance_percent`, `assignment_percent`, `ct_percent`, `final_exam_percent`, `practical_percent`, `att_fullmark`, `quiz_fullmark`, `a_fullmark`, `ct_fullmark`, `final_fullmark`, `practical_fullmark`, `created_at`, `updated_at`) VALUES
(1, 1, 9, 1, 16, 1, 32, 12, 'Grade System 1', 0, 0, 0, 0, 0, 0, 0, 0, 0, 0, 0, 0, 0, 0, 0, '2021-03-20 07:17:10', '2021-03-20 07:17:10'),
(2, 1, 9, 17, 16, 1, 32, 12, 'Grade System 1', 1, 1, 1, 5, 5, 10, 20, 50, 10, 30, 20, 20, 20, 50, 10, '2021-03-20 10:32:50', '2021-03-23 10:44:26'),
(3, 1, 9, 8, 16, 1, 32, 12, 'Grade System 1', 0, 0, 0, 0, 0, 0, 0, 0, 0, 0, 0, 0, 0, 0, 0, '2021-03-22 09:04:49', '2021-03-22 09:04:49'),
(4, 1, 9, 8, 1, 1, 32, 12, 'Grade System 1', 0, 0, 0, 0, 0, 0, 0, 0, 0, 0, 0, 0, 0, 0, 0, '2021-04-01 05:03:25', '2021-04-01 05:03:25');

-- --------------------------------------------------------

--
-- Table structure for table `course_groups`
--

CREATE TABLE `course_groups` (
  `id` bigint(20) UNSIGNED NOT NULL,
  `school_id` bigint(20) UNSIGNED NOT NULL,
  `name` varchar(191) COLLATE utf8mb4_unicode_ci NOT NULL,
  `class` varchar(191) COLLATE utf8mb4_unicode_ci DEFAULT NULL,
  `section` varchar(191) COLLATE utf8mb4_unicode_ci DEFAULT NULL,
  `course` varchar(191) COLLATE utf8mb4_unicode_ci NOT NULL,
  `optional` varchar(191) COLLATE utf8mb4_unicode_ci DEFAULT NULL,
  `countiAss` varchar(191) COLLATE utf8mb4_unicode_ci DEFAULT NULL,
  `description` text COLLATE utf8mb4_unicode_ci DEFAULT NULL,
  `status` tinyint(4) NOT NULL DEFAULT 1,
  `created_at` timestamp NULL DEFAULT NULL,
  `updated_at` timestamp NULL DEFAULT NULL
) ENGINE=InnoDB DEFAULT CHARSET=utf8mb4 COLLATE=utf8mb4_unicode_ci;

--
-- Dumping data for table `course_groups`
--

INSERT INTO `course_groups` (`id`, `school_id`, `name`, `class`, `section`, `course`, `optional`, `countiAss`, `description`, `status`, `created_at`, `updated_at`) VALUES
(1, 1, 'Subject Group 1', NULL, NULL, '16,1,2,11,10,3,4,6,7', '11,10', '16', 'For Class Six,Seven,Eight,Nine & Ten', 1, '2021-01-10 05:41:37', '2021-01-18 08:49:44'),
(2, 1, 'Subject Group 2', NULL, NULL, '1,2,3,4,5', NULL, NULL, NULL, 1, '2021-01-10 08:58:46', '2021-01-12 05:00:03'),
(3, 1, 'Subject Group 3', NULL, NULL, '1,2,13,10,9', NULL, NULL, NULL, 1, '2021-01-11 05:26:05', '2021-01-18 08:45:20'),
(4, 1, 'Subject Group 4', NULL, NULL, '11,10,12,6,7,5,9', NULL, NULL, 'For Class Nine & Ten', 1, '2021-01-17 09:52:08', '2021-01-17 09:52:08');

-- --------------------------------------------------------

--
-- Table structure for table `degrees`
--

CREATE TABLE `degrees` (
  `id` bigint(20) UNSIGNED NOT NULL,
  `level_of_education` tinyint(4) NOT NULL,
  `exam_degree_title` varchar(191) COLLATE utf8mb4_unicode_ci NOT NULL,
  `status` tinyint(4) NOT NULL DEFAULT 1,
  `created_at` timestamp NULL DEFAULT NULL,
  `updated_at` timestamp NULL DEFAULT NULL
) ENGINE=InnoDB DEFAULT CHARSET=utf8mb4 COLLATE=utf8mb4_unicode_ci;

--
-- Dumping data for table `degrees`
--

INSERT INTO `degrees` (`id`, `level_of_education`, `exam_degree_title`, `status`, `created_at`, `updated_at`) VALUES
(1, 1, 'SSC', 1, '2020-11-24 06:49:26', '2020-11-24 06:49:26'),
(2, 1, 'O Level', 1, '2020-11-24 06:51:04', '2020-11-24 07:43:46'),
(3, 1, 'Dakhil (Madrasah)', 1, '2020-11-24 06:53:09', '2020-11-24 06:53:09'),
(4, 1, 'SSC (Vocational)', 1, '2020-11-24 06:54:59', '2020-11-24 06:54:59'),
(5, 1, 'Other', 1, '2020-11-24 07:11:07', '2020-11-24 07:44:37'),
(6, 2, 'HSC', 1, '2020-11-24 07:45:13', '2020-11-24 07:45:13'),
(7, 2, 'A Level', 1, '2020-11-24 07:45:24', '2020-11-24 07:45:24'),
(8, 2, 'Alim (Madrasah)', 1, '2020-11-24 07:45:37', '2020-11-24 07:45:37'),
(9, 2, 'HSC (Vocational)', 1, '2020-11-24 07:45:50', '2020-11-24 07:45:50'),
(10, 2, 'Other', 1, '2020-11-24 07:46:03', '2020-11-24 07:46:03'),
(11, 3, 'Diploma in Engineering', 1, '2020-11-24 07:48:13', '2020-11-24 07:48:13'),
(12, 3, 'Diploma in Medical Technology', 1, '2020-11-24 07:48:21', '2020-11-24 07:48:21'),
(13, 3, 'Diploma in Nursing', 1, '2020-11-24 07:48:34', '2020-11-24 07:48:34'),
(14, 4, 'Bachelor of Science (BSc)', 1, '2020-11-24 07:49:05', '2020-11-24 07:49:05'),
(15, 4, 'Bachelor of Arts (BA)', 1, '2020-11-24 07:49:13', '2020-11-24 07:49:13'),
(16, 4, 'Bachelor of Commerce (BCom)', 1, '2020-11-24 07:49:25', '2020-11-24 07:49:25'),
(17, 4, 'Bachelor of Commerce (Pass)', 1, '2020-11-24 07:49:34', '2020-11-24 07:49:34'),
(18, 5, 'Master of Science (MSc)', 1, '2020-11-24 07:49:53', '2020-11-24 07:49:53'),
(19, 5, 'Master of Arts (MA)', 1, '2020-11-24 07:50:01', '2020-11-24 07:50:01'),
(20, 5, 'Master of Commerce (MCom)', 1, '2020-11-24 07:50:08', '2020-11-24 07:50:08');

-- --------------------------------------------------------

--
-- Table structure for table `departments`
--

CREATE TABLE `departments` (
  `id` bigint(20) UNSIGNED NOT NULL,
  `school_id` bigint(20) UNSIGNED NOT NULL,
  `department_name` varchar(50) COLLATE utf8mb4_unicode_ci NOT NULL,
  `status` tinyint(4) NOT NULL,
  `created_at` timestamp NULL DEFAULT NULL,
  `updated_at` timestamp NULL DEFAULT NULL
) ENGINE=InnoDB DEFAULT CHARSET=utf8mb4 COLLATE=utf8mb4_unicode_ci;

--
-- Dumping data for table `departments`
--

INSERT INTO `departments` (`id`, `school_id`, `department_name`, `status`, `created_at`, `updated_at`) VALUES
(1, 1, 'Bangla', 1, '2020-10-28 06:23:22', '2020-10-28 06:23:22'),
(2, 1, 'English', 1, '2020-10-28 06:23:22', '2020-10-28 06:23:22'),
(3, 1, 'Math', 1, '2020-10-28 06:23:22', '2020-10-28 06:23:22');

-- --------------------------------------------------------

--
-- Table structure for table `districts`
--

CREATE TABLE `districts` (
  `id` int(11) NOT NULL,
  `division_id` int(11) NOT NULL,
  `name` varchar(15) NOT NULL,
  `namebn` varchar(200) CHARACTER SET utf8 NOT NULL,
  `status` tinyint(4) NOT NULL DEFAULT 1,
  `created_at` timestamp NULL DEFAULT NULL,
  `updated_at` timestamp NULL DEFAULT NULL
) ENGINE=InnoDB DEFAULT CHARSET=latin1;

--
-- Dumping data for table `districts`
--

INSERT INTO `districts` (`id`, `division_id`, `name`, `namebn`, `status`, `created_at`, `updated_at`) VALUES
(1, 4, 'Bagerhat', 'বাগেরহাট', 1, NULL, NULL),
(2, 2, 'Bandarban', 'বান্দরবন', 1, NULL, NULL),
(3, 1, 'Barguna', 'বরগুনা', 1, NULL, NULL),
(4, 1, 'Barisal', 'বরিশাল', 1, NULL, NULL),
(5, 2, 'Barnmanbaria', 'ব্রাহ্মনবাড়ীয়া', 1, NULL, NULL),
(6, 1, 'Bhola', 'ভোলা', 1, NULL, NULL),
(7, 5, 'Bogra', 'বগুড়া', 1, NULL, NULL),
(8, 2, 'Chandpur', 'চাঁদপুর', 1, NULL, NULL),
(9, 2, 'Chittagong', 'চট্টগ্রাম', 1, NULL, NULL),
(10, 4, 'Chuadanga', 'চুয়াডাঙ্গা', 1, NULL, NULL),
(11, 2, 'Comilla', 'কুমিল্লা', 1, NULL, NULL),
(12, 2, 'Cox\'s Bazar', 'কক্সবাজার', 1, NULL, NULL),
(13, 3, 'Dhaka', 'ঢাকা', 1, NULL, NULL),
(14, 6, 'Dinajpur', 'দিনাজপুর', 1, NULL, NULL),
(15, 3, 'Faridpur', 'ফরিদপুর', 1, NULL, NULL),
(16, 2, 'Feni', 'ফেনি', 1, NULL, NULL),
(17, 6, 'Gaibandha', 'গাইবান্ধা', 1, NULL, NULL),
(18, 3, 'Gazipur', 'গাজীপুর', 1, NULL, NULL),
(19, 3, 'Gopalganj', 'গোঁপালগঞ্জ', 1, NULL, NULL),
(20, 7, 'Habiganj', 'হবিগঞ্জ', 1, NULL, NULL),
(21, 5, 'Jaipurhat', 'জয়পুরহাট', 1, NULL, NULL),
(22, 3, 'Jamalpur', 'জামালপুর', 1, NULL, NULL),
(23, 4, 'Jessore', 'যশোর', 1, NULL, NULL),
(24, 1, 'Jhalakathi', 'ঝালকাঠী', 1, NULL, NULL),
(25, 4, 'Jhinaidah', 'ঝিনাইদহ', 1, NULL, NULL),
(26, 2, 'Khagrachari', 'খাগড়াছড়ি', 1, NULL, NULL),
(27, 4, 'Khulna', 'খুলনা', 1, NULL, NULL),
(28, 3, 'Kishoreganj', 'কিশোরগঞ্জ', 1, NULL, NULL),
(29, 6, 'Kurigram', 'কুড়িগ্রাম', 1, NULL, NULL),
(30, 4, 'Kushtia', 'কুষ্টিয়া', 1, NULL, NULL),
(31, 2, 'Lakshmipur', 'লক্ষীপুর', 1, NULL, NULL),
(32, 6, 'Lalmonirhat', 'লালমনিরহাট', 1, NULL, NULL),
(33, 3, 'Madaripur', 'মাদারিপুর', 1, NULL, NULL),
(34, 4, 'Magura', 'মাগুরা', 1, NULL, NULL),
(35, 3, 'Manikganj', 'মানিকগঞ্জ', 1, NULL, NULL),
(36, 4, 'Meherpur', 'মেহেরপুর', 1, NULL, NULL),
(37, 7, 'Moulavibazar', 'মৌলভীবাজার ', 1, NULL, NULL),
(38, 3, 'Munshiganj', 'মুন্সীগঞ্জ', 1, NULL, NULL),
(39, 3, 'Mymensingh', 'ময়মনসিংহ', 1, NULL, NULL),
(40, 5, 'Naogaon', 'নওগাঁ', 1, NULL, NULL),
(41, 3, 'Narayangan', 'নারায়ণগঞ্জ ', 1, NULL, NULL),
(42, 3, 'Narsingdi', 'নরসিংদী', 1, NULL, NULL),
(43, 5, 'Natore', 'নাটোর', 1, NULL, NULL),
(44, 5, 'Nawabgonj', 'নবাবগঞ্জ', 1, NULL, NULL),
(45, 3, 'Netrokona', 'নেত্রকোনা', 1, NULL, NULL),
(46, 6, 'Nilphamari', 'নীলফামারী ', 1, NULL, NULL),
(47, 2, 'Noakhali', 'নোয়াখালী', 1, NULL, NULL),
(48, 4, 'Norail', 'নড়াইল', 1, NULL, NULL),
(49, 5, 'Pabna', 'পাবনা', 1, NULL, NULL),
(50, 6, 'Panchagarh', 'পঞ্চগড় ', 1, NULL, NULL),
(51, 1, 'Patuakhali', 'পটুয়াখালী ', 1, NULL, NULL),
(52, 1, 'Pirojpur', 'পিরোজপুর', 1, NULL, NULL),
(53, 3, 'Rajbari', 'রাজবাড়ী', 1, NULL, NULL),
(54, 5, 'Rajshahi', 'রাজশাহী', 1, NULL, NULL),
(55, 2, 'Rangamati', 'রাঙ্গামাটি', 1, NULL, NULL),
(56, 6, 'Rangpur', 'রংপুর ', 1, NULL, NULL),
(57, 4, 'Satkhira', 'সাতক্ষীরা', 1, NULL, NULL),
(58, 3, 'Shariyatpur', 'শরিয়তপুর', 1, NULL, NULL),
(59, 3, 'Sherpur', 'শেরপুর', 1, NULL, NULL),
(60, 5, 'Sirajgonj', 'সিরাজগঞ্জ', 1, NULL, NULL),
(61, 7, 'Sunamganj', 'সুনামগঞ্জ ', 1, NULL, NULL),
(62, 7, 'Sylhet', 'সিলেট', 1, NULL, NULL),
(63, 3, 'Tangail', 'টাংগাইল', 1, NULL, NULL),
(64, 6, 'Thakurgaon', 'ঠাকুরগাঁও ', 1, NULL, NULL);

-- --------------------------------------------------------

--
-- Table structure for table `divisions`
--

CREATE TABLE `divisions` (
  `id` bigint(20) UNSIGNED NOT NULL,
  `name` varchar(191) COLLATE utf8mb4_unicode_ci NOT NULL,
  `namebn` varchar(191) COLLATE utf8mb4_unicode_ci DEFAULT NULL,
  `status` tinyint(1) NOT NULL,
  `url` varchar(500) COLLATE utf8mb4_unicode_ci DEFAULT NULL,
  `created_at` timestamp NULL DEFAULT NULL,
  `updated_at` timestamp NULL DEFAULT NULL
) ENGINE=InnoDB DEFAULT CHARSET=utf8mb4 COLLATE=utf8mb4_unicode_ci;

--
-- Dumping data for table `divisions`
--

INSERT INTO `divisions` (`id`, `name`, `namebn`, `status`, `url`, `created_at`, `updated_at`) VALUES
(1, 'Barisal', 'বরিশাল', 1, 'https://www.codecheef.org/public/editor/kcfinder/upload/images/image-intervention-package-tutorial-in-laravel.jpg', '2019-10-26 03:41:47', '2019-10-26 03:41:47'),
(2, 'Chittagong', 'চট্টগ্রাম', 1, '', '2019-10-26 03:45:28', '2019-10-26 03:45:28'),
(3, 'Dhaka', 'ঢাকা', 1, '', '2019-10-26 03:45:47', '2019-10-26 03:45:47'),
(4, 'Khulna', 'খুলনা', 1, '', '2019-10-26 03:46:17', '2019-10-26 03:46:17'),
(5, 'Rajshahi', 'রাজশাহী', 1, '', '2019-10-26 03:46:33', '2019-10-26 03:46:33'),
(6, 'Rangpur', 'রংপুর', 1, '', '2019-10-26 03:46:46', '2019-10-26 03:46:46'),
(7, 'Sylhet', 'সিলেট', 1, '', '2019-10-26 03:46:58', '2019-10-26 03:46:58'),
(8, 'Mymensingh', 'ময়মনসিংহ', 1, '', '2019-10-26 03:47:11', '2019-10-26 03:47:11');

-- --------------------------------------------------------

--
-- Table structure for table `dues`
--

CREATE TABLE `dues` (
  `id` bigint(20) UNSIGNED NOT NULL,
  `school_id` bigint(20) UNSIGNED NOT NULL,
  `user_id` bigint(20) UNSIGNED NOT NULL,
  `class_id` bigint(20) UNSIGNED NOT NULL,
  `section_id` bigint(20) UNSIGNED DEFAULT NULL,
  `student_id` bigint(20) UNSIGNED NOT NULL,
  `fee_id` bigint(20) UNSIGNED NOT NULL,
  `status` tinyint(4) NOT NULL DEFAULT 1 COMMENT '1=unpaid,2=paid',
  `created_at` timestamp NULL DEFAULT NULL,
  `updated_at` timestamp NULL DEFAULT NULL
) ENGINE=InnoDB DEFAULT CHARSET=utf8mb4 COLLATE=utf8mb4_unicode_ci;

--
-- Dumping data for table `dues`
--

INSERT INTO `dues` (`id`, `school_id`, `user_id`, `class_id`, `section_id`, `student_id`, `fee_id`, `status`, `created_at`, `updated_at`) VALUES
(1, 1, 12, 11, 20, 62, 1, 1, NULL, NULL),
(2, 1, 12, 11, 20, 69, 1, 1, NULL, NULL),
(3, 1, 12, 11, 20, 70, 1, 1, NULL, NULL),
(4, 1, 12, 11, 20, 100, 1, 1, NULL, NULL),
(5, 1, 12, 11, 20, 101, 1, 1, NULL, NULL),
(6, 1, 12, 11, 20, 107, 1, 1, NULL, NULL),
(7, 1, 12, 11, 20, 112, 1, 1, NULL, NULL),
(8, 1, 12, 11, 20, 144, 1, 1, NULL, NULL),
(9, 1, 12, 11, 20, 159, 1, 1, NULL, NULL),
(10, 1, 12, 11, 20, 166, 1, 1, NULL, NULL),
(11, 1, 12, 11, 20, 178, 1, 1, NULL, NULL),
(12, 1, 12, 11, 20, 188, 1, 1, NULL, NULL),
(13, 1, 12, 11, 20, 247, 1, 1, NULL, NULL),
(14, 1, 12, 11, 20, 62, 2, 1, NULL, NULL),
(15, 1, 12, 11, 20, 69, 2, 1, NULL, NULL),
(16, 1, 12, 11, 20, 70, 2, 1, NULL, NULL),
(17, 1, 12, 11, 20, 100, 2, 1, NULL, NULL),
(18, 1, 12, 11, 20, 101, 2, 1, NULL, NULL),
(19, 1, 12, 11, 20, 107, 2, 1, NULL, NULL),
(20, 1, 12, 11, 20, 112, 2, 1, NULL, NULL),
(21, 1, 12, 11, 20, 144, 2, 1, NULL, NULL),
(22, 1, 12, 11, 20, 159, 2, 1, NULL, NULL),
(23, 1, 12, 11, 20, 166, 2, 1, NULL, NULL),
(24, 1, 12, 11, 20, 178, 2, 1, NULL, NULL),
(25, 1, 12, 11, 20, 188, 2, 1, NULL, NULL),
(26, 1, 12, 11, 20, 247, 2, 1, NULL, NULL),
(27, 1, 12, 11, 20, 62, 3, 1, NULL, NULL),
(28, 1, 12, 11, 20, 69, 3, 1, NULL, NULL),
(29, 1, 12, 11, 20, 70, 3, 1, NULL, NULL),
(30, 1, 12, 11, 20, 100, 3, 1, NULL, NULL),
(31, 1, 12, 11, 20, 101, 3, 1, NULL, NULL),
(32, 1, 12, 11, 20, 107, 3, 1, NULL, NULL),
(33, 1, 12, 11, 20, 112, 3, 1, NULL, NULL),
(34, 1, 12, 11, 20, 144, 3, 1, NULL, NULL),
(35, 1, 12, 11, 20, 159, 3, 1, NULL, NULL),
(36, 1, 12, 11, 20, 166, 3, 1, NULL, NULL),
(37, 1, 12, 11, 20, 178, 3, 1, NULL, NULL),
(38, 1, 12, 11, 20, 188, 3, 1, NULL, NULL),
(39, 1, 12, 11, 20, 247, 3, 1, NULL, NULL),
(40, 1, 12, 11, 20, 62, 4, 1, NULL, NULL),
(41, 1, 12, 11, 20, 69, 4, 1, NULL, NULL),
(42, 1, 12, 11, 20, 70, 4, 1, NULL, NULL),
(43, 1, 12, 11, 20, 100, 4, 1, NULL, NULL),
(44, 1, 12, 11, 20, 101, 4, 1, NULL, NULL),
(45, 1, 12, 11, 20, 107, 4, 1, NULL, NULL),
(46, 1, 12, 11, 20, 112, 4, 1, NULL, NULL),
(47, 1, 12, 11, 20, 144, 4, 1, NULL, NULL),
(48, 1, 12, 11, 20, 159, 4, 1, NULL, NULL),
(49, 1, 12, 11, 20, 166, 4, 1, NULL, NULL),
(50, 1, 12, 11, 20, 178, 4, 1, NULL, NULL),
(51, 1, 12, 11, 20, 188, 4, 1, NULL, NULL),
(52, 1, 12, 11, 20, 247, 4, 1, NULL, NULL),
(53, 1, 12, 11, 20, 62, 5, 1, NULL, NULL),
(54, 1, 12, 11, 20, 69, 5, 1, NULL, NULL),
(55, 1, 12, 11, 20, 70, 5, 1, NULL, NULL),
(56, 1, 12, 11, 20, 100, 5, 1, NULL, NULL),
(57, 1, 12, 11, 20, 101, 5, 1, NULL, NULL),
(58, 1, 12, 11, 20, 107, 5, 1, NULL, NULL),
(59, 1, 12, 11, 20, 112, 5, 1, NULL, NULL),
(60, 1, 12, 11, 20, 144, 5, 1, NULL, NULL),
(61, 1, 12, 11, 20, 159, 5, 1, NULL, NULL),
(62, 1, 12, 11, 20, 166, 5, 1, NULL, NULL),
(63, 1, 12, 11, 20, 178, 5, 1, NULL, NULL),
(64, 1, 12, 11, 20, 188, 5, 1, NULL, NULL),
(65, 1, 12, 11, 20, 247, 5, 1, NULL, NULL),
(66, 1, 12, 11, 20, 62, 6, 1, NULL, NULL),
(67, 1, 12, 11, 20, 69, 6, 1, NULL, NULL),
(68, 1, 12, 11, 20, 70, 6, 1, NULL, NULL),
(69, 1, 12, 11, 20, 100, 6, 1, NULL, NULL),
(70, 1, 12, 11, 20, 101, 6, 1, NULL, NULL),
(71, 1, 12, 11, 20, 107, 6, 1, NULL, NULL),
(72, 1, 12, 11, 20, 112, 6, 1, NULL, NULL),
(73, 1, 12, 11, 20, 144, 6, 1, NULL, NULL),
(74, 1, 12, 11, 20, 159, 6, 1, NULL, NULL),
(75, 1, 12, 11, 20, 166, 6, 1, NULL, NULL),
(76, 1, 12, 11, 20, 178, 6, 1, NULL, NULL),
(77, 1, 12, 11, 20, 188, 6, 1, NULL, NULL),
(78, 1, 12, 11, 20, 247, 6, 1, NULL, NULL),
(79, 1, 12, 11, 20, 62, 7, 1, NULL, NULL),
(80, 1, 12, 11, 20, 69, 7, 1, NULL, NULL),
(81, 1, 12, 11, 20, 70, 7, 1, NULL, NULL),
(82, 1, 12, 11, 20, 100, 7, 1, NULL, NULL),
(83, 1, 12, 11, 20, 101, 7, 1, NULL, NULL),
(84, 1, 12, 11, 20, 107, 7, 1, NULL, NULL),
(85, 1, 12, 11, 20, 112, 7, 1, NULL, NULL),
(86, 1, 12, 11, 20, 144, 7, 1, NULL, NULL),
(87, 1, 12, 11, 20, 159, 7, 1, NULL, NULL),
(88, 1, 12, 11, 20, 166, 7, 1, NULL, NULL),
(89, 1, 12, 11, 20, 178, 7, 1, NULL, NULL),
(90, 1, 12, 11, 20, 188, 7, 1, NULL, NULL),
(91, 1, 12, 11, 20, 247, 7, 1, NULL, NULL),
(92, 1, 12, 11, 20, 62, 8, 1, NULL, NULL),
(93, 1, 12, 11, 20, 69, 8, 1, NULL, NULL),
(94, 1, 12, 11, 20, 70, 8, 1, NULL, NULL),
(95, 1, 12, 11, 20, 100, 8, 1, NULL, NULL),
(96, 1, 12, 11, 20, 101, 8, 1, NULL, NULL),
(97, 1, 12, 11, 20, 107, 8, 1, NULL, NULL),
(98, 1, 12, 11, 20, 112, 8, 1, NULL, NULL),
(99, 1, 12, 11, 20, 144, 8, 1, NULL, NULL),
(100, 1, 12, 11, 20, 159, 8, 1, NULL, NULL),
(101, 1, 12, 11, 20, 166, 8, 1, NULL, NULL),
(102, 1, 12, 11, 20, 178, 8, 1, NULL, NULL),
(103, 1, 12, 11, 20, 188, 8, 1, NULL, NULL),
(104, 1, 12, 11, 20, 247, 8, 1, NULL, NULL),
(105, 1, 12, 11, 20, 62, 9, 1, NULL, NULL),
(106, 1, 12, 11, 20, 69, 9, 1, NULL, NULL),
(107, 1, 12, 11, 20, 70, 9, 1, NULL, NULL),
(108, 1, 12, 11, 20, 100, 9, 1, NULL, NULL),
(109, 1, 12, 11, 20, 101, 9, 1, NULL, NULL),
(110, 1, 12, 11, 20, 107, 9, 1, NULL, NULL),
(111, 1, 12, 11, 20, 112, 9, 1, NULL, NULL),
(112, 1, 12, 11, 20, 144, 9, 1, NULL, NULL),
(113, 1, 12, 11, 20, 159, 9, 1, NULL, NULL),
(114, 1, 12, 11, 20, 166, 9, 1, NULL, NULL),
(115, 1, 12, 11, 20, 178, 9, 1, NULL, NULL),
(116, 1, 12, 11, 20, 188, 9, 1, NULL, NULL),
(117, 1, 12, 11, 20, 247, 9, 1, NULL, NULL),
(118, 1, 12, 8, 12, 78, 10, 1, NULL, NULL),
(119, 1, 12, 8, 12, 94, 10, 1, NULL, NULL),
(120, 1, 12, 8, 12, 97, 10, 1, NULL, NULL),
(121, 1, 12, 8, 12, 109, 10, 1, NULL, NULL),
(122, 1, 12, 8, 12, 126, 10, 1, NULL, NULL),
(123, 1, 12, 8, 12, 158, 10, 1, NULL, NULL),
(124, 1, 12, 8, 12, 163, 10, 1, NULL, NULL),
(125, 1, 12, 8, 12, 180, 10, 1, NULL, NULL),
(126, 1, 12, 8, 12, 218, 10, 1, NULL, NULL),
(127, 1, 12, 8, 12, 241, 10, 1, NULL, NULL),
(128, 1, 12, 8, 12, 78, 11, 1, NULL, NULL),
(129, 1, 12, 8, 12, 94, 11, 1, NULL, NULL),
(130, 1, 12, 8, 12, 97, 11, 1, NULL, NULL),
(131, 1, 12, 8, 12, 109, 11, 1, NULL, NULL),
(132, 1, 12, 8, 12, 126, 11, 1, NULL, NULL),
(133, 1, 12, 8, 12, 158, 11, 1, NULL, NULL),
(134, 1, 12, 8, 12, 163, 11, 1, NULL, NULL),
(135, 1, 12, 8, 12, 180, 11, 1, NULL, NULL),
(136, 1, 12, 8, 12, 218, 11, 1, NULL, NULL),
(137, 1, 12, 8, 12, 241, 11, 1, NULL, NULL),
(138, 1, 12, 8, 12, 78, 12, 1, NULL, NULL),
(139, 1, 12, 8, 12, 94, 12, 1, NULL, NULL),
(140, 1, 12, 8, 12, 97, 12, 1, NULL, NULL),
(141, 1, 12, 8, 12, 109, 12, 1, NULL, NULL),
(142, 1, 12, 8, 12, 126, 12, 1, NULL, NULL),
(143, 1, 12, 8, 12, 158, 12, 1, NULL, NULL),
(144, 1, 12, 8, 12, 163, 12, 1, NULL, NULL),
(145, 1, 12, 8, 12, 180, 12, 1, NULL, NULL),
(146, 1, 12, 8, 12, 218, 12, 1, NULL, NULL),
(147, 1, 12, 8, 12, 241, 12, 1, NULL, NULL),
(148, 1, 12, 8, 12, 78, 13, 1, NULL, NULL),
(149, 1, 12, 8, 12, 94, 13, 1, NULL, NULL),
(150, 1, 12, 8, 12, 97, 13, 1, NULL, NULL),
(151, 1, 12, 8, 12, 109, 13, 1, NULL, NULL),
(152, 1, 12, 8, 12, 126, 13, 1, NULL, NULL),
(153, 1, 12, 8, 12, 158, 13, 1, NULL, NULL),
(154, 1, 12, 8, 12, 163, 13, 1, NULL, NULL),
(155, 1, 12, 8, 12, 180, 13, 1, NULL, NULL),
(156, 1, 12, 8, 12, 218, 13, 1, NULL, NULL),
(157, 1, 12, 8, 12, 241, 13, 1, NULL, NULL),
(158, 1, 12, 8, 12, 78, 14, 1, NULL, NULL),
(159, 1, 12, 8, 12, 94, 14, 1, NULL, NULL),
(160, 1, 12, 8, 12, 97, 14, 1, NULL, NULL),
(161, 1, 12, 8, 12, 109, 14, 1, NULL, NULL),
(162, 1, 12, 8, 12, 126, 14, 1, NULL, NULL),
(163, 1, 12, 8, 12, 158, 14, 1, NULL, NULL),
(164, 1, 12, 8, 12, 163, 14, 1, NULL, NULL),
(165, 1, 12, 8, 12, 180, 14, 1, NULL, NULL),
(166, 1, 12, 8, 12, 218, 14, 1, NULL, NULL),
(167, 1, 12, 8, 12, 241, 14, 1, NULL, NULL),
(168, 1, 12, 8, 12, 78, 15, 1, NULL, NULL),
(169, 1, 12, 8, 12, 94, 15, 1, NULL, NULL),
(170, 1, 12, 8, 12, 97, 15, 1, NULL, NULL),
(171, 1, 12, 8, 12, 109, 15, 1, NULL, NULL),
(172, 1, 12, 8, 12, 126, 15, 1, NULL, NULL),
(173, 1, 12, 8, 12, 158, 15, 1, NULL, NULL),
(174, 1, 12, 8, 12, 163, 15, 1, NULL, NULL),
(175, 1, 12, 8, 12, 180, 15, 1, NULL, NULL),
(176, 1, 12, 8, 12, 218, 15, 1, NULL, NULL),
(177, 1, 12, 8, 12, 241, 15, 1, NULL, NULL),
(178, 1, 12, 8, 4, 106, 16, 1, NULL, NULL),
(179, 1, 12, 8, 4, 108, 16, 1, NULL, NULL),
(180, 1, 12, 8, 4, 113, 16, 1, NULL, NULL),
(181, 1, 12, 8, 4, 121, 16, 1, NULL, NULL),
(182, 1, 12, 8, 4, 156, 16, 1, NULL, NULL),
(183, 1, 12, 8, 4, 181, 16, 1, NULL, NULL),
(184, 1, 12, 8, 4, 193, 16, 1, NULL, NULL),
(185, 1, 12, 8, 4, 194, 16, 1, NULL, NULL),
(186, 1, 12, 8, 4, 204, 16, 1, NULL, NULL),
(187, 1, 12, 8, 4, 220, 16, 1, NULL, NULL),
(188, 1, 12, 8, 4, 106, 17, 1, NULL, NULL),
(189, 1, 12, 8, 4, 108, 17, 1, NULL, NULL),
(190, 1, 12, 8, 4, 113, 17, 1, NULL, NULL),
(191, 1, 12, 8, 4, 121, 17, 1, NULL, NULL),
(192, 1, 12, 8, 4, 156, 17, 1, NULL, NULL),
(193, 1, 12, 8, 4, 181, 17, 1, NULL, NULL),
(194, 1, 12, 8, 4, 193, 17, 1, NULL, NULL),
(195, 1, 12, 8, 4, 194, 17, 1, NULL, NULL),
(196, 1, 12, 8, 4, 204, 17, 1, NULL, NULL),
(197, 1, 12, 8, 4, 220, 17, 1, NULL, NULL),
(198, 1, 12, 9, 8, 133, 18, 1, NULL, NULL),
(199, 1, 12, 11, 20, 62, 19, 1, NULL, NULL),
(200, 1, 12, 11, 20, 69, 19, 1, NULL, NULL),
(201, 1, 12, 11, 20, 70, 19, 1, NULL, NULL),
(202, 1, 12, 11, 20, 100, 19, 1, NULL, NULL),
(203, 1, 12, 11, 20, 101, 19, 1, NULL, NULL),
(204, 1, 12, 11, 20, 107, 19, 1, NULL, NULL),
(205, 1, 12, 11, 20, 112, 19, 1, NULL, NULL),
(206, 1, 12, 11, 20, 144, 19, 1, NULL, NULL),
(207, 1, 12, 11, 20, 159, 19, 1, NULL, NULL),
(208, 1, 12, 11, 20, 166, 19, 1, NULL, NULL),
(209, 1, 12, 11, 20, 178, 19, 1, NULL, NULL),
(210, 1, 12, 11, 20, 188, 19, 1, NULL, NULL),
(211, 1, 12, 11, 20, 247, 19, 1, NULL, NULL),
(212, 1, 12, 9, 17, 66, 20, 1, NULL, NULL),
(213, 1, 12, 9, 17, 110, 20, 1, NULL, NULL),
(214, 1, 12, 9, 17, 124, 20, 1, NULL, NULL),
(215, 1, 12, 9, 17, 137, 20, 1, NULL, NULL),
(216, 1, 12, 9, 17, 157, 20, 1, NULL, NULL),
(217, 1, 12, 9, 17, 210, 20, 1, NULL, NULL),
(218, 1, 12, 9, 17, 231, 20, 1, NULL, NULL),
(219, 1, 12, 9, 17, 239, 20, 1, NULL, NULL),
(220, 1, 12, 9, 17, 267, 20, 1, NULL, NULL),
(221, 1, 12, 11, 20, 70, 21, 1, NULL, NULL);

-- --------------------------------------------------------

--
-- Table structure for table `events`
--

CREATE TABLE `events` (
  `id` bigint(20) UNSIGNED NOT NULL,
  `file_path` varchar(191) COLLATE utf8mb4_unicode_ci DEFAULT NULL,
  `title` varchar(191) COLLATE utf8mb4_unicode_ci NOT NULL,
  `slug` varchar(255) COLLATE utf8mb4_unicode_ci NOT NULL,
  `description` text COLLATE utf8mb4_unicode_ci NOT NULL,
  `venue` text COLLATE utf8mb4_unicode_ci NOT NULL,
  `event_date` date NOT NULL,
  `event_time` varchar(191) COLLATE utf8mb4_unicode_ci DEFAULT NULL,
  `event_timend` varchar(191) COLLATE utf8mb4_unicode_ci DEFAULT NULL,
  `active` tinyint(4) NOT NULL,
  `school_id` bigint(20) UNSIGNED NOT NULL,
  `user_id` int(10) UNSIGNED NOT NULL,
  `created_at` timestamp NULL DEFAULT NULL,
  `updated_at` timestamp NULL DEFAULT NULL
) ENGINE=InnoDB DEFAULT CHARSET=utf8mb4 COLLATE=utf8mb4_unicode_ci;

--
-- Dumping data for table `events`
--

INSERT INTO `events` (`id`, `file_path`, `title`, `slug`, `description`, `venue`, `event_date`, `event_time`, `event_timend`, `active`, `school_id`, `user_id`, `created_at`, `updated_at`) VALUES
(1, 'http://192.168.0.109:8001/storage/FA20165757S/FA20165757H/2021/MULTIFILE/1610171528.jpeg', 'Repellendus Est aut', 'repellendus-est-aut', '<p>Arun</p>', 'Odio architecto unde', '1993-06-15', '1:33 PM', '1:33 PM', 1, 1, 12, '2021-01-03 07:34:24', '2021-03-15 06:57:11'),
(2, 'http://192.168.0.109:8001/storage/FA20165757S/FA20165757H/2021/MULTIFILE/1610171864.jpeg', 'Quisquam duis illum', 'quisquam-duis-illum', '<p>asdsadad</p>', 'Molestias adipisicin', '2017-08-17', '1:34 PM', '1:34 PM', 1, 1, 12, '2021-01-03 07:34:37', '2021-03-15 06:57:16'),
(3, 'http://192.168.0.109:8001/storage/FA20165757S/FA20165757H/2021/MULTIFILE/3741615795140.pdf', 'Md. Asifuzzaman', 'md-asifuzzaman', '<p>asdasd</p>', 'dasdas', '2021-03-24', '1:57 PM', '1:57 PM', 1, 1, 12, '2021-03-15 07:59:00', '2021-03-15 07:59:00');

-- --------------------------------------------------------

--
-- Table structure for table `exams`
--

CREATE TABLE `exams` (
  `id` bigint(20) UNSIGNED NOT NULL,
  `exam_name` varchar(191) COLLATE utf8mb4_unicode_ci NOT NULL,
  `start_date` varchar(50) COLLATE utf8mb4_unicode_ci NOT NULL DEFAULT '''''',
  `end_date` varchar(50) COLLATE utf8mb4_unicode_ci NOT NULL DEFAULT '''''',
  `term` varchar(20) COLLATE utf8mb4_unicode_ci NOT NULL DEFAULT '''''',
  `active` tinyint(4) NOT NULL,
  `notice_published` tinyint(4) NOT NULL,
  `result_published` tinyint(4) NOT NULL,
  `school_id` bigint(20) UNSIGNED NOT NULL,
  `user_id` int(10) UNSIGNED NOT NULL,
  `created_at` timestamp NULL DEFAULT NULL,
  `updated_at` timestamp NULL DEFAULT NULL
) ENGINE=InnoDB DEFAULT CHARSET=utf8mb4 COLLATE=utf8mb4_unicode_ci;

--
-- Dumping data for table `exams`
--

INSERT INTO `exams` (`id`, `exam_name`, `start_date`, `end_date`, `term`, `active`, `notice_published`, `result_published`, `school_id`, `user_id`, `created_at`, `updated_at`) VALUES
(1, '1st Semester ', '1994-09-17 14:49:19', '1974-05-11 15:37:16', 'Optio et soluta sit.', 1, 1, 0, 1, 99, '2020-10-28 06:23:47', '2020-10-28 06:23:47'),
(2, 'placeat placeat eveniet', '2008-01-15 08:24:48', '2000-02-06 04:06:51', 'Placeat vel.', 0, 0, 0, 1, 124, '2020-10-28 06:23:47', '2020-10-28 06:23:47'),
(3, 'quod magni id', '1979-09-17 01:29:26', '1984-04-28 08:07:14', 'Dolores culpa.', 0, 1, 0, 1, 26, '2020-10-28 06:23:47', '2020-10-28 06:23:47'),
(4, 'maxime assumenda ut', '1983-07-27 23:05:18', '1973-02-05 10:51:14', 'Ut quae repellat.', 0, 0, 1, 1, 72, '2020-10-28 06:23:47', '2020-10-28 06:23:47'),
(5, 'illo temporibus qui', '1978-06-16 14:04:45', '1997-04-29 22:31:27', 'Dolore.', 1, 1, 1, 1, 82, '2020-10-28 06:23:47', '2020-10-28 06:23:47'),
(6, 'eligendi qui ex', '1992-03-23 18:26:33', '1981-10-16 05:15:35', 'Ab mollitia.', 1, 1, 1, 1, 256, '2020-10-28 06:23:47', '2020-10-28 06:23:47'),
(7, 'et id vitae', '1976-11-14 16:41:31', '1981-04-10 14:26:22', 'In veritatis nemo.', 1, 0, 0, 1, 79, '2020-10-28 06:23:47', '2020-10-28 06:23:47'),
(8, 'blanditiis possimus non', '1979-10-27 23:40:12', '1981-03-22 06:17:42', 'Odio nobis dolores.', 1, 0, 1, 1, 252, '2020-10-28 06:23:47', '2020-10-28 06:23:47'),
(9, 'facere placeat ab', '1999-07-22 07:32:08', '1990-06-23 12:33:14', 'Officia aut sit.', 1, 0, 1, 1, 183, '2020-10-28 06:23:47', '2020-10-28 06:23:47'),
(10, 'culpa voluptatem aut', '2020-08-24 20:46:10', '2012-05-21 15:34:53', 'Aut asperiores.', 0, 0, 1, 1, 180, '2020-10-28 06:23:47', '2020-10-28 06:23:47'),
(12, 'First Semester 201', '2021-03-18', '2021-03-27', '1', 1, 0, 0, 1, 12, '2021-03-18 07:26:02', '2021-03-18 07:26:02'),
(14, 'Class test', '2021-03-17', '2021-03-31', '1', 1, 0, 0, 1, 12, '2021-03-20 10:48:53', '2021-03-20 10:48:53'),
(16, 'Class test 3', '2021-03-29', '2021-03-31', '1', 1, 0, 0, 1, 12, '2021-03-20 11:26:22', '2021-03-20 12:01:58'),
(17, 'Semester 1', '2021-03-01', '2021-03-31', '3', 1, 0, 0, 1, 12, '2021-03-28 09:10:40', '2021-03-28 09:10:40'),
(18, 'Semester 1', '2021-03-01', '2021-03-31', '3', 1, 0, 0, 1, 12, '2021-03-28 09:10:42', '2021-03-28 09:11:45');

-- --------------------------------------------------------

--
-- Table structure for table `exam_for_classes`
--

CREATE TABLE `exam_for_classes` (
  `id` bigint(20) UNSIGNED NOT NULL,
  `class_id` int(10) UNSIGNED NOT NULL,
  `exam_id` int(10) UNSIGNED NOT NULL,
  `active` tinyint(4) NOT NULL DEFAULT 0
) ENGINE=InnoDB DEFAULT CHARSET=utf8mb4 COLLATE=utf8mb4_unicode_ci;

--
-- Dumping data for table `exam_for_classes`
--

INSERT INTO `exam_for_classes` (`id`, `class_id`, `exam_id`, `active`) VALUES
(1, 7, 7, 1),
(2, 13, 6, 0),
(3, 3, 9, 1),
(4, 13, 7, 0),
(5, 9, 8, 1),
(6, 9, 9, 0),
(7, 2, 9, 1),
(8, 13, 8, 1),
(9, 3, 8, 1),
(10, 5, 7, 1),
(11, 3, 9, 1),
(12, 3, 8, 0),
(13, 10, 5, 1),
(14, 12, 6, 1),
(15, 6, 7, 0),
(16, 2, 9, 1),
(17, 12, 5, 1),
(18, 9, 1, 1),
(19, 1, 9, 0),
(20, 6, 5, 1),
(21, 9, 1, 0),
(22, 7, 9, 1),
(23, 9, 8, 1),
(24, 12, 1, 1),
(25, 8, 8, 1),
(26, 10, 6, 0),
(27, 7, 8, 1),
(28, 3, 8, 0),
(29, 13, 8, 1),
(30, 11, 8, 0),
(31, 4, 16, 0),
(32, 14, 17, 0),
(33, 14, 18, 0);

-- --------------------------------------------------------

--
-- Table structure for table `expenses`
--

CREATE TABLE `expenses` (
  `id` bigint(20) UNSIGNED NOT NULL,
  `school_id` bigint(20) UNSIGNED NOT NULL,
  `user_id` bigint(20) UNSIGNED NOT NULL,
  `account_sector_id` bigint(20) UNSIGNED NOT NULL,
  `amount` double(25,2) NOT NULL,
  `description` varchar(191) COLLATE utf8mb4_unicode_ci NOT NULL,
  `created_at` timestamp NULL DEFAULT NULL,
  `updated_at` timestamp NULL DEFAULT NULL
) ENGINE=InnoDB DEFAULT CHARSET=utf8mb4 COLLATE=utf8mb4_unicode_ci;

--
-- Dumping data for table `expenses`
--

INSERT INTO `expenses` (`id`, `school_id`, `user_id`, `account_sector_id`, `amount`, `description`, `created_at`, `updated_at`) VALUES
(1, 1, 12, 15, 2500.00, 'Electric Bill', '2021-02-10 09:17:08', '2021-02-10 09:17:08'),
(2, 1, 12, 16, 350.00, 'Wasa Bill', '2021-02-10 09:18:01', '2021-02-10 09:18:01'),
(3, 1, 12, 17, 550.00, 'Telephone Bill', '2021-02-10 09:18:51', '2021-02-10 09:18:51'),
(4, 1, 12, 18, 310.00, 'Paper Bill', '2021-02-03 09:19:18', '2021-02-10 09:19:18'),
(5, 1, 12, 15, 359.00, 'Electric Bill', '2021-02-01 09:22:30', '2021-02-10 09:22:30'),
(6, 1, 12, 16, 200.00, 'ertt', '2021-02-04 09:22:50', '2021-02-10 09:22:50'),
(7, 1, 12, 18, 320.00, 'Paper Bill', '2021-02-10 09:23:54', '2021-02-10 09:23:54'),
(8, 1, 12, 18, 300.00, 'Paper Bill', '2021-02-05 09:24:41', '2021-02-10 09:24:41'),
(9, 1, 12, 21, 300.00, 'Gas Bill', '2021-02-10 09:32:01', '2021-02-10 09:32:01'),
(10, 1, 12, 21, 950.00, 'Gas Bill', '2021-02-08 09:32:21', '2021-02-10 09:32:21'),
(11, 1, 12, 22, 1150.00, 'For month February', '2021-02-17 09:45:40', '2021-02-17 09:45:40'),
(12, 1, 12, 16, 200.00, 'df', '2021-02-17 11:27:38', '2021-02-17 11:27:38'),
(13, 1, 12, 18, 400.00, '25', '2021-02-17 11:29:14', '2021-02-17 11:29:14');

-- --------------------------------------------------------

--
-- Table structure for table `failed_jobs`
--

CREATE TABLE `failed_jobs` (
  `id` bigint(20) UNSIGNED NOT NULL,
  `connection` text COLLATE utf8mb4_unicode_ci NOT NULL,
  `queue` text COLLATE utf8mb4_unicode_ci NOT NULL,
  `payload` longtext COLLATE utf8mb4_unicode_ci NOT NULL,
  `exception` longtext COLLATE utf8mb4_unicode_ci NOT NULL,
  `failed_at` timestamp NOT NULL DEFAULT current_timestamp()
) ENGINE=InnoDB DEFAULT CHARSET=utf8mb4 COLLATE=utf8mb4_unicode_ci;

-- --------------------------------------------------------

--
-- Table structure for table `faqs`
--

CREATE TABLE `faqs` (
  `id` bigint(20) UNSIGNED NOT NULL,
  `question` varchar(191) COLLATE utf8mb4_unicode_ci NOT NULL,
  `answer` text COLLATE utf8mb4_unicode_ci NOT NULL,
  `user_id` int(10) UNSIGNED NOT NULL,
  `created_at` timestamp NULL DEFAULT NULL,
  `updated_at` timestamp NULL DEFAULT NULL
) ENGINE=InnoDB DEFAULT CHARSET=utf8mb4 COLLATE=utf8mb4_unicode_ci;

--
-- Dumping data for table `faqs`
--

INSERT INTO `faqs` (`id`, `question`, `answer`, `user_id`, `created_at`, `updated_at`) VALUES
(1, 'Culpa autem laudantium quasi dignissimos recusandae veritatis enim.', 'Et aut vero velit iste. Molestias incidunt expedita quidem aliquid at aut aut. Iure sit voluptas debitis ut molestiae.', 234, '2020-10-28 06:24:04', '2020-10-28 06:24:04'),
(2, 'Aut autem consequatur veritatis nisi sed.', 'Dolor ut distinctio cupiditate et molestiae eaque et. Vel facere sit ipsum eum voluptatem esse aut. Consequatur neque dicta quia reiciendis eaque vel qui.', 97, '2020-10-28 06:24:04', '2020-10-28 06:24:04'),
(3, 'Et quia sunt porro fugiat explicabo.', 'Dolores voluptatem eius quo optio autem non magnam. Voluptatem laboriosam sint saepe alias. Voluptate ducimus quibusdam qui dolores consequatur quas.', 193, '2020-10-28 06:24:04', '2020-10-28 06:24:04'),
(4, 'Officiis suscipit unde ipsum adipisci suscipit molestias commodi.', 'Ex quasi voluptatem doloribus eos molestiae tempora. Corrupti odio consequatur officiis ut veritatis. Voluptas qui architecto rerum.', 61, '2020-10-28 06:24:04', '2020-10-28 06:24:04'),
(5, 'Natus est nostrum accusamus quia id rem et.', 'Est aperiam sint soluta accusamus. Odio quia praesentium suscipit voluptatem et ex quia quia. Quae aut tempore nesciunt dolor quo unde itaque aut.', 41, '2020-10-28 06:24:04', '2020-10-28 06:24:04'),
(6, 'Placeat quasi perferendis quae.', 'Recusandae tempore facilis vitae necessitatibus sunt hic qui. Aut ipsa rerum quasi qui. Suscipit aliquid soluta rerum excepturi blanditiis.', 126, '2020-10-28 06:24:04', '2020-10-28 06:24:04'),
(7, 'Et sit ea culpa et eum.', 'Vero nam magnam voluptatem amet molestiae fugit quia. Reiciendis dolorum eius reiciendis cum nihil voluptatibus vel. Maiores deserunt et sunt non.', 2, '2020-10-28 06:24:04', '2020-10-28 06:24:04'),
(8, 'Quo incidunt delectus facere eaque qui voluptatem.', 'Facere odit tempora blanditiis expedita molestias. Ut quam et repudiandae. Corporis rem fuga voluptas.', 14, '2020-10-28 06:24:04', '2020-10-28 06:24:04'),
(9, 'Ullam unde et voluptas nulla quo optio.', 'Aliquid consectetur est id vel magni est. Aut nulla et dicta. Magnam eos at enim ipsam sint autem sint.', 62, '2020-10-28 06:24:04', '2020-10-28 06:24:04'),
(10, 'Accusantium itaque dolor sint qui libero iusto animi nostrum.', 'Velit et dolor ipsum dolorem. Deleniti dicta non tempora. Possimus asperiores dolores eos earum iusto quo eum.', 180, '2020-10-28 06:24:04', '2020-10-28 06:24:04'),
(11, 'Officia sunt ducimus facere neque.', 'A aut consectetur exercitationem. Iste ut atque quidem similique. Sapiente consequatur alias atque nihil nobis nam maiores.', 156, '2020-10-28 06:24:04', '2020-10-28 06:24:04'),
(12, 'Dolorem id repellendus pariatur veniam aut consectetur.', 'Impedit consequatur assumenda expedita eius quia. Voluptatem voluptatem ipsam incidunt. Sit dolor qui est a.', 65, '2020-10-28 06:24:04', '2020-10-28 06:24:04'),
(13, 'Praesentium qui debitis velit expedita et neque aut dolores.', 'A quo natus iure dolor. Eius placeat qui quibusdam dolorum fuga sunt. Neque aut consequatur et temporibus ut doloribus.', 21, '2020-10-28 06:24:04', '2020-10-28 06:24:04'),
(14, 'Labore eum eius rem qui pariatur nihil eveniet.', 'Optio unde fugit autem consequuntur quia. Natus neque fuga placeat impedit ut consequatur delectus. Id perspiciatis doloremque quam voluptates quis maxime exercitationem.', 182, '2020-10-28 06:24:04', '2020-10-28 06:24:04'),
(15, 'Earum quibusdam illum sunt ut qui ducimus voluptatem doloribus.', 'Quis excepturi blanditiis reiciendis labore quia. Assumenda sed hic aliquid eaque et est. Aliquid consequuntur dolores tempore.', 61, '2020-10-28 06:24:04', '2020-10-28 06:24:04'),
(16, 'Et sit vitae molestiae tempore eos.', 'Omnis ut labore sint voluptas ut veniam consequatur. Omnis aperiam numquam pariatur nemo voluptatem magni quo ad. Illum dolores dolores saepe facilis.', 211, '2020-10-28 06:24:04', '2020-10-28 06:24:04'),
(17, 'Consectetur iste non et et rerum sint.', 'Numquam incidunt rerum excepturi adipisci nesciunt modi. Maiores aut molestiae possimus facere asperiores quo. Nesciunt sunt cumque voluptates quis reiciendis.', 192, '2020-10-28 06:24:04', '2020-10-28 06:24:04'),
(18, 'Commodi magni numquam inventore et iste.', 'Maiores aut cumque quibusdam occaecati. Voluptas et rerum rerum eligendi. Molestiae molestias ipsum rem voluptatem dolor.', 140, '2020-10-28 06:24:05', '2020-10-28 06:24:05'),
(19, 'Dolor sed quia ut sed non minus.', 'Alias odio ipsum voluptas ipsum. Voluptas doloribus laboriosam qui et. Aspernatur facere iure cumque aspernatur.', 229, '2020-10-28 06:24:05', '2020-10-28 06:24:05'),
(20, 'Nulla sed veritatis sint.', 'Qui aliquid maiores cupiditate. Officia ut eveniet nihil non saepe ea qui. Maxime quia iste est est ab corrupti autem.', 249, '2020-10-28 06:24:05', '2020-10-28 06:24:05'),
(21, 'Dolor quia error provident aut et id est explicabo.', 'Suscipit repudiandae optio magnam enim. Libero sapiente magni tempora labore amet et quos. Ut repellat quae nostrum aperiam explicabo.', 8, '2020-10-28 06:24:05', '2020-10-28 06:24:05'),
(22, 'Est enim ducimus a.', 'Magnam sunt voluptates numquam dicta maiores magnam fuga. Nostrum ipsa pariatur architecto nesciunt nihil expedita ut. Pariatur molestias minima corrupti molestiae aut aperiam voluptas voluptatem.', 102, '2020-10-28 06:24:05', '2020-10-28 06:24:05'),
(23, 'Illo cupiditate repudiandae consequatur sapiente.', 'Veniam cumque labore asperiores et consequuntur ratione ex. Architecto aliquid cupiditate modi. Omnis beatae eos qui deserunt cum maiores.', 143, '2020-10-28 06:24:05', '2020-10-28 06:24:05'),
(24, 'Perspiciatis vitae cumque sed iste omnis nemo exercitationem.', 'Eius quam natus velit. Officia labore eos debitis voluptatum et dignissimos. Rem nulla quam corrupti autem et sapiente aperiam.', 168, '2020-10-28 06:24:05', '2020-10-28 06:24:05'),
(25, 'Fuga laborum ut esse vero nobis.', 'Vel qui dolor inventore. Non veniam eveniet omnis neque doloribus omnis unde et. Praesentium error incidunt dolores perspiciatis eaque.', 191, '2020-10-28 06:24:05', '2020-10-28 06:24:05'),
(26, 'Et nesciunt quos nesciunt accusantium earum.', 'Ut repellendus laboriosam voluptas sed natus soluta. Repudiandae maxime est et quod vel sit ea cupiditate. Aut et numquam eius necessitatibus voluptatibus.', 157, '2020-10-28 06:24:05', '2020-10-28 06:24:05'),
(27, 'Cumque officia quia corporis tempore.', 'Doloremque dolores id ut non. Molestiae atque est occaecati deserunt et ducimus. Labore eos natus dolor hic non unde eum repudiandae.', 256, '2020-10-28 06:24:05', '2020-10-28 06:24:05'),
(28, 'Quae est nihil sequi aut molestias facere aut.', 'Rerum commodi quaerat vitae hic. Omnis accusamus voluptas sit laborum vel rem. Est voluptatibus in tempore sint tempora vel earum in.', 89, '2020-10-28 06:24:05', '2020-10-28 06:24:05'),
(29, 'Consequatur facilis magnam non animi dignissimos ipsam consequuntur.', 'Facere nihil corrupti repellat asperiores labore eius. Perferendis aut sit enim doloremque. Facere qui harum cumque sunt quod.', 248, '2020-10-28 06:24:05', '2020-10-28 06:24:05'),
(30, 'Et sed commodi sit ut.', 'Quo cupiditate eaque ipsam. Quasi quasi qui praesentium cupiditate sed. Exercitationem non facere molestiae omnis rem ut iste.', 128, '2020-10-28 06:24:05', '2020-10-28 06:24:05'),
(31, 'Id vel aut quaerat possimus.', 'Asperiores sunt aliquam repellat non earum. Cupiditate voluptatibus non repellat omnis laborum. Ullam laboriosam consequatur nesciunt iure eveniet quas placeat.', 61, '2020-10-28 06:24:05', '2020-10-28 06:24:05'),
(32, 'Excepturi necessitatibus sunt deleniti aperiam dicta qui assumenda.', 'Et error vel veritatis molestias aut eos libero. Magnam velit repellat distinctio consequuntur. Vitae quo dolores qui.', 165, '2020-10-28 06:24:05', '2020-10-28 06:24:05'),
(33, 'Ut quia repudiandae sed et excepturi illo laboriosam.', 'Corrupti cum optio modi at ea ut dolorem. Est non omnis fugiat ut voluptatum. Exercitationem molestias eum asperiores exercitationem voluptates nemo et.', 164, '2020-10-28 06:24:05', '2020-10-28 06:24:05'),
(34, 'Cumque sunt ducimus modi est molestiae unde esse.', 'Et sapiente aut vel dolorem aut quasi ipsam omnis. In consequatur a fugiat est. Quia est saepe excepturi exercitationem doloribus ducimus.', 257, '2020-10-28 06:24:05', '2020-10-28 06:24:05'),
(35, 'Sit qui et earum quia beatae animi ut eligendi.', 'In eum omnis nihil sapiente qui velit velit nihil. Quaerat hic ipsam cumque ut aspernatur. Sit veniam magnam corporis aut.', 135, '2020-10-28 06:24:05', '2020-10-28 06:24:05'),
(36, 'Officia beatae omnis aut.', 'Dolore illum dolorum exercitationem nam eos. Hic magni et ea. Minus tenetur amet sit qui quos consequuntur deserunt.', 241, '2020-10-28 06:24:05', '2020-10-28 06:24:05'),
(37, 'Sunt repellat sint ab rem.', 'Quia aut non suscipit ipsum qui reprehenderit. Quo quod voluptas aut illo aperiam minus. Corporis cum distinctio excepturi provident et quidem.', 125, '2020-10-28 06:24:05', '2020-10-28 06:24:05'),
(38, 'Veritatis voluptas necessitatibus accusamus itaque.', 'Architecto quod rerum praesentium et magnam ut. Molestiae cum ducimus est et omnis quidem ratione. Enim eveniet sit doloribus facere culpa.', 130, '2020-10-28 06:24:05', '2020-10-28 06:24:05'),
(39, 'Aliquid ipsa fuga quo aut ad.', 'Quo nesciunt ducimus aperiam deserunt. Qui facere sed voluptatum a ipsum rerum nemo. Sunt nostrum repellendus aspernatur at voluptas asperiores aut tenetur.', 220, '2020-10-28 06:24:05', '2020-10-28 06:24:05'),
(40, 'Ut nemo numquam reprehenderit.', 'Quod molestias qui dicta. Dolores eum labore assumenda quo. Quae sed corrupti error qui aliquid praesentium.', 212, '2020-10-28 06:24:05', '2020-10-28 06:24:05'),
(41, 'Commodi doloremque aut dignissimos enim aut quasi.', 'Alias blanditiis ut quisquam fuga. Et cupiditate aut ratione accusamus. Porro velit mollitia quisquam animi.', 187, '2020-10-28 06:24:05', '2020-10-28 06:24:05'),
(42, 'Et ut suscipit corporis ut.', 'Doloribus doloremque dolores alias voluptatem quos eaque dicta voluptas. Est sed qui unde fugiat dolorem voluptates nihil occaecati. Dolor necessitatibus eos aut asperiores beatae qui natus.', 256, '2020-10-28 06:24:05', '2020-10-28 06:24:05'),
(43, 'Nihil est accusantium labore sint.', 'Vitae sit atque sint mollitia est qui. Quia dolorum est pariatur voluptatem. Laudantium nulla similique cumque eligendi corporis minima.', 221, '2020-10-28 06:24:05', '2020-10-28 06:24:05'),
(44, 'Corporis cum qui perspiciatis praesentium.', 'Consequatur aut porro ut. Enim aut reprehenderit occaecati quis animi et. Excepturi et explicabo ipsum est.', 239, '2020-10-28 06:24:05', '2020-10-28 06:24:05'),
(45, 'Omnis cupiditate aliquam itaque ullam aliquam ea distinctio tenetur.', 'Aperiam facere animi nisi ut recusandae eveniet. Aut laborum natus ut illo dicta animi enim. Animi et omnis illum eligendi rem.', 79, '2020-10-28 06:24:05', '2020-10-28 06:24:05'),
(46, 'Facilis numquam quo praesentium nihil sed voluptatem saepe.', 'Adipisci cum autem odit est et nihil. Eos vitae vel molestiae earum expedita architecto qui. Quo incidunt sit est ad.', 84, '2020-10-28 06:24:05', '2020-10-28 06:24:05'),
(47, 'Soluta aut et dolorem repellendus.', 'Ab est consequuntur aut maiores totam distinctio corrupti ratione. Distinctio beatae consequuntur fuga in ea. Omnis ad quae et molestiae temporibus.', 194, '2020-10-28 06:24:05', '2020-10-28 06:24:05'),
(48, 'Consequatur occaecati sapiente labore omnis beatae adipisci et sed.', 'Dolores similique voluptatibus dignissimos in sed. Corporis quae iure perferendis earum et blanditiis. Dolorum eius omnis magnam in recusandae.', 252, '2020-10-28 06:24:05', '2020-10-28 06:24:05'),
(49, 'Sit vero eum velit aut.', 'Corrupti voluptas enim culpa et. Quos molestiae molestiae aliquam quas aperiam. Sed eius saepe dolores nihil vel.', 236, '2020-10-28 06:24:05', '2020-10-28 06:24:05'),
(50, 'Est qui voluptas architecto doloribus sed reiciendis.', 'Veritatis architecto est id. Eos tenetur corporis nostrum aliquid impedit et. Sed architecto officiis blanditiis quia eum.', 69, '2020-10-28 06:24:05', '2020-10-28 06:24:05');

-- --------------------------------------------------------

--
-- Table structure for table `feedbacks`
--

CREATE TABLE `feedbacks` (
  `id` bigint(20) UNSIGNED NOT NULL,
  `description` text COLLATE utf8mb4_unicode_ci NOT NULL,
  `teacher_id` int(10) UNSIGNED NOT NULL,
  `student_id` int(10) UNSIGNED NOT NULL,
  `created_at` timestamp NULL DEFAULT NULL,
  `updated_at` timestamp NULL DEFAULT NULL
) ENGINE=InnoDB DEFAULT CHARSET=utf8mb4 COLLATE=utf8mb4_unicode_ci;

--
-- Dumping data for table `feedbacks`
--

INSERT INTO `feedbacks` (`id`, `description`, `teacher_id`, `student_id`, `created_at`, `updated_at`) VALUES
(1, 'Consequatur assumenda temporibus eum sit. Possimus neque autem in error sunt. Minima magni architecto dolore eius architecto occaecati.', 35, 244, '2020-10-28 06:23:55', '2020-10-28 06:23:55'),
(2, 'Perspiciatis odio fugit repudiandae nostrum. Consequuntur consequuntur iusto est enim eos. Accusamus aut natus est et at officiis adipisci.', 46, 199, '2020-10-28 06:23:55', '2020-10-28 06:23:55'),
(3, 'Culpa qui repellat a dolores. Numquam quam nihil occaecati. Vel atque natus incidunt aut voluptatum.', 49, 108, '2020-10-28 06:23:55', '2020-10-28 06:23:55'),
(4, 'Nihil exercitationem minus autem ipsa sed voluptatem quo. Voluptatem beatae optio est optio sapiente. Veritatis aperiam nisi exercitationem consequatur.', 37, 64, '2020-10-28 06:23:55', '2020-10-28 06:23:55'),
(5, 'Et natus dolorum ratione quam voluptatibus voluptas qui voluptatum. Est ducimus veritatis quasi assumenda earum est. Cupiditate accusamus maxime dolores expedita aut.', 51, 143, '2020-10-28 06:23:55', '2020-10-28 06:23:55'),
(6, 'Rem et quia laborum esse ab quis. Saepe itaque architecto dicta aut. Et in quod id dolor magni sit ipsa quam.', 47, 228, '2020-10-28 06:23:55', '2020-10-28 06:23:55'),
(7, 'At et ad nostrum consequuntur quam. Dolores quia distinctio eaque aut perferendis sit dolor. Rem ad animi accusantium maxime eum.', 53, 259, '2020-10-28 06:23:55', '2020-10-28 06:23:55'),
(8, 'Ea non nesciunt hic ab quo accusantium. Nulla tenetur nemo corrupti placeat beatae. Ut fugiat dolor fugiat aut.', 45, 82, '2020-10-28 06:23:55', '2020-10-28 06:23:55'),
(9, 'Architecto pariatur molestias molestiae nihil dolores quos ipsum. Natus veniam quis recusandae sed. Aperiam soluta vel adipisci nam nihil laboriosam enim et.', 42, 116, '2020-10-28 06:23:55', '2020-10-28 06:23:55'),
(10, 'Ad est et voluptatibus iste voluptate mollitia. Laudantium nobis non aut et et qui et. Eveniet velit beatae perferendis voluptate et.', 51, 93, '2020-10-28 06:23:55', '2020-10-28 06:23:55'),
(11, 'Nulla sed et corporis sapiente vel quia consequuntur non. Laborum doloremque eaque nemo culpa. Qui nulla consectetur quibusdam alias pariatur velit omnis enim.', 44, 233, '2020-10-28 06:23:55', '2020-10-28 06:23:55'),
(12, 'Voluptas dolores perferendis eaque assumenda inventore debitis tempore. Dolores quibusdam et eos sit. In rerum praesentium distinctio maiores asperiores et facere.', 32, 221, '2020-10-28 06:23:55', '2020-10-28 06:23:55'),
(13, 'Est non tempore ullam. Nesciunt voluptatibus sunt blanditiis blanditiis facere consequuntur. Quisquam sapiente voluptatibus dolorum quia dicta corrupti magni.', 36, 230, '2020-10-28 06:23:55', '2020-10-28 06:23:55'),
(14, 'In molestias nulla ut illo provident. Maiores et aut enim dolor quis perferendis qui. Vitae et eius quo placeat ducimus.', 55, 121, '2020-10-28 06:23:55', '2020-10-28 06:23:55'),
(15, 'Ad consequatur consectetur itaque eum eum beatae eos. Aut at aspernatur molestias facere. Sint consectetur autem ab sit incidunt nostrum.', 34, 164, '2020-10-28 06:23:55', '2020-10-28 06:23:55'),
(16, 'Libero qui ut consectetur autem doloribus cum. Quae eos enim qui nihil magnam. Quaerat nulla cum possimus vel neque.', 61, 178, '2020-10-28 06:23:55', '2020-10-28 06:23:55'),
(17, 'Excepturi ex dolorem omnis molestias est nobis sit. Ex aspernatur rerum enim deserunt. Vero rerum ipsam ut.', 40, 202, '2020-10-28 06:23:55', '2020-10-28 06:23:55'),
(18, 'Quo impedit vel nulla iste alias. Ullam tempora dolores iste repellat. Explicabo odio maxime eos et.', 44, 218, '2020-10-28 06:23:55', '2020-10-28 06:23:55'),
(19, 'Asperiores aut velit ea sit omnis dicta. Sint ipsa deleniti enim est debitis. Illo non numquam aut assumenda suscipit adipisci hic.', 53, 206, '2020-10-28 06:23:55', '2020-10-28 06:23:55'),
(20, 'Rem fugiat unde earum reiciendis veniam. Soluta in ea est consequatur mollitia. Repudiandae omnis quae consequatur dolorum quae.', 32, 184, '2020-10-28 06:23:55', '2020-10-28 06:23:55'),
(21, 'Voluptates aut et animi natus. Expedita soluta dolorum dignissimos eos et at. Fugit aut est possimus non beatae qui aut.', 53, 243, '2020-10-28 06:23:55', '2020-10-28 06:23:55'),
(22, 'In ratione voluptas dolorum occaecati est. Non excepturi consectetur in enim odit et enim. Iusto et tempora ut eveniet molestiae.', 44, 241, '2020-10-28 06:23:55', '2020-10-28 06:23:55'),
(23, 'Voluptatem consequatur saepe facilis fuga. Nostrum vel veniam deleniti maxime non praesentium quisquam. Quis repudiandae autem ut et illo natus temporibus.', 54, 83, '2020-10-28 06:23:55', '2020-10-28 06:23:55'),
(24, 'Soluta aperiam nam dolores aperiam corporis. Quis unde voluptas iure recusandae. Tempora aliquid voluptas amet consequatur quo recusandae corporis.', 39, 93, '2020-10-28 06:23:55', '2020-10-28 06:23:55'),
(25, 'Quae consequatur repellendus tempore est ut expedita qui. Molestiae beatae rerum laudantium explicabo dolores enim quaerat. Ratione praesentium harum et eligendi earum eos et.', 51, 187, '2020-10-28 06:23:55', '2020-10-28 06:23:55'),
(26, 'Illum aliquid architecto veniam laboriosam aut aut ex sit. Eos sunt explicabo sequi est. Minima sed ea eos et corporis.', 38, 117, '2020-10-28 06:23:55', '2020-10-28 06:23:55'),
(27, 'Officiis maxime et quod ducimus vel incidunt. Ut vero est quidem soluta repellendus consequuntur. Consectetur recusandae eligendi est minima.', 53, 214, '2020-10-28 06:23:55', '2020-10-28 06:23:55'),
(28, 'Maiores atque quisquam et. Tempora nobis animi ut impedit quasi sed. Quod iure beatae velit ut doloribus est nulla.', 39, 165, '2020-10-28 06:23:55', '2020-10-28 06:23:55'),
(29, 'Doloremque sed aut iure aperiam. Omnis in dicta odio ad officia. Unde delectus sunt sequi fugit voluptas hic corrupti.', 60, 74, '2020-10-28 06:23:55', '2020-10-28 06:23:55'),
(30, 'Ut et excepturi excepturi animi eos vel voluptatem. Iste in saepe exercitationem tenetur. Praesentium sequi dolores et harum eaque.', 44, 151, '2020-10-28 06:23:55', '2020-10-28 06:23:55'),
(31, 'Maxime aut quam tempore id quod error. Ratione vero ut sunt harum. Quos deleniti laborum nostrum eaque ut repellat.', 45, 133, '2020-10-28 06:23:55', '2020-10-28 06:23:55'),
(32, 'Natus quasi molestias sit labore et velit sunt. Eveniet dolores quo reprehenderit et hic eum voluptatem. Adipisci sint exercitationem dolorem sunt.', 41, 80, '2020-10-28 06:23:55', '2020-10-28 06:23:55'),
(33, 'Eum autem occaecati veniam reprehenderit. Officia autem hic rerum maxime. Inventore ducimus in dolorem excepturi necessitatibus accusantium.', 35, 260, '2020-10-28 06:23:55', '2020-10-28 06:23:55'),
(34, 'Earum corrupti natus nulla. Hic delectus aut quaerat eaque consequatur similique quas. Voluptas culpa eius nobis dolor.', 44, 119, '2020-10-28 06:23:55', '2020-10-28 06:23:55'),
(35, 'A sequi sunt consequatur vero cum. Odio voluptates accusantium numquam praesentium est odio. Itaque vitae commodi facere nemo.', 48, 229, '2020-10-28 06:23:55', '2020-10-28 06:23:55'),
(36, 'Rerum veritatis est quia ea consequuntur dolorem sed dicta. Doloribus quod non dolorem at. Sapiente quae quos id nulla perspiciatis.', 61, 103, '2020-10-28 06:23:55', '2020-10-28 06:23:55'),
(37, 'Veniam rerum sequi tempora. Eligendi adipisci vitae id. Iure dolorum tempora ipsa est et perspiciatis.', 44, 122, '2020-10-28 06:23:56', '2020-10-28 06:23:56'),
(38, 'Dolores eum veniam consequatur dolorum eos. Est rerum aliquid minima sit quam. Necessitatibus facere impedit rem necessitatibus vel.', 33, 152, '2020-10-28 06:23:56', '2020-10-28 06:23:56'),
(39, 'Vel officia quam rem ipsa. Sed aliquam ut qui ab. Quasi ut et eveniet.', 35, 203, '2020-10-28 06:23:56', '2020-10-28 06:23:56'),
(40, 'Pariatur vel ut nam voluptatem et. Dolores architecto itaque minus debitis suscipit quos. Omnis commodi omnis non aperiam nam.', 53, 125, '2020-10-28 06:23:56', '2020-10-28 06:23:56'),
(41, 'Repellat nobis odio distinctio harum suscipit omnis sit. Magnam beatae et nesciunt magni mollitia deserunt temporibus. Ipsa dignissimos quasi voluptas sit quidem.', 46, 73, '2020-10-28 06:23:56', '2020-10-28 06:23:56'),
(42, 'Aut sapiente inventore itaque. Cupiditate voluptatem mollitia earum ut. Voluptatem esse sit eveniet rerum.', 57, 98, '2020-10-28 06:23:56', '2020-10-28 06:23:56'),
(43, 'Facere ab quidem labore tempora neque sint. Quia voluptas ut qui blanditiis repudiandae beatae. Repellendus commodi possimus rerum assumenda deleniti corrupti ut distinctio.', 57, 187, '2020-10-28 06:23:56', '2020-10-28 06:23:56'),
(44, 'Voluptate odit nesciunt a labore dignissimos. Eos nihil sit dolorem ab sit optio. Dolores porro impedit deserunt et eaque sit.', 45, 191, '2020-10-28 06:23:56', '2020-10-28 06:23:56'),
(45, 'Dignissimos ullam officia sed non qui aspernatur. Nihil laborum qui ut aut. Sit ex est ut ea.', 48, 128, '2020-10-28 06:23:56', '2020-10-28 06:23:56'),
(46, 'Ipsa sunt accusamus sit et. Eum nisi fugiat eius aliquid facere expedita consequuntur. Autem explicabo qui velit eum laboriosam quam et.', 50, 150, '2020-10-28 06:23:56', '2020-10-28 06:23:56'),
(47, 'Molestiae esse autem laborum quidem inventore. Ut facilis veritatis numquam quidem totam ad tempore. Modi fugit a velit a asperiores aut voluptas est.', 58, 78, '2020-10-28 06:23:56', '2020-10-28 06:23:56'),
(48, 'In ipsa aut voluptatem doloribus. Exercitationem officiis quia blanditiis nihil eveniet ut. Iste ex iste consequatur in voluptates maxime.', 58, 251, '2020-10-28 06:23:56', '2020-10-28 06:23:56'),
(49, 'Facilis temporibus harum omnis ut neque possimus. Aut blanditiis laborum harum laudantium ipsum minima voluptatibus. Cupiditate et dolore quis minus optio nam.', 51, 258, '2020-10-28 06:23:56', '2020-10-28 06:23:56'),
(50, 'Quam rem perspiciatis quis facere qui inventore velit. Iste voluptas sit quo culpa quia. Dicta quas ab dolorum mollitia tenetur sit ad.', 53, 83, '2020-10-28 06:23:56', '2020-10-28 06:23:56');

-- --------------------------------------------------------

--
