-- https://www.phpmyadmin.net/
--

START TRANSACTION;



--
-- Database: `foqasacademy`
--

-- --------------------------------------------------------

--
-- Table structure for table `accounts`
--

CREATE TABLE `accounts` (
  `id` bigint(20) UNSIGNED NOT NULL,
  `name` varchar(191) COLLATE utf8mb4_unicode_ci NOT NULL,
  `type` varchar(191) COLLATE utf8mb4_unicode_ci NOT NULL,
  `amount` int(11) NOT NULL,
  `description` text COLLATE utf8mb4_unicode_ci NOT NULL,
  `school_id` int(10) UNSIGNED NOT NULL,
  `user_id` int(10) UNSIGNED NOT NULL,
  `created_at` timestamp NULL DEFAULT NULL,
  `updated_at` timestamp NULL DEFAULT NULL
) ENGINE=InnoDB DEFAULT CHARSET=utf8mb4 COLLATE=utf8mb4_unicode_ci;

-- --------------------------------------------------------

--
-- Table structure for table `account_sectors`
--

CREATE TABLE `account_sectors` (
  `id` bigint(20) UNSIGNED NOT NULL,
  `name` varchar(191) COLLATE utf8mb4_unicode_ci NOT NULL,
  `type` varchar(191) COLLATE utf8mb4_unicode_ci NOT NULL,
  `school_id` int(10) UNSIGNED NOT NULL,
  `user_id` int(10) UNSIGNED NOT NULL,
  `created_at` timestamp NULL DEFAULT NULL,
  `updated_at` timestamp NULL DEFAULT NULL
) ENGINE=InnoDB DEFAULT CHARSET=utf8mb4 COLLATE=utf8mb4_unicode_ci;

--
-- Dumping data for table `account_sectors`
--

INSERT INTO `account_sectors` (`id`, `name`, `type`, `school_id`, `user_id`, `created_at`, `updated_at`) VALUES
(1, 'Admission/ Re-Admission Fee', 'income', 1, 12, '2021-02-10 06:09:26', '2021-02-10 06:09:26'),
(2, 'Tuition Fee', 'income', 1, 12, '2021-02-10 06:12:13', '2021-02-10 06:12:13'),
(3, 'Board  Reg. Fee', 'income', 1, 12, '2021-02-10 06:12:47', '2021-02-10 06:12:47'),
(4, 'Late Fee', 'income', 1, 12, '2021-02-10 06:13:17', '2021-02-10 06:13:17'),
(5, 'College Exam Fee', 'income', 1, 12, '2021-02-10 06:13:36', '2021-02-10 06:13:36'),
(6, 'Library Fee', 'income', 1, 12, '2021-02-10 06:15:09', '2021-02-10 06:15:09'),
(7, 'Teacher-Staff Welfare Fund', 'income', 1, 12, '2021-02-10 06:15:53', '2021-02-10 06:15:53'),
(8, 'Milad', 'income', 1, 12, '2021-02-10 06:42:47', '2021-02-10 06:42:47'),
(9, 'College Annual Fee', 'income', 1, 12, '2021-02-10 06:43:44', '2021-02-10 06:43:44'),
(10, 'Testimonial Fee', 'income', 1, 12, '2021-02-10 06:50:23', '2021-02-10 06:50:23'),
(11, 'Maintenance Fee', 'income', 1, 12, '2021-02-10 06:55:16', '2021-02-10 06:55:16'),
(12, 'Form Fill Up', 'income', 1, 12, '2021-02-10 06:55:45', '2021-02-10 06:55:45'),
(13, 'ID Card Fee', 'income', 1, 12, '2021-02-10 06:56:09', '2021-02-10 06:56:09'),
(14, 'Admission Expense', 'expense', 1, 12, '2021-02-10 07:16:29', '2021-02-10 07:16:29'),
(15, 'Electric Bill & Others exp.', 'expense', 1, 12, '2021-02-10 07:29:39', '2021-02-10 07:29:39'),
(16, 'WASA Bill & Others exp.', 'expense', 1, 12, '2021-02-10 07:30:02', '2021-02-10 07:30:02'),
(17, 'Telephone Bill exp.', 'expense', 1, 12, '2021-02-10 07:30:48', '2021-02-10 07:30:48'),
(18, 'Paper Bill exp.', 'expense', 1, 12, '2021-02-10 07:46:34', '2021-02-10 07:46:34'),
(19, 'Computer Maintenance exp.', 'expense', 1, 12, '2021-02-10 07:48:52', '2021-02-10 07:48:52'),
(20, 'Printing & Stationary exp.', 'expense', 1, 12, '2021-02-10 07:50:47', '2021-02-10 07:50:47'),
(21, 'Gas Bill & Others exp.', 'expense', 1, 12, '2021-02-10 07:58:55', '2021-02-10 07:58:55'),
(22, 'Internet Bill Expense', 'expense', 1, 12, '2021-02-17 09:29:15', '2021-02-17 09:29:15');

-- --------------------------------------------------------

--
-- Table structure for table `admission_payments`
--

CREATE TABLE `admission_payments` (
  `id` bigint(20) UNSIGNED NOT NULL,
  `school_id` bigint(20) UNSIGNED NOT NULL,
  `admission_id` bigint(20) UNSIGNED NOT NULL,
  `trans_number` varchar(15) COLLATE utf8mb4_unicode_ci DEFAULT NULL,
  `stripe_charge` varchar(150) COLLATE utf8mb4_unicode_ci DEFAULT NULL,
  `trans_id` varchar(150) COLLATE utf8mb4_unicode_ci DEFAULT NULL,
  `trans_date` timestamp NULL DEFAULT NULL,
  `trans_type` tinyint(4) DEFAULT NULL COMMENT '1=Stripe,2=SSL',
  `trans_status` varchar(20) COLLATE utf8mb4_unicode_ci DEFAULT NULL,
  `fee_pay` tinyint(4) DEFAULT 1 COMMENT '1=charge with amount,0=charge without amount',
  `amount` double(8,2) NOT NULL,
  `stripe_fee` double(3,2) DEFAULT NULL,
  `currency` varchar(10) COLLATE utf8mb4_unicode_ci NOT NULL,
  `card_type` varchar(100) COLLATE utf8mb4_unicode_ci DEFAULT NULL COMMENT 'For SSL',
  `created_at` timestamp NULL DEFAULT NULL,
  `updated_at` timestamp NULL DEFAULT NULL
) ENGINE=InnoDB DEFAULT CHARSET=utf8mb4 COLLATE=utf8mb4_unicode_ci;

--
-- Dumping data for table `admission_payments`
--

INSERT INTO `admission_payments` (`id`, `school_id`, `admission_id`, `trans_number`, `stripe_charge`, `trans_id`, `trans_date`, `trans_type`, `trans_status`, `fee_pay`, `amount`, `stripe_fee`, `currency`, `card_type`, `created_at`, `updated_at`) VALUES
(3, 1, 121, 'FA1615281733', NULL, 'txn_21FAvXSo4MoUswucjekF1W2u', '2021-03-09 09:27:30', 2, 'Paid', 1, 200.00, 0.00, 'BDT', 'BKASH-BKash', '2021-03-09 09:22:13', '2021-03-09 09:22:40'),
(4, 1, 122, 'FA1615282751', NULL, 'txn_21FAWxDeECzBU6xcfZHabNUj', '2021-03-09 09:44:28', 2, 'Paid', 1, 150.00, 3.85, 'BDT', 'BKASH-BKash', '2021-03-09 09:39:11', '2021-03-09 09:42:40'),
(5, 1, 123, 'FA1615283425', NULL, 'txn_21FA0FhkQLwqraYUX5ZkzYIB', '2021-03-09 09:55:41', 2, 'Paid', 1, 150.00, 3.85, 'BDT', 'NAGAD-Nagad', '2021-03-09 09:50:25', '2021-03-09 09:50:42'),
(6, 1, 124, 'FA1615284078', NULL, 'txn_21FAZsuATcaWuZmZuiUHn9VM', NULL, 2, 'Canceled', 1, 153.85, 3.85, 'BDT', NULL, '2021-03-09 10:01:18', '2021-03-09 10:01:27'),
(7, 1, 124, 'FA1615286196', NULL, 'txn_21FAqJtWbhMAS40wl9G0IkzR', NULL, 2, 'Pending', 1, 153.85, 3.85, 'BDT', NULL, '2021-03-09 10:36:36', '2021-03-09 10:36:36'),
(8, 1, 124, 'FA1615286508', NULL, 'txn_21FA1FDm9XZlH1F0FsUrb2In', NULL, 2, 'Pending', 1, 153.85, 3.85, 'BDT', NULL, '2021-03-09 10:41:48', '2021-03-09 10:41:48'),
(9, 1, 124, 'FA1615286592', NULL, 'txn_21FAyA4catr5TnNSGkzFmsTJ', '2021-03-09 10:48:29', 2, 'Paid', 1, 150.00, 3.85, 'BDT', 'ABBANKIB-AB Bank', '2021-03-09 10:43:12', '2021-03-09 10:44:13'),
(10, 1, 126, 'FA1615286690', NULL, 'txn_21FA3axdHQTT7Q1BGMMi6OyK', NULL, 2, 'Pending', 1, 153.85, 3.85, 'BDT', NULL, '2021-03-09 10:44:50', '2021-03-09 10:44:50'),
(11, 1, 126, 'FA1615286733', NULL, 'txn_21FAYgKC7BrVu82koPCcuzLD', NULL, 2, 'Pending', 1, 153.85, 3.85, 'BDT', NULL, '2021-03-09 10:45:33', '2021-03-09 10:45:33'),
(12, 1, 126, 'FA1615288194', NULL, 'txn_21FAhx6pSBwaNeL8slKo41Dl', '2021-03-09 11:15:11', 2, 'Paid', 1, 150.00, 3.85, 'BDT', 'IBBL-Islami Bank', '2021-03-09 11:09:54', '2021-03-09 11:10:46'),
(13, 1, 10, 'FA1615376676', NULL, 'txn_21FASXSOzVSR3qs4MnHep7JN', NULL, 2, 'Pending', 1, 153.85, 3.85, 'BDT', NULL, '2021-03-10 11:44:36', '2021-03-10 11:44:36'),
(14, 1, 119, 'FA1616655678', NULL, 'txn_21FAtkSBpNnTV0eLLzBtTaNd', NULL, 2, 'Pending', 1, 153.85, 3.85, 'BDT', NULL, '2021-03-25 07:01:17', '2021-03-25 07:01:18');

-- --------------------------------------------------------

--
-- Table structure for table `agents`
--

CREATE TABLE `agents` (
  `id` bigint(20) UNSIGNED NOT NULL,
  `user_id` bigint(20) UNSIGNED NOT NULL,
  `district_id` bigint(20) UNSIGNED DEFAULT NULL,
  `state_id` bigint(20) UNSIGNED DEFAULT NULL,
  `city` varchar(100) COLLATE utf8mb4_unicode_ci DEFAULT NULL,
  `nid` varchar(20) COLLATE utf8mb4_unicode_ci DEFAULT NULL,
  `nid_url` varchar(191) COLLATE utf8mb4_unicode_ci DEFAULT NULL,
  `shareOf` double(8,2) DEFAULT NULL,
  `bank_name` varchar(100) COLLATE utf8mb4_unicode_ci DEFAULT NULL,
  `ac_name` varchar(100) COLLATE utf8mb4_unicode_ci DEFAULT NULL,
  `ac_number` varchar(30) COLLATE utf8mb4_unicode_ci DEFAULT NULL,
  `ac_branch` varchar(100) COLLATE utf8mb4_unicode_ci DEFAULT NULL,
  `ac_routing` varchar(100) COLLATE utf8mb4_unicode_ci DEFAULT NULL,
  `created_at` timestamp NULL DEFAULT NULL,
  `updated_at` timestamp NULL DEFAULT NULL
) ENGINE=InnoDB DEFAULT CHARSET=utf8mb4 COLLATE=utf8mb4_unicode_ci;

--
-- Dumping data for table `agents`
--

INSERT INTO `agents` (`id`, `user_id`, `district_id`, `state_id`, `city`, `nid`, `nid_url`, `shareOf`, `bank_name`, `ac_name`, `ac_number`, `ac_branch`, `ac_routing`, `created_at`, `updated_at`) VALUES
(1, 402, 46, NULL, NULL, '19927313651000176', 'http://192.168.0.109:8001/storage/FA20165757S/FA20165757H/2021/NID/9771612953802.png', 21.45, 'Islami Bank Ltd', 'Arun Kumar', '12434', 'Elephant Road', '41324', NULL, '2021-03-24 10:11:30'),
(2, 403, NULL, 1, NULL, NULL, NULL, 20.00, 'Dhaka Bank', 'asdsa', 'asdasd', 'asdad', 'asdasd', NULL, '2021-03-25 08:12:47'),
(3, 404, NULL, NULL, 'My City is\r\nDhaka', NULL, NULL, 15.00, 'asda', 'asda', 'asda', 'asdas', 'asdasd', '2021-02-09 10:51:15', '2021-03-24 09:50:16'),
(4, 431, NULL, NULL, NULL, NULL, NULL, 15.00, NULL, NULL, NULL, NULL, NULL, '2021-03-24 07:38:36', '2021-03-24 07:38:36'),
(5, 432, NULL, NULL, NULL, NULL, NULL, 30.00, NULL, NULL, NULL, NULL, NULL, '2021-03-24 07:41:41', '2021-03-24 09:48:55'),
(6, 434, NULL, NULL, NULL, NULL, NULL, 20.00, NULL, NULL, NULL, NULL, NULL, '2021-03-24 07:45:55', '2021-03-24 09:59:24'),
(7, 435, NULL, NULL, NULL, NULL, NULL, 12.00, NULL, NULL, NULL, NULL, NULL, '2021-03-24 07:55:39', '2021-03-24 09:59:11'),
(8, 436, NULL, NULL, NULL, NULL, NULL, 50.00, NULL, NULL, NULL, NULL, NULL, '2021-03-24 08:05:06', '2021-03-24 09:59:05'),
(9, 437, NULL, NULL, NULL, NULL, NULL, 16.50, NULL, NULL, NULL, NULL, NULL, '2021-03-24 08:08:06', '2021-03-24 09:58:34'),
(10, 438, NULL, NULL, NULL, NULL, NULL, 1.99, NULL, NULL, NULL, NULL, NULL, '2021-03-24 08:13:23', '2021-03-24 09:55:02'),
(11, 439, NULL, NULL, '15', NULL, NULL, 22.00, NULL, NULL, NULL, NULL, NULL, '2021-03-24 08:14:42', '2021-03-24 09:54:14'),
(12, 440, NULL, NULL, NULL, NULL, NULL, 30.50, NULL, NULL, NULL, NULL, NULL, '2021-03-24 08:16:54', '2021-03-24 09:52:53'),
(13, 441, NULL, NULL, NULL, NULL, NULL, 24.00, NULL, NULL, NULL, NULL, NULL, '2021-03-24 08:18:38', '2021-03-24 08:18:38'),
(14, 442, NULL, NULL, NULL, NULL, NULL, 50.00, NULL, NULL, NULL, NULL, NULL, '2021-03-24 08:22:15', '2021-03-24 08:22:15'),
(15, 443, NULL, NULL, NULL, NULL, NULL, 50.00, NULL, NULL, NULL, NULL, NULL, '2021-03-24 08:25:12', '2021-03-24 08:25:12'),
(16, 444, NULL, NULL, NULL, NULL, NULL, 45.00, NULL, NULL, NULL, NULL, NULL, '2021-03-24 08:29:28', '2021-03-24 09:48:36');

-- --------------------------------------------------------

--
-- Table structure for table `attendances`
--

CREATE TABLE `attendances` (
  `id` bigint(20) UNSIGNED NOT NULL,
  `school_id` bigint(20) UNSIGNED NOT NULL,
  `student_id` bigint(20) UNSIGNED NOT NULL,
  `section_id` bigint(20) UNSIGNED NOT NULL,
  `exam_id` bigint(20) UNSIGNED NOT NULL,
  `present` tinyint(3) UNSIGNED NOT NULL,
  `user_id` bigint(20) UNSIGNED NOT NULL,
  `date` date NOT NULL,
  `remark` varchar(191) COLLATE utf8mb4_unicode_ci DEFAULT NULL,
  `created_at` timestamp NULL DEFAULT NULL,
  `updated_at` timestamp NULL DEFAULT NULL
) ENGINE=InnoDB DEFAULT CHARSET=utf8mb4 COLLATE=utf8mb4_unicode_ci;

--
-- Dumping data for table `attendances`
--

INSERT INTO `attendances` (`id`, `school_id`, `student_id`, `section_id`, `exam_id`, `present`, `user_id`, `date`, `remark`, `created_at`, `updated_at`) VALUES
(1, 1, 110, 17, 1, 1, 12, '2021-01-28', NULL, '2021-01-30 08:17:21', '2021-01-30 08:17:21'),
(2, 1, 210, 17, 1, 1, 12, '2021-01-28', NULL, '2021-01-30 08:17:22', '2021-01-30 08:17:22'),
(3, 1, 239, 17, 1, 1, 12, '2021-01-28', NULL, '2021-01-30 08:17:23', '2021-01-30 08:17:23'),
(4, 1, 137, 17, 1, 0, 12, '2021-01-28', NULL, '2021-01-30 08:17:24', '2021-01-30 08:17:35'),
(5, 1, 157, 17, 1, 1, 12, '2021-01-28', NULL, '2021-01-30 08:17:25', '2021-01-30 08:17:25'),
(6, 1, 231, 17, 1, 1, 12, '2021-01-28', NULL, '2021-01-30 08:17:26', '2021-01-30 08:17:26'),
(7, 1, 66, 17, 1, 1, 12, '2021-01-28', NULL, '2021-01-30 08:17:27', '2021-01-30 08:17:27'),
(8, 1, 124, 17, 1, 0, 12, '2021-01-28', NULL, '2021-01-30 08:17:28', '2021-01-30 08:17:37'),
(9, 1, 267, 17, 1, 1, 12, '2021-01-28', NULL, '2021-01-30 08:17:29', '2021-01-30 08:17:29'),
(10, 1, 110, 17, 1, 0, 12, '2021-01-29', NULL, '2021-01-30 08:17:48', '2021-01-30 08:17:59'),
(11, 1, 210, 17, 1, 1, 12, '2021-01-29', NULL, '2021-01-30 08:17:49', '2021-01-30 08:17:49'),
(12, 1, 239, 17, 1, 1, 12, '2021-01-29', NULL, '2021-01-30 08:17:50', '2021-01-30 08:17:50'),
(13, 1, 137, 17, 1, 1, 12, '2021-01-29', NULL, '2021-01-30 08:17:51', '2021-01-30 08:17:51'),
(14, 1, 157, 17, 1, 1, 12, '2021-01-29', NULL, '2021-01-30 08:17:52', '2021-01-30 08:17:52'),
(15, 1, 231, 17, 1, 1, 12, '2021-01-29', NULL, '2021-01-30 08:17:53', '2021-01-30 08:17:53'),
(16, 1, 66, 17, 1, 1, 12, '2021-01-29', NULL, '2021-01-30 08:17:54', '2021-01-30 08:17:54'),
(17, 1, 124, 17, 1, 0, 12, '2021-01-29', NULL, '2021-01-30 08:17:55', '2021-01-30 08:18:01'),
(18, 1, 267, 17, 1, 1, 12, '2021-01-29', NULL, '2021-01-30 08:17:56', '2021-03-25 12:06:46'),
(19, 1, 210, 17, 1, 1, 12, '2021-01-30', NULL, '2021-01-30 08:18:09', '2021-01-30 08:18:09'),
(20, 1, 157, 17, 1, 1, 12, '2021-01-30', NULL, '2021-01-30 08:18:11', '2021-01-30 08:18:11'),
(21, 1, 124, 17, 1, 1, 12, '2021-01-30', NULL, '2021-01-30 08:18:12', '2021-01-30 08:18:12'),
(22, 1, 110, 17, 1, 1, 12, '2021-01-07', NULL, '2021-01-31 12:09:08', '2021-01-31 12:09:08'),
(23, 1, 210, 17, 1, 1, 12, '2021-01-07', NULL, '2021-01-31 12:09:10', '2021-01-31 12:09:10'),
(24, 1, 239, 17, 1, 1, 12, '2021-01-07', NULL, '2021-01-31 12:09:11', '2021-01-31 12:09:11'),
(25, 1, 137, 17, 1, 1, 12, '2021-01-07', NULL, '2021-01-31 12:09:12', '2021-01-31 12:09:12'),
(26, 1, 157, 17, 1, 1, 12, '2021-01-07', NULL, '2021-01-31 12:09:13', '2021-01-31 12:09:13'),
(27, 1, 231, 17, 1, 1, 12, '2021-01-07', NULL, '2021-01-31 12:09:14', '2021-01-31 12:09:14'),
(28, 1, 66, 17, 1, 1, 12, '2021-01-07', NULL, '2021-01-31 12:09:15', '2021-01-31 12:09:15'),
(29, 1, 124, 17, 1, 1, 12, '2021-01-07', NULL, '2021-01-31 12:09:16', '2021-01-31 12:09:16'),
(30, 1, 267, 17, 1, 1, 12, '2021-01-07', NULL, '2021-01-31 12:09:17', '2021-01-31 12:09:17'),
(31, 1, 110, 17, 1, 1, 12, '2021-01-20', NULL, '2021-01-31 12:09:30', '2021-01-31 12:09:30'),
(32, 1, 210, 17, 1, 1, 12, '2021-01-20', NULL, '2021-01-31 12:09:31', '2021-01-31 12:09:31'),
(33, 1, 239, 17, 1, 0, 12, '2021-01-20', NULL, '2021-01-31 12:09:32', '2021-01-31 12:09:41'),
(34, 1, 137, 17, 1, 1, 12, '2021-01-20', NULL, '2021-01-31 12:09:33', '2021-01-31 12:09:33'),
(35, 1, 157, 17, 1, 1, 12, '2021-01-20', NULL, '2021-01-31 12:09:34', '2021-01-31 12:09:34'),
(36, 1, 231, 17, 1, 0, 12, '2021-01-20', NULL, '2021-01-31 12:09:35', '2021-01-31 12:09:45'),
(37, 1, 66, 17, 1, 1, 12, '2021-01-20', NULL, '2021-01-31 12:09:37', '2021-01-31 12:09:37'),
(38, 1, 124, 17, 1, 1, 12, '2021-01-20', NULL, '2021-01-31 12:09:38', '2021-01-31 12:09:38'),
(39, 1, 267, 17, 1, 0, 12, '2021-01-20', NULL, '2021-01-31 12:09:38', '2021-01-31 12:09:43'),
(40, 1, 230, 1, 1, 0, 12, '2021-02-04', NULL, '2021-02-04 10:10:35', '2021-02-04 10:10:43'),
(41, 1, 227, 8, 1, 0, 12, '2021-02-03', 'fgb', '2021-02-04 10:20:41', '2021-02-04 10:21:33'),
(42, 1, 232, 8, 1, 1, 12, '2021-02-01', NULL, '2021-02-04 10:31:50', '2021-02-04 10:31:50'),
(43, 1, 90, 8, 1, 1, 12, '2021-02-03', 's', '2021-02-06 07:09:16', '2021-02-06 07:09:16'),
(44, 1, 133, 8, 1, 0, 12, '2021-02-03', NULL, '2021-02-06 07:49:54', '2021-02-06 07:49:54'),
(45, 1, 216, 8, 1, 0, 12, '2021-02-03', NULL, '2021-02-06 07:49:54', '2021-02-06 07:49:54'),
(46, 1, 223, 8, 1, 0, 12, '2021-02-03', NULL, '2021-02-06 07:49:54', '2021-02-06 07:49:54'),
(47, 1, 232, 8, 1, 0, 12, '2021-02-03', NULL, '2021-02-06 07:49:54', '2021-02-06 07:49:54'),
(48, 1, 90, 8, 1, 0, 12, '2021-02-01', NULL, '2021-02-06 07:59:41', '2021-02-06 07:59:41'),
(49, 1, 133, 8, 1, 0, 12, '2021-02-01', NULL, '2021-02-06 07:59:41', '2021-02-06 07:59:41'),
(50, 1, 216, 8, 1, 0, 12, '2021-02-01', NULL, '2021-02-06 07:59:41', '2021-02-06 07:59:41'),
(51, 1, 223, 8, 1, 0, 12, '2021-02-01', NULL, '2021-02-06 07:59:41', '2021-02-06 07:59:41'),
(52, 1, 227, 8, 1, 0, 12, '2021-02-01', NULL, '2021-02-06 07:59:41', '2021-02-06 07:59:41'),
(53, 1, 227, 8, 1, 0, 12, '2021-02-06', 'no test', '2021-02-06 10:02:40', '2021-02-06 10:08:46'),
(54, 1, 90, 8, 1, 0, 12, '2021-02-06', NULL, '2021-02-06 10:03:07', '2021-02-06 10:03:07'),
(55, 1, 133, 8, 1, 0, 12, '2021-02-06', NULL, '2021-02-06 10:03:07', '2021-02-06 10:03:07'),
(56, 1, 216, 8, 1, 0, 12, '2021-02-06', NULL, '2021-02-06 10:03:07', '2021-02-06 10:03:07'),
(57, 1, 223, 8, 1, 1, 12, '2021-02-06', 'okay', '2021-02-06 10:03:07', '2021-02-06 10:08:28'),
(58, 1, 232, 8, 1, 0, 12, '2021-02-06', NULL, '2021-02-06 10:03:07', '2021-02-06 10:03:07'),
(59, 1, 239, 17, 1, 1, 12, '2021-02-06', NULL, '2021-02-06 10:11:38', '2021-02-06 10:11:38'),
(60, 1, 66, 17, 1, 0, 12, '2021-02-06', NULL, '2021-02-06 10:11:46', '2021-02-06 10:11:46'),
(61, 1, 110, 17, 1, 0, 12, '2021-02-06', NULL, '2021-02-06 10:11:46', '2021-02-06 10:11:46'),
(62, 1, 124, 17, 1, 0, 12, '2021-02-06', NULL, '2021-02-06 10:11:46', '2021-02-06 10:11:46'),
(63, 1, 137, 17, 1, 0, 12, '2021-02-06', NULL, '2021-02-06 10:11:46', '2021-02-06 10:11:46'),
(64, 1, 157, 17, 1, 0, 12, '2021-02-06', NULL, '2021-02-06 10:11:46', '2021-02-06 10:11:46'),
(65, 1, 210, 17, 1, 0, 12, '2021-02-06', NULL, '2021-02-06 10:11:46', '2021-02-06 10:11:46'),
(66, 1, 231, 17, 1, 0, 12, '2021-02-06', NULL, '2021-02-06 10:11:46', '2021-02-06 10:11:46'),
(67, 1, 267, 17, 1, 0, 12, '2021-02-06', NULL, '2021-02-06 10:11:46', '2021-02-06 10:11:46'),
(68, 1, 110, 17, 1, 1, 12, '2021-02-04', NULL, '2021-02-06 10:12:05', '2021-02-06 10:12:05'),
(69, 1, 231, 17, 1, 1, 12, '2021-02-04', NULL, '2021-02-06 10:12:07', '2021-02-06 10:12:07'),
(70, 1, 66, 17, 1, 0, 12, '2021-02-04', NULL, '2021-02-06 10:12:13', '2021-02-06 10:12:13'),
(71, 1, 124, 17, 1, 0, 12, '2021-02-04', NULL, '2021-02-06 10:12:13', '2021-02-06 10:12:13'),
(72, 1, 137, 17, 1, 0, 12, '2021-02-04', NULL, '2021-02-06 10:12:13', '2021-02-06 10:12:13'),
(73, 1, 157, 17, 1, 0, 12, '2021-02-04', NULL, '2021-02-06 10:12:13', '2021-02-06 10:12:13'),
(74, 1, 210, 17, 1, 0, 12, '2021-02-04', NULL, '2021-02-06 10:12:13', '2021-02-06 10:12:13'),
(75, 1, 239, 17, 1, 0, 12, '2021-02-04', NULL, '2021-02-06 10:12:13', '2021-02-06 10:12:13'),
(76, 1, 267, 17, 1, 0, 12, '2021-02-04', NULL, '2021-02-06 10:12:13', '2021-02-06 10:12:13'),
(77, 1, 66, 17, 1, 0, 12, '2021-01-30', NULL, '2021-02-06 10:15:37', '2021-02-06 10:15:37'),
(78, 1, 110, 17, 1, 0, 12, '2021-01-30', NULL, '2021-02-06 10:15:37', '2021-02-06 10:15:37'),
(79, 1, 137, 17, 1, 0, 12, '2021-01-30', NULL, '2021-02-06 10:15:37', '2021-02-06 10:15:37'),
(80, 1, 231, 17, 1, 0, 12, '2021-01-30', NULL, '2021-02-06 10:15:37', '2021-02-06 10:15:37'),
(81, 1, 239, 17, 1, 0, 12, '2021-01-30', NULL, '2021-02-06 10:15:37', '2021-02-06 10:15:37'),
(82, 1, 267, 17, 1, 0, 12, '2021-01-30', NULL, '2021-02-06 10:15:37', '2021-02-06 10:15:37'),
(83, 1, 210, 17, 1, 1, 12, '2021-02-07', NULL, '2021-02-07 07:47:31', '2021-02-07 07:47:31'),
(84, 1, 66, 17, 1, 1, 12, '2021-02-07', NULL, '2021-02-07 07:47:33', '2021-02-07 07:47:33'),
(85, 1, 149, 1, 1, 1, 12, '2021-02-07', NULL, '2021-02-07 07:49:39', '2021-02-07 07:49:39'),
(86, 1, 82, 1, 1, 0, 12, '2021-02-07', NULL, '2021-02-07 07:49:49', '2021-02-07 07:49:49'),
(87, 1, 153, 1, 1, 0, 12, '2021-02-07', NULL, '2021-02-07 07:49:49', '2021-02-07 07:49:49'),
(88, 1, 162, 1, 1, 0, 12, '2021-02-07', NULL, '2021-02-07 07:49:49', '2021-02-07 07:49:49'),
(89, 1, 168, 1, 1, 0, 12, '2021-02-07', NULL, '2021-02-07 07:49:49', '2021-02-07 07:49:49'),
(90, 1, 206, 1, 1, 0, 12, '2021-02-07', NULL, '2021-02-07 07:49:49', '2021-02-07 07:49:49'),
(91, 1, 212, 1, 1, 0, 12, '2021-02-07', NULL, '2021-02-07 07:49:49', '2021-02-07 07:49:49'),
(92, 1, 229, 1, 1, 0, 12, '2021-02-07', NULL, '2021-02-07 07:49:49', '2021-02-07 07:49:49'),
(93, 1, 230, 1, 1, 0, 12, '2021-02-07', NULL, '2021-02-07 07:49:49', '2021-02-07 07:49:49'),
(94, 1, 238, 1, 1, 0, 12, '2021-02-07', NULL, '2021-02-07 07:49:49', '2021-02-07 07:49:49'),
(95, 1, 248, 1, 1, 0, 12, '2021-02-07', NULL, '2021-02-07 07:49:49', '2021-02-07 07:49:49'),
(96, 1, 249, 1, 1, 0, 12, '2021-02-07', NULL, '2021-02-07 07:49:49', '2021-02-07 07:49:49'),
(97, 1, 82, 1, 1, 0, 12, '2021-02-04', NULL, '2021-02-07 07:50:33', '2021-02-07 07:50:33'),
(98, 1, 149, 1, 1, 0, 12, '2021-02-04', NULL, '2021-02-07 07:50:33', '2021-02-07 07:50:33'),
(99, 1, 153, 1, 1, 0, 12, '2021-02-04', NULL, '2021-02-07 07:50:33', '2021-02-07 07:50:33'),
(100, 1, 162, 1, 1, 0, 12, '2021-02-04', NULL, '2021-02-07 07:50:33', '2021-02-07 07:50:33'),
(101, 1, 168, 1, 1, 0, 12, '2021-02-04', NULL, '2021-02-07 07:50:33', '2021-02-07 07:50:33'),
(102, 1, 206, 1, 1, 0, 12, '2021-02-04', NULL, '2021-02-07 07:50:33', '2021-02-07 07:50:33'),
(103, 1, 212, 1, 1, 0, 12, '2021-02-04', NULL, '2021-02-07 07:50:33', '2021-02-07 07:50:33'),
(104, 1, 229, 1, 1, 0, 12, '2021-02-04', NULL, '2021-02-07 07:50:33', '2021-02-07 07:50:33'),
(105, 1, 238, 1, 1, 0, 12, '2021-02-04', NULL, '2021-02-07 07:50:33', '2021-02-07 07:50:33'),
(106, 1, 248, 1, 1, 0, 12, '2021-02-04', NULL, '2021-02-07 07:50:33', '2021-02-07 07:50:33'),
(107, 1, 249, 1, 1, 0, 12, '2021-02-04', NULL, '2021-02-07 07:50:33', '2021-02-07 07:50:33'),
(108, 1, 212, 1, 1, 1, 12, '2021-02-06', NULL, '2021-02-07 07:51:14', '2021-02-07 07:51:14'),
(109, 1, 168, 1, 1, 1, 12, '2021-02-06', NULL, '2021-02-07 07:51:16', '2021-02-07 07:51:16'),
(110, 1, 82, 1, 1, 0, 12, '2021-02-06', NULL, '2021-02-07 07:51:21', '2021-02-07 07:51:21'),
(111, 1, 149, 1, 1, 0, 12, '2021-02-06', NULL, '2021-02-07 07:51:21', '2021-02-07 07:51:21'),
(112, 1, 153, 1, 1, 0, 12, '2021-02-06', NULL, '2021-02-07 07:51:21', '2021-02-07 07:51:21'),
(113, 1, 162, 1, 1, 0, 12, '2021-02-06', NULL, '2021-02-07 07:51:21', '2021-02-07 07:51:21'),
(114, 1, 206, 1, 1, 0, 12, '2021-02-06', NULL, '2021-02-07 07:51:21', '2021-02-07 07:51:21'),
(115, 1, 229, 1, 1, 0, 12, '2021-02-06', NULL, '2021-02-07 07:51:21', '2021-02-07 07:51:21'),
(116, 1, 230, 1, 1, 0, 12, '2021-02-06', NULL, '2021-02-07 07:51:21', '2021-02-07 07:51:21'),
(117, 1, 238, 1, 1, 0, 12, '2021-02-06', NULL, '2021-02-07 07:51:21', '2021-02-07 07:51:21'),
(118, 1, 248, 1, 1, 0, 12, '2021-02-06', NULL, '2021-02-07 07:51:21', '2021-02-07 07:51:21'),
(119, 1, 249, 1, 1, 0, 12, '2021-02-06', NULL, '2021-02-07 07:51:21', '2021-02-07 07:51:21'),
(120, 1, 110, 17, 1, 0, 12, '2021-02-07', NULL, '2021-02-18 06:39:44', '2021-02-18 06:39:44'),
(121, 1, 124, 17, 1, 0, 12, '2021-02-07', NULL, '2021-02-18 06:39:44', '2021-02-18 06:39:44'),
(122, 1, 137, 17, 1, 0, 12, '2021-02-07', NULL, '2021-02-18 06:39:44', '2021-02-18 06:39:44'),
(123, 1, 157, 17, 1, 0, 12, '2021-02-07', NULL, '2021-02-18 06:39:44', '2021-02-18 06:39:44'),
(124, 1, 239, 17, 1, 0, 12, '2021-02-07', NULL, '2021-02-18 06:39:44', '2021-02-18 06:39:44'),
(125, 1, 267, 17, 1, 0, 12, '2021-02-07', NULL, '2021-02-18 06:39:44', '2021-02-18 06:39:44'),
(126, 1, 110, 17, 1, 1, 12, '2021-02-22', NULL, '2021-02-22 06:31:43', '2021-02-22 06:31:43'),
(127, 1, 210, 17, 1, 1, 12, '2021-02-22', NULL, '2021-02-22 06:31:45', '2021-02-22 06:31:45'),
(128, 1, 239, 17, 1, 1, 12, '2021-02-22', NULL, '2021-02-22 06:31:45', '2021-02-22 06:31:45'),
(129, 1, 137, 17, 1, 1, 12, '2021-02-22', NULL, '2021-02-22 06:31:47', '2021-02-22 06:31:47'),
(130, 1, 157, 17, 1, 1, 12, '2021-02-22', NULL, '2021-02-22 06:31:47', '2021-02-22 06:31:47'),
(131, 1, 66, 17, 1, 1, 12, '2021-02-22', NULL, '2021-02-22 06:31:49', '2021-02-22 06:31:49'),
(132, 1, 124, 17, 1, 1, 12, '2021-02-22', NULL, '2021-02-22 06:31:50', '2021-02-22 06:31:50'),
(133, 1, 267, 17, 1, 1, 12, '2021-02-22', NULL, '2021-02-22 06:31:51', '2021-02-22 06:31:51'),
(134, 1, 110, 17, 1, 1, 12, '2021-03-04', NULL, '2021-03-04 09:51:06', '2021-03-04 09:51:27'),
(135, 1, 210, 17, 1, 1, 12, '2021-03-04', NULL, '2021-03-04 09:51:14', '2021-03-04 09:51:16'),
(136, 1, 239, 17, 1, 1, 12, '2021-03-04', NULL, '2021-03-04 09:51:31', '2021-03-04 09:51:33'),
(137, 1, 137, 17, 1, 1, 12, '2021-03-04', NULL, '2021-03-04 09:51:40', '2021-03-04 09:51:43'),
(138, 1, 157, 17, 1, 1, 12, '2021-03-04', NULL, '2021-03-04 09:51:50', '2021-03-04 09:51:52'),
(139, 1, 66, 17, 1, 0, 12, '2021-03-04', NULL, '2021-03-04 09:52:21', '2021-03-04 09:52:21'),
(140, 1, 124, 17, 1, 0, 12, '2021-03-04', NULL, '2021-03-04 09:52:21', '2021-03-04 09:52:21'),
(141, 1, 267, 17, 1, 0, 12, '2021-03-04', NULL, '2021-03-04 09:52:21', '2021-03-04 09:52:21'),
(158, 1, 110, 17, 7, 1, 12, '2021-04-01', NULL, '2021-04-01 09:48:28', '2021-04-01 09:48:28'),
(159, 1, 267, 17, 7, 1, 12, '2021-04-01', NULL, '2021-04-01 09:48:30', '2021-04-01 09:48:30'),
(160, 1, 66, 17, 7, 0, 12, '2021-04-01', NULL, '2021-04-01 09:48:44', '2021-04-01 09:48:44'),
(161, 1, 124, 17, 7, 0, 12, '2021-04-01', NULL, '2021-04-01 09:48:44', '2021-04-01 09:48:44'),
(162, 1, 137, 17, 7, 0, 12, '2021-04-01', NULL, '2021-04-01 09:48:44', '2021-04-01 09:48:44'),
(163, 1, 157, 17, 7, 0, 12, '2021-04-01', NULL, '2021-04-01 09:48:44', '2021-04-01 09:48:44'),
(164, 1, 210, 17, 7, 0, 12, '2021-04-01', NULL, '2021-04-01 09:48:44', '2021-04-01 09:48:44'),
(165, 1, 239, 17, 7, 0, 12, '2021-04-01', NULL, '2021-04-01 09:48:44', '2021-04-01 09:48:44');

-- --------------------------------------------------------

--
-- Table structure for table `books`
--

CREATE TABLE `books` (
  `id` bigint(20) UNSIGNED NOT NULL,
  `book_code` varchar(50) COLLATE utf8mb4_unicode_ci NOT NULL,
  `title` varchar(250) COLLATE utf8mb4_unicode_ci NOT NULL,
  `author` varchar(100) COLLATE utf8mb4_unicode_ci NOT NULL,
  `quantity` int(10) UNSIGNED NOT NULL,
  `rackNo` varchar(10) COLLATE utf8mb4_unicode_ci NOT NULL,
  `rowNo` varchar(10) COLLATE utf8mb4_unicode_ci NOT NULL,
  `img_path` varchar(191) COLLATE utf8mb4_unicode_ci NOT NULL,
  `about` text COLLATE utf8mb4_unicode_ci NOT NULL,
  `type` varchar(10) COLLATE utf8mb4_unicode_ci NOT NULL,
  `price` int(11) NOT NULL,
  `class_id` int(10) UNSIGNED NOT NULL,
  `school_id` int(10) UNSIGNED NOT NULL,
  `user_id` int(10) UNSIGNED NOT NULL,
  `created_at` timestamp NULL DEFAULT NULL,
  `updated_at` timestamp NULL DEFAULT NULL
) ENGINE=InnoDB DEFAULT CHARSET=utf8mb4 COLLATE=utf8mb4_unicode_ci;

--
-- Dumping data for table `books`
--

INSERT INTO `books` (`id`, `book_code`, `title`, `author`, `quantity`, `rackNo`, `rowNo`, `img_path`, `about`, `type`, `price`, `class_id`, `school_id`, `user_id`, `created_at`, `updated_at`) VALUES
(1, 'bk6845506', 'Optio ratione culpa iste.', 'Dr. Carole Mann Sr.', 34, '2', '1', 'https://lorempixel.com/150/150/cats/?48828', 'Consequuntur numquam natus itaque velit. Vitae et ut quam exercitationem tempora qui et. Eveniet et accusantium et nostrum dolores vitae.', 'Academic', 79, 9, 35, 25, '2020-10-28 06:24:00', '2020-10-28 06:24:00'),
(2, 'bk4546201', 'Eaque voluptates ea cupiditate iusto tempora architecto tempore quia.', 'Angelica Tromp', 13, '12', '8', 'https://lorempixel.com/150/150/cats/?24413', 'Autem qui dolores recusandae accusantium voluptas tenetur temporibus maiores. Explicabo quasi vel dolore animi cum minima odit. Ea voluptas dolor omnis.', 'Magazine', 205601, 13, 21, 23, '2020-10-28 06:24:00', '2020-10-28 06:24:00'),
(3, 'bk295587', 'Quis aut ratione et nihil qui.', 'Cristobal Schulist', 19, '3', '9', 'https://lorempixel.com/150/150/cats/?78881', 'Possimus illo repudiandae architecto illum placeat a. Inventore quos eveniet rerum est ut expedita eveniet. Et sequi voluptatum distinctio voluptate voluptas.', 'Other', 5531320, 2, 33, 23, '2020-10-28 06:24:00', '2020-10-28 06:24:00'),
(4, 'bk6647813', 'Et saepe iure maxime modi consequatur minus.', 'Evan Monahan', 13, '7', '2', 'https://lorempixel.com/150/150/cats/?42344', 'Quia nisi unde veritatis totam. Qui omnis exercitationem ipsa consequatur occaecati officia. Consequatur et itaque reiciendis iste.', 'Magazine', 74, 6, 44, 30, '2020-10-28 06:24:00', '2020-10-28 06:24:00'),
(5, 'bk8357165', 'A consectetur culpa provident saepe.', 'Bertram Rosenbaum', 5, '4', '12', 'https://lorempixel.com/150/150/cats/?59126', 'Tempora aut harum architecto molestiae. Nisi aspernatur et architecto quibusdam fuga neque enim. Voluptatem assumenda qui ab aut aut enim sint.', 'Academic', 600691863, 2, 29, 31, '2020-10-28 06:24:00', '2020-10-28 06:24:00'),
(6, 'bk9340920', 'Eos eum iure iure accusantium cum nesciunt.', 'Clair Sauer IV', 8, '8', '11', 'https://lorempixel.com/150/150/cats/?96445', 'Quam facere quibusdam ratione quis et numquam est. Assumenda ipsa expedita dolorem. Ea facilis rerum quo delectus quos ut.', 'Story', 1145455, 11, 49, 30, '2020-10-28 06:24:00', '2020-10-28 06:24:00'),
(7, 'bk6793073', 'Autem nihil ut voluptatem rerum dolores a.', 'Nico Littel', 8, '4', '4', 'https://lorempixel.com/150/150/cats/?36298', 'Repudiandae ex necessitatibus a sed reiciendis labore explicabo. Iure excepturi qui omnis optio. Nobis aperiam sapiente nihil perspiciatis officiis et ut.', 'Academic', 332269, 5, 1, 23, '2020-10-28 06:24:00', '2020-10-28 06:24:00'),
(8, 'bk4804935', 'Et quo similique laudantium eum.', 'Jennyfer O\'Hara', 13, '11', '10', 'https://lorempixel.com/150/150/cats/?25043', 'Asperiores error dolore quaerat sunt dicta est. Impedit similique soluta recusandae iste tempore modi adipisci. Est necessitatibus neque libero pariatur qui dolor consequatur.', 'Story', 245, 6, 22, 25, '2020-10-28 06:24:00', '2020-10-28 06:24:00'),
(9, 'bk9552705', 'Et illo voluptate ut impedit.', 'Providenci Paucek', 5, '2', '5', 'https://lorempixel.com/150/150/cats/?64051', 'Autem impedit debitis iure aut. Quis et placeat qui qui ad sapiente possimus veniam. Repellendus et sit consectetur eligendi sit dolorem.', 'Magazine', 3, 9, 34, 27, '2020-10-28 06:24:00', '2020-10-28 06:24:00'),
(10, 'bk4659352', 'Iusto fuga quam ratione rem nulla.', 'Adriana Sauer', 8, '7', '11', 'https://lorempixel.com/150/150/cats/?90707', 'Ipsum aut quia hic qui molestiae tempore architecto. Voluptatem sit tempora voluptates ad sapiente vitae quis tempora. Optio molestiae illum et saepe.', 'Magazine', 535, 9, 10, 31, '2020-10-28 06:24:00', '2020-10-28 06:24:00'),
(11, 'bk5873275', 'Repellendus assumenda officiis quo magnam ad ut.', 'Fatima Morar', 34, '8', '9', 'https://lorempixel.com/150/150/cats/?86015', 'Cum non sit aut in. Praesentium voluptatem ut ea. Repudiandae iste dolorum laboriosam suscipit.', 'Magazine', 5481927, 11, 26, 30, '2020-10-28 06:24:00', '2020-10-28 06:24:00'),
(12, 'bk5313884', 'Iusto dolorum enim cum nihil vel.', 'Ms. Sharon Rodriguez', 34, '9', '1', 'https://lorempixel.com/150/150/cats/?30848', 'Modi fugit ratione harum deserunt aut consequatur. Qui perspiciatis vero sit deleniti. Adipisci quibusdam ipsa earum enim ea voluptate.', 'Academic', 127105, 10, 8, 29, '2020-10-28 06:24:00', '2020-10-28 06:24:00'),
(13, 'bk8564793', 'Repellat omnis expedita repudiandae velit beatae.', 'Anna Sauer V', 19, '8', '9', 'https://lorempixel.com/150/150/cats/?21884', 'Et consequatur quis tempore autem sed quisquam. Quis sed illo fugit sed quia sit ut. Voluptate quia iure ratione ullam modi sed.', 'Magazine', 97311, 4, 30, 27, '2020-10-28 06:24:00', '2020-10-28 06:24:00'),
(14, 'bk3085769', 'Quia aliquam aspernatur commodi perferendis dolorem dolorum ut magni.', 'Savanah Feest DVM', 8, '3', '6', 'https://lorempixel.com/150/150/cats/?27660', 'Esse ipsa ex distinctio voluptatem qui dolor. Temporibus iste harum voluptas perspiciatis ex cumque. Reprehenderit nisi ea sunt doloribus.', 'Other', 196, 8, 43, 30, '2020-10-28 06:24:00', '2020-10-28 06:24:00'),
(15, 'bk3273903', 'Dolor reprehenderit praesentium labore velit veniam asperiores minus.', 'Raymond Carter', 5, '9', '5', 'https://lorempixel.com/150/150/cats/?34439', 'Magnam sint veniam et voluptatem maxime ab. Cumque cumque atque consequatur possimus eaque quia corrupti doloribus. Suscipit ipsa excepturi temporibus ut sed voluptatem error.', 'Academic', 75031116, 8, 20, 25, '2020-10-28 06:24:00', '2020-10-28 06:24:00'),
(16, 'bk8278099', 'Et sit explicabo totam aut vel optio totam optio.', 'Myles Beatty', 8, '6', '10', 'https://lorempixel.com/150/150/cats/?55590', 'Autem non optio expedita unde quidem aut unde fugiat. Eum tempora doloribus ut sint autem. Fuga necessitatibus praesentium voluptas ut perspiciatis.', 'Other', 939145825, 1, 8, 25, '2020-10-28 06:24:01', '2020-10-28 06:24:01'),
(17, 'bk3483184', 'Quae facere sapiente eum quaerat officiis.', 'Bettye Berge', 5, '11', '9', 'https://lorempixel.com/150/150/cats/?31734', 'A praesentium placeat nemo fugit in. Unde unde voluptatem sit. Atque sunt a vero optio.', 'Story', 571761125, 7, 15, 28, '2020-10-28 06:24:01', '2020-10-28 06:24:01'),
(18, 'bk72752', 'Voluptatem libero quia aperiam quia possimus.', 'Okey Mante', 19, '4', '10', 'https://lorempixel.com/150/150/cats/?49529', 'Aliquam mollitia optio non deserunt earum accusantium quisquam. Eum adipisci cum quam molestiae. Nesciunt reiciendis pariatur dolore et perferendis molestiae.', 'Other', 451111, 4, 8, 27, '2020-10-28 06:24:01', '2020-10-28 06:24:01'),
(19, 'bk8209628', 'Voluptas pariatur odio doloribus molestias suscipit voluptas adipisci.', 'Lula Fahey PhD', 5, '8', '11', 'https://lorempixel.com/150/150/cats/?98687', 'Ex et perspiciatis nihil aut velit. Quia alias harum perferendis voluptas eaque. Magnam ab fuga cupiditate doloribus et dolores.', 'Story', 8, 11, 14, 23, '2020-10-28 06:24:01', '2020-10-28 06:24:01'),
(20, 'bk6324613', 'Nemo commodi occaecati quam nostrum natus saepe minus.', 'Dr. Ivah Schaefer', 13, '6', '5', 'https://lorempixel.com/150/150/cats/?13406', 'Quisquam nihil aut est quia. Rerum dolores sed voluptatem ad ut voluptas. Praesentium magnam possimus aut tempore.', 'Academic', 438583, 2, 39, 29, '2020-10-28 06:24:01', '2020-10-28 06:24:01'),
(21, 'bk9232209', 'Expedita dolor ea pariatur qui eos.', 'Jevon Becker', 5, '5', '7', 'https://lorempixel.com/150/150/cats/?77579', 'Nihil quidem ut eaque dolor totam qui rerum repellat. Non non temporibus libero quia. Sint laborum quis praesentium consequatur.', 'Academic', 32763, 6, 23, 23, '2020-10-28 06:24:01', '2020-10-28 06:24:01'),
(22, 'bk6681180', 'Inventore et laboriosam sapiente facere autem.', 'Dr. Wayne Towne Sr.', 13, '7', '12', 'https://lorempixel.com/150/150/cats/?89758', 'Aut ipsam commodi atque quas aut beatae quis eveniet. Ad consectetur rerum consequatur voluptatem distinctio impedit et. At corrupti odit excepturi pariatur in sed.', 'Magazine', 237623388, 7, 47, 30, '2020-10-28 06:24:01', '2020-10-28 06:24:01'),
(23, 'bk7438097', 'Ipsam labore possimus nisi voluptas.', 'Davion Bernhard', 19, '7', '7', 'https://lorempixel.com/150/150/cats/?11350', 'Ipsum enim eos omnis possimus eum. Sunt maxime qui sit in accusantium aut consequuntur. Officiis architecto neque ea.', 'Story', 337, 7, 37, 23, '2020-10-28 06:24:01', '2020-10-28 06:24:01'),
(24, 'bk3375551', 'Vitae consequuntur quisquam quos quis est fugit ea.', 'Abner Erdman', 5, '9', '12', 'https://lorempixel.com/150/150/cats/?98037', 'Ut unde consequatur perspiciatis sit voluptatem. Dolorem rerum qui ut aliquam maiores. A blanditiis perspiciatis aut voluptatibus perferendis.', 'Academic', 7275, 1, 9, 28, '2020-10-28 06:24:01', '2020-10-28 06:24:01'),
(25, 'bk30813', 'Nemo cumque aspernatur vel fuga.', 'Mya Ankunding Sr.', 19, '7', '8', 'https://lorempixel.com/150/150/cats/?94772', 'Aliquam non et praesentium. Exercitationem odit at quis est. Ipsam rerum fugiat totam ipsam.', 'Academic', 9336210, 10, 33, 23, '2020-10-28 06:24:01', '2020-10-28 06:24:01'),
(26, 'bk2463570', 'Omnis ratione reiciendis qui vero consequatur quia non voluptates.', 'Carley Marquardt', 8, '12', '2', 'https://lorempixel.com/150/150/cats/?65130', 'Qui aut dolores velit laboriosam dolore qui. Voluptas dolor ea ut labore alias et. Dolor quos id quibusdam voluptas ipsa odit id.', 'Academic', 37, 7, 51, 22, '2020-10-28 06:24:01', '2020-10-28 06:24:01'),
(27, 'bk4089420', 'Sed quisquam quos doloribus vero sit eos.', 'Shanelle Bartell', 19, '8', '2', 'https://lorempixel.com/150/150/cats/?12752', 'Officia est occaecati aut ut et id dolores. Quo exercitationem enim facilis est eum blanditiis ad. Et dolore quam dolores voluptatem corrupti sed beatae.', 'Story', 5453313, 10, 25, 22, '2020-10-28 06:24:01', '2020-10-28 06:24:01'),
(28, 'bk1535746', 'Atque fuga officia in.', 'Leslie Bednar', 19, '12', '8', 'https://lorempixel.com/150/150/cats/?45289', 'Pariatur rerum odio neque eos. Voluptas corrupti sit sed quo. Aut quisquam voluptas nam labore.', 'Academic', 46, 9, 34, 25, '2020-10-28 06:24:01', '2020-10-28 06:24:01'),
(29, 'bk6931455', 'Non cumque asperiores non sit.', 'Alda Schultz', 13, '2', '9', 'https://lorempixel.com/150/150/cats/?19943', 'Incidunt dolore ipsum cumque error. Adipisci ab est magni quas quis atque. Accusamus architecto fugit quia esse.', 'Story', 743414, 1, 8, 27, '2020-10-28 06:24:01', '2020-10-28 06:24:01'),
(30, 'bk9334799', 'Eos dolorum provident nisi consequatur sequi.', 'Marilou Kutch', 34, '8', '7', 'https://lorempixel.com/150/150/cats/?80784', 'Dignissimos atque quia fugiat eligendi vel. Quasi porro illo deleniti porro quisquam. Aut consequuntur perferendis quos inventore aut aut culpa.', 'Other', 25253, 7, 11, 23, '2020-10-28 06:24:01', '2020-10-28 06:24:01'),
(31, 'bk5531104', 'Est sit asperiores nihil.', 'Beth Bode', 13, '9', '9', 'https://lorempixel.com/150/150/cats/?41124', 'Temporibus magnam hic repellat debitis. Ducimus architecto accusantium quaerat harum odit. Magni iste distinctio ex.', 'Story', 3250, 3, 26, 22, '2020-10-28 06:24:01', '2020-10-28 06:24:01'),
(32, 'bk7547862', 'Officiis est voluptatem id.', 'Meagan Abbott', 5, '5', '2', 'https://lorempixel.com/150/150/cats/?25531', 'Deleniti ut eius laudantium odio. Ea eaque voluptas doloremque adipisci. Est cumque ut non.', 'Academic', 8375329, 8, 15, 29, '2020-10-28 06:24:01', '2020-10-28 06:24:01'),
(33, 'bk2576842', 'Sint laboriosam occaecati et rerum incidunt voluptatem amet.', 'Lea Baumbach PhD', 8, '3', '4', 'https://lorempixel.com/150/150/cats/?16294', 'Perferendis consequatur consequatur qui suscipit. Sit et perferendis iure quaerat earum similique. Rerum quaerat laudantium sit voluptas qui.', 'Story', 17, 10, 4, 31, '2020-10-28 06:24:01', '2020-10-28 06:24:01'),
(34, 'bk9965877', 'Impedit assumenda et sint voluptas repudiandae.', 'Prof. Willa Haag', 8, '9', '3', 'https://lorempixel.com/150/150/cats/?96396', 'Nemo suscipit ut quia. Omnis exercitationem est facere dignissimos placeat. Rerum quas consequuntur unde tempore.', 'Story', 72920069, 3, 19, 22, '2020-10-28 06:24:01', '2020-10-28 06:24:01'),
(35, 'bk1235792', 'Molestiae repellat repudiandae amet.', 'Mrs. Lenora Trantow Jr.', 5, '3', '7', 'https://lorempixel.com/150/150/cats/?68053', 'Natus harum id ut accusantium et atque reiciendis. Vitae et quia minima sapiente. Aut aut alias aperiam at facere quaerat.', 'Magazine', 9691, 3, 8, 23, '2020-10-28 06:24:01', '2020-10-28 06:24:01'),
(36, 'bk6122609', 'Sapiente velit a omnis nemo dignissimos unde rerum consequatur.', 'Mr. Garrett Oberbrunner', 13, '7', '1', 'https://lorempixel.com/150/150/cats/?71731', 'Unde maxime aspernatur omnis nostrum magnam culpa blanditiis. Et dolorum qui explicabo. Modi vel mollitia consequatur qui ut.', 'Academic', 58, 1, 29, 22, '2020-10-28 06:24:01', '2020-10-28 06:24:01'),
(37, 'bk629530', 'Placeat accusantium quae nisi.', 'Nelson Rohan', 13, '10', '6', 'https://lorempixel.com/150/150/cats/?75122', 'Qui at vero voluptatem dolorem. Totam sed autem rem veniam aliquid qui facere qui. Praesentium eos culpa provident voluptas et accusamus nemo.', 'Magazine', 533940889, 4, 37, 29, '2020-10-28 06:24:01', '2020-10-28 06:24:01'),
(38, 'bk6431166', 'Iste minus qui aut aspernatur est voluptas vel.', 'Mortimer Klocko', 8, '5', '11', 'https://lorempixel.com/150/150/cats/?38388', 'Repudiandae dolores alias at quia est et. Sed qui voluptatem placeat. Corporis corporis quis et aliquam quis non.', 'Academic', 384113, 13, 28, 25, '2020-10-28 06:24:01', '2020-10-28 06:24:01'),
(39, 'bk3401165', 'Eius eius aut totam dolores explicabo aut.', 'Stephan Emard', 8, '6', '7', 'https://lorempixel.com/150/150/cats/?68601', 'Eum quis eum id cumque. Sed ratione itaque suscipit sit. Soluta amet rerum porro quibusdam eum.', 'Other', 5, 12, 7, 31, '2020-10-28 06:24:01', '2020-10-28 06:24:01'),
(40, 'bk5294887', 'Suscipit repellat earum ipsum et.', 'Clinton Osinski', 5, '9', '3', 'https://lorempixel.com/150/150/cats/?60125', 'Aspernatur optio tempora et quia aut. Eum possimus quis nostrum non vel est. Adipisci dolor debitis at illo.', 'Other', 738574436, 3, 35, 28, '2020-10-28 06:24:01', '2020-10-28 06:24:01'),
(41, 'bk3346875', 'Ad reprehenderit et adipisci et rem.', 'Mr. Trystan Dibbert III', 8, '1', '2', 'https://lorempixel.com/150/150/cats/?15961', 'Vero libero ad recusandae quis molestiae consectetur consequuntur. Officiis odit quisquam neque sequi error ea omnis praesentium. Vel quia quibusdam nostrum accusamus sunt voluptas ut.', 'Academic', 7, 6, 45, 23, '2020-10-28 06:24:01', '2020-10-28 06:24:01'),
(42, 'bk8826311', 'Officiis ea impedit sit saepe.', 'Mr. Dorian Bernhard', 5, '10', '12', 'https://lorempixel.com/150/150/cats/?29832', 'Nihil ut commodi mollitia rerum sapiente. Aliquam velit quidem mollitia ipsa ut voluptatum velit. Optio quibusdam cum officia velit.', 'Magazine', 20430, 6, 26, 23, '2020-10-28 06:24:01', '2020-10-28 06:24:01'),
(43, 'bk1541827', 'Facere ducimus aut aspernatur ut.', 'Ozella Schowalter V', 8, '10', '9', 'https://lorempixel.com/150/150/cats/?76251', 'Aut ratione provident ut et quo eos quam provident. Aut distinctio voluptas omnis soluta. Ut amet voluptatum soluta quo deleniti.', 'Academic', 53, 3, 41, 28, '2020-10-28 06:24:01', '2020-10-28 06:24:01'),
(44, 'bk7263877', 'Eligendi ipsam recusandae natus ab aspernatur quos.', 'Mrs. Laurine Grimes', 5, '10', '4', 'https://lorempixel.com/150/150/cats/?48609', 'Et et assumenda labore amet aut soluta et. Architecto vel vitae aut eum illum odio et. Ex corporis ab vel rerum qui.', 'Academic', 987210, 5, 19, 27, '2020-10-28 06:24:01', '2020-10-28 06:24:01'),
(45, 'bk2874762', 'Est quia ipsam dolor aliquid qui adipisci.', 'Amara Kreiger MD', 34, '8', '8', 'https://lorempixel.com/150/150/cats/?26257', 'Temporibus qui ut et repellat ut placeat. Voluptas unde pariatur cumque est minima. Id libero cumque laborum nihil.', 'Magazine', 99, 10, 40, 23, '2020-10-28 06:24:01', '2020-10-28 06:24:01'),
(46, 'bk8574458', 'Corrupti iste voluptas vel amet possimus.', 'Genesis Dickens', 8, '3', '8', 'https://lorempixel.com/150/150/cats/?50366', 'Ipsum saepe beatae dolore facere minima animi id. Id illo et praesentium illum eum eum. Nesciunt beatae commodi et saepe enim voluptatum in eos.', 'Magazine', 7575021, 1, 19, 26, '2020-10-28 06:24:01', '2020-10-28 06:24:01'),
(47, 'bk8094719', 'Est nemo veniam voluptas voluptas.', 'Ms. Sylvia Marquardt III', 19, '3', '11', 'https://lorempixel.com/150/150/cats/?71714', 'Recusandae quibusdam molestiae blanditiis fuga. Rerum placeat corrupti nisi nam harum suscipit. Placeat ut ut quidem.', 'Academic', 4832, 3, 11, 25, '2020-10-28 06:24:01', '2020-10-28 06:24:01'),
(48, 'bk7932219', 'Quis reprehenderit impedit autem explicabo et nostrum eveniet.', 'Sabina Dooley', 13, '11', '7', 'https://lorempixel.com/150/150/cats/?39406', 'Ullam molestiae earum maiores voluptate tempore. Architecto rerum natus praesentium architecto id delectus voluptatum omnis. Voluptatem corrupti consequatur et deleniti.', 'Academic', 9946, 7, 32, 30, '2020-10-28 06:24:01', '2020-10-28 06:24:01'),
(49, 'bk8177092', 'Libero quidem minus maiores consequatur recusandae magnam.', 'Stanley Glover', 34, '7', '10', 'https://lorempixel.com/150/150/cats/?33536', 'Nostrum vel hic temporibus officia autem. Eos cum perferendis aliquam vel voluptatem omnis. Repellendus veritatis magni odio.', 'Academic', 6314257, 2, 3, 28, '2020-10-28 06:24:01', '2020-10-28 06:24:01'),
(50, 'bk8282635', 'Consequatur quidem voluptatem aut expedita rerum eveniet qui.', 'Kianna Kertzmann', 8, '9', '4', 'https://lorempixel.com/150/150/cats/?88441', 'Aut vel ullam sint. Distinctio mollitia omnis earum rerum. Officiis expedita quia ab.', 'Academic', 3, 11, 39, 28, '2020-10-28 06:24:01', '2020-10-28 06:24:01');

-- --------------------------------------------------------

--
-- Table structure for table `categories`
--

CREATE TABLE `categories` (
  `id` bigint(20) UNSIGNED NOT NULL,
  `school_id` bigint(20) UNSIGNED NOT NULL,
  `name` varchar(191) COLLATE utf8mb4_unicode_ci NOT NULL,
  `status` tinyint(4) NOT NULL DEFAULT 1,
  `created_at` timestamp NULL DEFAULT NULL,
  `updated_at` timestamp NULL DEFAULT NULL
) ENGINE=InnoDB DEFAULT CHARSET=utf8mb4 COLLATE=utf8mb4_unicode_ci;

--
-- Dumping data for table `categories`
--

INSERT INTO `categories` (`id`, `school_id`, `name`, `status`, `created_at`, `updated_at`) VALUES
(1, 1, 'Good', 1, '2020-12-31 09:50:57', '2020-12-31 11:08:09'),
(3, 1, 'Blue', 1, '2021-01-04 07:33:03', '2021-01-04 08:37:21');

-- --------------------------------------------------------

--
-- Table structure for table `certificates`
--

CREATE TABLE `certificates` (
  `id` bigint(20) UNSIGNED NOT NULL,
  `created_at` timestamp NULL DEFAULT NULL,
  `updated_at` timestamp NULL DEFAULT NULL,
  `file_path` varchar(191) COLLATE utf8mb4_unicode_ci NOT NULL,
  `title` varchar(191) COLLATE utf8mb4_unicode_ci NOT NULL,
  `given_to` int(11) NOT NULL,
  `active` tinyint(4) NOT NULL,
  `school_id` int(10) UNSIGNED NOT NULL,
  `user_id` int(10) UNSIGNED NOT NULL
) ENGINE=InnoDB DEFAULT CHARSET=utf8mb4 COLLATE=utf8mb4_unicode_ci;

--
-- Dumping data for table `certificates`
--

INSERT INTO `certificates` (`id`, `created_at`, `updated_at`, `file_path`, `title`, `given_to`, `active`, `school_id`, `user_id`) VALUES
(1, '2020-10-28 06:24:21', '2020-10-28 06:24:21', 'https://turner.com/et-velit-et-odio-sit.html', 'Ipsa qui non aspernatur maxime quam modi quia.', 5202467, 0, 24, 108),
(2, '2020-10-28 06:24:21', '2020-10-28 06:24:21', 'http://bogisich.info/placeat-consequuntur-deserunt-dolores-deleniti-distinctio-optio-cupiditate', 'Expedita sit illum commodi vitae maiores repellendus.', 2253136, 1, 50, 85),
(3, '2020-10-28 06:24:22', '2020-10-28 06:24:22', 'http://harber.biz/quaerat-soluta-tempora-blanditiis-blanditiis', 'Blanditiis aut voluptatem ipsum autem veniam.', 8807394, 0, 13, 173),
(4, '2020-10-28 06:24:22', '2020-10-28 06:24:22', 'http://www.fay.com/et-id-quidem-maxime-in-ut-repudiandae', 'Consequatur officia adipisci officia architecto.', 5486484, 1, 27, 196),
(5, '2020-10-28 06:24:22', '2020-10-28 06:24:22', 'http://www.heidenreich.org/consequatur-sapiente-blanditiis-vel-ut', 'Placeat rerum eius quod incidunt.', 6326221, 1, 30, 8),
(6, '2020-10-28 06:24:22', '2020-10-28 06:24:22', 'http://olson.com/', 'Fuga et nam ipsa voluptas.', 7883688, 0, 19, 228),
(7, '2020-10-28 06:24:22', '2020-10-28 06:24:22', 'http://donnelly.com/', 'Qui aliquam labore vitae minus eum reprehenderit.', 6326221, 1, 18, 86),
(8, '2020-10-28 06:24:22', '2020-10-28 06:24:22', 'http://dickinson.com/et-consectetur-veniam-iusto-facere-optio-dicta-et', 'Assumenda quaerat eligendi eius odio.', 6284574, 1, 36, 35),
(9, '2020-10-28 06:24:22', '2020-10-28 06:24:22', 'http://www.kihn.net/', 'Quas itaque quo quod.', 1076681, 1, 47, 67),
(10, '2020-10-28 06:24:22', '2020-10-28 06:24:22', 'http://www.daugherty.com/odit-inventore-facere-repellat-iste-repudiandae-quisquam-voluptate.html', 'Quo ipsa ducimus aut rerum accusantium id iusto.', 4153705, 1, 12, 221),
(11, '2020-10-28 06:24:22', '2020-10-28 06:24:22', 'http://www.hand.com/saepe-quia-et-et-nobis-laudantium.html', 'Numquam ab eos saepe consequatur et vel quia.', 3814034, 0, 48, 55),
(12, '2020-10-28 06:24:22', '2020-10-28 06:24:22', 'http://kirlin.com/consequatur-aut-provident-minima-saepe-adipisci-aut-nemo-mollitia.html', 'Alias eligendi ipsam voluptatem corrupti voluptatem.', 1373799, 0, 28, 215),
(13, '2020-10-28 06:24:22', '2020-10-28 06:24:22', 'https://www.botsford.com/dolores-maiores-quo-excepturi-reprehenderit-cumque', 'Doloremque est rem occaecati qui saepe fuga dignissimos recusandae.', 765807, 0, 23, 224),
(14, '2020-10-28 06:24:22', '2020-10-28 06:24:22', 'https://www.gaylord.com/rerum-fuga-ipsa-expedita-tempora', 'Eligendi commodi necessitatibus quod perferendis minima.', 3904042, 0, 3, 218),
(15, '2020-10-28 06:24:22', '2020-10-28 06:24:22', 'http://www.russel.net/et-asperiores-reiciendis-aut-sit-laudantium-itaque-qui.html', 'Odio maxime natus odio soluta non.', 1954445, 0, 5, 54),
(16, '2020-10-28 06:24:22', '2020-10-28 06:24:22', 'http://bartoletti.com/consequatur-recusandae-dolorum-vel-sequi-cumque-ea', 'Similique dicta impedit suscipit voluptatibus voluptatem.', 2136437, 1, 37, 171),
(17, '2020-10-28 06:24:22', '2020-10-28 06:24:22', 'http://johnson.com/minus-quidem-facilis-minima-error-ut-omnis.html', 'Necessitatibus nihil voluptate ut laudantium.', 5128255, 1, 13, 110),
(18, '2020-10-28 06:24:22', '2020-10-28 06:24:22', 'http://christiansen.net/ea-dolor-dolores-numquam', 'Et recusandae recusandae sint exercitationem nostrum quaerat aut.', 5293452, 1, 46, 206),
(19, '2020-10-28 06:24:22', '2020-10-28 06:24:22', 'http://schultz.com/sint-natus-optio-quaerat-aut-consequatur', 'Est nam asperiores fugiat odit dolores maxime.', 2281988, 1, 49, 28),
(20, '2020-10-28 06:24:22', '2020-10-28 06:24:22', 'https://www.hoeger.com/itaque-et-quia-cupiditate-enim-culpa-ut', 'Est amet dolorum natus ex aut.', 4920151, 1, 24, 228),
(21, '2020-10-28 06:24:22', '2020-10-28 06:24:22', 'http://www.walter.com/quo-mollitia-sed-dolores-dolorem.html', 'Quibusdam ipsum voluptates ut ut aut dolores.', 4486827, 1, 13, 199),
(22, '2020-10-28 06:24:22', '2020-10-28 06:24:22', 'http://www.brakus.com/nisi-aliquid-quis-accusamus-est', 'Excepturi aliquid ad et dolor.', 6296949, 1, 8, 2),
(23, '2020-10-28 06:24:22', '2020-10-28 06:24:22', 'http://www.okuneva.org/est-deleniti-nihil-ab-velit.html', 'Rerum expedita omnis voluptatibus excepturi.', 3511245, 0, 4, 177),
(24, '2020-10-28 06:24:22', '2020-10-28 06:24:22', 'http://www.beer.com/labore-rem-saepe-sequi-quibusdam-illum', 'Aspernatur ut est natus quod vitae.', 1076681, 1, 35, 82),
(25, '2020-10-28 06:24:22', '2020-10-28 06:24:22', 'http://osinski.com/', 'Quidem suscipit hic qui doloribus qui aut accusantium.', 689293, 1, 37, 23),
(26, '2020-10-28 06:24:22', '2020-10-28 06:24:22', 'http://www.veum.com/aliquam-asperiores-omnis-magni-et-recusandae.html', 'Modi nemo minus ipsa.', 7606811, 1, 21, 211),
(27, '2020-10-28 06:24:22', '2020-10-28 06:24:22', 'http://grimes.com/voluptatum-exercitationem-magni-placeat-quae-molestiae', 'Cumque consequatur quos consectetur distinctio ipsum.', 6949307, 0, 27, 113),
(28, '2020-10-28 06:24:22', '2020-10-28 06:24:22', 'http://goyette.com/illum-sit-ad-saepe-ratione-voluptate-sit-maxime.html', 'Et totam autem porro error neque qui ut nisi.', 709312, 1, 39, 46),
(29, '2020-10-28 06:24:22', '2020-10-28 06:24:22', 'https://www.stark.com/voluptatem-rem-at-nihil-culpa-voluptatem', 'Quam voluptas deserunt nulla animi sapiente quae.', 2036656, 1, 27, 257),
(30, '2020-10-28 06:24:22', '2020-10-28 06:24:22', 'https://www.konopelski.com/voluptate-delectus-adipisci-et', 'Consequuntur sint culpa omnis reprehenderit voluptatem sed omnis.', 8557557, 0, 36, 92),
(31, '2020-10-28 06:24:22', '2020-10-28 06:24:22', 'https://yost.info/vitae-dicta-est-quia-sint-est.html', 'Quisquam excepturi aut amet cupiditate.', 34914, 0, 8, 113),
(32, '2020-10-28 06:24:22', '2020-10-28 06:24:22', 'http://kautzer.info/velit-rerum-praesentium-autem-cupiditate', 'Atque amet quasi tempore velit qui minus.', 4964603, 1, 44, 184),
(33, '2020-10-28 06:24:22', '2020-10-28 06:24:22', 'http://bradtke.com/deserunt-quisquam-nulla-possimus-aut-et.html', 'Aut asperiores laborum quibusdam quae laudantium quis consequatur maxime.', 3664500, 1, 17, 197),
(34, '2020-10-28 06:24:22', '2020-10-28 06:24:22', 'https://www.lindgren.com/ipsa-voluptas-qui-voluptas', 'Ut vitae eligendi molestiae molestiae doloribus sunt quasi.', 8123404, 0, 10, 242),
(35, '2020-10-28 06:24:22', '2020-10-28 06:24:22', 'http://kuhlman.biz/et-occaecati-distinctio-eum', 'Suscipit et sed modi eaque.', 1137277, 1, 46, 187),
(36, '2020-10-28 06:24:22', '2020-10-28 06:24:22', 'http://www.hartmann.com/architecto-voluptatum-suscipit-eius-rerum-omnis-quidem', 'Et perspiciatis suscipit nesciunt nihil libero aut temporibus quos.', 2281988, 0, 26, 10),
(37, '2020-10-28 06:24:22', '2020-10-28 06:24:22', 'http://www.powlowski.com/inventore-totam-officia-voluptates-eaque-laudantium-enim-id', 'Labore incidunt ipsa facere sed similique.', 5768075, 0, 34, 30),
(38, '2020-10-28 06:24:22', '2020-10-28 06:24:22', 'http://hessel.com/est-ipsa-vero-temporibus-numquam-quod-quia-quas-voluptatem', 'Consequatur magnam nihil magnam dicta aperiam impedit.', 5959945, 1, 10, 221),
(39, '2020-10-28 06:24:22', '2020-10-28 06:24:22', 'http://tillman.com/', 'Occaecati esse voluptatem eum vel nisi eligendi quisquam odio.', 5300341, 1, 28, 203),
(40, '2020-10-28 06:24:23', '2020-10-28 06:24:23', 'https://www.kuhic.com/quia-consequatur-nesciunt-molestias-perferendis-sapiente', 'Qui et corrupti qui sed.', 8104302, 0, 46, 1),
(41, '2020-10-28 06:24:23', '2020-10-28 06:24:23', 'http://www.nitzsche.com/quam-aut-cum-eos-in-aut-iste-ratione.html', 'Et velit ut nemo quod provident.', 2253136, 0, 32, 57),
(42, '2020-10-28 06:24:23', '2020-10-28 06:24:23', 'http://lakin.biz/quos-non-et-et-incidunt.html', 'Suscipit atque placeat officiis aut ut nemo magni.', 336996, 1, 33, 236),
(43, '2020-10-28 06:24:23', '2020-10-28 06:24:23', 'http://lang.net/', 'Eum suscipit non eum sed cumque eum.', 3246019, 1, 50, 91),
(44, '2020-10-28 06:24:23', '2020-10-28 06:24:23', 'http://harber.com/provident-rem-corporis-dignissimos', 'Corporis tempore voluptatibus cum aut.', 5768075, 1, 9, 245),
(45, '2020-10-28 06:24:23', '2020-10-28 06:24:23', 'http://www.eichmann.com/consectetur-quia-non-eligendi', 'Velit vero quis sit non tenetur iusto veniam fuga.', 4003335, 0, 22, 55),
(46, '2020-10-28 06:24:23', '2020-10-28 06:24:23', 'http://koelpin.biz/sapiente-incidunt-similique-et-laboriosam.html', 'Nisi magnam ea laborum qui.', 8999766, 0, 13, 43),
(47, '2020-10-28 06:24:23', '2020-10-28 06:24:23', 'http://hackett.info/', 'Ducimus quidem ut animi quia in hic.', 6397436, 1, 6, 221),
(48, '2020-10-28 06:24:23', '2020-10-28 06:24:23', 'http://www.abernathy.com/itaque-neque-illum-consequuntur-odit.html', 'Natus qui aut quis dolorem.', 9142896, 1, 46, 231),
(49, '2020-10-28 06:24:23', '2020-10-28 06:24:23', 'http://trantow.com/est-nihil-quia-dolor-ut.html', 'Iure ipsum labore officia et eos consequatur.', 6404180, 1, 42, 91),
(50, '2020-10-28 06:24:23', '2020-10-28 06:24:23', 'https://www.volkman.biz/quam-odit-fuga-exercitationem-id', 'Impedit unde ipsa et ut voluptatem asperiores quis.', 2341800, 1, 26, 33);

-- --------------------------------------------------------

--
-- Table structure for table `classes`
--

CREATE TABLE `classes` (
  `id` bigint(20) UNSIGNED NOT NULL,
  `name` varchar(191) COLLATE utf8mb4_unicode_ci NOT NULL,
  `class_number` varchar(191) COLLATE utf8mb4_unicode_ci NOT NULL,
  `school_id` int(10) UNSIGNED NOT NULL,
  `group` varchar(191) COLLATE utf8mb4_unicode_ci NOT NULL,
  `status` tinyint(4) NOT NULL DEFAULT 1 COMMENT '1=active,2=inactive',
  `created_at` timestamp NULL DEFAULT NULL,
  `updated_at` timestamp NULL DEFAULT NULL
) ENGINE=InnoDB DEFAULT CHARSET=utf8mb4 COLLATE=utf8mb4_unicode_ci;

--
-- Dumping data for table `classes`
--

INSERT INTO `classes` (`id`, `name`, `class_number`, `school_id`, `group`, `status`, `created_at`, `updated_at`) VALUES
(1, 'Zero', '0', 1, '', 1, '2020-10-28 06:23:22', '2021-01-17 11:45:39'),
(2, 'One', '1', 1, 'Sc', 1, '2020-10-28 06:23:22', '2021-01-17 09:16:55'),
(3, 'Two', '2', 1, '', 1, '2020-10-28 06:23:22', '2020-10-28 06:23:22'),
(4, 'Three', '3', 1, '', 1, '2020-10-28 06:23:22', '2020-10-28 06:23:22'),
(5, 'Four', '4', 1, '', 1, '2020-10-28 06:23:22', '2020-12-01 07:57:03'),
(6, 'Five', '5', 1, '', 1, '2020-10-28 06:23:22', '2020-10-28 06:23:22'),
(7, 'Six', '6', 1, '', 1, '2020-10-28 06:23:22', '2020-10-28 06:23:22'),
(8, 'Seven', '7', 1, '', 1, '2020-10-28 06:23:22', '2020-10-28 06:23:22'),
(9, 'Eight', '8', 1, 'arts', 1, '2020-10-28 06:23:22', '2020-10-28 06:23:22'),
(10, 'Nine', '9', 1, 'arts', 1, '2020-10-28 06:23:22', '2020-10-28 06:23:22'),
(11, 'Ten', '10', 1, 'science', 1, '2020-10-28 06:23:22', '2020-10-28 06:23:22'),
(12, 'Eleven', '11', 1, 'commerce', 1, '2020-10-28 06:23:23', '2020-10-28 06:23:23'),
(13, 'Twelve', '12', 1, 'arts', 1, '2020-10-28 06:23:23', '2020-10-28 06:23:23'),
(14, 'Grade 1', 'Grade 1', 1, 'ff', 1, '2020-11-18 05:48:19', '2020-11-18 05:48:19'),
(15, 'Grade 2', 'Grade 2', 1, 'dfdf', 1, '2020-11-18 06:09:40', '2020-11-18 06:09:40'),
(16, 'Grade 3', 'Grade 3', 1, 'fgfg', 1, '2020-11-18 06:30:13', '2020-11-18 06:30:13'),
(17, 'One', '1', 2, '', 1, '2020-12-21 07:18:18', '2020-12-21 07:18:18'),
(18, 'Play', '14', 1, '', 1, '2021-01-17 09:10:48', '2021-01-17 09:10:48');

-- --------------------------------------------------------

--
-- Table structure for table `committees`
--

CREATE TABLE `committees` (
  `id` bigint(20) UNSIGNED NOT NULL,
  `school_id` int(10) UNSIGNED NOT NULL,
  `name` varchar(191) COLLATE utf8mb4_unicode_ci NOT NULL,
  `gender` tinyint(4) DEFAULT NULL,
  `religon` tinyint(4) DEFAULT NULL,
  `dob` varchar(50) COLLATE utf8mb4_unicode_ci DEFAULT NULL,
  `bloodgroup` tinyint(4) DEFAULT NULL,
  `email` varchar(191) COLLATE utf8mb4_unicode_ci DEFAULT NULL,
  `nid` varchar(191) COLLATE utf8mb4_unicode_ci DEFAULT NULL,
  `mobile` varchar(191) COLLATE utf8mb4_unicode_ci DEFAULT NULL,
  `profession` varchar(191) COLLATE utf8mb4_unicode_ci DEFAULT NULL,
  `education` varchar(191) COLLATE utf8mb4_unicode_ci DEFAULT NULL,
  `image` varchar(200) COLLATE utf8mb4_unicode_ci DEFAULT NULL,
  `priority` int(11) DEFAULT NULL,
  `designation` varchar(191) COLLATE utf8mb4_unicode_ci DEFAULT NULL,
  `marritalstatus` tinyint(4) DEFAULT NULL,
  `startdate` varchar(50) COLLATE utf8mb4_unicode_ci DEFAULT NULL,
  `enddate` varchar(50) COLLATE utf8mb4_unicode_ci DEFAULT NULL,
  `father_name` varchar(191) COLLATE utf8mb4_unicode_ci DEFAULT NULL,
  `mother_name` varchar(191) COLLATE utf8mb4_unicode_ci DEFAULT NULL,
  `address` varchar(191) COLLATE utf8mb4_unicode_ci DEFAULT NULL,
  `status` tinyint(4) DEFAULT NULL,
  `nationality` varchar(200) COLLATE utf8mb4_unicode_ci DEFAULT NULL,
  `created_at` timestamp NULL DEFAULT NULL,
  `updated_at` timestamp NULL DEFAULT NULL
) ENGINE=InnoDB DEFAULT CHARSET=utf8mb4 COLLATE=utf8mb4_unicode_ci;

--
-- Dumping data for table `committees`
--

INSERT INTO `committees` (`id`, `school_id`, `name`, `gender`, `religon`, `dob`, `bloodgroup`, `email`, `nid`, `mobile`, `profession`, `education`, `image`, `priority`, `designation`, `marritalstatus`, `startdate`, `enddate`, `father_name`, `mother_name`, `address`, `status`, `nationality`, `created_at`, `updated_at`) VALUES
(6, 1, 'Xyla Malone', 2, 1, '2020-12-01', 2, 'jawuny@mailinator.com', 'Nisi provident qui', '2025588', 'Aut doloribus nisi n', 'Ut voluptas sunt su', NULL, NULL, '2', 2, '2020-12-07', '1970-01-01', 'Patrick Hudson', 'Avram Wynn', 'Architecto sunt et c', 1, '114', '2020-12-15 05:34:55', '2020-12-15 05:35:19'),
(7, 1, 'Latifah Donovan', 1, 1, '2020-12-07', 4, 'sazixup@mailinator.com', 'Dolor laborum Asper', 'Sint dolore sed recu', 'Tempora minim ex asp', 'Consequuntur rerum c', 'http://192.168.0.109:8001/storage/FA20165757S/FA20165757H/2021/SC/1609573768.png', NULL, '8', 1, '1970-01-01', '1970-01-01', 'Hamilton Frost', 'Giacomo Valentine', 'Quaerat tempor ea id', 1, '153', '2020-12-15 07:04:48', '2021-01-02 07:49:28'),
(8, 1, 'Winifred Collier', 1, 5, '2020-23-12', 1, 'bodanizod@mailinator.com', 'Quis ea inventore in', 'Hic magna assumenda', 'Ea consequuntur sapi', 'Minus ea perferendis', 'http://127.0.0.1:8000/storage/FA20165757S/FA20165757H/2020/SC/1608018875.png', NULL, '4', 1, '1986-23-10', '1988-23-03', 'Melanie Hubbard', 'Duncan Parks', 'Culpa qui eaque aspe', 1, '157', '2020-12-15 07:54:36', '2020-12-15 07:54:36'),
(9, 1, 'Suki Torres', 2, 5, '2014-15-03', 4, 'zigak@mailinator.com', 'Nostrum mollit maior', 'Earum non mollit qui', 'Esse ducimus est p', 'Ut tempore sit pos', '', NULL, '8', 2, '2009-12-02', '1975-03-06', 'Wade Ewing', 'Julian Mills', 'Voluptate proident', 1, '94', '2020-12-15 08:06:46', '2020-12-15 08:06:46');

-- --------------------------------------------------------

--
-- Table structure for table `complains`
--

CREATE TABLE `complains` (
  `id` bigint(20) UNSIGNED NOT NULL,
  `school_id` bigint(20) UNSIGNED NOT NULL,
  `name` varchar(191) COLLATE utf8mb4_unicode_ci NOT NULL,
  `contactnumber` varchar(191) COLLATE utf8mb4_unicode_ci DEFAULT NULL,
  `email` varchar(191) COLLATE utf8mb4_unicode_ci DEFAULT NULL,
  `description` longtext COLLATE utf8mb4_unicode_ci DEFAULT NULL,
  `ip_address` varchar(45) COLLATE utf8mb4_unicode_ci DEFAULT NULL,
  `remark` varchar(191) COLLATE utf8mb4_unicode_ci DEFAULT NULL,
  `status` tinyint(4) NOT NULL DEFAULT 1,
  `created_at` timestamp NULL DEFAULT NULL,
  `updated_at` timestamp NULL DEFAULT NULL
) ENGINE=InnoDB DEFAULT CHARSET=utf8mb4 COLLATE=utf8mb4_unicode_ci;

--
-- Dumping data for table `complains`
--

INSERT INTO `complains` (`id`, `school_id`, `name`, `contactnumber`, `email`, `description`, `ip_address`, `remark`, `status`, `created_at`, `updated_at`) VALUES
(1, 1, 'Amethyst Sellers', '535355353535353535', 'fadubak@mailinator.com', 'Quod lorem ut molest', '192.168.0.103', 'Xfghjkkjhgfd', 1, '2020-12-26 11:08:32', '2020-12-26 12:07:27'),
(2, 1, 'Indigo Estes', '730', 'nacegyki@mailinator.com', 'olore suscipiNobis dolore suscipiNobis dolore suscipiNobis dolore suscipiNobis dolore suscipi', '192.168.0.109', 'sczxczxczxc sczxczxczxc sczxczxczxc sczxczxczxc sczxczxczxc', 1, '2020-12-26 12:11:53', '2020-12-26 12:27:00'),
(5, 1, 'Mufutau Hubbard', '951', 'dytysopy@mailinator.com', 'Error quisquam vitae', '192.168.0.108', 'ok', 1, '2021-01-17 11:16:51', '2021-03-01 05:53:34');

-- --------------------------------------------------------

--
-- Table structure for table `contacts`
--

CREATE TABLE `contacts` (
  `id` bigint(20) UNSIGNED NOT NULL,
  `school_id` bigint(20) UNSIGNED NOT NULL,
  `name` varchar(191) COLLATE utf8mb4_unicode_ci NOT NULL,
  `email` varchar(191) COLLATE utf8mb4_unicode_ci DEFAULT NULL,
  `phone` varchar(191) COLLATE utf8mb4_unicode_ci DEFAULT NULL,
  `subject` varchar(191) COLLATE utf8mb4_unicode_ci DEFAULT NULL,
  `message` longtext COLLATE utf8mb4_unicode_ci DEFAULT NULL,
  `ip_address` varchar(45) COLLATE utf8mb4_unicode_ci DEFAULT NULL,
  `remark` varchar(191) COLLATE utf8mb4_unicode_ci DEFAULT NULL,
  `created_at` timestamp NULL DEFAULT NULL,
  `updated_at` timestamp NULL DEFAULT NULL
) ENGINE=InnoDB DEFAULT CHARSET=utf8mb4 COLLATE=utf8mb4_unicode_ci;

--
-- Dumping data for table `contacts`
--

INSERT INTO `contacts` (`id`, `school_id`, `name`, `email`, `phone`, `subject`, `message`, `ip_address`, `remark`, `created_at`, `updated_at`) VALUES
(1, 1, 'MD. EMRUL HASSAN', 'emrul.01745@gmail.com', '01745371324', 'fghhhjj', 'ghghghgx', '192.168.0.105', 'cccsccscs', '2020-12-23 10:25:36', '2020-12-26 12:06:56'),
(4, 1, 'Clark Manning', 'teva@mailinator.com', '+1 (277) 338-9598', 'Fugiat velit quam e', 'Voluptatem numquam q', '192.168.0.103', NULL, '2020-12-24 08:28:20', '2020-12-24 08:28:20'),
(5, 1, 'Fuller Levine', 'jiwu@mailinator.com', '+1 (595) 729-3257', 'Totam cupidatat aute', 'Animi et dolore eli', '192.168.0.108', NULL, '2021-01-17 11:19:56', '2021-01-17 11:19:56');

-- --------------------------------------------------------

--
-- Table structure for table `contents`
--

CREATE TABLE `contents` (
  `id` bigint(20) UNSIGNED NOT NULL,
  `school_id` bigint(20) UNSIGNED NOT NULL,
  `menu_id` bigint(20) NOT NULL,
  `title` varchar(191) COLLATE utf8mb4_unicode_ci NOT NULL,
  `description` longtext COLLATE utf8mb4_unicode_ci NOT NULL,
  `image` varchar(191) COLLATE utf8mb4_unicode_ci DEFAULT NULL,
  `created_at` timestamp NULL DEFAULT NULL,
  `updated_at` timestamp NULL DEFAULT NULL
) ENGINE=InnoDB DEFAULT CHARSET=utf8mb4 COLLATE=utf8mb4_unicode_ci;

-- --------------------------------------------------------

--
-- Table structure for table `countries`
--

CREATE TABLE `countries` (
  `id` int(11) NOT NULL,
  `name` varchar(128) COLLATE utf8_bin NOT NULL,
  `currency` varchar(30) COLLATE utf8_bin NOT NULL,
  `rate` float NOT NULL,
  `code` varchar(2) COLLATE utf8_bin NOT NULL DEFAULT '',
  `iso_code_3` varchar(3) COLLATE utf8_bin NOT NULL DEFAULT '',
  `nationality` varchar(100) COLLATE utf8_bin DEFAULT NULL,
  `status` char(1) COLLATE utf8_bin NOT NULL DEFAULT '1'
) ENGINE=InnoDB DEFAULT CHARSET=utf8 COLLATE=utf8_bin;

--
-- Dumping data for table `countries`
--

INSERT INTO `countries` (`id`, `name`, `currency`, `rate`, `code`, `iso_code_3`, `nationality`, `status`) VALUES
(1, 'United States (USA)', 'USD', 85.3, 'AS', 'ASM', 'American', '2'),
(2, 'Afghanistan', 'USD', 0, 'AF', 'AFG', 'Afghan', '1'),
(3, 'Albania', 'USD', 0, 'AL', 'ALB', 'Albanian', '1'),
(4, 'Algeria', 'USD', 0, 'DZ', 'DZA', 'Algerian', '1'),
(5, 'Andorra', 'USD', 0, 'AD', 'AND', 'Andorran', '1'),
(6, 'Angola', 'USD', 0, 'AO', 'AGO', 'Angolan', '1'),
(7, 'Anguilla', 'USD', 0, 'AI', 'AIA', 'Antiguans', '1'),
(8, 'Antarctica', 'USD', 0, 'AQ', 'ATA', NULL, '1'),
(9, 'Antigua and Barbuda', 'USD', 0, 'AG', 'ATG', NULL, '1'),
(10, 'Argentina', 'USD', 0, 'AR', 'ARG', 'Argentinean', '1'),
(11, 'Armenia', 'USD', 0, 'AM', 'ARM', 'Armenian', '1'),
(12, 'Aruba', 'USD', 0, 'AW', 'ABW', NULL, '1'),
(13, 'Australia', 'USD', 0, 'AU', 'AUS', 'Australian', '1'),
(14, 'Austria', 'USD', 0, 'AT', 'AUT', 'Austrian', '1'),
(15, 'Azerbaijan', 'USD', 0, 'AZ', 'AZE', 'Azerbaijani', '1'),
(16, 'Bahamas', 'USD', 0, 'BS', 'BHS', 'Bahamian', '1'),
(17, 'Bahrain', 'USD', 0, 'BH', 'BHR', 'Bahraini', '1'),
(18, 'Bangladesh', 'BDT', 0, 'BD', 'BGD', 'Bangladeshi', '1'),
(19, 'Barbados', 'USD', 0, 'BB', 'BRB', 'Barbadian', '1'),
(20, 'Belarus', 'USD', 0, 'BY', 'BLR', 'Belarusian', '1'),
(21, 'Belgium', 'USD', 0, 'BE', 'BEL', 'Belgian', '1'),
(22, 'Belize', 'USD', 0, 'BZ', 'BLZ', 'Belizean', '1'),
(23, 'Benin', 'USD', 0, 'BJ', 'BEN', 'Beninese', '1'),
(24, 'Bermuda', 'USD', 0, 'BM', 'BMU', NULL, '1'),
(25, 'Bhutan', 'USD', 0, 'BT', 'BTN', 'Bhutanese', '1'),
(26, 'Bolivia', 'USD', 0, 'BO', 'BOL', 'Bolivian', '1'),
(27, 'Bosnia and Herzegowina', 'USD', 0, 'BA', 'BIH', 'Bosnian', '1'),
(28, 'Botswana', 'USD', 0, 'BW', 'BWA', NULL, '1'),
(29, 'Bouvet Island', 'USD', 0, 'BV', 'BVT', NULL, '1'),
(30, 'Brazil', 'USD', 0, 'BR', 'BRA', 'Brazilian', '1'),
(31, 'British Indian Ocean Territory', 'USD', 0, 'IO', 'IOT', 'British', '1'),
(32, 'Brunei Darussalam', 'USD', 0, 'BN', 'BRN', 'Bruneian', '1'),
(33, 'Bulgaria', 'USD', 0, 'BG', 'BGR', 'Bulgarian', '1'),
(34, 'Burkina Faso', 'USD', 0, 'BF', 'BFA', 'Burkinabe', '1'),
(35, 'Burundi', 'USD', 0, 'BI', 'BDI', 'Burundian', '1'),
(36, 'Cambodia', 'USD', 0, 'KH', 'KHM', 'Cambodian', '1'),
(37, 'Cameroon', 'USD', 0, 'CM', 'CMR', 'Cameroonian', '1'),
(38, 'Canada', 'USD', 0, 'CA', 'CAN', 'Canadian', '1'),
(39, 'Cape Verde', 'USD', 0, 'CV', 'CPV', 'Cape Verdean', '1'),
(40, 'Cayman Islands', 'USD', 0, 'KY', 'CYM', NULL, '1'),
(41, 'Central African Republic', 'USD', 0, 'CF', 'CAF', 'Central African', '1'),
(42, 'Chad', 'USD', 0, 'TD', 'TCD', 'Chadian', '1'),
(43, 'Chile', 'USD', 0, 'CL', 'CHL', 'Chilean', '1'),
(44, 'China', 'USD', 0, 'CN', 'CHN', 'Chinese', '1'),
(45, 'Christmas Island', 'USD', 0, 'CX', 'CXR', NULL, '1'),
(46, 'Cocos (Keeling) Islands', 'USD', 0, 'CC', 'CCK', NULL, '1'),
(47, 'Colombia', 'USD', 0, 'CO', 'COL', 'Colombian', '1'),
(48, 'Comoros', 'USD', 0, 'KM', 'COM', 'Comoran', '1'),
(49, 'Congo', 'USD', 0, 'CG', 'COG', 'Congolese', '1'),
(50, 'Cook Islands', 'USD', 0, 'CK', 'COK', NULL, '1'),
(51, 'Costa Rica', 'USD', 0, 'CR', 'CRI', 'Costa Rican', '1'),
(52, 'Cote D\'Ivoire', 'USD', 0, 'CI', 'CIV', NULL, '1'),
(53, 'Croatia', 'USD', 0, 'HR', 'HRV', 'Croatian', '1'),
(54, 'Cuba', 'USD', 0, 'CU', 'CUB', 'Cuban', '1'),
(55, 'Cyprus', 'USD', 0, 'CY', 'CYP', 'Cypriot', '1'),
(56, 'Czech Republic', 'USD', 0, 'CZ', 'CZE', 'Czech', '1'),
(57, 'Denmark', 'USD', 0, 'DK', 'DNK', 'Danish', '1'),
(58, 'Djibouti', 'USD', 0, 'DJ', 'DJI', 'Djibouti', '1'),
(59, 'Dominica', 'USD', 0, 'DM', 'DMA', 'Dominican', '1'),
(60, 'Dominican Republic', 'USD', 0, 'DO', 'DOM', 'Dominican Republic', '1'),
(61, 'East Timor', 'USD', 0, 'TP', 'TMP', 'East Timorese', '1'),
(62, 'Ecuador', 'USD', 0, 'EC', 'ECU', 'Ecuadorean', '1'),
(63, 'Egypt', 'USD', 0, 'EG', 'EGY', 'Egyptian', '1'),
(64, 'El Salvador', 'USD', 0, 'SV', 'SLV', NULL, '1'),
(65, 'Equatorial Guinea', 'USD', 0, 'GQ', 'GNQ', NULL, '1'),
(66, 'Eritrea', 'USD', 0, 'ER', 'ERI', NULL, '1'),
(67, 'Estonia', 'USD', 0, 'EE', 'EST', NULL, '1'),
(68, 'Ethiopia', 'USD', 0, 'ET', 'ETH', NULL, '1'),
(69, 'Falkland Islands (Malvinas)', 'USD', 0, 'FK', 'FLK', NULL, '1'),
(70, 'Faroe Islands', 'USD', 0, 'FO', 'FRO', NULL, '1'),
(71, 'Fiji', 'USD', 0, 'FJ', 'FJI', NULL, '1'),
(72, 'Finland', 'USD', 0, 'FI', 'FIN', NULL, '1'),
(73, 'France', 'USD', 0, 'FR', 'FRA', NULL, '1'),
(74, 'France, Metropolitan', 'USD', 0, 'FX', 'FXX', NULL, '1'),
(75, 'French Guiana', 'USD', 0, 'GF', 'GUF', NULL, '1'),
(76, 'French Polynesia', 'USD', 0, 'PF', 'PYF', NULL, '1'),
(77, 'French Southern Territories', 'USD', 0, 'TF', 'ATF', NULL, '1'),
(78, 'Gabon', 'USD', 0, 'GA', 'GAB', NULL, '1'),
(79, 'Gambia', 'USD', 0, 'GM', 'GMB', NULL, '1'),
(80, 'Georgia', 'USD', 0, 'GE', 'GEO', NULL, '1'),
(81, 'Germany', 'USD', 0, 'DE', 'DEU', NULL, '1'),
(82, 'Ghana', 'USD', 0, 'GH', 'GHA', NULL, '1'),
(83, 'Gibraltar', 'USD', 0, 'GI', 'GIB', NULL, '1'),
(84, 'Greece', 'USD', 0, 'GR', 'GRC', NULL, '1'),
(85, 'Greenland', 'USD', 0, 'GL', 'GRL', NULL, '1'),
(86, 'Grenada', 'USD', 0, 'GD', 'GRD', NULL, '1'),
(87, 'Guadeloupe', 'USD', 0, 'GP', 'GLP', NULL, '1'),
(88, 'Guam', 'USD', 0, 'GU', 'GUM', NULL, '1'),
(89, 'Guatemala', 'USD', 0, 'GT', 'GTM', NULL, '1'),
(90, 'Guinea', 'USD', 0, 'GN', 'GIN', NULL, '1'),
(91, 'Guinea-bissau', 'USD', 0, 'GW', 'GNB', NULL, '1'),
(92, 'Guyana', 'USD', 0, 'GY', 'GUY', NULL, '1'),
(93, 'Haiti', 'USD', 0, 'HT', 'HTI', NULL, '1'),
(94, 'Heard and Mc Donald Islands', 'USD', 0, 'HM', 'HMD', NULL, '1'),
(95, 'Honduras', 'USD', 0, 'HN', 'HND', NULL, '1'),
(96, 'Hong Kong', 'USD', 0, 'HK', 'HKG', NULL, '1'),
(97, 'Hungary', 'USD', 0, 'HU', 'HUN', NULL, '1'),
(98, 'Iceland', 'USD', 0, 'IS', 'ISL', NULL, '1'),
(99, 'India', 'USD', 0, 'IN', 'IND', NULL, '1'),
(100, 'Indonesia', 'USD', 0, 'ID', 'IDN', NULL, '1'),
(101, 'Iran (Islamic Republic of)', 'USD', 0, 'IR', 'IRN', NULL, '1'),
(102, 'Iraq', 'USD', 0, 'IQ', 'IRQ', NULL, '1'),
(103, 'Ireland', 'USD', 0, 'IE', 'IRL', NULL, '1'),
(104, 'Israel', 'USD', 0, 'IL', 'ISR', NULL, '1'),
(105, 'Italy', 'USD', 0, 'IT', 'ITA', NULL, '1'),
(106, 'Jamaica', 'USD', 0, 'JM', 'JAM', NULL, '1'),
(107, 'Japan', 'USD', 0, 'JP', 'JPN', NULL, '1'),
(108, 'Jordan', 'USD', 0, 'JO', 'JOR', NULL, '1'),
(109, 'Kazakhstan', 'USD', 0, 'KZ', 'KAZ', NULL, '1'),
(110, 'Kenya', 'USD', 0, 'KE', 'KEN', NULL, '1'),
(111, 'Kiribati', 'USD', 0, 'KI', 'KIR', NULL, '1'),
(112, 'North Korea', 'USD', 0, 'KP', 'PRK', NULL, '1'),
(113, 'Korea, Republic of', 'USD', 0, 'KR', 'KOR', NULL, '1'),
(114, 'Kuwait', 'USD', 0, 'KW', 'KWT', NULL, '1'),
(115, 'Kyrgyzstan', 'USD', 0, 'KG', 'KGZ', NULL, '1'),
(116, 'Lao People\'s Democratic Republic', 'USD', 0, 'LA', 'LAO', NULL, '1'),
(117, 'Latvia', 'USD', 0, 'LV', 'LVA', NULL, '1'),
(118, 'Lebanon', 'USD', 0, 'LB', 'LBN', NULL, '1'),
(119, 'Lesotho', 'USD', 0, 'LS', 'LSO', NULL, '1'),
(120, 'Liberia', 'USD', 0, 'LR', 'LBR', NULL, '1'),
(121, 'Libyan Arab Jamahiriya', 'USD', 0, 'LY', 'LBY', NULL, '1'),
(122, 'Liechtenstein', 'USD', 0, 'LI', 'LIE', NULL, '1'),
(123, 'Lithuania', 'USD', 0, 'LT', 'LTU', NULL, '1'),
(124, 'Luxembourg', 'USD', 0, 'LU', 'LUX', NULL, '1'),
(125, 'Macau', 'USD', 0, 'MO', 'MAC', NULL, '1'),
(126, 'Macedonia', 'USD', 0, 'MK', 'MKD', NULL, '1'),
(127, 'Madagascar', 'USD', 0, 'MG', 'MDG', NULL, '1'),
(128, 'Malawi', 'USD', 0, 'MW', 'MWI', NULL, '1'),
(129, 'Malaysia', 'USD', 0, 'MY', 'MYS', NULL, '1'),
(130, 'Maldives', 'USD', 0, 'MV', 'MDV', NULL, '1'),
(131, 'Mali', 'USD', 0, 'ML', 'MLI', NULL, '1'),
(132, 'Malta', 'USD', 0, 'MT', 'MLT', NULL, '1'),
(133, 'Marshall Islands', 'USD', 0, 'MH', 'MHL', NULL, '1'),
(134, 'Martinique', 'USD', 0, 'MQ', 'MTQ', NULL, '1'),
(135, 'Mauritania', 'USD', 0, 'MR', 'MRT', NULL, '1'),
(136, 'Mauritius', 'USD', 0, 'MU', 'MUS', NULL, '1'),
(137, 'Mayotte', 'USD', 0, 'YT', 'MYT', NULL, '1'),
(138, 'Mexico', 'USD', 0, 'MX', 'MEX', NULL, '1'),
(139, 'Micronesia, Federated States of', 'USD', 0, 'FM', 'FSM', NULL, '1'),
(140, 'Moldova, Republic of', 'USD', 0, 'MD', 'MDA', NULL, '1'),
(141, 'Monaco', 'USD', 0, 'MC', 'MCO', NULL, '1'),
(142, 'Mongolia', 'USD', 0, 'MN', 'MNG', NULL, '1'),
(143, 'Montserrat', 'USD', 0, 'MS', 'MSR', NULL, '1'),
(144, 'Morocco', 'USD', 0, 'MA', 'MAR', NULL, '1'),
(145, 'Mozambique', 'USD', 0, 'MZ', 'MOZ', NULL, '1'),
(146, 'Myanmar', 'USD', 0, 'MM', 'MMR', NULL, '1'),
(147, 'Namibia', 'USD', 0, 'NA', 'NAM', NULL, '1'),
(148, 'Nauru', 'USD', 0, 'NR', 'NRU', NULL, '1'),
(149, 'Nepal', 'USD', 0, 'NP', 'NPL', NULL, '1'),
(150, 'Netherlands', 'USD', 0, 'NL', 'NLD', NULL, '1'),
(151, 'Netherlands Antilles', 'USD', 0, 'AN', 'ANT', NULL, '1'),
(152, 'New Caledonia', 'USD', 0, 'NC', 'NCL', NULL, '1'),
(153, 'New Zealand', 'USD', 0, 'NZ', 'NZL', NULL, '1'),
(154, 'Nicaragua', 'USD', 0, 'NI', 'NIC', NULL, '1'),
(155, 'Niger', 'USD', 0, 'NE', 'NER', NULL, '1'),
(156, 'Nigeria', 'USD', 0, 'NG', 'NGA', NULL, '1'),
(157, 'Niue', 'USD', 0, 'NU', 'NIU', NULL, '1'),
(158, 'Norfolk Island', 'USD', 0, 'NF', 'NFK', NULL, '1'),
(159, 'Northern Mariana Islands', 'USD', 0, 'MP', 'MNP', NULL, '1'),
(160, 'Norway', 'USD', 0, 'NO', 'NOR', NULL, '1'),
(161, 'Oman', 'USD', 0, 'OM', 'OMN', NULL, '1'),
(162, 'Pakistan', 'USD', 0, 'PK', 'PAK', NULL, '1'),
(163, 'Palau', 'USD', 0, 'PW', 'PLW', NULL, '1'),
(164, 'Panama', 'USD', 0, 'PA', 'PAN', NULL, '1'),
(165, 'Papua New Guinea', 'USD', 0, 'PG', 'PNG', NULL, '1'),
(166, 'Paraguay', 'USD', 0, 'PY', 'PRY', NULL, '1'),
(167, 'Peru', 'USD', 0, 'PE', 'PER', NULL, '1'),
(168, 'Philippines', 'USD', 0, 'PH', 'PHL', NULL, '1'),
(169, 'Pitcairn', 'USD', 0, 'PN', 'PCN', NULL, '1'),
(170, 'Poland', 'USD', 0, 'PL', 'POL', NULL, '1'),
(171, 'Portugal', 'USD', 0, 'PT', 'PRT', NULL, '1'),
(172, 'Puerto Rico', 'USD', 0, 'PR', 'PRI', NULL, '1'),
(173, 'Qatar', 'USD', 0, 'QA', 'QAT', NULL, '1'),
(174, 'Reunion', 'USD', 0, 'RE', 'REU', NULL, '1'),
(175, 'Romania', 'USD', 0, 'RO', 'ROM', NULL, '1'),
(176, 'Russian Federation', 'USD', 0, 'RU', 'RUS', NULL, '1'),
(177, 'Rwanda', 'USD', 0, 'RW', 'RWA', NULL, '1'),
(178, 'Saint Kitts and Nevis', 'USD', 0, 'KN', 'KNA', NULL, '1'),
(179, 'Saint Lucia', 'USD', 0, 'LC', 'LCA', NULL, '1'),
(180, 'Saint Vincent and the Grenadines', 'USD', 0, 'VC', 'VCT', NULL, '1'),
(181, 'Samoa', 'USD', 0, 'WS', 'WSM', NULL, '1'),
(182, 'San Marino', 'USD', 0, 'SM', 'SMR', NULL, '1'),
(183, 'Sao Tome and Principe', 'USD', 0, 'ST', 'STP', NULL, '1'),
(184, 'Saudi Arabia', 'USD', 0, 'SA', 'SAU', NULL, '1'),
(185, 'Senegal', 'USD', 0, 'SN', 'SEN', NULL, '1'),
(186, 'Seychelles', 'USD', 0, 'SC', 'SYC', NULL, '1'),
(187, 'Sierra Leone', 'USD', 0, 'SL', 'SLE', NULL, '1'),
(188, 'Singapore', 'USD', 0, 'SG', 'SGP', NULL, '1'),
(189, 'Slovak Republic', 'USD', 0, 'SK', 'SVK', NULL, '1'),
(190, 'Slovenia', 'USD', 0, 'SI', 'SVN', NULL, '1'),
(191, 'Solomon Islands', 'USD', 0, 'SB', 'SLB', NULL, '1'),
(192, 'Somalia', 'USD', 0, 'SO', 'SOM', NULL, '1'),
(193, 'South Africa', 'USD', 0, 'ZA', 'ZAF', NULL, '1'),
(194, 'South Georgia &amp; South Sandwich Islands', 'USD', 0, 'GS', 'SGS', NULL, '1'),
(195, 'Spain', 'USD', 0, 'ES', 'ESP', NULL, '1'),
(196, 'Sri Lanka', 'USD', 0, 'LK', 'LKA', NULL, '1'),
(197, 'St. Helena', 'USD', 0, 'SH', 'SHN', NULL, '1'),
(198, 'St. Pierre and Miquelon', 'USD', 0, 'PM', 'SPM', NULL, '1'),
(199, 'Sudan', 'USD', 0, 'SD', 'SDN', NULL, '1'),
(200, 'Suriname', 'USD', 0, 'SR', 'SUR', NULL, '1'),
(201, 'Svalbard and Jan Mayen Islands', 'USD', 0, 'SJ', 'SJM', NULL, '1'),
(202, 'Swaziland', 'USD', 0, 'SZ', 'SWZ', NULL, '1'),
(203, 'Sweden', 'USD', 0, 'SE', 'SWE', NULL, '1'),
(204, 'Switzerland', 'USD', 0, 'CH', 'CHE', NULL, '1'),
(205, 'Syrian Arab Republic', 'USD', 0, 'SY', 'SYR', NULL, '1'),
(206, 'Taiwan', 'USD', 0, 'TW', 'TWN', NULL, '1'),
(207, 'Tajikistan', 'USD', 0, 'TJ', 'TJK', NULL, '1'),
(208, 'Tanzania, United Republic of', 'USD', 0, 'TZ', 'TZA', NULL, '1'),
(209, 'Thailand', 'USD', 0, 'TH', 'THA', NULL, '1'),
(210, 'Togo', 'USD', 0, 'TG', 'TGO', NULL, '1'),
(211, 'Tokelau', 'USD', 0, 'TK', 'TKL', NULL, '1'),
(212, 'Tonga', 'USD', 0, 'TO', 'TON', NULL, '1'),
(213, 'Trinidad and Tobago', 'USD', 0, 'TT', 'TTO', NULL, '1'),
(214, 'Tunisia', 'USD', 0, 'TN', 'TUN', NULL, '1'),
(215, 'Turkey', 'USD', 0, 'TR', 'TUR', NULL, '1'),
(216, 'Turkmenistan', 'USD', 0, 'TM', 'TKM', NULL, '1'),
(217, 'Turks and Caicos Islands', 'USD', 0, 'TC', 'TCA', NULL, '1'),
(218, 'Tuvalu', 'USD', 0, 'TV', 'TUV', NULL, '1'),
(219, 'Uganda', 'USD', 0, 'UG', 'UGA', NULL, '1'),
(220, 'Ukraine', 'USD', 0, 'UA', 'UKR', NULL, '1'),
(221, 'United Arab Emirates', 'USD', 0, 'AE', 'ARE', NULL, '1'),
(222, 'United Kingdom', 'USD', 0, 'GB', 'GBR', NULL, '1'),
(223, 'United States', 'USD', 0, 'US', 'USA', NULL, '1'),
(224, 'United States Minor Outlying Islands', 'USD', 0, 'UM', 'UMI', NULL, '1'),
(225, 'Uruguay', 'USD', 0, 'UY', 'URY', NULL, '1'),
(226, 'Uzbekistan', 'USD', 0, 'UZ', 'UZB', NULL, '1'),
(227, 'Vanuatu', 'USD', 0, 'VU', 'VUT', NULL, '1'),
(228, 'Vatican City State (Holy See)', 'USD', 0, 'VA', 'VAT', NULL, '1'),
(229, 'Venezuela', 'USD', 0, 'VE', 'VEN', NULL, '1'),
(230, 'Viet Nam', 'USD', 0, 'VN', 'VNM', NULL, '1'),
(231, 'Virgin Islands (British)', 'USD', 0, 'VG', 'VGB', NULL, '1'),
(232, 'Virgin Islands (U.S.)', 'USD', 0, 'VI', 'VIR', NULL, '1'),
(233, 'Wallis and Futuna Islands', 'USD', 0, 'WF', 'WLF', NULL, '1'),
(234, 'Western Sahara', 'USD', 0, 'EH', 'ESH', NULL, '1'),
(235, 'Yemen', 'USD', 0, 'YE', 'YEM', NULL, '1'),
(236, 'Yugoslavia', 'USD', 0, 'YU', 'YUG', NULL, '1'),
(237, 'Democratic Republic of Congo', 'USD', 0, 'CD', 'COD', NULL, '1'),
(238, 'Zambia', 'USD', 0, 'ZM', 'ZMB', NULL, '1'),
(239, 'Zimbabwe', 'USD', 0, 'ZW', 'ZWE', NULL, '1');

-- --------------------------------------------------------

--
-- Table structure for table `courses`
--

CREATE TABLE `courses` (
  `id` int(10) UNSIGNED NOT NULL,
  `school_id` bigint(20) UNSIGNED NOT NULL,
  `user_id` bigint(20) UNSIGNED NOT NULL,
  `name` varchar(191) COLLATE utf8mb4_unicode_ci NOT NULL,
  `code` varchar(191) COLLATE utf8mb4_unicode_ci DEFAULT NULL,
  `type` tinyint(4) NOT NULL DEFAULT 1 COMMENT '1=mandatory,2=optional',
  `status` tinyint(4) NOT NULL DEFAULT 1,
  `created_at` timestamp NULL DEFAULT NULL,
  `updated_at` timestamp NULL DEFAULT NULL
) ENGINE=InnoDB DEFAULT CHARSET=utf8mb4 COLLATE=utf8mb4_unicode_ci;

--
-- Dumping data for table `courses`
--

INSERT INTO `courses` (`id`, `school_id`, `user_id`, `name`, `code`, `type`, `status`, `created_at`, `updated_at`) VALUES
(1, 1, 12, 'Bangla 1st Paper', '101', 1, 1, '2021-01-09 10:01:56', '2021-01-17 09:38:21'),
(2, 1, 12, 'Bangla 2nd Paper', '102', 1, 1, '2021-01-09 11:07:30', '2021-01-09 11:07:30'),
(3, 1, 12, 'English 1st Paper', '107', 1, 1, '2021-01-09 11:07:44', '2021-01-09 11:07:44'),
(4, 1, 12, 'English 2nd Paper', '108', 1, 1, '2021-01-09 11:07:49', '2021-01-09 11:07:49'),
(5, 1, 12, 'Math', '109', 1, 1, '2021-01-09 11:07:58', '2021-01-09 11:07:58'),
(6, 1, 12, 'ICT', '154', 1, 1, '2021-01-09 11:08:13', '2021-01-09 11:08:13'),
(7, 1, 12, 'Religion', '111', 1, 1, '2021-01-09 11:08:44', '2021-02-25 02:16:11'),
(8, 1, 12, 'Hindu Studies', '112', 2, 2, '2021-01-09 11:08:53', '2021-02-25 02:15:11'),
(9, 1, 12, 'Physics', '136', 2, 1, '2021-01-09 11:09:32', '2021-01-09 11:10:27'),
(10, 1, 12, 'Chemistry', '137', 2, 1, '2021-01-09 11:09:44', '2021-01-09 11:09:44'),
(11, 1, 12, 'Biology', '138', 2, 1, '2021-01-09 11:09:57', '2021-01-09 11:09:57'),
(12, 1, 12, 'Higher Math', '126', 2, 1, '2021-01-09 11:10:07', '2021-01-09 11:10:07'),
(13, 1, 12, 'Bangladesh and Global Studies', '150', 1, 1, '2021-01-09 11:17:05', '2021-01-09 11:17:05'),
(14, 1, 12, 'CSE', '1143', 2, 1, '2021-01-17 09:39:40', '2021-01-17 09:39:40'),
(15, 1, 12, 'Liberty Lang', '20202', 1, 2, '2021-01-17 09:46:41', '2021-01-17 09:47:44'),
(16, 1, 12, 'Agricultural Studies', '134', 3, 1, '2021-01-18 08:16:16', '2021-01-18 08:16:16');

-- --------------------------------------------------------

--
-- Table structure for table `course_attendances`
--

CREATE TABLE `course_attendances` (
  `id` bigint(20) UNSIGNED NOT NULL,
  `school_id` bigint(20) UNSIGNED NOT NULL,
  `student_id` bigint(20) UNSIGNED NOT NULL,
  `section_id` bigint(20) UNSIGNED NOT NULL,
  `course_id` bigint(20) UNSIGNED NOT NULL,
  `exam_id` bigint(20) UNSIGNED NOT NULL,
  `user_id` bigint(20) UNSIGNED NOT NULL,
  `present` tinyint(3) UNSIGNED NOT NULL,
  `remark` varchar(191) COLLATE utf8mb4_unicode_ci DEFAULT NULL,
  `created_at` timestamp NULL DEFAULT NULL,
  `updated_at` timestamp NULL DEFAULT NULL
) ENGINE=InnoDB DEFAULT CHARSET=utf8mb4 COLLATE=utf8mb4_unicode_ci;

--
-- Dumping data for table `course_attendances`
--

INSERT INTO `course_attendances` (`id`, `school_id`, `student_id`, `section_id`, `course_id`, `exam_id`, `user_id`, `present`, `remark`, `created_at`, `updated_at`) VALUES
(17, 1, 66, 17, 16, 1, 12, 1, NULL, '2021-03-25 02:35:26', '2021-03-25 02:35:26'),
(18, 1, 110, 17, 16, 1, 12, 1, NULL, '2021-03-25 02:35:26', '2021-03-25 12:07:50'),
(19, 1, 124, 17, 16, 1, 12, 1, NULL, '2021-03-25 02:35:26', '2021-03-25 02:35:26'),
(20, 1, 137, 17, 16, 1, 12, 1, NULL, '2021-03-25 02:35:26', '2021-03-25 02:35:26'),
(21, 1, 157, 17, 16, 1, 12, 1, NULL, '2021-03-25 02:35:26', '2021-03-25 02:35:26'),
(22, 1, 210, 17, 16, 1, 12, 0, NULL, '2021-03-25 02:35:26', '2021-03-25 02:35:26'),
(23, 1, 239, 17, 16, 1, 12, 1, 'late', '2021-03-25 02:35:26', '2021-03-25 12:13:17'),
(24, 1, 267, 17, 16, 1, 12, 0, NULL, '2021-03-25 02:35:26', '2021-03-25 02:35:26');

-- --------------------------------------------------------

--
-- Table structure for table `course_configs`
--

CREATE TABLE `course_configs` (
  `id` bigint(20) UNSIGNED NOT NULL,
  `school_id` bigint(20) UNSIGNED NOT NULL,
  `class_id` bigint(20) UNSIGNED NOT NULL,
  `section_id` bigint(20) UNSIGNED NOT NULL,
  `course_id` bigint(20) UNSIGNED NOT NULL,
  `exam_id` bigint(20) UNSIGNED NOT NULL,
  `teacher_id` bigint(20) UNSIGNED NOT NULL,
  `user_id` bigint(20) UNSIGNED NOT NULL,
  `grade_system_name` varchar(191) COLLATE utf8mb4_unicode_ci DEFAULT NULL,
  `quiz_count` int(11) NOT NULL DEFAULT 0,
  `assignment_count` int(11) NOT NULL DEFAULT 0,
  `ct_count` int(11) NOT NULL DEFAULT 0,
  `quiz_percent` int(11) NOT NULL DEFAULT 0,
  `attendance_percent` int(11) NOT NULL DEFAULT 0,
  `assignment_percent` int(11) NOT NULL DEFAULT 0,
  `ct_percent` int(11) NOT NULL DEFAULT 0,
  `final_exam_percent` int(11) NOT NULL DEFAULT 0,
  `practical_percent` int(11) NOT NULL DEFAULT 0,
  `att_fullmark` int(11) NOT NULL DEFAULT 0,
  `quiz_fullmark` int(11) NOT NULL DEFAULT 0,
  `a_fullmark` int(11) NOT NULL DEFAULT 0,
  `ct_fullmark` int(11) NOT NULL DEFAULT 0,
  `final_fullmark` int(11) NOT NULL DEFAULT 0,
  `practical_fullmark` int(11) NOT NULL DEFAULT 0,
  `created_at` timestamp NULL DEFAULT NULL,
  `updated_at` timestamp NULL DEFAULT NULL
) ENGINE=InnoDB DEFAULT CHARSET=utf8mb4 COLLATE=utf8mb4_unicode_ci;

--
-- Dumping data for table `course_configs`
--

INSERT INTO `course_configs` (`id`, `school_id`, `class_id`, `section_id`, `course_id`, `exam_id`, `teacher_id`, `user_id`, `grade_system_name`, `quiz_count`, `assignment_count`, `ct_count`, `quiz_percent`, `attendance_percent`, `assignment_percent`, `ct_percent`, `final_exam_percent`, `practical_percent`, `att_fullmark`, `quiz_fullmark`, `a_fullmark`, `ct_fullmark`, `final_fullmark`, `practical_fullmark`, `created_at`, `updated_at`) VALUES
(1, 1, 9, 1, 16, 1, 32, 12, 'Grade System 1', 0, 0, 0, 0, 0, 0, 0, 0, 0, 0, 0, 0, 0, 0, 0, '2021-03-20 07:17:10', '2021-03-20 07:17:10'),
(2, 1, 9, 17, 16, 1, 32, 12, 'Grade System 1', 1, 1, 1, 5, 5, 10, 20, 50, 10, 30, 20, 20, 20, 50, 10, '2021-03-20 10:32:50', '2021-03-23 10:44:26'),
(3, 1, 9, 8, 16, 1, 32, 12, 'Grade System 1', 0, 0, 0, 0, 0, 0, 0, 0, 0, 0, 0, 0, 0, 0, 0, '2021-03-22 09:04:49', '2021-03-22 09:04:49'),
(4, 1, 9, 8, 1, 1, 32, 12, 'Grade System 1', 0, 0, 0, 0, 0, 0, 0, 0, 0, 0, 0, 0, 0, 0, 0, '2021-04-01 05:03:25', '2021-04-01 05:03:25');

-- --------------------------------------------------------

--
-- Table structure for table `course_groups`
--

CREATE TABLE `course_groups` (
  `id` bigint(20) UNSIGNED NOT NULL,
  `school_id` bigint(20) UNSIGNED NOT NULL,
  `name` varchar(191) COLLATE utf8mb4_unicode_ci NOT NULL,
  `class` varchar(191) COLLATE utf8mb4_unicode_ci DEFAULT NULL,
  `section` varchar(191) COLLATE utf8mb4_unicode_ci DEFAULT NULL,
  `course` varchar(191) COLLATE utf8mb4_unicode_ci NOT NULL,
  `optional` varchar(191) COLLATE utf8mb4_unicode_ci DEFAULT NULL,
  `countiAss` varchar(191) COLLATE utf8mb4_unicode_ci DEFAULT NULL,
  `description` text COLLATE utf8mb4_unicode_ci DEFAULT NULL,
  `status` tinyint(4) NOT NULL DEFAULT 1,
  `created_at` timestamp NULL DEFAULT NULL,
  `updated_at` timestamp NULL DEFAULT NULL
) ENGINE=InnoDB DEFAULT CHARSET=utf8mb4 COLLATE=utf8mb4_unicode_ci;

--
-- Dumping data for table `course_groups`
--

INSERT INTO `course_groups` (`id`, `school_id`, `name`, `class`, `section`, `course`, `optional`, `countiAss`, `description`, `status`, `created_at`, `updated_at`) VALUES
(1, 1, 'Subject Group 1', NULL, NULL, '16,1,2,11,10,3,4,6,7', '11,10', '16', 'For Class Six,Seven,Eight,Nine & Ten', 1, '2021-01-10 05:41:37', '2021-01-18 08:49:44'),
(2, 1, 'Subject Group 2', NULL, NULL, '1,2,3,4,5', NULL, NULL, NULL, 1, '2021-01-10 08:58:46', '2021-01-12 05:00:03'),
(3, 1, 'Subject Group 3', NULL, NULL, '1,2,13,10,9', NULL, NULL, NULL, 1, '2021-01-11 05:26:05', '2021-01-18 08:45:20'),
(4, 1, 'Subject Group 4', NULL, NULL, '11,10,12,6,7,5,9', NULL, NULL, 'For Class Nine & Ten', 1, '2021-01-17 09:52:08', '2021-01-17 09:52:08');

-- --------------------------------------------------------

--
-- Table structure for table `degrees`
--

CREATE TABLE `degrees` (
  `id` bigint(20) UNSIGNED NOT NULL,
  `level_of_education` tinyint(4) NOT NULL,
  `exam_degree_title` varchar(191) COLLATE utf8mb4_unicode_ci NOT NULL,
  `status` tinyint(4) NOT NULL DEFAULT 1,
  `created_at` timestamp NULL DEFAULT NULL,
  `updated_at` timestamp NULL DEFAULT NULL
) ENGINE=InnoDB DEFAULT CHARSET=utf8mb4 COLLATE=utf8mb4_unicode_ci;

--
-- Dumping data for table `degrees`
--

INSERT INTO `degrees` (`id`, `level_of_education`, `exam_degree_title`, `status`, `created_at`, `updated_at`) VALUES
(1, 1, 'SSC', 1, '2020-11-24 06:49:26', '2020-11-24 06:49:26'),
(2, 1, 'O Level', 1, '2020-11-24 06:51:04', '2020-11-24 07:43:46'),
(3, 1, 'Dakhil (Madrasah)', 1, '2020-11-24 06:53:09', '2020-11-24 06:53:09'),
(4, 1, 'SSC (Vocational)', 1, '2020-11-24 06:54:59', '2020-11-24 06:54:59'),
(5, 1, 'Other', 1, '2020-11-24 07:11:07', '2020-11-24 07:44:37'),
(6, 2, 'HSC', 1, '2020-11-24 07:45:13', '2020-11-24 07:45:13'),
(7, 2, 'A Level', 1, '2020-11-24 07:45:24', '2020-11-24 07:45:24'),
(8, 2, 'Alim (Madrasah)', 1, '2020-11-24 07:45:37', '2020-11-24 07:45:37'),
(9, 2, 'HSC (Vocational)', 1, '2020-11-24 07:45:50', '2020-11-24 07:45:50'),
(10, 2, 'Other', 1, '2020-11-24 07:46:03', '2020-11-24 07:46:03'),
(11, 3, 'Diploma in Engineering', 1, '2020-11-24 07:48:13', '2020-11-24 07:48:13'),
(12, 3, 'Diploma in Medical Technology', 1, '2020-11-24 07:48:21', '2020-11-24 07:48:21'),
(13, 3, 'Diploma in Nursing', 1, '2020-11-24 07:48:34', '2020-11-24 07:48:34'),
(14, 4, 'Bachelor of Science (BSc)', 1, '2020-11-24 07:49:05', '2020-11-24 07:49:05'),
(15, 4, 'Bachelor of Arts (BA)', 1, '2020-11-24 07:49:13', '2020-11-24 07:49:13'),
(16, 4, 'Bachelor of Commerce (BCom)', 1, '2020-11-24 07:49:25', '2020-11-24 07:49:25'),
(17, 4, 'Bachelor of Commerce (Pass)', 1, '2020-11-24 07:49:34', '2020-11-24 07:49:34'),
(18, 5, 'Master of Science (MSc)', 1, '2020-11-24 07:49:53', '2020-11-24 07:49:53'),
(19, 5, 'Master of Arts (MA)', 1, '2020-11-24 07:50:01', '2020-11-24 07:50:01'),
(20, 5, 'Master of Commerce (MCom)', 1, '2020-11-24 07:50:08', '2020-11-24 07:50:08');

-- --------------------------------------------------------

--
-- Table structure for table `departments`
--

CREATE TABLE `departments` (
  `id` bigint(20) UNSIGNED NOT NULL,
  `school_id` bigint(20) UNSIGNED NOT NULL,
  `department_name` varchar(50) COLLATE utf8mb4_unicode_ci NOT NULL,
  `status` tinyint(4) NOT NULL,
  `created_at` timestamp NULL DEFAULT NULL,
  `updated_at` timestamp NULL DEFAULT NULL
) ENGINE=InnoDB DEFAULT CHARSET=utf8mb4 COLLATE=utf8mb4_unicode_ci;

--
-- Dumping data for table `departments`
--

INSERT INTO `departments` (`id`, `school_id`, `department_name`, `status`, `created_at`, `updated_at`) VALUES
(1, 1, 'Bangla', 1, '2020-10-28 06:23:22', '2020-10-28 06:23:22'),
(2, 1, 'English', 1, '2020-10-28 06:23:22', '2020-10-28 06:23:22'),
(3, 1, 'Math', 1, '2020-10-28 06:23:22', '2020-10-28 06:23:22');

-- --------------------------------------------------------

--
-- Table structure for table `districts`
--

CREATE TABLE `districts` (
  `id` int(11) NOT NULL,
  `division_id` int(11) NOT NULL,
  `name` varchar(15) NOT NULL,
  `namebn` varchar(200) CHARACTER SET utf8 NOT NULL,
  `status` tinyint(4) NOT NULL DEFAULT 1,
  `created_at` timestamp NULL DEFAULT NULL,
  `updated_at` timestamp NULL DEFAULT NULL
) ENGINE=InnoDB DEFAULT CHARSET=latin1;

--
-- Dumping data for table `districts`
--

INSERT INTO `districts` (`id`, `division_id`, `name`, `namebn`, `status`, `created_at`, `updated_at`) VALUES
(1, 4, 'Bagerhat', 'বাগেরহাট', 1, NULL, NULL),
(2, 2, 'Bandarban', 'বান্দরবন', 1, NULL, NULL),
(3, 1, 'Barguna', 'বরগুনা', 1, NULL, NULL),
(4, 1, 'Barisal', 'বরিশাল', 1, NULL, NULL),
(5, 2, 'Barnmanbaria', 'ব্রাহ্মনবাড়ীয়া', 1, NULL, NULL),
(6, 1, 'Bhola', 'ভোলা', 1, NULL, NULL),
(7, 5, 'Bogra', 'বগুড়া', 1, NULL, NULL),
(8, 2, 'Chandpur', 'চাঁদপুর', 1, NULL, NULL),
(9, 2, 'Chittagong', 'চট্টগ্রাম', 1, NULL, NULL),
(10, 4, 'Chuadanga', 'চুয়াডাঙ্গা', 1, NULL, NULL),
(11, 2, 'Comilla', 'কুমিল্লা', 1, NULL, NULL),
(12, 2, 'Cox\'s Bazar', 'কক্সবাজার', 1, NULL, NULL),
(13, 3, 'Dhaka', 'ঢাকা', 1, NULL, NULL),
(14, 6, 'Dinajpur', 'দিনাজপুর', 1, NULL, NULL),
(15, 3, 'Faridpur', 'ফরিদপুর', 1, NULL, NULL),
(16, 2, 'Feni', 'ফেনি', 1, NULL, NULL),
(17, 6, 'Gaibandha', 'গাইবান্ধা', 1, NULL, NULL),
(18, 3, 'Gazipur', 'গাজীপুর', 1, NULL, NULL),
(19, 3, 'Gopalganj', 'গোঁপালগঞ্জ', 1, NULL, NULL),
(20, 7, 'Habiganj', 'হবিগঞ্জ', 1, NULL, NULL),
(21, 5, 'Jaipurhat', 'জয়পুরহাট', 1, NULL, NULL),
(22, 3, 'Jamalpur', 'জামালপুর', 1, NULL, NULL),
(23, 4, 'Jessore', 'যশোর', 1, NULL, NULL),
(24, 1, 'Jhalakathi', 'ঝালকাঠী', 1, NULL, NULL),
(25, 4, 'Jhinaidah', 'ঝিনাইদহ', 1, NULL, NULL),
(26, 2, 'Khagrachari', 'খাগড়াছড়ি', 1, NULL, NULL),
(27, 4, 'Khulna', 'খুলনা', 1, NULL, NULL),
(28, 3, 'Kishoreganj', 'কিশোরগঞ্জ', 1, NULL, NULL),
(29, 6, 'Kurigram', 'কুড়িগ্রাম', 1, NULL, NULL),
(30, 4, 'Kushtia', 'কুষ্টিয়া', 1, NULL, NULL),
(31, 2, 'Lakshmipur', 'লক্ষীপুর', 1, NULL, NULL),
(32, 6, 'Lalmonirhat', 'লালমনিরহাট', 1, NULL, NULL),
(33, 3, 'Madaripur', 'মাদারিপুর', 1, NULL, NULL),
(34, 4, 'Magura', 'মাগুরা', 1, NULL, NULL),
(35, 3, 'Manikganj', 'মানিকগঞ্জ', 1, NULL, NULL),
(36, 4, 'Meherpur', 'মেহেরপুর', 1, NULL, NULL),
(37, 7, 'Moulavibazar', 'মৌলভীবাজার ', 1, NULL, NULL),
(38, 3, 'Munshiganj', 'মুন্সীগঞ্জ', 1, NULL, NULL),
(39, 3, 'Mymensingh', 'ময়মনসিংহ', 1, NULL, NULL),
(40, 5, 'Naogaon', 'নওগাঁ', 1, NULL, NULL),
(41, 3, 'Narayangan', 'নারায়ণগঞ্জ ', 1, NULL, NULL),
(42, 3, 'Narsingdi', 'নরসিংদী', 1, NULL, NULL),
(43, 5, 'Natore', 'নাটোর', 1, NULL, NULL),
(44, 5, 'Nawabgonj', 'নবাবগঞ্জ', 1, NULL, NULL),
(45, 3, 'Netrokona', 'নেত্রকোনা', 1, NULL, NULL),
(46, 6, 'Nilphamari', 'নীলফামারী ', 1, NULL, NULL),
(47, 2, 'Noakhali', 'নোয়াখালী', 1, NULL, NULL),
(48, 4, 'Norail', 'নড়াইল', 1, NULL, NULL),
(49, 5, 'Pabna', 'পাবনা', 1, NULL, NULL),
(50, 6, 'Panchagarh', 'পঞ্চগড় ', 1, NULL, NULL),
(51, 1, 'Patuakhali', 'পটুয়াখালী ', 1, NULL, NULL),
(52, 1, 'Pirojpur', 'পিরোজপুর', 1, NULL, NULL),
(53, 3, 'Rajbari', 'রাজবাড়ী', 1, NULL, NULL),
(54, 5, 'Rajshahi', 'রাজশাহী', 1, NULL, NULL),
(55, 2, 'Rangamati', 'রাঙ্গামাটি', 1, NULL, NULL),
(56, 6, 'Rangpur', 'রংপুর ', 1, NULL, NULL),
(57, 4, 'Satkhira', 'সাতক্ষীরা', 1, NULL, NULL),
(58, 3, 'Shariyatpur', 'শরিয়তপুর', 1, NULL, NULL),
(59, 3, 'Sherpur', 'শেরপুর', 1, NULL, NULL),
(60, 5, 'Sirajgonj', 'সিরাজগঞ্জ', 1, NULL, NULL),
(61, 7, 'Sunamganj', 'সুনামগঞ্জ ', 1, NULL, NULL),
(62, 7, 'Sylhet', 'সিলেট', 1, NULL, NULL),
(63, 3, 'Tangail', 'টাংগাইল', 1, NULL, NULL),
(64, 6, 'Thakurgaon', 'ঠাকুরগাঁও ', 1, NULL, NULL);

-- --------------------------------------------------------

--
-- Table structure for table `divisions`
--

CREATE TABLE `divisions` (
  `id` bigint(20) UNSIGNED NOT NULL,
  `name` varchar(191) COLLATE utf8mb4_unicode_ci NOT NULL,
  `namebn` varchar(191) COLLATE utf8mb4_unicode_ci DEFAULT NULL,
  `status` tinyint(1) NOT NULL,
  `url` varchar(500) COLLATE utf8mb4_unicode_ci DEFAULT NULL,
  `created_at` timestamp NULL DEFAULT NULL,
  `updated_at` timestamp NULL DEFAULT NULL
) ENGINE=InnoDB DEFAULT CHARSET=utf8mb4 COLLATE=utf8mb4_unicode_ci;

--
-- Dumping data for table `divisions`
--

INSERT INTO `divisions` (`id`, `name`, `namebn`, `status`, `url`, `created_at`, `updated_at`) VALUES
(1, 'Barisal', 'বরিশাল', 1, 'https://www.codecheef.org/public/editor/kcfinder/upload/images/image-intervention-package-tutorial-in-laravel.jpg', '2019-10-26 03:41:47', '2019-10-26 03:41:47'),
(2, 'Chittagong', 'চট্টগ্রাম', 1, '', '2019-10-26 03:45:28', '2019-10-26 03:45:28'),
(3, 'Dhaka', 'ঢাকা', 1, '', '2019-10-26 03:45:47', '2019-10-26 03:45:47'),
(4, 'Khulna', 'খুলনা', 1, '', '2019-10-26 03:46:17', '2019-10-26 03:46:17'),
(5, 'Rajshahi', 'রাজশাহী', 1, '', '2019-10-26 03:46:33', '2019-10-26 03:46:33'),
(6, 'Rangpur', 'রংপুর', 1, '', '2019-10-26 03:46:46', '2019-10-26 03:46:46'),
(7, 'Sylhet', 'সিলেট', 1, '', '2019-10-26 03:46:58', '2019-10-26 03:46:58'),
(8, 'Mymensingh', 'ময়মনসিংহ', 1, '', '2019-10-26 03:47:11', '2019-10-26 03:47:11');

-- --------------------------------------------------------

--
-- Table structure for table `dues`
--

CREATE TABLE `dues` (
  `id` bigint(20) UNSIGNED NOT NULL,
  `school_id` bigint(20) UNSIGNED NOT NULL,
  `user_id` bigint(20) UNSIGNED NOT NULL,
  `class_id` bigint(20) UNSIGNED NOT NULL,
  `section_id` bigint(20) UNSIGNED DEFAULT NULL,
  `student_id` bigint(20) UNSIGNED NOT NULL,
  `fee_id` bigint(20) UNSIGNED NOT NULL,
  `status` tinyint(4) NOT NULL DEFAULT 1 COMMENT '1=unpaid,2=paid',
  `created_at` timestamp NULL DEFAULT NULL,
  `updated_at` timestamp NULL DEFAULT NULL
) ENGINE=InnoDB DEFAULT CHARSET=utf8mb4 COLLATE=utf8mb4_unicode_ci;

--
-- Dumping data for table `dues`
--

INSERT INTO `dues` (`id`, `school_id`, `user_id`, `class_id`, `section_id`, `student_id`, `fee_id`, `status`, `created_at`, `updated_at`) VALUES
(1, 1, 12, 11, 20, 62, 1, 1, NULL, NULL),
(2, 1, 12, 11, 20, 69, 1, 1, NULL, NULL),
(3, 1, 12, 11, 20, 70, 1, 1, NULL, NULL),
(4, 1, 12, 11, 20, 100, 1, 1, NULL, NULL),
(5, 1, 12, 11, 20, 101, 1, 1, NULL, NULL),
(6, 1, 12, 11, 20, 107, 1, 1, NULL, NULL),
(7, 1, 12, 11, 20, 112, 1, 1, NULL, NULL),
(8, 1, 12, 11, 20, 144, 1, 1, NULL, NULL),
(9, 1, 12, 11, 20, 159, 1, 1, NULL, NULL),
(10, 1, 12, 11, 20, 166, 1, 1, NULL, NULL),
(11, 1, 12, 11, 20, 178, 1, 1, NULL, NULL),
(12, 1, 12, 11, 20, 188, 1, 1, NULL, NULL),
(13, 1, 12, 11, 20, 247, 1, 1, NULL, NULL),
(14, 1, 12, 11, 20, 62, 2, 1, NULL, NULL),
(15, 1, 12, 11, 20, 69, 2, 1, NULL, NULL),
(16, 1, 12, 11, 20, 70, 2, 1, NULL, NULL),
(17, 1, 12, 11, 20, 100, 2, 1, NULL, NULL),
(18, 1, 12, 11, 20, 101, 2, 1, NULL, NULL),
(19, 1, 12, 11, 20, 107, 2, 1, NULL, NULL),
(20, 1, 12, 11, 20, 112, 2, 1, NULL, NULL),
(21, 1, 12, 11, 20, 144, 2, 1, NULL, NULL),
(22, 1, 12, 11, 20, 159, 2, 1, NULL, NULL),
(23, 1, 12, 11, 20, 166, 2, 1, NULL, NULL),
(24, 1, 12, 11, 20, 178, 2, 1, NULL, NULL),
(25, 1, 12, 11, 20, 188, 2, 1, NULL, NULL),
(26, 1, 12, 11, 20, 247, 2, 1, NULL, NULL),
(27, 1, 12, 11, 20, 62, 3, 1, NULL, NULL),
(28, 1, 12, 11, 20, 69, 3, 1, NULL, NULL),
(29, 1, 12, 11, 20, 70, 3, 1, NULL, NULL),
(30, 1, 12, 11, 20, 100, 3, 1, NULL, NULL),
(31, 1, 12, 11, 20, 101, 3, 1, NULL, NULL),
(32, 1, 12, 11, 20, 107, 3, 1, NULL, NULL),
(33, 1, 12, 11, 20, 112, 3, 1, NULL, NULL),
(34, 1, 12, 11, 20, 144, 3, 1, NULL, NULL),
(35, 1, 12, 11, 20, 159, 3, 1, NULL, NULL),
(36, 1, 12, 11, 20, 166, 3, 1, NULL, NULL),
(37, 1, 12, 11, 20, 178, 3, 1, NULL, NULL),
(38, 1, 12, 11, 20, 188, 3, 1, NULL, NULL),
(39, 1, 12, 11, 20, 247, 3, 1, NULL, NULL),
(40, 1, 12, 11, 20, 62, 4, 1, NULL, NULL),
(41, 1, 12, 11, 20, 69, 4, 1, NULL, NULL),
(42, 1, 12, 11, 20, 70, 4, 1, NULL, NULL),
(43, 1, 12, 11, 20, 100, 4, 1, NULL, NULL),
(44, 1, 12, 11, 20, 101, 4, 1, NULL, NULL),
(45, 1, 12, 11, 20, 107, 4, 1, NULL, NULL),
(46, 1, 12, 11, 20, 112, 4, 1, NULL, NULL),
(47, 1, 12, 11, 20, 144, 4, 1, NULL, NULL),
(48, 1, 12, 11, 20, 159, 4, 1, NULL, NULL),
(49, 1, 12, 11, 20, 166, 4, 1, NULL, NULL),
(50, 1, 12, 11, 20, 178, 4, 1, NULL, NULL),
(51, 1, 12, 11, 20, 188, 4, 1, NULL, NULL),
(52, 1, 12, 11, 20, 247, 4, 1, NULL, NULL),
(53, 1, 12, 11, 20, 62, 5, 1, NULL, NULL),
(54, 1, 12, 11, 20, 69, 5, 1, NULL, NULL),
(55, 1, 12, 11, 20, 70, 5, 1, NULL, NULL),
(56, 1, 12, 11, 20, 100, 5, 1, NULL, NULL),
(57, 1, 12, 11, 20, 101, 5, 1, NULL, NULL),
(58, 1, 12, 11, 20, 107, 5, 1, NULL, NULL),
(59, 1, 12, 11, 20, 112, 5, 1, NULL, NULL),
(60, 1, 12, 11, 20, 144, 5, 1, NULL, NULL),
(61, 1, 12, 11, 20, 159, 5, 1, NULL, NULL),
(62, 1, 12, 11, 20, 166, 5, 1, NULL, NULL),
(63, 1, 12, 11, 20, 178, 5, 1, NULL, NULL),
(64, 1, 12, 11, 20, 188, 5, 1, NULL, NULL),
(65, 1, 12, 11, 20, 247, 5, 1, NULL, NULL),
(66, 1, 12, 11, 20, 62, 6, 1, NULL, NULL),
(67, 1, 12, 11, 20, 69, 6, 1, NULL, NULL),
(68, 1, 12, 11, 20, 70, 6, 1, NULL, NULL),
(69, 1, 12, 11, 20, 100, 6, 1, NULL, NULL),
(70, 1, 12, 11, 20, 101, 6, 1, NULL, NULL),
(71, 1, 12, 11, 20, 107, 6, 1, NULL, NULL),
(72, 1, 12, 11, 20, 112, 6, 1, NULL, NULL),
(73, 1, 12, 11, 20, 144, 6, 1, NULL, NULL),
(74, 1, 12, 11, 20, 159, 6, 1, NULL, NULL),
(75, 1, 12, 11, 20, 166, 6, 1, NULL, NULL),
(76, 1, 12, 11, 20, 178, 6, 1, NULL, NULL),
(77, 1, 12, 11, 20, 188, 6, 1, NULL, NULL),
(78, 1, 12, 11, 20, 247, 6, 1, NULL, NULL),
(79, 1, 12, 11, 20, 62, 7, 1, NULL, NULL),
(80, 1, 12, 11, 20, 69, 7, 1, NULL, NULL),
(81, 1, 12, 11, 20, 70, 7, 1, NULL, NULL),
(82, 1, 12, 11, 20, 100, 7, 1, NULL, NULL),
(83, 1, 12, 11, 20, 101, 7, 1, NULL, NULL),
(84, 1, 12, 11, 20, 107, 7, 1, NULL, NULL),
(85, 1, 12, 11, 20, 112, 7, 1, NULL, NULL),
(86, 1, 12, 11, 20, 144, 7, 1, NULL, NULL),
(87, 1, 12, 11, 20, 159, 7, 1, NULL, NULL),
(88, 1, 12, 11, 20, 166, 7, 1, NULL, NULL),
(89, 1, 12, 11, 20, 178, 7, 1, NULL, NULL),
(90, 1, 12, 11, 20, 188, 7, 1, NULL, NULL),
(91, 1, 12, 11, 20, 247, 7, 1, NULL, NULL),
(92, 1, 12, 11, 20, 62, 8, 1, NULL, NULL),
(93, 1, 12, 11, 20, 69, 8, 1, NULL, NULL),
(94, 1, 12, 11, 20, 70, 8, 1, NULL, NULL),
(95, 1, 12, 11, 20, 100, 8, 1, NULL, NULL),
(96, 1, 12, 11, 20, 101, 8, 1, NULL, NULL),
(97, 1, 12, 11, 20, 107, 8, 1, NULL, NULL),
(98, 1, 12, 11, 20, 112, 8, 1, NULL, NULL),
(99, 1, 12, 11, 20, 144, 8, 1, NULL, NULL),
(100, 1, 12, 11, 20, 159, 8, 1, NULL, NULL),
(101, 1, 12, 11, 20, 166, 8, 1, NULL, NULL),
(102, 1, 12, 11, 20, 178, 8, 1, NULL, NULL),
(103, 1, 12, 11, 20, 188, 8, 1, NULL, NULL),
(104, 1, 12, 11, 20, 247, 8, 1, NULL, NULL),
(105, 1, 12, 11, 20, 62, 9, 1, NULL, NULL),
(106, 1, 12, 11, 20, 69, 9, 1, NULL, NULL),
(107, 1, 12, 11, 20, 70, 9, 1, NULL, NULL),
(108, 1, 12, 11, 20, 100, 9, 1, NULL, NULL),
(109, 1, 12, 11, 20, 101, 9, 1, NULL, NULL),
(110, 1, 12, 11, 20, 107, 9, 1, NULL, NULL),
(111, 1, 12, 11, 20, 112, 9, 1, NULL, NULL),
(112, 1, 12, 11, 20, 144, 9, 1, NULL, NULL),
(113, 1, 12, 11, 20, 159, 9, 1, NULL, NULL),
(114, 1, 12, 11, 20, 166, 9, 1, NULL, NULL),
(115, 1, 12, 11, 20, 178, 9, 1, NULL, NULL),
(116, 1, 12, 11, 20, 188, 9, 1, NULL, NULL),
(117, 1, 12, 11, 20, 247, 9, 1, NULL, NULL),
(118, 1, 12, 8, 12, 78, 10, 1, NULL, NULL),
(119, 1, 12, 8, 12, 94, 10, 1, NULL, NULL),
(120, 1, 12, 8, 12, 97, 10, 1, NULL, NULL),
(121, 1, 12, 8, 12, 109, 10, 1, NULL, NULL),
(122, 1, 12, 8, 12, 126, 10, 1, NULL, NULL),
(123, 1, 12, 8, 12, 158, 10, 1, NULL, NULL),
(124, 1, 12, 8, 12, 163, 10, 1, NULL, NULL),
(125, 1, 12, 8, 12, 180, 10, 1, NULL, NULL),
(126, 1, 12, 8, 12, 218, 10, 1, NULL, NULL),
(127, 1, 12, 8, 12, 241, 10, 1, NULL, NULL),
(128, 1, 12, 8, 12, 78, 11, 1, NULL, NULL),
(129, 1, 12, 8, 12, 94, 11, 1, NULL, NULL),
(130, 1, 12, 8, 12, 97, 11, 1, NULL, NULL),
(131, 1, 12, 8, 12, 109, 11, 1, NULL, NULL),
(132, 1, 12, 8, 12, 126, 11, 1, NULL, NULL),
(133, 1, 12, 8, 12, 158, 11, 1, NULL, NULL),
(134, 1, 12, 8, 12, 163, 11, 1, NULL, NULL),
(135, 1, 12, 8, 12, 180, 11, 1, NULL, NULL),
(136, 1, 12, 8, 12, 218, 11, 1, NULL, NULL),
(137, 1, 12, 8, 12, 241, 11, 1, NULL, NULL),
(138, 1, 12, 8, 12, 78, 12, 1, NULL, NULL),
(139, 1, 12, 8, 12, 94, 12, 1, NULL, NULL),
(140, 1, 12, 8, 12, 97, 12, 1, NULL, NULL),
(141, 1, 12, 8, 12, 109, 12, 1, NULL, NULL),
(142, 1, 12, 8, 12, 126, 12, 1, NULL, NULL),
(143, 1, 12, 8, 12, 158, 12, 1, NULL, NULL),
(144, 1, 12, 8, 12, 163, 12, 1, NULL, NULL),
(145, 1, 12, 8, 12, 180, 12, 1, NULL, NULL),
(146, 1, 12, 8, 12, 218, 12, 1, NULL, NULL),
(147, 1, 12, 8, 12, 241, 12, 1, NULL, NULL),
(148, 1, 12, 8, 12, 78, 13, 1, NULL, NULL),
(149, 1, 12, 8, 12, 94, 13, 1, NULL, NULL),
(150, 1, 12, 8, 12, 97, 13, 1, NULL, NULL),
(151, 1, 12, 8, 12, 109, 13, 1, NULL, NULL),
(152, 1, 12, 8, 12, 126, 13, 1, NULL, NULL),
(153, 1, 12, 8, 12, 158, 13, 1, NULL, NULL),
(154, 1, 12, 8, 12, 163, 13, 1, NULL, NULL),
(155, 1, 12, 8, 12, 180, 13, 1, NULL, NULL),
(156, 1, 12, 8, 12, 218, 13, 1, NULL, NULL),
(157, 1, 12, 8, 12, 241, 13, 1, NULL, NULL),
(158, 1, 12, 8, 12, 78, 14, 1, NULL, NULL),
(159, 1, 12, 8, 12, 94, 14, 1, NULL, NULL),
(160, 1, 12, 8, 12, 97, 14, 1, NULL, NULL),
(161, 1, 12, 8, 12, 109, 14, 1, NULL, NULL),
(162, 1, 12, 8, 12, 126, 14, 1, NULL, NULL),
(163, 1, 12, 8, 12, 158, 14, 1, NULL, NULL),
(164, 1, 12, 8, 12, 163, 14, 1, NULL, NULL),
(165, 1, 12, 8, 12, 180, 14, 1, NULL, NULL),
(166, 1, 12, 8, 12, 218, 14, 1, NULL, NULL),
(167, 1, 12, 8, 12, 241, 14, 1, NULL, NULL),
(168, 1, 12, 8, 12, 78, 15, 1, NULL, NULL),
(169, 1, 12, 8, 12, 94, 15, 1, NULL, NULL),
(170, 1, 12, 8, 12, 97, 15, 1, NULL, NULL),
(171, 1, 12, 8, 12, 109, 15, 1, NULL, NULL),
(172, 1, 12, 8, 12, 126, 15, 1, NULL, NULL),
(173, 1, 12, 8, 12, 158, 15, 1, NULL, NULL),
(174, 1, 12, 8, 12, 163, 15, 1, NULL, NULL),
(175, 1, 12, 8, 12, 180, 15, 1, NULL, NULL),
(176, 1, 12, 8, 12, 218, 15, 1, NULL, NULL),
(177, 1, 12, 8, 12, 241, 15, 1, NULL, NULL),
(178, 1, 12, 8, 4, 106, 16, 1, NULL, NULL),
(179, 1, 12, 8, 4, 108, 16, 1, NULL, NULL),
(180, 1, 12, 8, 4, 113, 16, 1, NULL, NULL),
(181, 1, 12, 8, 4, 121, 16, 1, NULL, NULL),
(182, 1, 12, 8, 4, 156, 16, 1, NULL, NULL),
(183, 1, 12, 8, 4, 181, 16, 1, NULL, NULL),
(184, 1, 12, 8, 4, 193, 16, 1, NULL, NULL),
(185, 1, 12, 8, 4, 194, 16, 1, NULL, NULL),
(186, 1, 12, 8, 4, 204, 16, 1, NULL, NULL),
(187, 1, 12, 8, 4, 220, 16, 1, NULL, NULL),
(188, 1, 12, 8, 4, 106, 17, 1, NULL, NULL),
(189, 1, 12, 8, 4, 108, 17, 1, NULL, NULL),
(190, 1, 12, 8, 4, 113, 17, 1, NULL, NULL),
(191, 1, 12, 8, 4, 121, 17, 1, NULL, NULL),
(192, 1, 12, 8, 4, 156, 17, 1, NULL, NULL),
(193, 1, 12, 8, 4, 181, 17, 1, NULL, NULL),
(194, 1, 12, 8, 4, 193, 17, 1, NULL, NULL),
(195, 1, 12, 8, 4, 194, 17, 1, NULL, NULL),
(196, 1, 12, 8, 4, 204, 17, 1, NULL, NULL),
(197, 1, 12, 8, 4, 220, 17, 1, NULL, NULL),
(198, 1, 12, 9, 8, 133, 18, 1, NULL, NULL),
(199, 1, 12, 11, 20, 62, 19, 1, NULL, NULL),
(200, 1, 12, 11, 20, 69, 19, 1, NULL, NULL),
(201, 1, 12, 11, 20, 70, 19, 1, NULL, NULL),
(202, 1, 12, 11, 20, 100, 19, 1, NULL, NULL),
(203, 1, 12, 11, 20, 101, 19, 1, NULL, NULL),
(204, 1, 12, 11, 20, 107, 19, 1, NULL, NULL),
(205, 1, 12, 11, 20, 112, 19, 1, NULL, NULL),
(206, 1, 12, 11, 20, 144, 19, 1, NULL, NULL),
(207, 1, 12, 11, 20, 159, 19, 1, NULL, NULL),
(208, 1, 12, 11, 20, 166, 19, 1, NULL, NULL),
(209, 1, 12, 11, 20, 178, 19, 1, NULL, NULL),
(210, 1, 12, 11, 20, 188, 19, 1, NULL, NULL),
(211, 1, 12, 11, 20, 247, 19, 1, NULL, NULL),
(212, 1, 12, 9, 17, 66, 20, 1, NULL, NULL),
(213, 1, 12, 9, 17, 110, 20, 1, NULL, NULL),
(214, 1, 12, 9, 17, 124, 20, 1, NULL, NULL),
(215, 1, 12, 9, 17, 137, 20, 1, NULL, NULL),
(216, 1, 12, 9, 17, 157, 20, 1, NULL, NULL),
(217, 1, 12, 9, 17, 210, 20, 1, NULL, NULL),
(218, 1, 12, 9, 17, 231, 20, 1, NULL, NULL),
(219, 1, 12, 9, 17, 239, 20, 1, NULL, NULL),
(220, 1, 12, 9, 17, 267, 20, 1, NULL, NULL),
(221, 1, 12, 11, 20, 70, 21, 1, NULL, NULL);

-- --------------------------------------------------------

--
-- Table structure for table `events`
--

CREATE TABLE `events` (
  `id` bigint(20) UNSIGNED NOT NULL,
  `file_path` varchar(191) COLLATE utf8mb4_unicode_ci DEFAULT NULL,
  `title` varchar(191) COLLATE utf8mb4_unicode_ci NOT NULL,
  `slug` varchar(255) COLLATE utf8mb4_unicode_ci NOT NULL,
  `description` text COLLATE utf8mb4_unicode_ci NOT NULL,
  `venue` text COLLATE utf8mb4_unicode_ci NOT NULL,
  `event_date` date NOT NULL,
  `event_time` varchar(191) COLLATE utf8mb4_unicode_ci DEFAULT NULL,
  `event_timend` varchar(191) COLLATE utf8mb4_unicode_ci DEFAULT NULL,
  `active` tinyint(4) NOT NULL,
  `school_id` bigint(20) UNSIGNED NOT NULL,
  `user_id` int(10) UNSIGNED NOT NULL,
  `created_at` timestamp NULL DEFAULT NULL,
  `updated_at` timestamp NULL DEFAULT NULL
) ENGINE=InnoDB DEFAULT CHARSET=utf8mb4 COLLATE=utf8mb4_unicode_ci;

--
-- Dumping data for table `events`
--

INSERT INTO `events` (`id`, `file_path`, `title`, `slug`, `description`, `venue`, `event_date`, `event_time`, `event_timend`, `active`, `school_id`, `user_id`, `created_at`, `updated_at`) VALUES
(1, 'http://192.168.0.109:8001/storage/FA20165757S/FA20165757H/2021/MULTIFILE/1610171528.jpeg', 'Repellendus Est aut', 'repellendus-est-aut', '<p>Arun</p>', 'Odio architecto unde', '1993-06-15', '1:33 PM', '1:33 PM', 1, 1, 12, '2021-01-03 07:34:24', '2021-03-15 06:57:11'),
(2, 'http://192.168.0.109:8001/storage/FA20165757S/FA20165757H/2021/MULTIFILE/1610171864.jpeg', 'Quisquam duis illum', 'quisquam-duis-illum', '<p>asdsadad</p>', 'Molestias adipisicin', '2017-08-17', '1:34 PM', '1:34 PM', 1, 1, 12, '2021-01-03 07:34:37', '2021-03-15 06:57:16'),
(3, 'http://192.168.0.109:8001/storage/FA20165757S/FA20165757H/2021/MULTIFILE/3741615795140.pdf', 'Md. Asifuzzaman', 'md-asifuzzaman', '<p>asdasd</p>', 'dasdas', '2021-03-24', '1:57 PM', '1:57 PM', 1, 1, 12, '2021-03-15 07:59:00', '2021-03-15 07:59:00');

-- --------------------------------------------------------

--
-- Table structure for table `exams`
--

CREATE TABLE `exams` (
  `id` bigint(20) UNSIGNED NOT NULL,
  `exam_name` varchar(191) COLLATE utf8mb4_unicode_ci NOT NULL,
  `start_date` varchar(50) COLLATE utf8mb4_unicode_ci NOT NULL DEFAULT '''''',
  `end_date` varchar(50) COLLATE utf8mb4_unicode_ci NOT NULL DEFAULT '''''',
  `term` varchar(20) COLLATE utf8mb4_unicode_ci NOT NULL DEFAULT '''''',
  `active` tinyint(4) NOT NULL,
  `notice_published` tinyint(4) NOT NULL,
  `result_published` tinyint(4) NOT NULL,
  `school_id` bigint(20) UNSIGNED NOT NULL,
  `user_id` int(10) UNSIGNED NOT NULL,
  `created_at` timestamp NULL DEFAULT NULL,
  `updated_at` timestamp NULL DEFAULT NULL
) ENGINE=InnoDB DEFAULT CHARSET=utf8mb4 COLLATE=utf8mb4_unicode_ci;

--
-- Dumping data for table `exams`
--

INSERT INTO `exams` (`id`, `exam_name`, `start_date`, `end_date`, `term`, `active`, `notice_published`, `result_published`, `school_id`, `user_id`, `created_at`, `updated_at`) VALUES
(1, '1st Semester ', '1994-09-17 14:49:19', '1974-05-11 15:37:16', 'Optio et soluta sit.', 1, 1, 0, 1, 99, '2020-10-28 06:23:47', '2020-10-28 06:23:47'),
(2, 'placeat placeat eveniet', '2008-01-15 08:24:48', '2000-02-06 04:06:51', 'Placeat vel.', 0, 0, 0, 1, 124, '2020-10-28 06:23:47', '2020-10-28 06:23:47'),
(3, 'quod magni id', '1979-09-17 01:29:26', '1984-04-28 08:07:14', 'Dolores culpa.', 0, 1, 0, 1, 26, '2020-10-28 06:23:47', '2020-10-28 06:23:47'),
(4, 'maxime assumenda ut', '1983-07-27 23:05:18', '1973-02-05 10:51:14', 'Ut quae repellat.', 0, 0, 1, 1, 72, '2020-10-28 06:23:47', '2020-10-28 06:23:47'),
(5, 'illo temporibus qui', '1978-06-16 14:04:45', '1997-04-29 22:31:27', 'Dolore.', 1, 1, 1, 1, 82, '2020-10-28 06:23:47', '2020-10-28 06:23:47'),
(6, 'eligendi qui ex', '1992-03-23 18:26:33', '1981-10-16 05:15:35', 'Ab mollitia.', 1, 1, 1, 1, 256, '2020-10-28 06:23:47', '2020-10-28 06:23:47'),
(7, 'et id vitae', '1976-11-14 16:41:31', '1981-04-10 14:26:22', 'In veritatis nemo.', 1, 0, 0, 1, 79, '2020-10-28 06:23:47', '2020-10-28 06:23:47'),
(8, 'blanditiis possimus non', '1979-10-27 23:40:12', '1981-03-22 06:17:42', 'Odio nobis dolores.', 1, 0, 1, 1, 252, '2020-10-28 06:23:47', '2020-10-28 06:23:47'),
(9, 'facere placeat ab', '1999-07-22 07:32:08', '1990-06-23 12:33:14', 'Officia aut sit.', 1, 0, 1, 1, 183, '2020-10-28 06:23:47', '2020-10-28 06:23:47'),
(10, 'culpa voluptatem aut', '2020-08-24 20:46:10', '2012-05-21 15:34:53', 'Aut asperiores.', 0, 0, 1, 1, 180, '2020-10-28 06:23:47', '2020-10-28 06:23:47'),
(12, 'First Semester 201', '2021-03-18', '2021-03-27', '1', 1, 0, 0, 1, 12, '2021-03-18 07:26:02', '2021-03-18 07:26:02'),
(14, 'Class test', '2021-03-17', '2021-03-31', '1', 1, 0, 0, 1, 12, '2021-03-20 10:48:53', '2021-03-20 10:48:53'),
(16, 'Class test 3', '2021-03-29', '2021-03-31', '1', 1, 0, 0, 1, 12, '2021-03-20 11:26:22', '2021-03-20 12:01:58'),
(17, 'Semester 1', '2021-03-01', '2021-03-31', '3', 1, 0, 0, 1, 12, '2021-03-28 09:10:40', '2021-03-28 09:10:40'),
(18, 'Semester 1', '2021-03-01', '2021-03-31', '3', 1, 0, 0, 1, 12, '2021-03-28 09:10:42', '2021-03-28 09:11:45');

-- --------------------------------------------------------

--
-- Table structure for table `exam_for_classes`
--

CREATE TABLE `exam_for_classes` (
  `id` bigint(20) UNSIGNED NOT NULL,
  `class_id` int(10) UNSIGNED NOT NULL,
  `exam_id` int(10) UNSIGNED NOT NULL,
  `active` tinyint(4) NOT NULL DEFAULT 0
) ENGINE=InnoDB DEFAULT CHARSET=utf8mb4 COLLATE=utf8mb4_unicode_ci;

--
-- Dumping data for table `exam_for_classes`
--

INSERT INTO `exam_for_classes` (`id`, `class_id`, `exam_id`, `active`) VALUES
(1, 7, 7, 1),
(2, 13, 6, 0),
(3, 3, 9, 1),
(4, 13, 7, 0),
(5, 9, 8, 1),
(6, 9, 9, 0),
(7, 2, 9, 1),
(8, 13, 8, 1),
(9, 3, 8, 1),
(10, 5, 7, 1),
(11, 3, 9, 1),
(12, 3, 8, 0),
(13, 10, 5, 1),
(14, 12, 6, 1),
(15, 6, 7, 0),
(16, 2, 9, 1),
(17, 12, 5, 1),
(18, 9, 1, 1),
(19, 1, 9, 0),
(20, 6, 5, 1),
(21, 9, 1, 0),
(22, 7, 9, 1),
(23, 9, 8, 1),
(24, 12, 1, 1),
(25, 8, 8, 1),
(26, 10, 6, 0),
(27, 7, 8, 1),
(28, 3, 8, 0),
(29, 13, 8, 1),
(30, 11, 8, 0),
(31, 4, 16, 0),
(32, 14, 17, 0),
(33, 14, 18, 0);

-- --------------------------------------------------------

--
-- Table structure for table `expenses`
--

CREATE TABLE `expenses` (
  `id` bigint(20) UNSIGNED NOT NULL,
  `school_id` bigint(20) UNSIGNED NOT NULL,
  `user_id` bigint(20) UNSIGNED NOT NULL,
  `account_sector_id` bigint(20) UNSIGNED NOT NULL,
  `amount` double(25,2) NOT NULL,
  `description` varchar(191) COLLATE utf8mb4_unicode_ci NOT NULL,
  `created_at` timestamp NULL DEFAULT NULL,
  `updated_at` timestamp NULL DEFAULT NULL
) ENGINE=InnoDB DEFAULT CHARSET=utf8mb4 COLLATE=utf8mb4_unicode_ci;

--
-- Dumping data for table `expenses`
--

INSERT INTO `expenses` (`id`, `school_id`, `user_id`, `account_sector_id`, `amount`, `description`, `created_at`, `updated_at`) VALUES
(1, 1, 12, 15, 2500.00, 'Electric Bill', '2021-02-10 09:17:08', '2021-02-10 09:17:08'),
(2, 1, 12, 16, 350.00, 'Wasa Bill', '2021-02-10 09:18:01', '2021-02-10 09:18:01'),
(3, 1, 12, 17, 550.00, 'Telephone Bill', '2021-02-10 09:18:51', '2021-02-10 09:18:51'),
(4, 1, 12, 18, 310.00, 'Paper Bill', '2021-02-03 09:19:18', '2021-02-10 09:19:18'),
(5, 1, 12, 15, 359.00, 'Electric Bill', '2021-02-01 09:22:30', '2021-02-10 09:22:30'),
(6, 1, 12, 16, 200.00, 'ertt', '2021-02-04 09:22:50', '2021-02-10 09:22:50'),
(7, 1, 12, 18, 320.00, 'Paper Bill', '2021-02-10 09:23:54', '2021-02-10 09:23:54'),
(8, 1, 12, 18, 300.00, 'Paper Bill', '2021-02-05 09:24:41', '2021-02-10 09:24:41'),
(9, 1, 12, 21, 300.00, 'Gas Bill', '2021-02-10 09:32:01', '2021-02-10 09:32:01'),
(10, 1, 12, 21, 950.00, 'Gas Bill', '2021-02-08 09:32:21', '2021-02-10 09:32:21'),
(11, 1, 12, 22, 1150.00, 'For month February', '2021-02-17 09:45:40', '2021-02-17 09:45:40'),
(12, 1, 12, 16, 200.00, 'df', '2021-02-17 11:27:38', '2021-02-17 11:27:38'),
(13, 1, 12, 18, 400.00, '25', '2021-02-17 11:29:14', '2021-02-17 11:29:14');

-- --------------------------------------------------------

--
-- Table structure for table `failed_jobs`
--

CREATE TABLE `failed_jobs` (
  `id` bigint(20) UNSIGNED NOT NULL,
  `connection` text COLLATE utf8mb4_unicode_ci NOT NULL,
  `queue` text COLLATE utf8mb4_unicode_ci NOT NULL,
  `payload` longtext COLLATE utf8mb4_unicode_ci NOT NULL,
  `exception` longtext COLLATE utf8mb4_unicode_ci NOT NULL,
  `failed_at` timestamp NOT NULL DEFAULT current_timestamp()
) ENGINE=InnoDB DEFAULT CHARSET=utf8mb4 COLLATE=utf8mb4_unicode_ci;

-- --------------------------------------------------------

--
-- Table structure for table `faqs`
--

CREATE TABLE `faqs` (
  `id` bigint(20) UNSIGNED NOT NULL,
  `question` varchar(191) COLLATE utf8mb4_unicode_ci NOT NULL,
  `answer` text COLLATE utf8mb4_unicode_ci NOT NULL,
  `user_id` int(10) UNSIGNED NOT NULL,
  `created_at` timestamp NULL DEFAULT NULL,
  `updated_at` timestamp NULL DEFAULT NULL
) ENGINE=InnoDB DEFAULT CHARSET=utf8mb4 COLLATE=utf8mb4_unicode_ci;

--
-- Dumping data for table `faqs`
--

INSERT INTO `faqs` (`id`, `question`, `answer`, `user_id`, `created_at`, `updated_at`) VALUES
(1, 'Culpa autem laudantium quasi dignissimos recusandae veritatis enim.', 'Et aut vero velit iste. Molestias incidunt expedita quidem aliquid at aut aut. Iure sit voluptas debitis ut molestiae.', 234, '2020-10-28 06:24:04', '2020-10-28 06:24:04'),
(2, 'Aut autem consequatur veritatis nisi sed.', 'Dolor ut distinctio cupiditate et molestiae eaque et. Vel facere sit ipsum eum voluptatem esse aut. Consequatur neque dicta quia reiciendis eaque vel qui.', 97, '2020-10-28 06:24:04', '2020-10-28 06:24:04'),
(3, 'Et quia sunt porro fugiat explicabo.', 'Dolores voluptatem eius quo optio autem non magnam. Voluptatem laboriosam sint saepe alias. Voluptate ducimus quibusdam qui dolores consequatur quas.', 193, '2020-10-28 06:24:04', '2020-10-28 06:24:04'),
(4, 'Officiis suscipit unde ipsum adipisci suscipit molestias commodi.', 'Ex quasi voluptatem doloribus eos molestiae tempora. Corrupti odio consequatur officiis ut veritatis. Voluptas qui architecto rerum.', 61, '2020-10-28 06:24:04', '2020-10-28 06:24:04'),
(5, 'Natus est nostrum accusamus quia id rem et.', 'Est aperiam sint soluta accusamus. Odio quia praesentium suscipit voluptatem et ex quia quia. Quae aut tempore nesciunt dolor quo unde itaque aut.', 41, '2020-10-28 06:24:04', '2020-10-28 06:24:04'),
(6, 'Placeat quasi perferendis quae.', 'Recusandae tempore facilis vitae necessitatibus sunt hic qui. Aut ipsa rerum quasi qui. Suscipit aliquid soluta rerum excepturi blanditiis.', 126, '2020-10-28 06:24:04', '2020-10-28 06:24:04'),
(7, 'Et sit ea culpa et eum.', 'Vero nam magnam voluptatem amet molestiae fugit quia. Reiciendis dolorum eius reiciendis cum nihil voluptatibus vel. Maiores deserunt et sunt non.', 2, '2020-10-28 06:24:04', '2020-10-28 06:24:04'),
(8, 'Quo incidunt delectus facere eaque qui voluptatem.', 'Facere odit tempora blanditiis expedita molestias. Ut quam et repudiandae. Corporis rem fuga voluptas.', 14, '2020-10-28 06:24:04', '2020-10-28 06:24:04'),
(9, 'Ullam unde et voluptas nulla quo optio.', 'Aliquid consectetur est id vel magni est. Aut nulla et dicta. Magnam eos at enim ipsam sint autem sint.', 62, '2020-10-28 06:24:04', '2020-10-28 06:24:04'),
(10, 'Accusantium itaque dolor sint qui libero iusto animi nostrum.', 'Velit et dolor ipsum dolorem. Deleniti dicta non tempora. Possimus asperiores dolores eos earum iusto quo eum.', 180, '2020-10-28 06:24:04', '2020-10-28 06:24:04'),
(11, 'Officia sunt ducimus facere neque.', 'A aut consectetur exercitationem. Iste ut atque quidem similique. Sapiente consequatur alias atque nihil nobis nam maiores.', 156, '2020-10-28 06:24:04', '2020-10-28 06:24:04'),
(12, 'Dolorem id repellendus pariatur veniam aut consectetur.', 'Impedit consequatur assumenda expedita eius quia. Voluptatem voluptatem ipsam incidunt. Sit dolor qui est a.', 65, '2020-10-28 06:24:04', '2020-10-28 06:24:04'),
(13, 'Praesentium qui debitis velit expedita et neque aut dolores.', 'A quo natus iure dolor. Eius placeat qui quibusdam dolorum fuga sunt. Neque aut consequatur et temporibus ut doloribus.', 21, '2020-10-28 06:24:04', '2020-10-28 06:24:04'),
(14, 'Labore eum eius rem qui pariatur nihil eveniet.', 'Optio unde fugit autem consequuntur quia. Natus neque fuga placeat impedit ut consequatur delectus. Id perspiciatis doloremque quam voluptates quis maxime exercitationem.', 182, '2020-10-28 06:24:04', '2020-10-28 06:24:04'),
(15, 'Earum quibusdam illum sunt ut qui ducimus voluptatem doloribus.', 'Quis excepturi blanditiis reiciendis labore quia. Assumenda sed hic aliquid eaque et est. Aliquid consequuntur dolores tempore.', 61, '2020-10-28 06:24:04', '2020-10-28 06:24:04'),
(16, 'Et sit vitae molestiae tempore eos.', 'Omnis ut labore sint voluptas ut veniam consequatur. Omnis aperiam numquam pariatur nemo voluptatem magni quo ad. Illum dolores dolores saepe facilis.', 211, '2020-10-28 06:24:04', '2020-10-28 06:24:04'),
(17, 'Consectetur iste non et et rerum sint.', 'Numquam incidunt rerum excepturi adipisci nesciunt modi. Maiores aut molestiae possimus facere asperiores quo. Nesciunt sunt cumque voluptates quis reiciendis.', 192, '2020-10-28 06:24:04', '2020-10-28 06:24:04'),
(18, 'Commodi magni numquam inventore et iste.', 'Maiores aut cumque quibusdam occaecati. Voluptas et rerum rerum eligendi. Molestiae molestias ipsum rem voluptatem dolor.', 140, '2020-10-28 06:24:05', '2020-10-28 06:24:05'),
(19, 'Dolor sed quia ut sed non minus.', 'Alias odio ipsum voluptas ipsum. Voluptas doloribus laboriosam qui et. Aspernatur facere iure cumque aspernatur.', 229, '2020-10-28 06:24:05', '2020-10-28 06:24:05'),
(20, 'Nulla sed veritatis sint.', 'Qui aliquid maiores cupiditate. Officia ut eveniet nihil non saepe ea qui. Maxime quia iste est est ab corrupti autem.', 249, '2020-10-28 06:24:05', '2020-10-28 06:24:05'),
(21, 'Dolor quia error provident aut et id est explicabo.', 'Suscipit repudiandae optio magnam enim. Libero sapiente magni tempora labore amet et quos. Ut repellat quae nostrum aperiam explicabo.', 8, '2020-10-28 06:24:05', '2020-10-28 06:24:05'),
(22, 'Est enim ducimus a.', 'Magnam sunt voluptates numquam dicta maiores magnam fuga. Nostrum ipsa pariatur architecto nesciunt nihil expedita ut. Pariatur molestias minima corrupti molestiae aut aperiam voluptas voluptatem.', 102, '2020-10-28 06:24:05', '2020-10-28 06:24:05'),
(23, 'Illo cupiditate repudiandae consequatur sapiente.', 'Veniam cumque labore asperiores et consequuntur ratione ex. Architecto aliquid cupiditate modi. Omnis beatae eos qui deserunt cum maiores.', 143, '2020-10-28 06:24:05', '2020-10-28 06:24:05'),
(24, 'Perspiciatis vitae cumque sed iste omnis nemo exercitationem.', 'Eius quam natus velit. Officia labore eos debitis voluptatum et dignissimos. Rem nulla quam corrupti autem et sapiente aperiam.', 168, '2020-10-28 06:24:05', '2020-10-28 06:24:05'),
(25, 'Fuga laborum ut esse vero nobis.', 'Vel qui dolor inventore. Non veniam eveniet omnis neque doloribus omnis unde et. Praesentium error incidunt dolores perspiciatis eaque.', 191, '2020-10-28 06:24:05', '2020-10-28 06:24:05'),
(26, 'Et nesciunt quos nesciunt accusantium earum.', 'Ut repellendus laboriosam voluptas sed natus soluta. Repudiandae maxime est et quod vel sit ea cupiditate. Aut et numquam eius necessitatibus voluptatibus.', 157, '2020-10-28 06:24:05', '2020-10-28 06:24:05'),
(27, 'Cumque officia quia corporis tempore.', 'Doloremque dolores id ut non. Molestiae atque est occaecati deserunt et ducimus. Labore eos natus dolor hic non unde eum repudiandae.', 256, '2020-10-28 06:24:05', '2020-10-28 06:24:05'),
(28, 'Quae est nihil sequi aut molestias facere aut.', 'Rerum commodi quaerat vitae hic. Omnis accusamus voluptas sit laborum vel rem. Est voluptatibus in tempore sint tempora vel earum in.', 89, '2020-10-28 06:24:05', '2020-10-28 06:24:05'),
(29, 'Consequatur facilis magnam non animi dignissimos ipsam consequuntur.', 'Facere nihil corrupti repellat asperiores labore eius. Perferendis aut sit enim doloremque. Facere qui harum cumque sunt quod.', 248, '2020-10-28 06:24:05', '2020-10-28 06:24:05'),
(30, 'Et sed commodi sit ut.', 'Quo cupiditate eaque ipsam. Quasi quasi qui praesentium cupiditate sed. Exercitationem non facere molestiae omnis rem ut iste.', 128, '2020-10-28 06:24:05', '2020-10-28 06:24:05'),
(31, 'Id vel aut quaerat possimus.', 'Asperiores sunt aliquam repellat non earum. Cupiditate voluptatibus non repellat omnis laborum. Ullam laboriosam consequatur nesciunt iure eveniet quas placeat.', 61, '2020-10-28 06:24:05', '2020-10-28 06:24:05'),
(32, 'Excepturi necessitatibus sunt deleniti aperiam dicta qui assumenda.', 'Et error vel veritatis molestias aut eos libero. Magnam velit repellat distinctio consequuntur. Vitae quo dolores qui.', 165, '2020-10-28 06:24:05', '2020-10-28 06:24:05'),
(33, 'Ut quia repudiandae sed et excepturi illo laboriosam.', 'Corrupti cum optio modi at ea ut dolorem. Est non omnis fugiat ut voluptatum. Exercitationem molestias eum asperiores exercitationem voluptates nemo et.', 164, '2020-10-28 06:24:05', '2020-10-28 06:24:05'),
(34, 'Cumque sunt ducimus modi est molestiae unde esse.', 'Et sapiente aut vel dolorem aut quasi ipsam omnis. In consequatur a fugiat est. Quia est saepe excepturi exercitationem doloribus ducimus.', 257, '2020-10-28 06:24:05', '2020-10-28 06:24:05'),
(35, 'Sit qui et earum quia beatae animi ut eligendi.', 'In eum omnis nihil sapiente qui velit velit nihil. Quaerat hic ipsam cumque ut aspernatur. Sit veniam magnam corporis aut.', 135, '2020-10-28 06:24:05', '2020-10-28 06:24:05'),
(36, 'Officia beatae omnis aut.', 'Dolore illum dolorum exercitationem nam eos. Hic magni et ea. Minus tenetur amet sit qui quos consequuntur deserunt.', 241, '2020-10-28 06:24:05', '2020-10-28 06:24:05'),
(37, 'Sunt repellat sint ab rem.', 'Quia aut non suscipit ipsum qui reprehenderit. Quo quod voluptas aut illo aperiam minus. Corporis cum distinctio excepturi provident et quidem.', 125, '2020-10-28 06:24:05', '2020-10-28 06:24:05'),
(38, 'Veritatis voluptas necessitatibus accusamus itaque.', 'Architecto quod rerum praesentium et magnam ut. Molestiae cum ducimus est et omnis quidem ratione. Enim eveniet sit doloribus facere culpa.', 130, '2020-10-28 06:24:05', '2020-10-28 06:24:05'),
(39, 'Aliquid ipsa fuga quo aut ad.', 'Quo nesciunt ducimus aperiam deserunt. Qui facere sed voluptatum a ipsum rerum nemo. Sunt nostrum repellendus aspernatur at voluptas asperiores aut tenetur.', 220, '2020-10-28 06:24:05', '2020-10-28 06:24:05'),
(40, 'Ut nemo numquam reprehenderit.', 'Quod molestias qui dicta. Dolores eum labore assumenda quo. Quae sed corrupti error qui aliquid praesentium.', 212, '2020-10-28 06:24:05', '2020-10-28 06:24:05'),
(41, 'Commodi doloremque aut dignissimos enim aut quasi.', 'Alias blanditiis ut quisquam fuga. Et cupiditate aut ratione accusamus. Porro velit mollitia quisquam animi.', 187, '2020-10-28 06:24:05', '2020-10-28 06:24:05'),
(42, 'Et ut suscipit corporis ut.', 'Doloribus doloremque dolores alias voluptatem quos eaque dicta voluptas. Est sed qui unde fugiat dolorem voluptates nihil occaecati. Dolor necessitatibus eos aut asperiores beatae qui natus.', 256, '2020-10-28 06:24:05', '2020-10-28 06:24:05'),
(43, 'Nihil est accusantium labore sint.', 'Vitae sit atque sint mollitia est qui. Quia dolorum est pariatur voluptatem. Laudantium nulla similique cumque eligendi corporis minima.', 221, '2020-10-28 06:24:05', '2020-10-28 06:24:05'),
(44, 'Corporis cum qui perspiciatis praesentium.', 'Consequatur aut porro ut. Enim aut reprehenderit occaecati quis animi et. Excepturi et explicabo ipsum est.', 239, '2020-10-28 06:24:05', '2020-10-28 06:24:05'),
(45, 'Omnis cupiditate aliquam itaque ullam aliquam ea distinctio tenetur.', 'Aperiam facere animi nisi ut recusandae eveniet. Aut laborum natus ut illo dicta animi enim. Animi et omnis illum eligendi rem.', 79, '2020-10-28 06:24:05', '2020-10-28 06:24:05'),
(46, 'Facilis numquam quo praesentium nihil sed voluptatem saepe.', 'Adipisci cum autem odit est et nihil. Eos vitae vel molestiae earum expedita architecto qui. Quo incidunt sit est ad.', 84, '2020-10-28 06:24:05', '2020-10-28 06:24:05'),
(47, 'Soluta aut et dolorem repellendus.', 'Ab est consequuntur aut maiores totam distinctio corrupti ratione. Distinctio beatae consequuntur fuga in ea. Omnis ad quae et molestiae temporibus.', 194, '2020-10-28 06:24:05', '2020-10-28 06:24:05'),
(48, 'Consequatur occaecati sapiente labore omnis beatae adipisci et sed.', 'Dolores similique voluptatibus dignissimos in sed. Corporis quae iure perferendis earum et blanditiis. Dolorum eius omnis magnam in recusandae.', 252, '2020-10-28 06:24:05', '2020-10-28 06:24:05'),
(49, 'Sit vero eum velit aut.', 'Corrupti voluptas enim culpa et. Quos molestiae molestiae aliquam quas aperiam. Sed eius saepe dolores nihil vel.', 236, '2020-10-28 06:24:05', '2020-10-28 06:24:05'),
(50, 'Est qui voluptas architecto doloribus sed reiciendis.', 'Veritatis architecto est id. Eos tenetur corporis nostrum aliquid impedit et. Sed architecto officiis blanditiis quia eum.', 69, '2020-10-28 06:24:05', '2020-10-28 06:24:05');

-- --------------------------------------------------------

--
-- Table structure for table `feedbacks`
--

CREATE TABLE `feedbacks` (
  `id` bigint(20) UNSIGNED NOT NULL,
  `description` text COLLATE utf8mb4_unicode_ci NOT NULL,
  `teacher_id` int(10) UNSIGNED NOT NULL,
  `student_id` int(10) UNSIGNED NOT NULL,
  `created_at` timestamp NULL DEFAULT NULL,
  `updated_at` timestamp NULL DEFAULT NULL
) ENGINE=InnoDB DEFAULT CHARSET=utf8mb4 COLLATE=utf8mb4_unicode_ci;

--
-- Dumping data for table `feedbacks`
--

INSERT INTO `feedbacks` (`id`, `description`, `teacher_id`, `student_id`, `created_at`, `updated_at`) VALUES
(1, 'Consequatur assumenda temporibus eum sit. Possimus neque autem in error sunt. Minima magni architecto dolore eius architecto occaecati.', 35, 244, '2020-10-28 06:23:55', '2020-10-28 06:23:55'),
(2, 'Perspiciatis odio fugit repudiandae nostrum. Consequuntur consequuntur iusto est enim eos. Accusamus aut natus est et at officiis adipisci.', 46, 199, '2020-10-28 06:23:55', '2020-10-28 06:23:55'),
(3, 'Culpa qui repellat a dolores. Numquam quam nihil occaecati. Vel atque natus incidunt aut voluptatum.', 49, 108, '2020-10-28 06:23:55', '2020-10-28 06:23:55'),
(4, 'Nihil exercitationem minus autem ipsa sed voluptatem quo. Voluptatem beatae optio est optio sapiente. Veritatis aperiam nisi exercitationem consequatur.', 37, 64, '2020-10-28 06:23:55', '2020-10-28 06:23:55'),
(5, 'Et natus dolorum ratione quam voluptatibus voluptas qui voluptatum. Est ducimus veritatis quasi assumenda earum est. Cupiditate accusamus maxime dolores expedita aut.', 51, 143, '2020-10-28 06:23:55', '2020-10-28 06:23:55'),
(6, 'Rem et quia laborum esse ab quis. Saepe itaque architecto dicta aut. Et in quod id dolor magni sit ipsa quam.', 47, 228, '2020-10-28 06:23:55', '2020-10-28 06:23:55'),
(7, 'At et ad nostrum consequuntur quam. Dolores quia distinctio eaque aut perferendis sit dolor. Rem ad animi accusantium maxime eum.', 53, 259, '2020-10-28 06:23:55', '2020-10-28 06:23:55'),
(8, 'Ea non nesciunt hic ab quo accusantium. Nulla tenetur nemo corrupti placeat beatae. Ut fugiat dolor fugiat aut.', 45, 82, '2020-10-28 06:23:55', '2020-10-28 06:23:55'),
(9, 'Architecto pariatur molestias molestiae nihil dolores quos ipsum. Natus veniam quis recusandae sed. Aperiam soluta vel adipisci nam nihil laboriosam enim et.', 42, 116, '2020-10-28 06:23:55', '2020-10-28 06:23:55'),
(10, 'Ad est et voluptatibus iste voluptate mollitia. Laudantium nobis non aut et et qui et. Eveniet velit beatae perferendis voluptate et.', 51, 93, '2020-10-28 06:23:55', '2020-10-28 06:23:55'),
(11, 'Nulla sed et corporis sapiente vel quia consequuntur non. Laborum doloremque eaque nemo culpa. Qui nulla consectetur quibusdam alias pariatur velit omnis enim.', 44, 233, '2020-10-28 06:23:55', '2020-10-28 06:23:55'),
(12, 'Voluptas dolores perferendis eaque assumenda inventore debitis tempore. Dolores quibusdam et eos sit. In rerum praesentium distinctio maiores asperiores et facere.', 32, 221, '2020-10-28 06:23:55', '2020-10-28 06:23:55'),
(13, 'Est non tempore ullam. Nesciunt voluptatibus sunt blanditiis blanditiis facere consequuntur. Quisquam sapiente voluptatibus dolorum quia dicta corrupti magni.', 36, 230, '2020-10-28 06:23:55', '2020-10-28 06:23:55'),
(14, 'In molestias nulla ut illo provident. Maiores et aut enim dolor quis perferendis qui. Vitae et eius quo placeat ducimus.', 55, 121, '2020-10-28 06:23:55', '2020-10-28 06:23:55'),
(15, 'Ad consequatur consectetur itaque eum eum beatae eos. Aut at aspernatur molestias facere. Sint consectetur autem ab sit incidunt nostrum.', 34, 164, '2020-10-28 06:23:55', '2020-10-28 06:23:55'),
(16, 'Libero qui ut consectetur autem doloribus cum. Quae eos enim qui nihil magnam. Quaerat nulla cum possimus vel neque.', 61, 178, '2020-10-28 06:23:55', '2020-10-28 06:23:55'),
(17, 'Excepturi ex dolorem omnis molestias est nobis sit. Ex aspernatur rerum enim deserunt. Vero rerum ipsam ut.', 40, 202, '2020-10-28 06:23:55', '2020-10-28 06:23:55'),
(18, 'Quo impedit vel nulla iste alias. Ullam tempora dolores iste repellat. Explicabo odio maxime eos et.', 44, 218, '2020-10-28 06:23:55', '2020-10-28 06:23:55'),
(19, 'Asperiores aut velit ea sit omnis dicta. Sint ipsa deleniti enim est debitis. Illo non numquam aut assumenda suscipit adipisci hic.', 53, 206, '2020-10-28 06:23:55', '2020-10-28 06:23:55'),
(20, 'Rem fugiat unde earum reiciendis veniam. Soluta in ea est consequatur mollitia. Repudiandae omnis quae consequatur dolorum quae.', 32, 184, '2020-10-28 06:23:55', '2020-10-28 06:23:55'),
(21, 'Voluptates aut et animi natus. Expedita soluta dolorum dignissimos eos et at. Fugit aut est possimus non beatae qui aut.', 53, 243, '2020-10-28 06:23:55', '2020-10-28 06:23:55'),
(22, 'In ratione voluptas dolorum occaecati est. Non excepturi consectetur in enim odit et enim. Iusto et tempora ut eveniet molestiae.', 44, 241, '2020-10-28 06:23:55', '2020-10-28 06:23:55'),
(23, 'Voluptatem consequatur saepe facilis fuga. Nostrum vel veniam deleniti maxime non praesentium quisquam. Quis repudiandae autem ut et illo natus temporibus.', 54, 83, '2020-10-28 06:23:55', '2020-10-28 06:23:55'),
(24, 'Soluta aperiam nam dolores aperiam corporis. Quis unde voluptas iure recusandae. Tempora aliquid voluptas amet consequatur quo recusandae corporis.', 39, 93, '2020-10-28 06:23:55', '2020-10-28 06:23:55'),
(25, 'Quae consequatur repellendus tempore est ut expedita qui. Molestiae beatae rerum laudantium explicabo dolores enim quaerat. Ratione praesentium harum et eligendi earum eos et.', 51, 187, '2020-10-28 06:23:55', '2020-10-28 06:23:55'),
(26, 'Illum aliquid architecto veniam laboriosam aut aut ex sit. Eos sunt explicabo sequi est. Minima sed ea eos et corporis.', 38, 117, '2020-10-28 06:23:55', '2020-10-28 06:23:55'),
(27, 'Officiis maxime et quod ducimus vel incidunt. Ut vero est quidem soluta repellendus consequuntur. Consectetur recusandae eligendi est minima.', 53, 214, '2020-10-28 06:23:55', '2020-10-28 06:23:55'),
(28, 'Maiores atque quisquam et. Tempora nobis animi ut impedit quasi sed. Quod iure beatae velit ut doloribus est nulla.', 39, 165, '2020-10-28 06:23:55', '2020-10-28 06:23:55'),
(29, 'Doloremque sed aut iure aperiam. Omnis in dicta odio ad officia. Unde delectus sunt sequi fugit voluptas hic corrupti.', 60, 74, '2020-10-28 06:23:55', '2020-10-28 06:23:55'),
(30, 'Ut et excepturi excepturi animi eos vel voluptatem. Iste in saepe exercitationem tenetur. Praesentium sequi dolores et harum eaque.', 44, 151, '2020-10-28 06:23:55', '2020-10-28 06:23:55'),
(31, 'Maxime aut quam tempore id quod error. Ratione vero ut sunt harum. Quos deleniti laborum nostrum eaque ut repellat.', 45, 133, '2020-10-28 06:23:55', '2020-10-28 06:23:55'),
(32, 'Natus quasi molestias sit labore et velit sunt. Eveniet dolores quo reprehenderit et hic eum voluptatem. Adipisci sint exercitationem dolorem sunt.', 41, 80, '2020-10-28 06:23:55', '2020-10-28 06:23:55'),
(33, 'Eum autem occaecati veniam reprehenderit. Officia autem hic rerum maxime. Inventore ducimus in dolorem excepturi necessitatibus accusantium.', 35, 260, '2020-10-28 06:23:55', '2020-10-28 06:23:55'),
(34, 'Earum corrupti natus nulla. Hic delectus aut quaerat eaque consequatur similique quas. Voluptas culpa eius nobis dolor.', 44, 119, '2020-10-28 06:23:55', '2020-10-28 06:23:55'),
(35, 'A sequi sunt consequatur vero cum. Odio voluptates accusantium numquam praesentium est odio. Itaque vitae commodi facere nemo.', 48, 229, '2020-10-28 06:23:55', '2020-10-28 06:23:55'),
(36, 'Rerum veritatis est quia ea consequuntur dolorem sed dicta. Doloribus quod non dolorem at. Sapiente quae quos id nulla perspiciatis.', 61, 103, '2020-10-28 06:23:55', '2020-10-28 06:23:55'),
(37, 'Veniam rerum sequi tempora. Eligendi adipisci vitae id. Iure dolorum tempora ipsa est et perspiciatis.', 44, 122, '2020-10-28 06:23:56', '2020-10-28 06:23:56'),
(38, 'Dolores eum veniam consequatur dolorum eos. Est rerum aliquid minima sit quam. Necessitatibus facere impedit rem necessitatibus vel.', 33, 152, '2020-10-28 06:23:56', '2020-10-28 06:23:56'),
(39, 'Vel officia quam rem ipsa. Sed aliquam ut qui ab. Quasi ut et eveniet.', 35, 203, '2020-10-28 06:23:56', '2020-10-28 06:23:56'),
(40, 'Pariatur vel ut nam voluptatem et. Dolores architecto itaque minus debitis suscipit quos. Omnis commodi omnis non aperiam nam.', 53, 125, '2020-10-28 06:23:56', '2020-10-28 06:23:56'),
(41, 'Repellat nobis odio distinctio harum suscipit omnis sit. Magnam beatae et nesciunt magni mollitia deserunt temporibus. Ipsa dignissimos quasi voluptas sit quidem.', 46, 73, '2020-10-28 06:23:56', '2020-10-28 06:23:56'),
(42, 'Aut sapiente inventore itaque. Cupiditate voluptatem mollitia earum ut. Voluptatem esse sit eveniet rerum.', 57, 98, '2020-10-28 06:23:56', '2020-10-28 06:23:56'),
(43, 'Facere ab quidem labore tempora neque sint. Quia voluptas ut qui blanditiis repudiandae beatae. Repellendus commodi possimus rerum assumenda deleniti corrupti ut distinctio.', 57, 187, '2020-10-28 06:23:56', '2020-10-28 06:23:56'),
(44, 'Voluptate odit nesciunt a labore dignissimos. Eos nihil sit dolorem ab sit optio. Dolores porro impedit deserunt et eaque sit.', 45, 191, '2020-10-28 06:23:56', '2020-10-28 06:23:56'),
(45, 'Dignissimos ullam officia sed non qui aspernatur. Nihil laborum qui ut aut. Sit ex est ut ea.', 48, 128, '2020-10-28 06:23:56', '2020-10-28 06:23:56'),
(46, 'Ipsa sunt accusamus sit et. Eum nisi fugiat eius aliquid facere expedita consequuntur. Autem explicabo qui velit eum laboriosam quam et.', 50, 150, '2020-10-28 06:23:56', '2020-10-28 06:23:56'),
(47, 'Molestiae esse autem laborum quidem inventore. Ut facilis veritatis numquam quidem totam ad tempore. Modi fugit a velit a asperiores aut voluptas est.', 58, 78, '2020-10-28 06:23:56', '2020-10-28 06:23:56'),
(48, 'In ipsa aut voluptatem doloribus. Exercitationem officiis quia blanditiis nihil eveniet ut. Iste ex iste consequatur in voluptates maxime.', 58, 251, '2020-10-28 06:23:56', '2020-10-28 06:23:56'),
(49, 'Facilis temporibus harum omnis ut neque possimus. Aut blanditiis laborum harum laudantium ipsum minima voluptatibus. Cupiditate et dolore quis minus optio nam.', 51, 258, '2020-10-28 06:23:56', '2020-10-28 06:23:56'),
(50, 'Quam rem perspiciatis quis facere qui inventore velit. Iste voluptas sit quo culpa quia. Dicta quas ab dolorum mollitia tenetur sit ad.', 53, 83, '2020-10-28 06:23:56', '2020-10-28 06:23:56');

-- --------------------------------------------------------

--
-- Table structure for table `fees`
--

CREATE TABLE `fees` (
  `id` bigint(20) UNSIGNED NOT NULL,
  `school_id` bigint(20) UNSIGNED NOT NULL,
  `user_id` int(11) NOT NULL,
  `type` bigint(20) DEFAULT NULL,
  `amount` double(25,2) DEFAULT NULL,
  `cycle` int(11) DEFAULT NULL,
  `created_at` timestamp NULL DEFAULT NULL,
  `updated_at` timestamp NULL DEFAULT NULL
) ENGINE=InnoDB DEFAULT CHARSET=utf8mb4 COLLATE=utf8mb4_unicode_ci;

--
-- Dumping data for table `fees`
--

INSERT INTO `fees` (`id`, `school_id`, `user_id`, `type`, `amount`, `cycle`, `created_at`, `updated_at`) VALUES
(1, 1, 12, 1, 500.00, 1, '2021-02-10 08:00:26', '2021-02-10 08:00:26'),
(2, 1, 12, 2, 200.00, 1, '2021-02-10 08:00:58', '2021-02-10 08:00:58'),
(3, 1, 12, 3, 300.00, 1, '2021-02-10 08:03:18', '2021-02-10 08:03:18'),
(4, 1, 12, 6, 100.00, 1, '2021-02-10 08:49:38', '2021-02-10 08:49:38'),
(5, 1, 12, 7, 150.00, 1, '2021-02-10 08:50:27', '2021-02-10 08:50:27'),
(6, 1, 12, 12, 2000.00, 1, '2021-02-10 08:51:17', '2021-02-10 08:51:17'),
(7, 1, 12, 9, 250.00, 1, '2021-02-10 08:52:07', '2021-02-10 08:52:07'),
(8, 1, 12, 13, 120.00, 1, '2021-02-10 08:53:09', '2021-02-10 08:53:09'),
(9, 1, 12, 11, 150.00, 1, '2021-02-10 08:54:00', '2021-02-10 08:54:00'),
(10, 1, 12, 1, 600.00, 1, '2021-02-10 09:01:05', '2021-02-10 09:01:05'),
(11, 1, 12, 2, 200.00, 1, '2021-02-10 09:02:05', '2021-02-10 09:02:05'),
(12, 1, 12, 3, 250.00, 1, '2021-02-10 09:07:09', '2021-02-10 09:07:09'),
(13, 1, 12, 4, 200.00, 1, '2021-02-10 09:11:28', '2021-02-10 09:11:28'),
(14, 1, 12, 7, 350.00, 1, '2021-02-10 10:19:36', '2021-02-10 10:19:36'),
(15, 1, 12, 12, 1500.00, 1, '2021-02-10 10:20:11', '2021-02-10 10:20:11'),
(16, 1, 12, 2, 200.00, 1, '2021-02-11 05:55:06', '2021-02-11 05:55:06'),
(17, 1, 12, 1, 600.00, 1, '2021-02-11 05:56:01', '2021-02-11 05:56:01'),
(18, 1, 12, 4, 200.00, 1, '2021-02-11 06:35:45', '2021-02-11 06:35:45'),
(19, 1, 12, 1, 100.00, 1, '2021-02-14 05:29:59', '2021-02-14 05:29:59'),
(20, 1, 12, 1, 120.00, 1, '2021-02-15 11:53:44', '2021-02-15 11:53:44'),
(21, 1, 12, 6, 1000.00, 1, '2021-02-17 09:40:21', '2021-02-17 09:40:21');

-- --------------------------------------------------------

--
-- Table structure for table `forms`
--

CREATE TABLE `forms` (
  `id` int(10) UNSIGNED NOT NULL,
  `name` varchar(191) COLLATE utf8mb4_unicode_ci NOT NULL,
  `file_path` varchar(191) COLLATE utf8mb4_unicode_ci NOT NULL,
  `school_id` int(10) UNSIGNED NOT NULL,
  `user_id` int(10) UNSIGNED NOT NULL,
  `created_at` timestamp NULL DEFAULT NULL,
  `updated_at` timestamp NULL DEFAULT NULL
) ENGINE=InnoDB DEFAULT CHARSET=utf8mb4 COLLATE=utf8mb4_unicode_ci;

--
-- Dumping data for table `forms`
--

INSERT INTO `forms` (`id`, `name`, `file_path`, `school_id`, `user_id`, `created_at`, `updated_at`) VALUES
(1, 'Opal Nienow', 'http://www.runolfsdottir.com/fugit-vel-ea-mollitia-omnis-autem', 2, 148, '2020-10-28 06:23:58', '2020-10-28 06:23:58'),
(2, 'Belle Gusikowski', 'http://www.rath.com/', 3, 145, '2020-10-28 06:23:58', '2020-10-28 06:23:58'),
(3, 'Enrique Jacobson', 'http://kozey.com/possimus-veniam-et-dolorem-ab-mollitia-et-excepturi', 4, 204, '2020-10-28 06:23:58', '2020-10-28 06:23:58'),
(4, 'Alessandro Rippin', 'http://www.erdman.com/reiciendis-nostrum-esse-laborum', 5, 245, '2020-10-28 06:23:58', '2020-10-28 06:23:58'),
(5, 'Enos Legros V', 'http://funk.net/voluptatem-quae-voluptatem-at-qui-aut-aperiam', 6, 95, '2020-10-28 06:23:58', '2020-10-28 06:23:58'),
(6, 'Tiffany Bauch', 'http://blanda.com/expedita-quia-sit-totam-quam-praesentium-magni-blanditiis-ipsum.html', 7, 163, '2020-10-28 06:23:58', '2020-10-28 06:23:58'),
(7, 'Joany Thiel', 'http://www.douglas.com/', 8, 142, '2020-10-28 06:23:58', '2020-10-28 06:23:58'),
(8, 'General Hettinger', 'https://www.berge.biz/odit-quis-autem-est-et-deserunt-qui-perferendis', 9, 194, '2020-10-28 06:23:58', '2020-10-28 06:23:58'),
(9, 'Alysson Christiansen', 'http://www.dach.com/ut-non-recusandae-dolores-deserunt-sequi', 10, 188, '2020-10-28 06:23:58', '2020-10-28 06:23:58'),
(10, 'Rahsaan Rosenbaum', 'http://gorczany.com/et-quo-illum-quo-sit-in-ad-non.html', 11, 118, '2020-10-28 06:23:58', '2020-10-28 06:23:58'),
(11, 'Ken Sipes', 'https://www.carter.com/blanditiis-aliquam-et-molestias-aut', 12, 154, '2020-10-28 06:23:59', '2020-10-28 06:23:59'),
(12, 'Miss Sallie Beer', 'http://hilpert.com/', 13, 112, '2020-10-28 06:23:59', '2020-10-28 06:23:59'),
(13, 'Caleigh Sawayn', 'https://willms.net/repellendus-rerum-qui-nisi-ad-vitae.html', 14, 52, '2020-10-28 06:23:59', '2020-10-28 06:23:59'),
(14, 'Halie Hirthe DVM', 'https://www.emmerich.com/cum-tenetur-unde-minima', 15, 247, '2020-10-28 06:23:59', '2020-10-28 06:23:59'),
(15, 'Raquel Harber MD', 'http://www.homenick.info/quas-doloribus-odit-cum-molestiae-odit-dignissimos.html', 16, 240, '2020-10-28 06:23:59', '2020-10-28 06:23:59'),
(16, 'Sienna Green III', 'http://pollich.com/commodi-est-earum-magnam-aut.html', 17, 202, '2020-10-28 06:23:59', '2020-10-28 06:23:59'),
(17, 'Dr. Nichole Hermann', 'http://kozey.org/', 18, 105, '2020-10-28 06:23:59', '2020-10-28 06:23:59'),
(18, 'Miss Bettye Hermiston II', 'http://www.lubowitz.com/qui-sequi-quis-recusandae-vel-consectetur', 19, 217, '2020-10-28 06:23:59', '2020-10-28 06:23:59'),
(19, 'Darrick Grady', 'https://moen.com/iste-a-eos-veritatis-consequatur-tenetur-rerum-distinctio.html', 20, 159, '2020-10-28 06:23:59', '2020-10-28 06:23:59'),
(20, 'Sid Reichert II', 'http://gaylord.biz/reprehenderit-consectetur-ea-maxime-voluptas-qui-veritatis-ea', 21, 154, '2020-10-28 06:23:59', '2020-10-28 06:23:59'),
(21, 'Dr. Bobbie Eichmann III', 'http://www.ruecker.com/repudiandae-laboriosam-numquam-aut-qui-sit-molestias.html', 22, 132, '2020-10-28 06:23:59', '2020-10-28 06:23:59'),
(22, 'Prof. Beth Legros V', 'http://shields.info/voluptatem-quia-asperiores-repellat-aut.html', 23, 174, '2020-10-28 06:23:59', '2020-10-28 06:23:59'),
(23, 'Carolyne O\'Reilly', 'http://www.turner.com/', 24, 144, '2020-10-28 06:23:59', '2020-10-28 06:23:59'),
(24, 'Peggie Towne', 'http://www.blanda.com/magni-et-placeat-nisi.html', 25, 10, '2020-10-28 06:23:59', '2020-10-28 06:23:59'),
(25, 'Otilia Stamm III', 'http://rohan.com/iure-esse-voluptatem-nihil-est-perspiciatis', 26, 174, '2020-10-28 06:23:59', '2020-10-28 06:23:59'),
(26, 'Gunnar Witting', 'http://ratke.com/', 27, 208, '2020-10-28 06:23:59', '2020-10-28 06:23:59'),
(27, 'Hettie Lowe', 'http://www.fahey.com/', 28, 63, '2020-10-28 06:23:59', '2020-10-28 06:23:59'),
(28, 'Albin Grant', 'https://www.stoltenberg.com/et-numquam-ratione-quis-harum-neque', 29, 29, '2020-10-28 06:23:59', '2020-10-28 06:23:59'),
(29, 'Prof. Bernita Kreiger', 'http://www.kuphal.com/asperiores-ipsa-optio-nisi-impedit-necessitatibus-quae.html', 30, 74, '2020-10-28 06:23:59', '2020-10-28 06:23:59'),
(30, 'Vergie Gutkowski', 'http://www.smitham.info/', 31, 235, '2020-10-28 06:23:59', '2020-10-28 06:23:59'),
(31, 'Jimmy Connelly', 'https://wiegand.biz/consectetur-cumque-explicabo-quam-doloremque-nihil.html', 32, 134, '2020-10-28 06:23:59', '2020-10-28 06:23:59'),
(32, 'Janet Streich MD', 'http://ruecker.com/rerum-quidem-neque-nihil-eaque-blanditiis-ut.html', 33, 49, '2020-10-28 06:23:59', '2020-10-28 06:23:59'),
(33, 'Mrs. Ashly Streich', 'http://brown.com/', 34, 173, '2020-10-28 06:23:59', '2020-10-28 06:23:59'),
(34, 'Adam Cassin', 'http://www.monahan.com/repellat-quia-tenetur-ut-delectus-unde', 35, 45, '2020-10-28 06:23:59', '2020-10-28 06:23:59'),
(35, 'Zoe Durgan', 'http://tromp.net/', 36, 192, '2020-10-28 06:23:59', '2020-10-28 06:23:59'),
(36, 'Ryann Fadel', 'http://www.bruen.com/excepturi-ad-facere-velit-debitis', 37, 62, '2020-10-28 06:23:59', '2020-10-28 06:23:59'),
(37, 'Prof. Rudy Durgan', 'http://www.hermann.com/', 38, 131, '2020-10-28 06:23:59', '2020-10-28 06:23:59'),
(38, 'Ms. Maya Hegmann DVM', 'https://www.okon.com/mollitia-harum-exercitationem-minima-enim-ipsa-minus-dolor', 39, 217, '2020-10-28 06:23:59', '2020-10-28 06:23:59'),
(39, 'Prof. Josefina Rempel PhD', 'http://ward.com/animi-autem-facilis-non-molestiae-minus.html', 40, 67, '2020-10-28 06:23:59', '2020-10-28 06:23:59'),
(40, 'Gerald Harris', 'http://hettinger.com/', 41, 23, '2020-10-28 06:23:59', '2020-10-28 06:23:59'),
(41, 'Jovanny Kiehn', 'http://www.hills.net/dicta-et-sunt-nam-est-error-id', 42, 12, '2020-10-28 06:23:59', '2020-10-28 06:23:59'),
(42, 'Henri Hills', 'http://kreiger.com/sint-dolor-blanditiis-qui', 43, 145, '2020-10-28 06:23:59', '2020-10-28 06:23:59'),
(43, 'Friedrich Towne', 'http://huel.com/dicta-numquam-quo-labore-cupiditate-commodi-sed-nisi.html', 44, 212, '2020-10-28 06:23:59', '2020-10-28 06:23:59'),
(44, 'Alejandrin Windler', 'http://russel.com/assumenda-modi-voluptas-aliquam', 45, 9, '2020-10-28 06:23:59', '2020-10-28 06:23:59'),
(45, 'Prof. Saul Goodwin', 'http://www.zemlak.com/consequuntur-ut-ipsam-consequuntur-beatae-quia-quo-quo', 46, 46, '2020-10-28 06:23:59', '2020-10-28 06:23:59'),
(46, 'Dalton Gleichner III', 'http://www.hane.info/porro-nesciunt-fugit-cum-dolorum-consequatur.html', 47, 94, '2020-10-28 06:23:59', '2020-10-28 06:23:59'),
(47, 'Prof. Grayce Ankunding Sr.', 'http://king.biz/fuga-facilis-error-id-neque-voluptates-minima', 48, 115, '2020-10-28 06:23:59', '2020-10-28 06:23:59'),
(48, 'Autumn Barton', 'https://bernier.biz/eos-iusto-hic-et-adipisci.html', 49, 175, '2020-10-28 06:24:00', '2020-10-28 06:24:00'),
(49, 'Miss Dianna Von Sr.', 'http://farrell.com/nulla-porro-corrupti-numquam-inventore', 50, 151, '2020-10-28 06:24:00', '2020-10-28 06:24:00'),
(50, 'Allene Simonis', 'http://legros.com/saepe-quo-sequi-quia-laborum-laborum', 51, 193, '2020-10-28 06:24:00', '2020-10-28 06:24:00');

-- --------------------------------------------------------

--
-- Table structure for table `galleries`
--

CREATE TABLE `galleries` (
  `id` bigint(20) UNSIGNED NOT NULL,
  `school_id` bigint(20) NOT NULL,
  `title` varchar(191) COLLATE utf8mb4_unicode_ci DEFAULT NULL,
  `description` varchar(191) COLLATE utf8mb4_unicode_ci DEFAULT NULL,
  `photo` varchar(191) COLLATE utf8mb4_unicode_ci NOT NULL,
  `status` tinyint(4) NOT NULL,
  `created_at` timestamp NULL DEFAULT NULL,
  `updated_at` timestamp NULL DEFAULT NULL
) ENGINE=InnoDB DEFAULT CHARSET=utf8mb4 COLLATE=utf8mb4_unicode_ci;

--
-- Dumping data for table `galleries`
--

INSERT INTO `galleries` (`id`, `school_id`, `title`, `description`, `photo`, `status`, `created_at`, `updated_at`) VALUES
(2, 1, 'Shihab', 'rrtt', 'http://192.168.0.109:8001/storage/FA20165757S/FA20165757H/2021/GP/5971615794008.png', 1, '2020-12-24 07:31:32', '2021-03-15 07:40:09'),
(4, 1, 'ICPL', 'ICPL Gallery', 'http://192.168.0.109:8001/storage/FA20165757S/FA20165757H/2020/GP/1609399851.png', 1, '2020-12-31 06:17:04', '2020-12-31 07:30:51');

-- --------------------------------------------------------

--
-- Table structure for table `grades`
--

CREATE TABLE `grades` (
  `id` int(10) UNSIGNED NOT NULL,
  `marks` double(8,2) NOT NULL,
  `gpa` double(8,2) NOT NULL,
  `attendance` double(8,2) NOT NULL,
  `quiz1` double(8,2) NOT NULL,
  `quiz2` double(8,2) NOT NULL,
  `quiz3` double(8,2) NOT NULL,
  `quiz4` double(8,2) NOT NULL,
  `quiz5` double(8,2) NOT NULL,
  `ct1` double(8,2) NOT NULL,
  `ct2` double(8,2) NOT NULL,
  `ct3` double(8,2) NOT NULL,
  `ct4` double(8,2) NOT NULL,
  `ct5` double(8,2) NOT NULL,
  `assignment1` double(8,2) NOT NULL,
  `assignment2` double(8,2) NOT NULL,
  `assignment3` double(8,2) NOT NULL,
  `written` double(8,2) NOT NULL,
  `mcq` double(8,2) NOT NULL,
  `practical` double(8,2) NOT NULL,
  `exam_id` int(10) UNSIGNED NOT NULL,
  `student_id` int(10) UNSIGNED NOT NULL,
  `teacher_id` int(10) UNSIGNED NOT NULL,
  `course_id` int(10) UNSIGNED NOT NULL,
  `user_id` int(10) UNSIGNED NOT NULL,
  `created_at` timestamp NULL DEFAULT NULL,
  `updated_at` timestamp NULL DEFAULT NULL
) ENGINE=InnoDB DEFAULT CHARSET=utf8mb4 COLLATE=utf8mb4_unicode_ci;

--
-- Dumping data for table `grades`
--

INSERT INTO `grades` (`id`, `marks`, `gpa`, `attendance`, `quiz1`, `quiz2`, `quiz3`, `quiz4`, `quiz5`, `ct1`, `ct2`, `ct3`, `ct4`, `ct5`, `assignment1`, `assignment2`, `assignment3`, `written`, `mcq`, `practical`, `exam_id`, `student_id`, `teacher_id`, `course_id`, `user_id`, `created_at`, `updated_at`) VALUES
(1, 97.00, 7.00, 5.00, 93.00, 82.00, 32.00, 65.00, 91.00, 78.00, 31.00, 65.00, 57.00, 50.00, 81.00, 28.00, 35.00, 66.00, 59.00, 11.00, 10, 71, 37, 3, 200, '2020-10-28 06:23:50', '2020-10-28 06:23:50'),
(2, 67.00, 5.00, 5.00, 63.00, 98.00, 38.00, 37.00, 72.00, 41.00, 58.00, 70.00, 57.00, 67.00, 85.00, 16.00, 30.00, 84.00, 41.00, 63.00, 6, 66, 41, 6, 245, '2020-10-28 06:23:50', '2020-10-28 06:23:50'),
(3, 27.00, 0.00, 5.00, 16.00, 50.00, 71.00, 91.00, 14.00, 65.00, 86.00, 60.00, 42.00, 3.00, 30.00, 96.00, 94.00, 85.00, 38.00, 53.00, 1, 65, 38, 7, 54, '2020-10-28 06:23:50', '2020-10-28 06:23:50'),
(4, 80.00, 6.00, 5.00, 4.00, 5.00, 15.00, 4.00, 9.00, 4.00, 59.00, 47.00, 5.00, 11.00, 56.00, 33.00, 93.00, 80.00, 90.00, 31.00, 5, 62, 37, 7, 170, '2020-10-28 06:23:50', '2020-10-28 06:23:50'),
(5, 91.00, 1.00, 5.00, 1.00, 46.00, 97.00, 61.00, 98.00, 4.00, 1.00, 89.00, 19.00, 57.00, 78.00, 9.00, 49.00, 20.00, 67.00, 1.00, 9, 66, 32, 10, 79, '2020-10-28 06:23:50', '2020-10-28 06:23:50'),
(6, 60.00, 5.00, 5.00, 83.00, 20.00, 14.00, 59.00, 58.00, 11.00, 40.00, 83.00, 7.00, 38.00, 21.00, 24.00, 37.00, 38.00, 21.00, 11.00, 6, 63, 37, 3, 85, '2020-10-28 06:23:50', '2020-10-28 06:23:50'),
(7, 8.00, 0.00, 5.00, 35.00, 34.00, 58.00, 55.00, 59.00, 51.00, 1.00, 61.00, 4.00, 46.00, 59.00, 76.00, 49.00, 37.00, 62.00, 55.00, 4, 71, 38, 10, 222, '2020-10-28 06:23:50', '2020-10-28 06:23:50'),
(8, 57.00, 0.00, 5.00, 8.00, 47.00, 56.00, 97.00, 79.00, 91.00, 87.00, 75.00, 78.00, 88.00, 25.00, 79.00, 28.00, 5.00, 49.00, 81.00, 5, 66, 41, 7, 216, '2020-10-28 06:23:50', '2020-10-28 06:23:50'),
(9, 62.00, 8.00, 5.00, 72.00, 25.00, 87.00, 69.00, 75.00, 35.00, 93.00, 35.00, 21.00, 97.00, 53.00, 93.00, 24.00, 79.00, 95.00, 54.00, 5, 64, 32, 6, 206, '2020-10-28 06:23:50', '2020-10-28 06:23:50'),
(10, 44.00, 9.00, 5.00, 47.00, 33.00, 28.00, 1.00, 85.00, 7.00, 73.00, 21.00, 31.00, 18.00, 38.00, 46.00, 76.00, 12.00, 87.00, 44.00, 4, 64, 32, 7, 164, '2020-10-28 06:23:51', '2020-10-28 06:23:51'),
(11, 95.00, 3.00, 5.00, 85.00, 76.00, 89.00, 26.00, 41.00, 23.00, 26.00, 63.00, 29.00, 70.00, 75.00, 26.00, 35.00, 76.00, 74.00, 22.00, 3, 63, 32, 2, 244, '2020-10-28 06:23:51', '2020-10-28 06:23:51'),
(12, 56.00, 5.00, 5.00, 16.00, 62.00, 75.00, 6.00, 13.00, 26.00, 23.00, 92.00, 10.00, 73.00, 6.00, 56.00, 43.00, 13.00, 54.00, 55.00, 4, 64, 38, 4, 176, '2020-10-28 06:23:51', '2020-10-28 06:23:51'),
(13, 19.00, 7.00, 5.00, 90.00, 19.00, 17.00, 14.00, 75.00, 13.00, 41.00, 36.00, 77.00, 40.00, 37.00, 20.00, 45.00, 36.00, 39.00, 62.00, 7, 71, 32, 7, 239, '2020-10-28 06:23:51', '2020-10-28 06:23:51'),
(14, 36.00, 8.00, 5.00, 82.00, 49.00, 18.00, 21.00, 8.00, 27.00, 94.00, 38.00, 84.00, 92.00, 84.00, 64.00, 46.00, 36.00, 81.00, 78.00, 10, 62, 39, 7, 18, '2020-10-28 06:23:51', '2020-10-28 06:23:51'),
(15, 56.00, 1.00, 5.00, 83.00, 61.00, 95.00, 99.00, 22.00, 38.00, 50.00, 43.00, 58.00, 78.00, 61.00, 33.00, 88.00, 47.00, 32.00, 93.00, 1, 63, 37, 3, 55, '2020-10-28 06:23:51', '2020-10-28 06:23:51'),
(16, 23.00, 4.00, 5.00, 71.00, 5.00, 87.00, 6.00, 45.00, 34.00, 75.00, 92.00, 73.00, 83.00, 38.00, 36.00, 9.00, 60.00, 51.00, 30.00, 6, 65, 35, 4, 52, '2020-10-28 06:23:51', '2020-10-28 06:23:51'),
(17, 70.00, 0.00, 5.00, 30.00, 70.00, 85.00, 16.00, 66.00, 80.00, 87.00, 40.00, 92.00, 71.00, 62.00, 81.00, 69.00, 75.00, 9.00, 19.00, 7, 70, 40, 2, 146, '2020-10-28 06:23:51', '2020-10-28 06:23:51'),
(18, 78.00, 3.00, 5.00, 6.00, 47.00, 57.00, 56.00, 30.00, 54.00, 44.00, 90.00, 73.00, 35.00, 71.00, 62.00, 29.00, 15.00, 28.00, 23.00, 6, 66, 37, 2, 248, '2020-10-28 06:23:51', '2020-10-28 06:23:51'),
(19, 24.00, 0.00, 5.00, 43.00, 92.00, 18.00, 92.00, 10.00, 99.00, 91.00, 94.00, 69.00, 54.00, 78.00, 63.00, 59.00, 44.00, 52.00, 70.00, 9, 66, 41, 2, 21, '2020-10-28 06:23:51', '2020-10-28 06:23:51'),
(20, 23.00, 1.00, 5.00, 26.00, 83.00, 93.00, 1.00, 7.00, 79.00, 8.00, 90.00, 17.00, 57.00, 41.00, 3.00, 46.00, 57.00, 95.00, 62.00, 8, 71, 41, 10, 136, '2020-10-28 06:23:51', '2020-10-28 06:23:51'),
(21, 25.00, 3.00, 5.00, 17.00, 35.00, 90.00, 27.00, 12.00, 20.00, 64.00, 71.00, 35.00, 0.00, 97.00, 88.00, 77.00, 5.00, 89.00, 34.00, 10, 71, 34, 6, 34, '2020-10-28 06:23:51', '2020-10-28 06:23:51'),
(22, 56.00, 5.00, 5.00, 93.00, 35.00, 65.00, 49.00, 10.00, 3.00, 16.00, 71.00, 88.00, 96.00, 58.00, 94.00, 56.00, 47.00, 46.00, 60.00, 5, 65, 38, 4, 163, '2020-10-28 06:23:51', '2020-10-28 06:23:51'),
(23, 17.00, 4.00, 5.00, 3.00, 49.00, 72.00, 36.00, 52.00, 65.00, 9.00, 77.00, 51.00, 57.00, 55.00, 58.00, 83.00, 33.00, 48.00, 87.00, 3, 65, 34, 5, 200, '2020-10-28 06:23:51', '2020-10-28 06:23:51'),
(24, 91.00, 2.00, 5.00, 65.00, 53.00, 45.00, 58.00, 95.00, 40.00, 89.00, 71.00, 29.00, 28.00, 67.00, 22.00, 9.00, 28.00, 11.00, 74.00, 1, 70, 32, 2, 99, '2020-10-28 06:23:51', '2020-10-28 06:23:51'),
(25, 67.00, 6.00, 5.00, 93.00, 9.00, 49.00, 47.00, 37.00, 12.00, 12.00, 96.00, 17.00, 61.00, 57.00, 81.00, 47.00, 74.00, 96.00, 24.00, 5, 70, 33, 1, 24, '2020-10-28 06:23:51', '2020-10-28 06:23:51'),
(26, 9.00, 4.00, 5.00, 39.00, 81.00, 76.00, 16.00, 59.00, 42.00, 17.00, 52.00, 40.00, 51.00, 46.00, 68.00, 78.00, 22.00, 46.00, 92.00, 2, 63, 32, 1, 215, '2020-10-28 06:23:51', '2020-10-28 06:23:51'),
(27, 80.00, 5.00, 5.00, 80.00, 64.00, 32.00, 36.00, 93.00, 36.00, 9.00, 61.00, 99.00, 74.00, 24.00, 37.00, 3.00, 15.00, 17.00, 55.00, 4, 70, 35, 6, 253, '2020-10-28 06:23:51', '2020-10-28 06:23:51'),
(28, 16.00, 5.00, 5.00, 76.00, 46.00, 1.00, 45.00, 17.00, 81.00, 19.00, 71.00, 55.00, 88.00, 1.00, 27.00, 62.00, 53.00, 60.00, 39.00, 6, 67, 39, 3, 173, '2020-10-28 06:23:51', '2020-10-28 06:23:51'),
(29, 91.00, 0.00, 5.00, 32.00, 6.00, 55.00, 86.00, 55.00, 94.00, 89.00, 39.00, 29.00, 90.00, 20.00, 93.00, 72.00, 21.00, 85.00, 17.00, 7, 66, 40, 5, 169, '2020-10-28 06:23:51', '2020-10-28 06:23:51'),
(30, 37.00, 7.00, 5.00, 35.00, 23.00, 62.00, 60.00, 42.00, 73.00, 61.00, 3.00, 34.00, 35.00, 82.00, 82.00, 19.00, 26.00, 3.00, 9.00, 7, 65, 32, 5, 95, '2020-10-28 06:23:51', '2020-10-28 06:23:51'),
(31, 24.00, 2.00, 5.00, 82.00, 30.00, 77.00, 29.00, 89.00, 63.00, 12.00, 82.00, 37.00, 58.00, 1.00, 68.00, 98.00, 9.00, 72.00, 23.00, 9, 69, 41, 5, 85, '2020-10-28 06:23:51', '2020-10-28 06:23:51'),
(32, 31.00, 7.00, 5.00, 57.00, 87.00, 29.00, 79.00, 80.00, 45.00, 68.00, 8.00, 43.00, 92.00, 27.00, 3.00, 52.00, 81.00, 55.00, 95.00, 5, 65, 32, 10, 63, '2020-10-28 06:23:51', '2020-10-28 06:23:51'),
(33, 66.00, 6.00, 5.00, 8.00, 86.00, 32.00, 29.00, 7.00, 53.00, 61.00, 31.00, 59.00, 50.00, 12.00, 45.00, 17.00, 76.00, 8.00, 12.00, 8, 63, 34, 6, 257, '2020-10-28 06:23:51', '2020-10-28 06:23:51'),
(34, 96.00, 4.00, 5.00, 51.00, 51.00, 27.00, 32.00, 48.00, 23.00, 90.00, 99.00, 52.00, 48.00, 49.00, 90.00, 42.00, 85.00, 21.00, 47.00, 10, 65, 39, 8, 170, '2020-10-28 06:23:51', '2020-10-28 06:23:51'),
(35, 48.00, 5.00, 5.00, 16.00, 96.00, 46.00, 36.00, 26.00, 28.00, 59.00, 30.00, 22.00, 25.00, 92.00, 67.00, 45.00, 27.00, 61.00, 39.00, 7, 65, 41, 6, 59, '2020-10-28 06:23:51', '2020-10-28 06:23:51'),
(36, 43.00, 6.00, 5.00, 2.00, 57.00, 65.00, 60.00, 59.00, 26.00, 64.00, 13.00, 97.00, 94.00, 75.00, 73.00, 25.00, 6.00, 28.00, 49.00, 3, 62, 36, 1, 108, '2020-10-28 06:23:51', '2020-10-28 06:23:51'),
(37, 42.00, 0.00, 5.00, 78.00, 23.00, 57.00, 81.00, 95.00, 33.00, 25.00, 41.00, 29.00, 20.00, 43.00, 69.00, 9.00, 11.00, 85.00, 60.00, 9, 67, 41, 4, 21, '2020-10-28 06:23:51', '2020-10-28 06:23:51'),
(38, 82.00, 7.00, 5.00, 26.00, 24.00, 78.00, 99.00, 10.00, 91.00, 33.00, 10.00, 59.00, 8.00, 57.00, 9.00, 87.00, 50.00, 28.00, 95.00, 5, 65, 40, 1, 103, '2020-10-28 06:23:51', '2020-10-28 06:23:51'),
(39, 38.00, 4.00, 5.00, 59.00, 13.00, 61.00, 5.00, 31.00, 98.00, 29.00, 47.00, 38.00, 26.00, 44.00, 87.00, 28.00, 85.00, 86.00, 92.00, 8, 68, 36, 5, 155, '2020-10-28 06:23:51', '2020-10-28 06:23:51'),
(40, 73.00, 7.00, 5.00, 33.00, 14.00, 74.00, 44.00, 3.00, 36.00, 69.00, 54.00, 65.00, 57.00, 76.00, 66.00, 37.00, 30.00, 94.00, 4.00, 7, 65, 34, 1, 233, '2020-10-28 06:23:51', '2020-10-28 06:23:51'),
(41, 89.00, 6.00, 5.00, 23.00, 7.00, 36.00, 49.00, 52.00, 89.00, 77.00, 37.00, 38.00, 15.00, 60.00, 90.00, 6.00, 94.00, 36.00, 24.00, 6, 66, 37, 8, 82, '2020-10-28 06:23:51', '2020-10-28 06:23:51'),
(42, 51.00, 8.00, 5.00, 31.00, 19.00, 88.00, 89.00, 55.00, 64.00, 18.00, 25.00, 92.00, 61.00, 80.00, 27.00, 73.00, 94.00, 96.00, 96.00, 6, 71, 37, 10, 230, '2020-10-28 06:23:51', '2020-10-28 06:23:51'),
(43, 2.00, 0.00, 5.00, 9.00, 19.00, 47.00, 12.00, 55.00, 32.00, 38.00, 48.00, 98.00, 32.00, 14.00, 15.00, 73.00, 55.00, 13.00, 87.00, 8, 68, 41, 5, 38, '2020-10-28 06:23:51', '2020-10-28 06:23:51'),
(44, 8.00, 8.00, 5.00, 18.00, 8.00, 12.00, 13.00, 62.00, 97.00, 15.00, 34.00, 98.00, 34.00, 69.00, 70.00, 68.00, 43.00, 98.00, 19.00, 8, 70, 35, 4, 68, '2020-10-28 06:23:51', '2020-10-28 06:23:51'),
(45, 23.00, 8.00, 5.00, 26.00, 19.00, 73.00, 30.00, 18.00, 10.00, 68.00, 78.00, 42.00, 6.00, 23.00, 92.00, 39.00, 74.00, 42.00, 32.00, 2, 68, 32, 7, 66, '2020-10-28 06:23:51', '2020-10-28 06:23:51'),
(46, 56.00, 1.00, 5.00, 91.00, 33.00, 38.00, 20.00, 38.00, 45.00, 51.00, 29.00, 16.00, 92.00, 21.00, 17.00, 50.00, 91.00, 71.00, 27.00, 7, 67, 32, 8, 92, '2020-10-28 06:23:51', '2020-10-28 06:23:51'),
(47, 38.00, 1.00, 5.00, 87.00, 84.00, 32.00, 27.00, 47.00, 7.00, 11.00, 61.00, 25.00, 36.00, 51.00, 3.00, 53.00, 54.00, 90.00, 99.00, 1, 64, 33, 6, 41, '2020-10-28 06:23:51', '2020-10-28 06:23:51'),
(48, 85.00, 6.00, 5.00, 87.00, 64.00, 98.00, 22.00, 65.00, 41.00, 51.00, 73.00, 92.00, 15.00, 82.00, 83.00, 59.00, 9.00, 27.00, 47.00, 8, 63, 39, 5, 53, '2020-10-28 06:23:51', '2020-10-28 06:23:51'),
(49, 97.00, 0.00, 5.00, 70.00, 67.00, 49.00, 39.00, 41.00, 26.00, 6.00, 63.00, 64.00, 94.00, 27.00, 71.00, 31.00, 24.00, 74.00, 63.00, 6, 68, 37, 6, 127, '2020-10-28 06:23:51', '2020-10-28 06:23:51'),
(50, 33.00, 9.00, 5.00, 52.00, 77.00, 51.00, 95.00, 42.00, 23.00, 95.00, 80.00, 49.00, 80.00, 2.00, 13.00, 31.00, 85.00, 61.00, 69.00, 3, 64, 35, 4, 132, '2020-10-28 06:23:51', '2020-10-28 06:23:51'),
(51, 0.00, 0.00, 0.00, 0.00, 0.00, 0.00, 0.00, 0.00, 0.00, 0.00, 0.00, 0.00, 0.00, 0.00, 0.00, 0.00, 0.00, 0.00, 0.00, 6, 67, 35, 20, 0, '2020-11-16 23:43:40', '2020-11-16 23:43:40'),
(52, 0.00, 0.00, 0.00, 0.00, 0.00, 0.00, 0.00, 0.00, 0.00, 0.00, 0.00, 0.00, 0.00, 0.00, 0.00, 0.00, 0.00, 0.00, 0.00, 6, 76, 35, 20, 0, '2020-11-16 23:43:40', '2020-11-16 23:43:40'),
(53, 0.00, 0.00, 0.00, 0.00, 0.00, 0.00, 0.00, 0.00, 0.00, 0.00, 0.00, 0.00, 0.00, 0.00, 0.00, 0.00, 0.00, 0.00, 0.00, 6, 89, 35, 20, 0, '2020-11-16 23:43:40', '2020-11-16 23:43:40'),
(54, 0.00, 0.00, 0.00, 0.00, 0.00, 0.00, 0.00, 0.00, 0.00, 0.00, 0.00, 0.00, 0.00, 0.00, 0.00, 0.00, 0.00, 0.00, 0.00, 6, 114, 35, 20, 0, '2020-11-16 23:43:40', '2020-11-16 23:43:40'),
(55, 0.00, 0.00, 0.00, 0.00, 0.00, 0.00, 0.00, 0.00, 0.00, 0.00, 0.00, 0.00, 0.00, 0.00, 0.00, 0.00, 0.00, 0.00, 0.00, 6, 115, 35, 20, 0, '2020-11-16 23:43:40', '2020-11-16 23:43:40'),
(56, 0.00, 0.00, 0.00, 0.00, 0.00, 0.00, 0.00, 0.00, 0.00, 0.00, 0.00, 0.00, 0.00, 0.00, 0.00, 0.00, 0.00, 0.00, 0.00, 6, 120, 35, 20, 0, '2020-11-16 23:43:40', '2020-11-16 23:43:40'),
(57, 0.00, 0.00, 0.00, 0.00, 0.00, 0.00, 0.00, 0.00, 0.00, 0.00, 0.00, 0.00, 0.00, 0.00, 0.00, 0.00, 0.00, 0.00, 0.00, 6, 135, 35, 20, 0, '2020-11-16 23:43:40', '2020-11-16 23:43:40'),
(58, 0.00, 0.00, 0.00, 0.00, 0.00, 0.00, 0.00, 0.00, 0.00, 0.00, 0.00, 0.00, 0.00, 0.00, 0.00, 0.00, 0.00, 0.00, 0.00, 6, 164, 35, 20, 0, '2020-11-16 23:43:40', '2020-11-16 23:43:40'),
(59, 0.00, 0.00, 0.00, 0.00, 0.00, 0.00, 0.00, 0.00, 0.00, 0.00, 0.00, 0.00, 0.00, 0.00, 0.00, 0.00, 0.00, 0.00, 0.00, 6, 172, 35, 20, 0, '2020-11-16 23:43:40', '2020-11-16 23:43:40'),
(60, 0.00, 0.00, 0.00, 0.00, 0.00, 0.00, 0.00, 0.00, 0.00, 0.00, 0.00, 0.00, 0.00, 0.00, 0.00, 0.00, 0.00, 0.00, 0.00, 6, 192, 35, 20, 0, '2020-11-16 23:43:40', '2020-11-16 23:43:40'),
(61, 0.00, 0.00, 0.00, 0.00, 0.00, 0.00, 0.00, 0.00, 0.00, 0.00, 0.00, 0.00, 0.00, 0.00, 0.00, 0.00, 0.00, 0.00, 0.00, 6, 201, 35, 20, 0, '2020-11-16 23:43:40', '2020-11-16 23:43:40'),
(62, 0.00, 0.00, 0.00, 0.00, 0.00, 0.00, 0.00, 0.00, 0.00, 0.00, 0.00, 0.00, 0.00, 0.00, 0.00, 0.00, 0.00, 0.00, 0.00, 6, 209, 35, 20, 0, '2020-11-16 23:43:40', '2020-11-16 23:43:40'),
(63, 0.00, 0.00, 0.00, 0.00, 0.00, 0.00, 0.00, 0.00, 0.00, 0.00, 0.00, 0.00, 0.00, 0.00, 0.00, 0.00, 0.00, 0.00, 0.00, 6, 226, 35, 20, 0, '2020-11-16 23:43:40', '2020-11-16 23:43:40'),
(64, 0.00, 0.00, 0.00, 0.00, 0.00, 0.00, 0.00, 0.00, 0.00, 0.00, 0.00, 0.00, 0.00, 0.00, 0.00, 0.00, 0.00, 0.00, 0.00, 6, 253, 35, 20, 0, '2020-11-16 23:43:40', '2020-11-16 23:43:40'),
(65, 0.00, 0.00, 0.00, 0.00, 0.00, 0.00, 0.00, 0.00, 0.00, 0.00, 0.00, 0.00, 0.00, 0.00, 0.00, 0.00, 0.00, 0.00, 0.00, 10, 67, 41, 17, 0, '2020-11-22 01:17:48', '2020-11-22 01:17:48'),
(66, 0.00, 0.00, 0.00, 0.00, 0.00, 0.00, 0.00, 0.00, 0.00, 0.00, 0.00, 0.00, 0.00, 0.00, 0.00, 0.00, 0.00, 0.00, 0.00, 10, 76, 41, 17, 0, '2020-11-22 01:17:48', '2020-11-22 01:17:48'),
(67, 0.00, 0.00, 0.00, 0.00, 0.00, 0.00, 0.00, 0.00, 0.00, 0.00, 0.00, 0.00, 0.00, 0.00, 0.00, 0.00, 0.00, 0.00, 0.00, 10, 89, 41, 17, 0, '2020-11-22 01:17:48', '2020-11-22 01:17:48'),
(68, 0.00, 0.00, 0.00, 0.00, 0.00, 0.00, 0.00, 0.00, 0.00, 0.00, 0.00, 0.00, 0.00, 0.00, 0.00, 0.00, 0.00, 0.00, 0.00, 10, 114, 41, 17, 0, '2020-11-22 01:17:48', '2020-11-22 01:17:48'),
(69, 0.00, 0.00, 0.00, 0.00, 0.00, 0.00, 0.00, 0.00, 0.00, 0.00, 0.00, 0.00, 0.00, 0.00, 0.00, 0.00, 0.00, 0.00, 0.00, 10, 115, 41, 17, 0, '2020-11-22 01:17:48', '2020-11-22 01:17:48'),
(70, 0.00, 0.00, 0.00, 0.00, 0.00, 0.00, 0.00, 0.00, 0.00, 0.00, 0.00, 0.00, 0.00, 0.00, 0.00, 0.00, 0.00, 0.00, 0.00, 10, 120, 41, 17, 0, '2020-11-22 01:17:48', '2020-11-22 01:17:48'),
(71, 0.00, 0.00, 0.00, 0.00, 0.00, 0.00, 0.00, 0.00, 0.00, 0.00, 0.00, 0.00, 0.00, 0.00, 0.00, 0.00, 0.00, 0.00, 0.00, 10, 135, 41, 17, 0, '2020-11-22 01:17:48', '2020-11-22 01:17:48'),
(72, 0.00, 0.00, 0.00, 0.00, 0.00, 0.00, 0.00, 0.00, 0.00, 0.00, 0.00, 0.00, 0.00, 0.00, 0.00, 0.00, 0.00, 0.00, 0.00, 10, 164, 41, 17, 0, '2020-11-22 01:17:48', '2020-11-22 01:17:48'),
(73, 0.00, 0.00, 0.00, 0.00, 0.00, 0.00, 0.00, 0.00, 0.00, 0.00, 0.00, 0.00, 0.00, 0.00, 0.00, 0.00, 0.00, 0.00, 0.00, 10, 172, 41, 17, 0, '2020-11-22 01:17:48', '2020-11-22 01:17:48'),
(74, 0.00, 0.00, 0.00, 0.00, 0.00, 0.00, 0.00, 0.00, 0.00, 0.00, 0.00, 0.00, 0.00, 0.00, 0.00, 0.00, 0.00, 0.00, 0.00, 10, 192, 41, 17, 0, '2020-11-22 01:17:48', '2020-11-22 01:17:48'),
(75, 0.00, 0.00, 0.00, 0.00, 0.00, 0.00, 0.00, 0.00, 0.00, 0.00, 0.00, 0.00, 0.00, 0.00, 0.00, 0.00, 0.00, 0.00, 0.00, 10, 201, 41, 17, 0, '2020-11-22 01:17:48', '2020-11-22 01:17:48'),
(76, 0.00, 0.00, 0.00, 0.00, 0.00, 0.00, 0.00, 0.00, 0.00, 0.00, 0.00, 0.00, 0.00, 0.00, 0.00, 0.00, 0.00, 0.00, 0.00, 10, 209, 41, 17, 0, '2020-11-22 01:17:48', '2020-11-22 01:17:48'),
(77, 0.00, 0.00, 0.00, 0.00, 0.00, 0.00, 0.00, 0.00, 0.00, 0.00, 0.00, 0.00, 0.00, 0.00, 0.00, 0.00, 0.00, 0.00, 0.00, 10, 226, 41, 17, 0, '2020-11-22 01:17:48', '2020-11-22 01:17:48'),
(78, 0.00, 0.00, 0.00, 0.00, 0.00, 0.00, 0.00, 0.00, 0.00, 0.00, 0.00, 0.00, 0.00, 0.00, 0.00, 0.00, 0.00, 0.00, 0.00, 10, 253, 41, 17, 0, '2020-11-22 01:17:48', '2020-11-22 01:17:48'),
(79, 0.00, 0.00, 0.00, 0.00, 0.00, 0.00, 0.00, 0.00, 0.00, 0.00, 0.00, 0.00, 0.00, 0.00, 0.00, 0.00, 0.00, 0.00, 0.00, 2, 62, 41, 27, 0, '2021-01-02 03:57:31', '2021-01-02 03:57:31'),
(80, 0.00, 0.00, 0.00, 0.00, 0.00, 0.00, 0.00, 0.00, 0.00, 0.00, 0.00, 0.00, 0.00, 0.00, 0.00, 0.00, 0.00, 0.00, 0.00, 2, 69, 41, 27, 0, '2021-01-02 03:57:31', '2021-01-02 03:57:31'),
(81, 0.00, 0.00, 0.00, 0.00, 0.00, 0.00, 0.00, 0.00, 0.00, 0.00, 0.00, 0.00, 0.00, 0.00, 0.00, 0.00, 0.00, 0.00, 0.00, 2, 70, 41, 27, 0, '2021-01-02 03:57:31', '2021-01-02 03:57:31'),
(82, 0.00, 0.00, 0.00, 0.00, 0.00, 0.00, 0.00, 0.00, 0.00, 0.00, 0.00, 0.00, 0.00, 0.00, 0.00, 0.00, 0.00, 0.00, 0.00, 2, 100, 41, 27, 0, '2021-01-02 03:57:31', '2021-01-02 03:57:31'),
(83, 0.00, 0.00, 0.00, 0.00, 0.00, 0.00, 0.00, 0.00, 0.00, 0.00, 0.00, 0.00, 0.00, 0.00, 0.00, 0.00, 0.00, 0.00, 0.00, 2, 101, 41, 27, 0, '2021-01-02 03:57:31', '2021-01-02 03:57:31'),
(84, 0.00, 0.00, 0.00, 0.00, 0.00, 0.00, 0.00, 0.00, 0.00, 0.00, 0.00, 0.00, 0.00, 0.00, 0.00, 0.00, 0.00, 0.00, 0.00, 2, 107, 41, 27, 0, '2021-01-02 03:57:31', '2021-01-02 03:57:31'),
(85, 0.00, 0.00, 0.00, 0.00, 0.00, 0.00, 0.00, 0.00, 0.00, 0.00, 0.00, 0.00, 0.00, 0.00, 0.00, 0.00, 0.00, 0.00, 0.00, 2, 112, 41, 27, 0, '2021-01-02 03:57:31', '2021-01-02 03:57:31'),
(86, 0.00, 0.00, 0.00, 0.00, 0.00, 0.00, 0.00, 0.00, 0.00, 0.00, 0.00, 0.00, 0.00, 0.00, 0.00, 0.00, 0.00, 0.00, 0.00, 2, 144, 41, 27, 0, '2021-01-02 03:57:31', '2021-01-02 03:57:31'),
(87, 0.00, 0.00, 0.00, 0.00, 0.00, 0.00, 0.00, 0.00, 0.00, 0.00, 0.00, 0.00, 0.00, 0.00, 0.00, 0.00, 0.00, 0.00, 0.00, 2, 159, 41, 27, 0, '2021-01-02 03:57:31', '2021-01-02 03:57:31'),
(88, 0.00, 0.00, 0.00, 0.00, 0.00, 0.00, 0.00, 0.00, 0.00, 0.00, 0.00, 0.00, 0.00, 0.00, 0.00, 0.00, 0.00, 0.00, 0.00, 2, 166, 41, 27, 0, '2021-01-02 03:57:31', '2021-01-02 03:57:31'),
(89, 0.00, 0.00, 0.00, 0.00, 0.00, 0.00, 0.00, 0.00, 0.00, 0.00, 0.00, 0.00, 0.00, 0.00, 0.00, 0.00, 0.00, 0.00, 0.00, 2, 178, 41, 27, 0, '2021-01-02 03:57:31', '2021-01-02 03:57:31'),
(90, 0.00, 0.00, 0.00, 0.00, 0.00, 0.00, 0.00, 0.00, 0.00, 0.00, 0.00, 0.00, 0.00, 0.00, 0.00, 0.00, 0.00, 0.00, 0.00, 2, 188, 41, 27, 0, '2021-01-02 03:57:31', '2021-01-02 03:57:31'),
(91, 0.00, 0.00, 0.00, 0.00, 0.00, 0.00, 0.00, 0.00, 0.00, 0.00, 0.00, 0.00, 0.00, 0.00, 0.00, 0.00, 0.00, 0.00, 0.00, 2, 247, 41, 27, 0, '2021-01-02 03:57:31', '2021-01-02 03:57:31'),
(92, 91.92, 0.00, 10.00, 15.00, 0.00, 0.00, 0.00, 0.00, 24.00, 0.00, 12.00, 0.00, 0.00, 25.00, 0.00, 0.00, 50.00, 0.00, 0.00, 1, 66, 32, 16, 12, '2021-03-23 05:20:31', '2021-03-23 05:20:31'),
(93, 96.92, 0.00, 10.00, 15.00, 0.00, 0.00, 0.00, 0.00, 35.00, 0.00, 12.00, 0.00, 0.00, 23.00, 0.00, 0.00, 45.00, 0.00, 0.00, 1, 110, 32, 16, 12, '2021-03-23 05:20:31', '2021-03-23 05:20:31'),
(94, 78.42, 0.00, 10.00, 15.00, 0.00, 0.00, 0.00, 0.00, 20.00, 0.00, 12.00, 0.00, 0.00, 22.00, 0.00, 0.00, 42.00, 0.00, 0.00, 1, 124, 32, 16, 12, '2021-03-23 05:20:31', '2021-03-23 05:20:31'),
(95, 85.08, 0.00, 8.00, 15.00, 0.00, 0.00, 0.00, 0.00, 25.00, 0.00, 12.00, 0.00, 0.00, 10.00, 0.00, 0.00, 50.00, 0.00, 0.00, 1, 137, 32, 16, 12, '2021-03-23 05:20:31', '2021-03-23 05:20:31'),
(96, 84.92, 0.00, 7.00, 15.00, 0.00, 0.00, 0.00, 0.00, 22.00, 0.00, 12.00, 0.00, 0.00, 20.00, 0.00, 0.00, 48.00, 0.00, 0.00, 1, 157, 32, 16, 12, '2021-03-23 05:20:31', '2021-03-23 05:20:31'),
(97, 85.50, 0.00, 6.00, 12.00, 0.00, 0.00, 0.00, 0.00, 27.00, 0.00, 12.00, 0.00, 0.00, 23.00, 0.00, 0.00, 43.00, 0.00, 0.00, 1, 210, 32, 16, 12, '2021-03-23 05:20:31', '2021-03-23 05:20:31'),
(98, 53.17, 0.00, 10.00, 10.00, 0.00, 0.00, 0.00, 0.00, 28.00, 0.00, 12.00, 0.00, 0.00, 0.00, 0.00, 0.00, 21.00, 0.00, 0.00, 1, 239, 32, 16, 12, '2021-03-23 05:20:31', '2021-03-23 05:20:31'),
(99, 56.50, 0.00, 9.00, 0.00, 0.00, 0.00, 0.00, 0.00, 30.00, 0.00, 12.00, 0.00, 0.00, 0.00, 0.00, 0.00, 25.00, 0.00, 0.00, 1, 267, 32, 16, 12, '2021-03-23 05:20:31', '2021-03-23 05:20:31'),
(100, 0.00, 0.00, 0.00, 0.00, 0.00, 0.00, 0.00, 0.00, 0.00, 0.00, 0.00, 0.00, 0.00, 0.00, 0.00, 0.00, 0.00, 0.00, 0.00, 1, 82, 32, 16, 0, '2021-03-28 04:45:08', '2021-03-28 04:45:08'),
(101, 0.00, 0.00, 0.00, 0.00, 0.00, 0.00, 0.00, 0.00, 0.00, 0.00, 0.00, 0.00, 0.00, 0.00, 0.00, 0.00, 0.00, 0.00, 0.00, 1, 149, 32, 16, 0, '2021-03-28 04:45:08', '2021-03-28 04:45:08'),
(102, 0.00, 0.00, 0.00, 0.00, 0.00, 0.00, 0.00, 0.00, 0.00, 0.00, 0.00, 0.00, 0.00, 0.00, 0.00, 0.00, 0.00, 0.00, 0.00, 1, 153, 32, 16, 0, '2021-03-28 04:45:08', '2021-03-28 04:45:08'),
(103, 0.00, 0.00, 0.00, 0.00, 0.00, 0.00, 0.00, 0.00, 0.00, 0.00, 0.00, 0.00, 0.00, 0.00, 0.00, 0.00, 0.00, 0.00, 0.00, 1, 162, 32, 16, 0, '2021-03-28 04:45:08', '2021-03-28 04:45:08'),
(104, 0.00, 0.00, 0.00, 0.00, 0.00, 0.00, 0.00, 0.00, 0.00, 0.00, 0.00, 0.00, 0.00, 0.00, 0.00, 0.00, 0.00, 0.00, 0.00, 1, 168, 32, 16, 0, '2021-03-28 04:45:08', '2021-03-28 04:45:08'),
(105, 0.00, 0.00, 0.00, 0.00, 0.00, 0.00, 0.00, 0.00, 0.00, 0.00, 0.00, 0.00, 0.00, 0.00, 0.00, 0.00, 0.00, 0.00, 0.00, 1, 206, 32, 16, 0, '2021-03-28 04:45:08', '2021-03-28 04:45:08'),
(106, 0.00, 0.00, 0.00, 0.00, 0.00, 0.00, 0.00, 0.00, 0.00, 0.00, 0.00, 0.00, 0.00, 0.00, 0.00, 0.00, 0.00, 0.00, 0.00, 1, 212, 32, 16, 0, '2021-03-28 04:45:08', '2021-03-28 04:45:09'),
(107, 0.00, 0.00, 0.00, 0.00, 0.00, 0.00, 0.00, 0.00, 0.00, 0.00, 0.00, 0.00, 0.00, 0.00, 0.00, 0.00, 0.00, 0.00, 0.00, 1, 229, 32, 16, 0, '2021-03-28 04:45:09', '2021-03-28 04:45:09'),
(108, 0.00, 0.00, 0.00, 0.00, 0.00, 0.00, 0.00, 0.00, 0.00, 0.00, 0.00, 0.00, 0.00, 0.00, 0.00, 0.00, 0.00, 0.00, 0.00, 1, 230, 32, 16, 0, '2021-03-28 04:45:09', '2021-03-28 04:45:09'),
(109, 0.00, 0.00, 0.00, 0.00, 0.00, 0.00, 0.00, 0.00, 0.00, 0.00, 0.00, 0.00, 0.00, 0.00, 0.00, 0.00, 0.00, 0.00, 0.00, 1, 238, 32, 16, 0, '2021-03-28 04:45:09', '2021-03-28 04:45:09'),
(110, 0.00, 0.00, 0.00, 0.00, 0.00, 0.00, 0.00, 0.00, 0.00, 0.00, 0.00, 0.00, 0.00, 0.00, 0.00, 0.00, 0.00, 0.00, 0.00, 1, 248, 32, 16, 0, '2021-03-28 04:45:09', '2021-03-28 04:45:09'),
(111, 0.00, 0.00, 0.00, 0.00, 0.00, 0.00, 0.00, 0.00, 0.00, 0.00, 0.00, 0.00, 0.00, 0.00, 0.00, 0.00, 0.00, 0.00, 0.00, 1, 249, 32, 16, 0, '2021-03-28 04:45:09', '2021-03-28 04:45:09'),
(113, 0.00, 0.00, 0.00, 0.00, 0.00, 0.00, 0.00, 0.00, 0.00, 0.00, 0.00, 0.00, 0.00, 0.00, 0.00, 0.00, 0.00, 0.00, 0.00, 1, 90, 32, 1, 0, '2021-04-01 05:31:10', '2021-04-01 05:31:10'),
(114, 0.00, 0.00, 0.00, 0.00, 0.00, 0.00, 0.00, 0.00, 0.00, 0.00, 0.00, 0.00, 0.00, 0.00, 0.00, 0.00, 0.00, 0.00, 0.00, 1, 133, 32, 1, 0, '2021-04-01 05:31:10', '2021-04-01 05:31:10'),
(115, 0.00, 0.00, 0.00, 0.00, 0.00, 0.00, 0.00, 0.00, 0.00, 0.00, 0.00, 0.00, 0.00, 0.00, 0.00, 0.00, 0.00, 0.00, 0.00, 1, 216, 32, 1, 0, '2021-04-01 05:31:10', '2021-04-01 05:31:10'),
(116, 0.00, 0.00, 0.00, 0.00, 0.00, 0.00, 0.00, 0.00, 0.00, 0.00, 0.00, 0.00, 0.00, 0.00, 0.00, 0.00, 0.00, 0.00, 0.00, 1, 223, 32, 1, 0, '2021-04-01 05:31:10', '2021-04-01 05:31:10'),
(117, 0.00, 0.00, 0.00, 0.00, 0.00, 0.00, 0.00, 0.00, 0.00, 0.00, 0.00, 0.00, 0.00, 0.00, 0.00, 0.00, 0.00, 0.00, 0.00, 1, 232, 32, 1, 0, '2021-04-01 05:31:10', '2021-04-01 05:31:10');

-- --------------------------------------------------------

--
-- Table structure for table `grade_systems`
--

CREATE TABLE `grade_systems` (
  `id` int(10) UNSIGNED NOT NULL,
  `grade_system_name` varchar(191) COLLATE utf8mb4_unicode_ci NOT NULL,
  `grade` varchar(191) COLLATE utf8mb4_unicode_ci NOT NULL,
  `point` double(8,2) NOT NULL,
  `from_mark` int(11) NOT NULL,
  `to_mark` int(11) NOT NULL,
  `school_id` int(11) NOT NULL,
  `user_id` int(10) UNSIGNED NOT NULL,
  `created_at` timestamp NULL DEFAULT NULL,
  `updated_at` timestamp NULL DEFAULT NULL
) ENGINE=InnoDB DEFAULT CHARSET=utf8mb4 COLLATE=utf8mb4_unicode_ci;

--
-- Dumping data for table `grade_systems`
--

INSERT INTO `grade_systems` (`id`, `grade_system_name`, `grade`, `point`, `from_mark`, `to_mark`, `school_id`, `user_id`, `created_at`, `updated_at`) VALUES
(1, 'Grade System 1', 'A+', 5.00, 80, 100, 1, 204, '2020-10-28 06:23:48', '2020-10-28 06:23:48'),
(2, 'Grade System 1', 'A', 4.00, 70, 79, 1, 220, '2020-10-28 06:23:48', '2020-10-28 06:23:48'),
(3, 'Grade System 1', 'A-', 3.50, 60, 69, 1, 12, '2021-02-04 10:44:24', '2021-02-04 10:44:24'),
(4, 'Grade System 1', 'B', 3.00, 50, 59, 1, 12, '2021-03-24 09:03:49', '2021-03-24 09:03:49'),
(5, 'Grade System 1', 'C', 2.00, 40, 49, 1, 12, '2021-03-24 09:12:37', '2021-03-24 09:12:37'),
(6, 'Grade System 1', 'D', 1.00, 33, 39, 1, 12, '2021-03-24 09:22:49', '2021-03-24 09:22:49'),
(7, 'Grade System 1', 'F', 0.00, 0, 32, 1, 12, '2021-03-24 09:23:11', '2021-03-24 09:23:11'),
(8, 'Grade System 2', 'A', 4.00, 35, 39, 1, 12, '2021-03-24 09:28:05', '2021-04-01 12:00:59'),
(9, 'Grade System 2', 'A+', 5.00, 40, 50, 1, 12, '2021-03-24 09:33:13', '2021-04-01 12:00:11'),
(10, 'Grade System 2', 'A-', 3.50, 30, 34, 1, 12, '2021-04-01 12:01:35', '2021-04-01 12:01:35'),
(11, 'Grade System 2', 'B', 3.00, 25, 29, 1, 12, '2021-04-01 12:02:33', '2021-04-01 12:02:33'),
(12, 'Grade System 2', 'C', 2.00, 20, 24, 1, 12, '2021-04-01 12:02:51', '2021-04-01 12:02:51'),
(13, 'Grade System 2', 'D', 1.00, 17, 19, 1, 12, '2021-04-01 12:03:21', '2021-04-01 12:03:58'),
(14, 'Grade System 2', 'F', 0.00, 0, 16, 1, 12, '2021-04-01 12:03:37', '2021-04-01 12:03:37');

-- --------------------------------------------------------

--
-- Table structure for table `homeworks`
--

CREATE TABLE `homeworks` (
  `id` int(10) UNSIGNED NOT NULL,
  `file_path` varchar(191) COLLATE utf8mb4_unicode_ci NOT NULL,
  `description` text COLLATE utf8mb4_unicode_ci NOT NULL,
  `teacher_id` int(10) UNSIGNED NOT NULL,
  `section_id` int(10) UNSIGNED NOT NULL,
  `created_at` timestamp NULL DEFAULT NULL,
  `updated_at` timestamp NULL DEFAULT NULL
) ENGINE=InnoDB DEFAULT CHARSET=utf8mb4 COLLATE=utf8mb4_unicode_ci;

--
-- Dumping data for table `homeworks`
--

INSERT INTO `homeworks` (`id`, `file_path`, `description`, `teacher_id`, `section_id`, `created_at`, `updated_at`) VALUES
(1, 'https://www.schamberger.biz/sed-nemo-officiis-assumenda-temporibus-exercitationem-distinctio', 'Dolorem rerum voluptates rerum voluptatem quia nulla. Culpa iste consequuntur maiores quia. Veniam rerum laboriosam voluptatum.', 61, 19, '2020-10-28 06:23:43', '2020-10-28 06:23:43'),
(2, 'http://www.vandervort.com/odit-ut-quisquam-officiis-occaecati-qui', 'Tenetur id vero totam voluptas. Ratione alias praesentium dolores quia. Ut est iusto aspernatur at.', 48, 17, '2020-10-28 06:23:43', '2020-10-28 06:23:43'),
(3, 'http://grady.biz/', 'Autem voluptas suscipit incidunt est. Alias vel aut omnis quia in fugit ea. Voluptatem amet aliquam saepe voluptatibus.', 35, 6, '2020-10-28 06:23:43', '2020-10-28 06:23:43'),
(4, 'http://www.volkman.com/molestiae-qui-minus-reiciendis-aut-nam-aperiam', 'Voluptates unde voluptates recusandae dignissimos tenetur voluptas ut. Blanditiis nihil quasi rerum repellendus consequatur. Ut molestiae tempora impedit id quia et molestiae.', 61, 8, '2020-10-28 06:23:43', '2020-10-28 06:23:43'),
(5, 'http://www.yost.com/aspernatur-accusamus-voluptatem-dolor-ducimus-autem-ut', 'Ipsam omnis perferendis quis dolorem. Rerum dolor nesciunt repellendus voluptatem laborum. Voluptatem occaecati velit saepe ut est quam.', 40, 10, '2020-10-28 06:23:43', '2020-10-28 06:23:43'),
(6, 'https://kuhic.com/delectus-harum-et-veritatis-nihil-eum-quam-nulla-aut.html', 'Qui magni aspernatur doloremque officiis ex. Mollitia sed rerum culpa. Laborum quia modi qui numquam dolor pariatur.', 61, 18, '2020-10-28 06:23:43', '2020-10-28 06:23:43'),
(7, 'https://crona.org/asperiores-est-tenetur-quas-et-quo-est.html', 'Veniam eveniet molestias qui molestiae totam ab fugit. Ab asperiores magnam provident non ut pariatur impedit. Aliquam voluptas voluptas alias id dolorem fugit.', 35, 18, '2020-10-28 06:23:43', '2020-10-28 06:23:43'),
(8, 'http://weber.com/fugiat-laborum-temporibus-voluptatem', 'Veritatis qui blanditiis omnis at modi. A expedita beatae nisi dolor. Distinctio omnis est incidunt atque.', 45, 15, '2020-10-28 06:23:43', '2020-10-28 06:23:43'),
(9, 'http://www.heidenreich.net/ab-sit-modi-eius-quia-qui-ullam.html', 'Id voluptatum et voluptas odit. In ut nisi rerum qui odit. Quisquam commodi explicabo quia at.', 40, 2, '2020-10-28 06:23:43', '2020-10-28 06:23:43'),
(10, 'http://hirthe.com/quia-cum-non-dignissimos-alias-corporis.html', 'Optio ea laborum consequatur nobis et nihil sed. Necessitatibus officiis voluptas eius laboriosam dolor quam ea. Voluptatem quis animi distinctio iste dicta.', 45, 18, '2020-10-28 06:23:43', '2020-10-28 06:23:43'),
(11, 'http://www.jakubowski.com/', 'Sunt at soluta et inventore omnis cum. Iste officiis rerum incidunt ab possimus odio. Voluptas optio assumenda aut nihil et.', 36, 10, '2020-10-28 06:23:43', '2020-10-28 06:23:43'),
(12, 'http://mcdermott.net/', 'Iste necessitatibus in laborum qui blanditiis esse. Quis natus quasi ullam nemo. Placeat dolore enim voluptatem quasi soluta alias fugiat.', 52, 7, '2020-10-28 06:23:43', '2020-10-28 06:23:43'),
(13, 'http://www.kub.biz/', 'Repellat aliquam culpa sit blanditiis et. Vero hic ut sequi aspernatur. Nihil provident consequatur ut voluptates aspernatur exercitationem.', 36, 11, '2020-10-28 06:23:43', '2020-10-28 06:23:43'),
(14, 'http://www.lebsack.com/similique-qui-reiciendis-sed-nihil-consequatur-et-quia', 'Sit necessitatibus nobis voluptatem sed laudantium nihil. Qui commodi ipsa magnam in. Sequi deserunt autem consequatur et.', 32, 10, '2020-10-28 06:23:43', '2020-10-28 06:23:43'),
(15, 'http://www.murphy.com/officia-ut-tempora-earum-sed', 'Sed est quasi adipisci est quo nostrum. Et impedit expedita similique temporibus aperiam ea. Molestiae veritatis rem repellat dolorum aut dolorum.', 46, 5, '2020-10-28 06:23:43', '2020-10-28 06:23:43'),
(16, 'http://ratke.net/numquam-nisi-cupiditate-voluptatibus-qui-dignissimos-harum.html', 'Aliquid et voluptas quaerat non voluptates. Unde saepe consectetur et magnam enim sint. Enim fugiat est voluptatem.', 35, 15, '2020-10-28 06:23:43', '2020-10-28 06:23:43'),
(17, 'http://www.littel.com/', 'Explicabo illum nesciunt labore. Qui facilis commodi asperiores consequuntur quis quo et. Voluptatibus soluta adipisci officiis atque eos qui.', 50, 17, '2020-10-28 06:23:43', '2020-10-28 06:23:43'),
(18, 'http://kunze.com/enim-alias-veniam-voluptas-et-voluptas-molestiae-veniam.html', 'Beatae provident tempore inventore ipsa magni dignissimos autem vel. Delectus iure molestiae qui debitis omnis. Vero dolores voluptate dolores ut et.', 54, 11, '2020-10-28 06:23:43', '2020-10-28 06:23:43'),
(19, 'http://kihn.com/', 'Totam iste vel magni velit dolorum. Dolore aut quaerat aut non officiis quis. Repudiandae sit quibusdam fugiat voluptatem assumenda omnis autem.', 49, 4, '2020-10-28 06:23:43', '2020-10-28 06:23:43'),
(20, 'http://www.rutherford.com/recusandae-voluptate-quasi-cumque-consequatur-incidunt-dolor-et', 'Voluptatibus dolorum impedit et est amet eius voluptas aut. Voluptatem consectetur beatae rerum sequi ex. Voluptatibus eius hic quisquam dolorem non autem perferendis.', 40, 15, '2020-10-28 06:23:43', '2020-10-28 06:23:43'),
(21, 'http://www.schmidt.com/', 'Ea enim quasi doloremque et consectetur et. Ex reprehenderit hic facere est delectus ut. Magni est sit cum aliquid voluptates quisquam.', 45, 11, '2020-10-28 06:23:43', '2020-10-28 06:23:43'),
(22, 'https://labadie.com/cupiditate-odio-nisi-veritatis-officiis-quo.html', 'Aut doloremque voluptates amet exercitationem repellendus quas beatae. Recusandae culpa voluptatibus ut ipsam dolor explicabo. Voluptatibus sit eaque corrupti fugiat molestias et.', 58, 11, '2020-10-28 06:23:43', '2020-10-28 06:23:43'),
(23, 'https://parker.com/inventore-eveniet-vel-eum-reprehenderit.html', 'Natus culpa sunt aut numquam. Est et est iure maiores consequatur voluptatem. Quidem eum autem ullam aut quibusdam.', 44, 16, '2020-10-28 06:23:43', '2020-10-28 06:23:43'),
(24, 'https://www.lang.org/quam-corrupti-necessitatibus-blanditiis', 'Hic error autem molestiae vitae at aut accusamus magnam. Fuga et totam placeat voluptas commodi reprehenderit harum. At et quod enim ut doloremque similique fuga aspernatur.', 37, 17, '2020-10-28 06:23:43', '2020-10-28 06:23:43'),
(25, 'https://casper.com/voluptatem-sunt-enim-totam-et.html', 'Optio illo occaecati quasi impedit et exercitationem quisquam autem. Dignissimos sapiente ea officiis numquam reprehenderit. Voluptas voluptatem enim illum maxime est aliquam libero.', 44, 19, '2020-10-28 06:23:43', '2020-10-28 06:23:43'),
(26, 'http://buckridge.com/et-veniam-eum-modi-distinctio-minus-consequatur-qui', 'Vel temporibus rerum fugiat ut ut fuga nemo. Cumque saepe itaque vel quidem dolorum saepe ducimus. Ut iste dolorem et quidem aliquid pariatur reprehenderit.', 41, 8, '2020-10-28 06:23:43', '2020-10-28 06:23:43'),
(27, 'https://morissette.biz/voluptatem-sequi-maxime-repudiandae-sapiente-sit-sed.html', 'Vel et cupiditate et. Quae accusamus optio soluta reprehenderit rerum excepturi quia. Sed similique labore cumque.', 61, 19, '2020-10-28 06:23:43', '2020-10-28 06:23:43'),
(28, 'http://hodkiewicz.com/aut-itaque-et-ut', 'Dolores consequatur voluptas cumque mollitia unde. A error et optio suscipit. Velit a qui eos reprehenderit et.', 35, 10, '2020-10-28 06:23:43', '2020-10-28 06:23:43'),
(29, 'http://www.wisoky.biz/cupiditate-unde-enim-est-quia-tenetur-animi-dicta', 'Reiciendis odit dolorem sint aliquid ea nemo. Est ut rem voluptatum rerum. Similique et pariatur nesciunt dolor in voluptatem ullam.', 47, 20, '2020-10-28 06:23:43', '2020-10-28 06:23:43'),
(30, 'http://www.hand.net/', 'Voluptatum nobis et eos cupiditate molestias eos autem. Cupiditate aut ullam reiciendis ad. Ex nisi maiores temporibus rerum aut.', 45, 4, '2020-10-28 06:23:43', '2020-10-28 06:23:43'),
(31, 'http://www.wiegand.com/quod-nihil-officiis-dolore', 'Aut aperiam vel et eligendi. Saepe quo minima blanditiis et quasi. Eligendi cupiditate aut consequuntur blanditiis aut aut.', 40, 5, '2020-10-28 06:23:43', '2020-10-28 06:23:43'),
(32, 'http://www.crist.com/nisi-consectetur-quia-soluta-aut-ad-eum-aut-asperiores.html', 'Quasi ullam deleniti rerum qui est blanditiis. Ipsa quis est labore tenetur nam similique distinctio. Dolor qui et sint voluptas illum quas.', 55, 15, '2020-10-28 06:23:43', '2020-10-28 06:23:43'),
(33, 'http://www.murray.com/', 'Rerum ullam dignissimos fugit assumenda. Quisquam voluptatem rerum laboriosam molestias omnis. Et iusto odio qui laboriosam atque cumque.', 33, 1, '2020-10-28 06:23:43', '2020-10-28 06:23:43'),
(34, 'http://kihn.biz/cumque-vitae-adipisci-deserunt-rerum-velit', 'Laudantium et voluptas temporibus maiores nisi. Blanditiis minima exercitationem omnis quia natus eum. Libero voluptatem cumque qui tenetur aut rerum ullam.', 34, 4, '2020-10-28 06:23:43', '2020-10-28 06:23:43'),
(35, 'http://www.wintheiser.info/', 'Aliquid et error deleniti beatae. Voluptatibus sed sit quia similique dolor praesentium consequuntur. Sunt enim aut ducimus rerum voluptatum et itaque.', 39, 20, '2020-10-28 06:23:43', '2020-10-28 06:23:43'),
(36, 'http://bergnaum.info/iste-est-voluptates-nihil-asperiores-dolore-repellendus-rerum.html', 'Repellendus amet quam voluptatem quo maxime et. Sed magni aut aut aut dolorem atque aut. Veritatis voluptas eaque dignissimos earum.', 61, 14, '2020-10-28 06:23:43', '2020-10-28 06:23:43'),
(37, 'http://grimes.com/quos-labore-rerum-et-id', 'Quisquam nostrum quae quidem rerum enim ipsa ut. Ipsam consectetur accusamus ab quo officiis eos. Architecto magnam dolorem molestias ullam mollitia quia fugit.', 46, 6, '2020-10-28 06:23:43', '2020-10-28 06:23:43'),
(38, 'http://cronin.org/et-aut-voluptatem-est-ex-similique-deserunt-animi', 'Id expedita et qui qui autem quia. Necessitatibus possimus magni cum magnam voluptate ea rem. Temporibus aut porro est voluptatem dolores enim ut.', 46, 19, '2020-10-28 06:23:43', '2020-10-28 06:23:43'),
(39, 'https://koelpin.com/et-est-sunt-tenetur-id-sit-sed-quos.html', 'Voluptatibus et sunt minima ex odio aut expedita. Facere inventore optio est quia nulla maxime deserunt. Tempora illo repellat ut et delectus temporibus.', 41, 4, '2020-10-28 06:23:43', '2020-10-28 06:23:43'),
(40, 'http://legros.com/sunt-aperiam-aliquid-soluta', 'Modi veniam quo totam nisi. Voluptatem ea et tempora. Eaque quis aut non quas.', 37, 12, '2020-10-28 06:23:43', '2020-10-28 06:23:43'),
(41, 'http://hyatt.com/cupiditate-sit-qui-recusandae', 'Asperiores fugiat quasi enim est. Numquam iusto voluptatibus est eveniet corporis sed. Ratione nulla ullam tempora maiores qui enim.', 37, 12, '2020-10-28 06:23:43', '2020-10-28 06:23:43'),
(42, 'http://harvey.org/provident-corrupti-quod-magni-eligendi-qui-laboriosam-molestias-et.html', 'Consectetur voluptatem suscipit voluptatem sequi dicta sit quaerat nihil. Dolorem magni ipsum cupiditate quo vel repellendus delectus. Nobis ea qui non.', 46, 18, '2020-10-28 06:23:43', '2020-10-28 06:23:43'),
(43, 'http://stanton.com/molestiae-et-repellat-veritatis-ipsum-beatae', 'Delectus et qui eum ut fugit sint natus. Illo commodi eum dolore. Quos impedit error et dolore voluptatum.', 50, 17, '2020-10-28 06:23:44', '2020-10-28 06:23:44'),
(44, 'http://www.kunde.com/quis-sapiente-omnis-dolorem-et-quas-expedita.html', 'Voluptatibus ad facere neque enim ut ad vel. In iusto voluptatem qui pariatur ut autem. Explicabo autem quisquam consequatur est eum labore.', 61, 19, '2020-10-28 06:23:44', '2020-10-28 06:23:44'),
(45, 'http://luettgen.org/', 'At repellat reiciendis nihil ratione nisi eos. Deleniti voluptatum ipsam dolorum blanditiis et voluptate. Natus natus quisquam expedita ipsa.', 58, 12, '2020-10-28 06:23:44', '2020-10-28 06:23:44'),
(46, 'http://www.west.com/', 'Ratione voluptas quia rerum est fugiat autem harum. Optio provident deleniti similique libero voluptates. At qui est neque dicta.', 34, 19, '2020-10-28 06:23:44', '2020-10-28 06:23:44'),
(47, 'http://oconner.com/omnis-nemo-suscipit-qui-tenetur-corporis-temporibus', 'Ab est molestiae harum alias reprehenderit minus quia. Eos optio et non aliquam est corporis. Quaerat dolorem quibusdam aliquid neque voluptatem.', 54, 17, '2020-10-28 06:23:44', '2020-10-28 06:23:44'),
(48, 'http://veum.com/sed-et-consequuntur-iusto-laboriosam-dolores', 'Asperiores voluptates eum voluptas error non necessitatibus. Molestiae nulla quam aut eum autem aut. Hic rerum neque delectus porro quis voluptate vero.', 59, 15, '2020-10-28 06:23:44', '2020-10-28 06:23:44'),
(49, 'http://schroeder.biz/natus-aperiam-est-sint-reiciendis-blanditiis-voluptatem-soluta', 'Nesciunt est nostrum alias et debitis. Quam recusandae qui quia id qui. Quae et est nihil aliquam.', 33, 14, '2020-10-28 06:23:44', '2020-10-28 06:23:44'),
(50, 'http://www.herman.com/consequatur-consectetur-ratione-perferendis-sequi-et-provident', 'Praesentium ut perspiciatis vel quos similique nostrum commodi. Repudiandae illum et ea voluptas. Voluptas consectetur officiis odit dicta adipisci.', 49, 19, '2020-10-28 06:23:44', '2020-10-28 06:23:44');

-- --------------------------------------------------------

--
-- Table structure for table `houses`
--

CREATE TABLE `houses` (
  `id` bigint(20) UNSIGNED NOT NULL,
  `school_id` bigint(20) UNSIGNED NOT NULL,
  `name` varchar(191) COLLATE utf8mb4_unicode_ci NOT NULL,
  `description` varchar(191) COLLATE utf8mb4_unicode_ci DEFAULT NULL,
  `status` tinyint(4) NOT NULL DEFAULT 1,
  `created_at` timestamp NULL DEFAULT NULL,
  `updated_at` timestamp NULL DEFAULT NULL
) ENGINE=InnoDB DEFAULT CHARSET=utf8mb4 COLLATE=utf8mb4_unicode_ci;

--
-- Dumping data for table `houses`
--

INSERT INTO `houses` (`id`, `school_id`, `name`, `description`, `status`, `created_at`, `updated_at`) VALUES
(1, 1, 'Emrul', 'Welcome fvfv', 1, '2020-12-27 06:58:57', '2021-02-24 05:42:30'),
(3, 1, 'MD. EMRUL HASSAN', 'hg', 1, '2020-12-28 09:40:54', '2020-12-28 09:40:54'),
(4, 1, 'Md. Asifuzzaman', 'xcvbnm,', 1, '2021-01-25 10:19:04', '2021-01-25 10:19:04'),
(5, 1, 'asif', 'cdxc', 1, '2021-03-25 12:08:42', '2021-03-25 12:08:42');

-- --------------------------------------------------------

--
-- Table structure for table `important_links`
--

CREATE TABLE `important_links` (
  `id` bigint(20) UNSIGNED NOT NULL,
  `school_id` bigint(20) UNSIGNED NOT NULL,
  `link` varchar(191) COLLATE utf8mb4_unicode_ci NOT NULL,
  `name` varchar(191) COLLATE utf8mb4_unicode_ci DEFAULT NULL,
  `parioty` int(11) DEFAULT NULL,
  `status` tinyint(4) NOT NULL DEFAULT 1,
  `created_at` timestamp NULL DEFAULT NULL,
  `updated_at` timestamp NULL DEFAULT NULL
) ENGINE=InnoDB DEFAULT CHARSET=utf8mb4 COLLATE=utf8mb4_unicode_ci;

--
-- Dumping data for table `important_links`
--

INSERT INTO `important_links` (`id`, `school_id`, `link`, `name`, `parioty`, `status`, `created_at`, `updated_at`) VALUES
(2, 1, 'http://www.educationboard.gov.bd/', 'Ministry of Education', 1, 1, '2020-12-28 06:00:10', '2020-12-28 06:00:10'),
(3, 1, 'http://www.dshe.gov.bd/', 'secondary and higher secondary education', 2, 1, '2020-12-28 06:01:02', '2020-12-28 06:01:02'),
(4, 1, 'http://www.moedu.gov.bd/', 'Ministry of Education', 3, 1, '2020-12-28 06:01:38', '2020-12-28 06:01:38'),
(5, 1, 'http://www.educationboardresults.gov.bd/regular/index.php', 'Education Board Results', 4, 1, '2020-12-28 06:05:22', '2020-12-28 06:05:22'),
(6, 1, 'http://www.nctb.gov.bd/', 'E-Book', 5, 1, '2020-12-28 06:05:59', '2020-12-28 06:05:59'),
(7, 1, 'http://erp.dhakaeducationboard.gov.bd/index.php/auth/login', 'STUDENT FORMFILLUP', 6, 1, '2020-12-28 06:07:22', '2020-12-28 06:07:22'),
(8, 1, 'https://www.teachers.gov.bd/', 'shikkhokbatayon', 7, 1, '2020-12-28 06:11:06', '2020-12-28 06:11:06'),
(9, 1, 'http://mmc.e-service.gov.bd/', 'mmc.e-service', 8, 1, '2020-12-28 06:11:46', '2020-12-28 06:11:46'),
(10, 1, 'http://banbeis.gov.bd/new/', 'banbeis', 9, 1, '2020-12-28 06:12:31', '2020-12-28 06:12:31'),
(11, 1, 'http://www.dhaka.gov.bd/', 'Dhaka Zilla', 10, 1, '2020-12-28 06:13:21', '2020-12-28 06:13:21'),
(12, 1, 'http://www.dpe.gov.bd/', 'Directorate of Primary Education', 11, 1, '2020-12-28 06:19:24', '2020-12-28 06:19:24'),
(13, 1, 'http://www.nape.gov.bd/', 'National Academy for Primary Education (NAPE), Bangladesh', 12, 1, '2020-12-28 06:23:29', '2020-12-28 06:24:42'),
(14, 1, 'http://www.moedu.gov.bd/', 'Ministry of Education', 13, 1, '2020-12-28 06:24:19', '2020-12-28 06:24:19'),
(15, 1, 'http://dhakaeducationboard.gov.bd/', 'Dhakaeducationboard, Dhaka', 14, 1, '2020-12-28 06:25:25', '2020-12-28 06:25:25');

-- --------------------------------------------------------

--
-- Table structure for table `issued_books`
--

CREATE TABLE `issued_books` (
  `id` int(10) UNSIGNED NOT NULL,
  `student_code` int(11) NOT NULL,
  `book_id` int(10) UNSIGNED NOT NULL,
  `quantity` int(11) NOT NULL,
  `school_id` int(10) UNSIGNED NOT NULL,
  `issue_date` date NOT NULL,
  `return_date` date NOT NULL,
  `fine` decimal(8,2) NOT NULL,
  `borrowed` tinyint(4) NOT NULL,
  `user_id` int(10) UNSIGNED NOT NULL,
  `created_at` timestamp NULL DEFAULT NULL,
  `updated_at` timestamp NULL DEFAULT NULL
) ENGINE=InnoDB DEFAULT CHARSET=utf8mb4 COLLATE=utf8mb4_unicode_ci;

--
-- Dumping data for table `issued_books`
--

INSERT INTO `issued_books` (`id`, `student_code`, `book_id`, `quantity`, `school_id`, `issue_date`, `return_date`, `fine`, `borrowed`, `user_id`, `created_at`, `updated_at`) VALUES
(1, 9887213, 47, 19, 27, '1972-06-14', '1983-07-12', '5.00', 1, 14, '2020-10-28 06:24:06', '2020-10-28 06:24:06'),
(2, 8871304, 20, 5, 39, '1971-06-15', '1970-08-15', '19.00', 1, 22, '2020-10-28 06:24:06', '2020-10-28 06:24:06'),
(3, 3550635, 10, 5, 36, '1993-05-08', '1993-12-21', '8.00', 1, 35, '2020-10-28 06:24:06', '2020-10-28 06:24:06'),
(4, 6874785, 21, 13, 4, '1971-08-02', '1977-11-16', '34.00', 0, 199, '2020-10-28 06:24:06', '2020-10-28 06:24:06'),
(5, 8104302, 8, 13, 35, '1987-07-18', '2020-05-02', '34.00', 0, 155, '2020-10-28 06:24:06', '2020-10-28 06:24:06');

-- --------------------------------------------------------

--
-- Table structure for table `lets_encripts`
--

CREATE TABLE `lets_encripts` (
  `id` bigint(20) UNSIGNED NOT NULL,
  `school_id` bigint(20) UNSIGNED NOT NULL,
  `domain` varchar(191) COLLATE utf8mb4_unicode_ci DEFAULT NULL,
  `initialIp` varchar(45) COLLATE utf8mb4_unicode_ci DEFAULT NULL,
  `account_id` bigint(20) DEFAULT NULL,
  `order_id` bigint(20) DEFAULT NULL,
  `status` varchar(191) COLLATE utf8mb4_unicode_ci DEFAULT NULL,
  `expires` varchar(191) COLLATE utf8mb4_unicode_ci DEFAULT NULL,
  `filename` varchar(191) COLLATE utf8mb4_unicode_ci DEFAULT NULL,
  `content` text COLLATE utf8mb4_unicode_ci DEFAULT NULL,
  `object_url` text COLLATE utf8mb4_unicode_ci DEFAULT NULL,
  `created_at` timestamp NULL DEFAULT NULL,
  `updated_at` timestamp NULL DEFAULT NULL
) ENGINE=InnoDB DEFAULT CHARSET=utf8mb4 COLLATE=utf8mb4_unicode_ci;

--
-- Dumping data for table `lets_encripts`
--

INSERT INTO `lets_encripts` (`id`, `school_id`, `domain`, `initialIp`, `account_id`, `order_id`, `status`, `expires`, `filename`, `content`, `object_url`, `created_at`, `updated_at`) VALUES
(1, 1, 'schoolone.foqas.org', NULL, NULL, NULL, 'domain_added', NULL, 'dd', 'dddd', '6325', '2020-12-30 05:33:46', '2020-12-30 05:33:46');

-- --------------------------------------------------------

--
-- Table structure for table `menus`
--

CREATE TABLE `menus` (
  `id` bigint(20) UNSIGNED NOT NULL,
  `school_id` bigint(20) UNSIGNED NOT NULL,
  `name` varchar(191) COLLATE utf8mb4_unicode_ci NOT NULL,
  `priority` int(11) DEFAULT NULL,
  `parent` bigint(20) NOT NULL DEFAULT 0,
  `url` tinyint(4) DEFAULT NULL COMMENT '1=url,2=dropdown',
  `slug` varchar(191) COLLATE utf8mb4_unicode_ci DEFAULT NULL,
  `type` tinyint(4) NOT NULL DEFAULT 2 COMMENT '	1=static,2=dynamic	',
  `status` tinyint(4) NOT NULL,
  `created_at` timestamp NULL DEFAULT NULL,
  `updated_at` timestamp NULL DEFAULT NULL
) ENGINE=InnoDB DEFAULT CHARSET=utf8mb4 COLLATE=utf8mb4_unicode_ci;

--
-- Dumping data for table `menus`
--

INSERT INTO `menus` (`id`, `school_id`, `name`, `priority`, `parent`, `url`, `slug`, `type`, `status`, `created_at`, `updated_at`) VALUES
(1, 1, 'Home', 1, 0, 1, '/', 1, 1, NULL, NULL),
(2, 1, 'About Us', 2, 0, 2, '#', 1, 1, NULL, NULL),
(3, 1, 'Teachers', 3, 0, 1, 'teacher', 1, 1, NULL, NULL),
(4, 1, 'Events', 4, 0, 1, 'event', 1, 1, NULL, NULL),
(5, 1, 'Gallery', 5, 0, 1, 'gallery', 1, 1, NULL, NULL),
(6, 1, 'Contact', 7, 0, 1, 'contact', 1, 1, NULL, NULL),
(7, 1, 'Committee', 1, 2, 1, 'committee', 1, 1, NULL, NULL),
(8, 1, 'Our School', 2, 2, 1, 'about', 1, 1, NULL, NULL),
(9, 2, 'Home', 1, 0, 1, '/', 1, 1, NULL, NULL),
(10, 2, 'About Us', 2, 0, 2, '#', 1, 1, NULL, NULL),
(11, 2, 'Teachers', 3, 0, 1, 'teacher', 1, 1, NULL, NULL),
(12, 2, 'Events', 4, 0, 1, 'event', 1, 1, NULL, NULL),
(13, 2, 'Gallery', 5, 0, 1, 'gallery', 1, 1, NULL, NULL),
(14, 2, 'Contact', 6, 0, 1, 'contact', 1, 1, NULL, NULL),
(15, 2, 'Committee', 1, 10, 1, 'committee', 1, 1, NULL, NULL),
(16, 2, 'Our School', 2, 10, 1, 'about', 1, 1, NULL, NULL),
(20, 1, 'Admission', 6, 0, 2, '#', 1, 1, '2021-01-10 08:00:34', '2021-01-10 08:00:34'),
(21, 1, 'Apply Admission', 1, 20, 1, 'admission/apply', 1, 1, NULL, NULL),
(22, 1, 'Download Application', 2, 20, 1, 'admission/download', 1, 1, NULL, NULL),
(23, 1, 'Download Admitcard', 3, 20, 1, 'admission/admitcard', 1, 1, NULL, NULL),
(24, 1, 'Merit List', 4, 20, 1, 'admission/meritlist', 1, 1, NULL, NULL),
(25, 56, 'Home', 1, 0, 1, '/', 1, 1, NULL, NULL),
(26, 56, 'About Us', 2, 0, 2, '#', 1, 1, NULL, NULL),
(27, 56, 'Teachers', 3, 0, 1, 'teacher', 1, 1, NULL, NULL),
(28, 56, 'Events', 4, 0, 1, 'event', 1, 1, NULL, NULL),
(29, 56, 'Gallery', 5, 0, 1, 'gallery', 1, 1, NULL, NULL),
(30, 56, 'Admission', 6, 0, 2, '#', 1, 1, NULL, NULL),
(31, 56, 'Contact', 7, 0, 1, 'contact', 1, 1, NULL, NULL),
(32, 56, 'Committee', 1, 26, 1, 'committee', 1, 1, NULL, NULL),
(33, 56, 'Our School', 2, 26, 1, 'about', 1, 1, NULL, NULL),
(34, 56, 'Apply Admission', 1, 30, 1, 'admission/apply', 1, 1, NULL, NULL),
(35, 56, 'Download Application', 2, 30, 1, 'admission/download', 1, 1, NULL, NULL),
(36, 56, 'Download Admitcard', 3, 30, 1, 'admission/admitcard', 1, 1, NULL, NULL),
(37, 56, 'Merit List', 4, 30, 1, 'admission/meritlist', 1, 1, NULL, NULL),
(38, 57, 'Home', 1, 0, 1, '/', 1, 1, NULL, NULL),
(39, 57, 'About Us', 2, 0, 2, '#', 1, 1, NULL, NULL),
(40, 57, 'Teachers', 3, 0, 1, 'teacher', 1, 1, NULL, NULL),
(41, 57, 'Events', 4, 0, 1, 'event', 1, 1, NULL, NULL),
(42, 57, 'Gallery', 5, 0, 1, 'gallery', 1, 1, NULL, NULL),
(43, 57, 'Admission', 6, 0, 2, '#', 1, 1, NULL, NULL),
(44, 57, 'Contact', 7, 0, 1, 'contact', 1, 1, NULL, NULL),
(45, 57, 'Committee', 1, 39, 1, 'committee', 1, 1, NULL, NULL),
(46, 57, 'Our School', 2, 39, 1, 'about', 1, 1, NULL, NULL),
(47, 57, 'Apply Admission', 1, 43, 1, 'admission/apply', 1, 1, NULL, NULL),
(48, 57, 'Download Application', 2, 43, 1, 'admission/download', 1, 1, NULL, NULL),
(49, 57, 'Download Admitcard', 3, 43, 1, 'admission/admitcard', 1, 1, NULL, NULL),
(50, 57, 'Merit List', 4, 43, 1, 'admission/meritlist', 1, 1, NULL, NULL),
(51, 58, 'Home', 1, 0, 1, '/', 1, 1, NULL, NULL),
(52, 58, 'About Us', 2, 0, 2, '#', 1, 1, NULL, NULL),
(53, 58, 'Teachers', 3, 0, 1, 'teacher', 1, 1, NULL, NULL),
(54, 58, 'Events', 4, 0, 1, 'event', 1, 1, NULL, NULL),
(55, 58, 'Gallery', 5, 0, 1, 'gallery', 1, 1, NULL, NULL),
(56, 58, 'Admission', 6, 0, 2, '#', 1, 1, NULL, NULL),
(57, 58, 'Contact', 7, 0, 1, 'contact', 1, 1, NULL, NULL),
(58, 58, 'Committee', 1, 52, 1, 'committee', 1, 1, NULL, NULL),
(59, 58, 'Our School', 2, 52, 1, 'about', 1, 1, NULL, NULL),
(60, 58, 'Apply Admission', 1, 56, 1, 'admission/apply', 1, 1, NULL, NULL),
(61, 58, 'Download Application', 2, 56, 1, 'admission/download', 1, 1, NULL, NULL),
(62, 58, 'Download Admitcard', 3, 56, 1, 'admission/admitcard', 1, 1, NULL, NULL),
(63, 58, 'Merit List', 4, 56, 1, 'admission/meritlist', 1, 1, NULL, NULL),
(64, 59, 'Home', 1, 0, 1, '/', 1, 1, NULL, NULL),
(65, 59, 'About Us', 2, 0, 2, '#', 1, 1, NULL, NULL),
(66, 59, 'Teachers', 3, 0, 1, 'teacher', 1, 1, NULL, NULL),
(67, 59, 'Events', 4, 0, 1, 'event', 1, 1, NULL, NULL),
(68, 59, 'Gallery', 5, 0, 1, 'gallery', 1, 1, NULL, NULL),
(69, 59, 'Admission', 6, 0, 2, '#', 1, 1, NULL, NULL),
(70, 59, 'Contact', 7, 0, 1, 'contact', 1, 1, NULL, NULL),
(71, 59, 'Committee', 1, 65, 1, 'committee', 1, 1, NULL, NULL),
(72, 59, 'Our School', 2, 65, 1, 'about', 1, 1, NULL, NULL),
(73, 59, 'Apply Admission', 1, 69, 1, 'admission/apply', 1, 1, NULL, NULL),
(74, 59, 'Download Application', 2, 69, 1, 'admission/download', 1, 1, NULL, NULL),
(75, 59, 'Download Admitcard', 3, 69, 1, 'admission/admitcard', 1, 1, NULL, NULL),
(76, 59, 'Merit List', 4, 69, 1, 'admission/meritlist', 1, 1, NULL, NULL),
(77, 60, 'Home', 1, 0, 1, '/', 1, 1, NULL, NULL),
(78, 60, 'About Us', 2, 0, 2, '#', 1, 1, NULL, NULL),
(79, 60, 'Teachers', 3, 0, 1, 'teacher', 1, 1, NULL, NULL),
(80, 60, 'Events', 4, 0, 1, 'event', 1, 1, NULL, NULL),
(81, 60, 'Gallery', 5, 0, 1, 'gallery', 1, 1, NULL, NULL),
(82, 60, 'Admission', 6, 0, 2, '#', 1, 1, NULL, NULL),
(83, 60, 'Contact', 7, 0, 1, 'contact', 1, 1, NULL, NULL),
(84, 60, 'Committee', 1, 78, 1, 'committee', 1, 1, NULL, NULL),
(85, 60, 'Our School', 2, 78, 1, 'about', 1, 1, NULL, NULL),
(86, 60, 'Apply Admission', 1, 82, 1, 'admission/apply', 1, 1, NULL, NULL),
(87, 60, 'Download Application', 2, 82, 1, 'admission/download', 1, 1, NULL, NULL),
(88, 60, 'Download Admitcard', 3, 82, 1, 'admission/admitcard', 1, 1, NULL, NULL),
(89, 60, 'Merit List', 4, 82, 1, 'admission/meritlist', 1, 1, NULL, NULL),
(90, 61, 'Home', 1, 0, 1, '/', 1, 1, NULL, NULL),
(91, 61, 'About Us', 2, 0, 2, '#', 1, 1, NULL, NULL),
(92, 61, 'Teachers', 3, 0, 1, 'teacher', 1, 1, NULL, NULL),
(93, 61, 'Events', 4, 0, 1, 'event', 1, 1, NULL, NULL),
(94, 61, 'Gallery', 5, 0, 1, 'gallery', 1, 1, NULL, NULL),
(95, 61, 'Admission', 6, 0, 2, '#', 1, 1, NULL, NULL),
(96, 61, 'Contact', 7, 0, 1, 'contact', 1, 1, NULL, NULL),
(97, 61, 'Committee', 1, 91, 1, 'committee', 1, 1, NULL, NULL),
(98, 61, 'Our School', 2, 91, 1, 'about', 1, 1, NULL, NULL),
(99, 61, 'Apply Admission', 1, 95, 1, 'admission/apply', 1, 1, NULL, NULL),
(100, 61, 'Download Application', 2, 95, 1, 'admission/download', 1, 1, NULL, NULL),
(101, 61, 'Download Admitcard', 3, 95, 1, 'admission/admitcard', 1, 1, NULL, NULL),
(102, 61, 'Merit List', 4, 95, 1, 'admission/meritlist', 1, 1, NULL, NULL),
(103, 62, 'Home', 1, 0, 1, '/', 1, 1, NULL, NULL),
(104, 62, 'About Us', 2, 0, 2, '#', 1, 1, NULL, NULL),
(105, 62, 'Teachers', 3, 0, 1, 'teacher', 1, 1, NULL, NULL),
(106, 62, 'Events', 4, 0, 1, 'event', 1, 1, NULL, NULL),
(107, 62, 'Gallery', 5, 0, 1, 'gallery', 1, 1, NULL, NULL),
(108, 62, 'Admission', 6, 0, 2, '#', 1, 1, NULL, NULL),
(109, 62, 'Contact', 7, 0, 1, 'contact', 1, 1, NULL, NULL),
(110, 62, 'Committee', 1, 104, 1, 'committee', 1, 1, NULL, NULL),
(111, 62, 'Our School', 2, 104, 1, 'about', 1, 1, NULL, NULL),
(112, 62, 'Apply Admission', 1, 108, 1, 'admission/apply', 1, 1, NULL, NULL),
(113, 62, 'Download Application', 2, 108, 1, 'admission/download', 1, 1, NULL, NULL),
(114, 62, 'Download Admitcard', 3, 108, 1, 'admission/admitcard', 1, 1, NULL, NULL),
(115, 62, 'Merit List', 4, 108, 1, 'admission/meritlist', 1, 1, NULL, NULL),
(116, 63, 'Home', 1, 0, 1, '/', 1, 1, NULL, NULL),
(117, 63, 'About Us', 2, 0, 2, '#', 1, 1, NULL, NULL),
(118, 63, 'Teachers', 3, 0, 1, 'teacher', 1, 1, NULL, NULL),
(119, 63, 'Events', 4, 0, 1, 'event', 1, 1, NULL, NULL),
(120, 63, 'Gallery', 5, 0, 1, 'gallery', 1, 1, NULL, NULL),
(121, 63, 'Admission', 6, 0, 2, '#', 1, 1, NULL, NULL),
(122, 63, 'Contact', 7, 0, 1, 'contact', 1, 1, NULL, NULL),
(123, 63, 'Committee', 1, 117, 1, 'committee', 1, 1, NULL, NULL),
(124, 63, 'Our School', 2, 117, 1, 'about', 1, 1, NULL, NULL),
(125, 63, 'Apply Admission', 1, 121, 1, 'admission/apply', 1, 1, NULL, NULL),
(126, 63, 'Download Application', 2, 121, 1, 'admission/download', 1, 1, NULL, NULL),
(127, 63, 'Download Admitcard', 3, 121, 1, 'admission/admitcard', 1, 1, NULL, NULL),
(128, 63, 'Merit List', 4, 121, 1, 'admission/meritlist', 1, 1, NULL, NULL),
(129, 64, 'Home', 1, 0, 1, '/', 1, 1, NULL, NULL),
(130, 64, 'About Us', 2, 0, 2, '#', 1, 1, NULL, NULL),
(131, 64, 'Teachers', 3, 0, 1, 'teacher', 1, 1, NULL, NULL),
(132, 64, 'Events', 4, 0, 1, 'event', 1, 1, NULL, NULL),
(133, 64, 'Gallery', 5, 0, 1, 'gallery', 1, 1, NULL, NULL),
(134, 64, 'Admission', 6, 0, 2, '#', 1, 1, NULL, NULL),
(135, 64, 'Contact', 7, 0, 1, 'contact', 1, 1, NULL, NULL),
(136, 64, 'Committee', 1, 130, 1, 'committee', 1, 1, NULL, NULL),
(137, 64, 'Our School', 2, 130, 1, 'about', 1, 1, NULL, NULL),
(138, 64, 'Apply Admission', 1, 134, 1, 'admission/apply', 1, 1, NULL, NULL),
(139, 64, 'Download Application', 2, 134, 1, 'admission/download', 1, 1, NULL, NULL),
(140, 64, 'Download Admitcard', 3, 134, 1, 'admission/admitcard', 1, 1, NULL, NULL),
(141, 64, 'Merit List', 4, 134, 1, 'admission/meritlist', 1, 1, NULL, NULL),
(142, 65, 'Home', 1, 0, 1, '/', 1, 1, NULL, NULL),
(143, 65, 'About Us', 2, 0, 2, '#', 1, 1, NULL, NULL),
(144, 65, 'Teachers', 3, 0, 1, 'teacher', 1, 1, NULL, NULL),
(145, 65, 'Events', 4, 0, 1, 'event', 1, 1, NULL, NULL),
(146, 65, 'Gallery', 5, 0, 1, 'gallery', 1, 1, NULL, NULL),
(147, 65, 'Admission', 6, 0, 2, '#', 1, 1, NULL, NULL),
(148, 65, 'Contact', 7, 0, 1, 'contact', 1, 1, NULL, NULL),
(149, 65, 'Committee', 1, 143, 1, 'committee', 1, 1, NULL, NULL),
(150, 65, 'Our School', 2, 143, 1, 'about', 1, 1, NULL, NULL),
(151, 65, 'Apply Admission', 1, 147, 1, 'admission/apply', 1, 1, NULL, NULL),
(152, 65, 'Download Application', 2, 147, 1, 'admission/download', 1, 1, NULL, NULL),
(153, 65, 'Download Admitcard', 3, 147, 1, 'admission/admitcard', 1, 1, NULL, NULL),
(154, 65, 'Merit List', 4, 147, 1, 'admission/meritlist', 1, 1, NULL, NULL),
(155, 66, 'Home', 1, 0, 1, '/', 1, 1, NULL, NULL),
(156, 66, 'About Us', 2, 0, 2, '#', 1, 1, NULL, NULL),
(157, 66, 'Teachers', 3, 0, 1, 'teacher', 1, 1, NULL, NULL),
(158, 66, 'Events', 4, 0, 1, 'event', 1, 1, NULL, NULL),
(159, 66, 'Gallery', 5, 0, 1, 'gallery', 1, 1, NULL, NULL),
(160, 66, 'Admission', 6, 0, 2, '#', 1, 1, NULL, NULL),
(161, 66, 'Contact', 7, 0, 1, 'contact', 1, 1, NULL, NULL),
(162, 66, 'Committee', 1, 156, 1, 'committee', 1, 1, NULL, NULL),
(163, 66, 'Our School', 2, 156, 1, 'about', 1, 1, NULL, NULL),
(164, 66, 'Apply Admission', 1, 160, 1, 'admission/apply', 1, 1, NULL, NULL),
(165, 66, 'Download Application', 2, 160, 1, 'admission/download', 1, 1, NULL, NULL),
(166, 66, 'Download Admitcard', 3, 160, 1, 'admission/admitcard', 1, 1, NULL, NULL),
(167, 66, 'Merit List', 4, 160, 1, 'admission/meritlist', 1, 1, NULL, NULL),
(168, 67, 'Home', 1, 0, 1, '/', 1, 1, NULL, NULL),
(169, 67, 'About Us', 2, 0, 2, '#', 1, 1, NULL, NULL),
(170, 67, 'Teachers', 3, 0, 1, 'teacher', 1, 1, NULL, NULL),
(171, 67, 'Events', 4, 0, 1, 'event', 1, 1, NULL, NULL),
(172, 67, 'Gallery', 5, 0, 1, 'gallery', 1, 1, NULL, NULL),
(173, 67, 'Admission', 6, 0, 2, '#', 1, 1, NULL, NULL),
(174, 67, 'Contact', 7, 0, 1, 'contact', 1, 1, NULL, NULL),
(175, 67, 'Committee', 1, 169, 1, 'committee', 1, 1, NULL, NULL),
(176, 67, 'Our School', 2, 169, 1, 'about', 1, 1, NULL, NULL),
(177, 67, 'Apply Admission', 1, 173, 1, 'admission/apply', 1, 1, NULL, NULL),
(178, 67, 'Download Application', 2, 173, 1, 'admission/download', 1, 1, NULL, NULL),
(179, 67, 'Download Admitcard', 3, 173, 1, 'admission/admitcard', 1, 1, NULL, NULL),
(180, 67, 'Merit List', 4, 173, 1, 'admission/meritlist', 1, 1, NULL, NULL),
(181, 68, 'Home', 1, 0, 1, '/', 1, 1, NULL, NULL),
(182, 68, 'About Us', 2, 0, 2, '#', 1, 1, NULL, NULL),
(183, 68, 'Teachers', 3, 0, 1, 'teacher', 1, 1, NULL, NULL),
(184, 68, 'Events', 4, 0, 1, 'event', 1, 1, NULL, NULL),
(185, 68, 'Gallery', 5, 0, 1, 'gallery', 1, 1, NULL, NULL),
(186, 68, 'Admission', 6, 0, 2, '#', 1, 1, NULL, NULL),
(187, 68, 'Contact', 7, 0, 1, 'contact', 1, 1, NULL, NULL),
(188, 68, 'Committee', 1, 182, 1, 'committee', 1, 1, NULL, NULL),
(189, 68, 'Our School', 2, 182, 1, 'about', 1, 1, NULL, NULL),
(190, 68, 'Apply Admission', 1, 186, 1, 'admission/apply', 1, 1, NULL, NULL),
(191, 68, 'Download Application', 2, 186, 1, 'admission/download', 1, 1, NULL, NULL),
(192, 68, 'Download Admitcard', 3, 186, 1, 'admission/admitcard', 1, 1, NULL, NULL),
(193, 68, 'Merit List', 4, 186, 1, 'admission/meritlist', 1, 1, NULL, NULL),
(194, 69, 'Home', 1, 0, 1, '/', 1, 1, NULL, NULL),
(195, 69, 'About Us', 2, 0, 2, '#', 1, 1, NULL, NULL),
(196, 69, 'Teachers', 3, 0, 1, 'teacher', 1, 1, NULL, NULL),
(197, 69, 'Events', 4, 0, 1, 'event', 1, 1, NULL, NULL),
(198, 69, 'Gallery', 5, 0, 1, 'gallery', 1, 1, NULL, NULL),
(199, 69, 'Admission', 6, 0, 2, '#', 1, 1, NULL, NULL),
(200, 69, 'Contact', 7, 0, 1, 'contact', 1, 1, NULL, NULL),
(201, 69, 'Committee', 1, 195, 1, 'committee', 1, 1, NULL, NULL),
(202, 69, 'Our School', 2, 195, 1, 'about', 1, 1, NULL, NULL),
(203, 69, 'Apply Admission', 1, 199, 1, 'admission/apply', 1, 1, NULL, NULL),
(204, 69, 'Download Application', 2, 199, 1, 'admission/download', 1, 1, NULL, NULL),
(205, 69, 'Download Admitcard', 3, 199, 1, 'admission/admitcard', 1, 1, NULL, NULL),
(206, 69, 'Merit List', 4, 199, 1, 'admission/meritlist', 1, 1, NULL, NULL),
(207, 70, 'Home', 1, 0, 1, '/', 1, 1, NULL, NULL),
(208, 70, 'About Us', 2, 0, 2, '#', 1, 1, NULL, NULL),
(209, 70, 'Teachers', 3, 0, 1, 'teacher', 1, 1, NULL, NULL),
(210, 70, 'Events', 4, 0, 1, 'event', 1, 1, NULL, NULL),
(211, 70, 'Gallery', 5, 0, 1, 'gallery', 1, 1, NULL, NULL),
(212, 70, 'Admission', 6, 0, 2, '#', 1, 1, NULL, NULL),
(213, 70, 'Contact', 7, 0, 1, 'contact', 1, 1, NULL, NULL),
(214, 70, 'Committee', 1, 208, 1, 'committee', 1, 1, NULL, NULL),
(215, 70, 'Our School', 2, 208, 1, 'about', 1, 1, NULL, NULL),
(216, 70, 'Apply Admission', 1, 212, 1, 'admission/apply', 1, 1, NULL, NULL),
(217, 70, 'Download Application', 2, 212, 1, 'admission/download', 1, 1, NULL, NULL),
(218, 70, 'Download Admitcard', 3, 212, 1, 'admission/admitcard', 1, 1, NULL, NULL),
(219, 70, 'Merit List', 4, 212, 1, 'admission/meritlist', 1, 1, NULL, NULL),
(220, 71, 'Home', 1, 0, 1, '/', 1, 1, NULL, NULL),
(221, 71, 'About Us', 2, 0, 2, '#', 1, 1, NULL, NULL),
(222, 71, 'Teachers', 3, 0, 1, 'teacher', 1, 1, NULL, NULL),
(223, 71, 'Events', 4, 0, 1, 'event', 1, 1, NULL, NULL),
(224, 71, 'Gallery', 5, 0, 1, 'gallery', 1, 1, NULL, NULL),
(225, 71, 'Admission', 6, 0, 2, '#', 1, 1, NULL, NULL),
(226, 71, 'Contact', 7, 0, 1, 'contact', 1, 1, NULL, NULL),
(227, 71, 'Committee', 1, 221, 1, 'committee', 1, 1, NULL, NULL),
(228, 71, 'Our School', 2, 221, 1, 'about', 1, 1, NULL, NULL),
(229, 71, 'Apply Admission', 1, 225, 1, 'admission/apply', 1, 1, NULL, NULL),
(230, 71, 'Download Application', 2, 225, 1, 'admission/download', 1, 1, NULL, NULL),
(231, 71, 'Download Admitcard', 3, 225, 1, 'admission/admitcard', 1, 1, NULL, NULL),
(232, 71, 'Merit List', 4, 225, 1, 'admission/meritlist', 1, 1, NULL, NULL),
(233, 72, 'Home', 1, 0, 1, '/', 1, 1, NULL, NULL),
(234, 72, 'About Us', 2, 0, 2, '#', 1, 1, NULL, NULL),
(235, 72, 'Teachers', 3, 0, 1, 'teacher', 1, 1, NULL, NULL),
(236, 72, 'Events', 4, 0, 1, 'event', 1, 1, NULL, NULL),
(237, 72, 'Gallery', 5, 0, 1, 'gallery', 1, 1, NULL, NULL),
(238, 72, 'Admission', 6, 0, 2, '#', 1, 1, NULL, NULL),
(239, 72, 'Contact', 7, 0, 1, 'contact', 1, 1, NULL, NULL),
(240, 72, 'Committee', 1, 234, 1, 'committee', 1, 1, NULL, NULL),
(241, 72, 'Our School', 2, 234, 1, 'about', 1, 1, NULL, NULL),
(242, 72, 'Apply Admission', 1, 238, 1, 'admission/apply', 1, 1, NULL, NULL),
(243, 72, 'Download Application', 2, 238, 1, 'admission/download', 1, 1, NULL, NULL),
(244, 72, 'Download Admitcard', 3, 238, 1, 'admission/admitcard', 1, 1, NULL, NULL),
(245, 72, 'Merit List', 4, 238, 1, 'admission/meritlist', 1, 1, NULL, NULL),
(246, 73, 'Home', 1, 0, 1, '/', 1, 1, NULL, NULL),
(247, 73, 'About Us', 2, 0, 2, '#', 1, 1, NULL, NULL),
(248, 73, 'Teachers', 3, 0, 1, 'teacher', 1, 1, NULL, NULL),
(249, 73, 'Events', 4, 0, 1, 'event', 1, 1, NULL, NULL),
(250, 73, 'Gallery', 5, 0, 1, 'gallery', 1, 1, NULL, NULL),
(251, 73, 'Admission', 6, 0, 2, '#', 1, 1, NULL, NULL),
(252, 73, 'Contact', 7, 0, 1, 'contact', 1, 1, NULL, NULL),
(253, 73, 'Committee', 1, 247, 1, 'committee', 1, 1, NULL, NULL),
(254, 73, 'Our School', 2, 247, 1, 'about', 1, 1, NULL, NULL),
(255, 73, 'Apply Admission', 1, 251, 1, 'admission/apply', 1, 1, NULL, NULL),
(256, 73, 'Download Application', 2, 251, 1, 'admission/download', 1, 1, NULL, NULL),
(257, 73, 'Download Admitcard', 3, 251, 1, 'admission/admitcard', 1, 1, NULL, NULL),
(258, 73, 'Merit List', 4, 251, 1, 'admission/meritlist', 1, 1, NULL, NULL),
(259, 74, 'Home', 1, 0, 1, '/', 1, 1, NULL, NULL),
(260, 74, 'About Us', 2, 0, 2, '#', 1, 1, NULL, NULL),
(261, 74, 'Teachers', 3, 0, 1, 'teacher', 1, 1, NULL, NULL),
(262, 74, 'Events', 4, 0, 1, 'event', 1, 1, NULL, NULL),
(263, 74, 'Gallery', 5, 0, 1, 'gallery', 1, 1, NULL, NULL),
(264, 74, 'Admission', 6, 0, 2, '#', 1, 1, NULL, NULL),
(265, 74, 'Contact', 7, 0, 1, 'contact', 1, 1, NULL, NULL),
(266, 74, 'Committee', 1, 260, 1, 'committee', 1, 1, NULL, NULL),
(267, 74, 'Our School', 2, 260, 1, 'about', 1, 1, NULL, NULL),
(268, 74, 'Apply Admission', 1, 264, 1, 'admission/apply', 1, 1, NULL, NULL),
(269, 74, 'Download Application', 2, 264, 1, 'admission/download', 1, 1, NULL, NULL),
(270, 74, 'Download Admitcard', 3, 264, 1, 'admission/admitcard', 1, 1, NULL, NULL),
(271, 74, 'Merit List', 4, 264, 1, 'admission/meritlist', 1, 1, NULL, NULL),
(272, 75, 'Home', 1, 0, 1, '/', 1, 1, NULL, NULL),
(273, 75, 'About Us', 2, 0, 2, '#', 1, 1, NULL, NULL),
(274, 75, 'Teachers', 3, 0, 1, 'teacher', 1, 1, NULL, NULL),
(275, 75, 'Events', 4, 0, 1, 'event', 1, 1, NULL, NULL),
(276, 75, 'Gallery', 5, 0, 1, 'gallery', 1, 1, NULL, NULL),
(277, 75, 'Admission', 6, 0, 2, '#', 1, 1, NULL, NULL),
(278, 75, 'Contact', 7, 0, 1, 'contact', 1, 1, NULL, NULL),
(279, 75, 'Committee', 1, 273, 1, 'committee', 1, 1, NULL, NULL),
(280, 75, 'Our School', 2, 273, 1, 'about', 1, 1, NULL, NULL),
(281, 75, 'Apply Admission', 1, 277, 1, 'admission/apply', 1, 1, NULL, NULL),
(282, 75, 'Download Application', 2, 277, 1, 'admission/download', 1, 1, NULL, NULL),
(283, 75, 'Download Admitcard', 3, 277, 1, 'admission/admitcard', 1, 1, NULL, NULL),
(284, 75, 'Merit List', 4, 277, 1, 'admission/meritlist', 1, 1, NULL, NULL),
(285, 76, 'Home', 1, 0, 1, '/', 1, 1, NULL, NULL),
(286, 76, 'About Us', 2, 0, 2, '#', 1, 1, NULL, NULL),
(287, 76, 'Teachers', 3, 0, 1, 'teacher', 1, 1, NULL, NULL),
(288, 76, 'Events', 4, 0, 1, 'event', 1, 1, NULL, NULL),
(289, 76, 'Gallery', 5, 0, 1, 'gallery', 1, 1, NULL, NULL),
(290, 76, 'Admission', 6, 0, 2, '#', 1, 1, NULL, NULL),
(291, 76, 'Contact', 7, 0, 1, 'contact', 1, 1, NULL, NULL),
(292, 76, 'Committee', 1, 286, 1, 'committee', 1, 1, NULL, NULL),
(293, 76, 'Our School', 2, 286, 1, 'about', 1, 1, NULL, NULL),
(294, 76, 'Apply Admission', 1, 290, 1, 'admission/apply', 1, 1, NULL, NULL),
(295, 76, 'Download Application', 2, 290, 1, 'admission/download', 1, 1, NULL, NULL),
(296, 76, 'Download Admitcard', 3, 290, 1, 'admission/admitcard', 1, 1, NULL, NULL),
(297, 76, 'Merit List', 4, 290, 1, 'admission/meritlist', 1, 1, NULL, NULL),
(298, 77, 'Home', 1, 0, 1, '/', 1, 1, NULL, NULL),
(299, 77, 'About Us', 2, 0, 2, '#', 1, 1, NULL, NULL),
(300, 77, 'Teachers', 3, 0, 1, 'teacher', 1, 1, NULL, NULL),
(301, 77, 'Events', 4, 0, 1, 'event', 1, 1, NULL, NULL),
(302, 77, 'Gallery', 5, 0, 1, 'gallery', 1, 1, NULL, NULL),
(303, 77, 'Admission', 6, 0, 2, '#', 1, 1, NULL, NULL),
(304, 77, 'Contact', 7, 0, 1, 'contact', 1, 1, NULL, NULL),
(305, 77, 'Committee', 1, 299, 1, 'committee', 1, 1, NULL, NULL),
(306, 77, 'Our School', 2, 299, 1, 'about', 1, 1, NULL, NULL),
(307, 77, 'Apply Admission', 1, 303, 1, 'admission/apply', 1, 1, NULL, NULL),
(308, 77, 'Download Application', 2, 303, 1, 'admission/download', 1, 1, NULL, NULL),
(309, 77, 'Download Admitcard', 3, 303, 1, 'admission/admitcard', 1, 1, NULL, NULL),
(310, 77, 'Merit List', 4, 303, 1, 'admission/meritlist', 1, 1, NULL, NULL),
(311, 78, 'Home', 1, 0, 1, '/', 1, 1, NULL, NULL),
(312, 78, 'About Us', 2, 0, 2, '#', 1, 1, NULL, NULL),
(313, 78, 'Teachers', 3, 0, 1, 'teacher', 1, 1, NULL, NULL),
(314, 78, 'Events', 4, 0, 1, 'event', 1, 1, NULL, NULL),
(315, 78, 'Gallery', 5, 0, 1, 'gallery', 1, 1, NULL, NULL),
(316, 78, 'Admission', 6, 0, 2, '#', 1, 1, NULL, NULL),
(317, 78, 'Contact', 7, 0, 1, 'contact', 1, 1, NULL, NULL),
(318, 78, 'Committee', 1, 312, 1, 'committee', 1, 1, NULL, NULL),
(319, 78, 'Our School', 2, 312, 1, 'about', 1, 1, NULL, NULL),
(320, 78, 'Apply Admission', 1, 316, 1, 'admission/apply', 1, 1, NULL, NULL),
(321, 78, 'Download Application', 2, 316, 1, 'admission/download', 1, 1, NULL, NULL),
(322, 78, 'Download Admitcard', 3, 316, 1, 'admission/admitcard', 1, 1, NULL, NULL),
(323, 78, 'Merit List', 4, 316, 1, 'admission/meritlist', 1, 1, NULL, NULL),
(324, 79, 'Home', 1, 0, 1, '/', 1, 1, NULL, NULL),
(325, 79, 'About Us', 2, 0, 2, '#', 1, 1, NULL, NULL),
(326, 79, 'Teachers', 3, 0, 1, 'teacher', 1, 1, NULL, NULL),
(327, 79, 'Events', 4, 0, 1, 'event', 1, 1, NULL, NULL),
(328, 79, 'Gallery', 5, 0, 1, 'gallery', 1, 1, NULL, NULL),
(329, 79, 'Admission', 6, 0, 2, '#', 1, 1, NULL, NULL),
(330, 79, 'Contact', 7, 0, 1, 'contact', 1, 1, NULL, NULL),
(331, 79, 'Committee', 1, 325, 1, 'committee', 1, 1, NULL, NULL),
(332, 79, 'Our School', 2, 325, 1, 'about', 1, 1, NULL, NULL),
(333, 79, 'Apply Admission', 1, 329, 1, 'admission/apply', 1, 1, NULL, NULL),
(334, 79, 'Download Application', 2, 329, 1, 'admission/download', 1, 1, NULL, NULL),
(335, 79, 'Download Admitcard', 3, 329, 1, 'admission/admitcard', 1, 1, NULL, NULL),
(336, 79, 'Merit List', 4, 329, 1, 'admission/meritlist', 1, 1, NULL, NULL),
(337, 80, 'Home', 1, 0, 1, '/', 1, 1, NULL, NULL),
(338, 80, 'About Us', 2, 0, 2, '#', 1, 1, NULL, NULL),
(339, 80, 'Teachers', 3, 0, 1, 'teacher', 1, 1, NULL, NULL),
(340, 80, 'Events', 4, 0, 1, 'event', 1, 1, NULL, NULL),
(341, 80, 'Gallery', 5, 0, 1, 'gallery', 1, 1, NULL, NULL),
(342, 80, 'Admission', 6, 0, 2, '#', 1, 1, NULL, NULL),
(343, 80, 'Contact', 7, 0, 1, 'contact', 1, 1, NULL, NULL),
(344, 80, 'Committee', 1, 338, 1, 'committee', 1, 1, NULL, NULL),
(345, 80, 'Our School', 2, 338, 1, 'about', 1, 1, NULL, NULL),
(346, 80, 'Apply Admission', 1, 342, 1, 'admission/apply', 1, 1, NULL, NULL),
(347, 80, 'Download Application', 2, 342, 1, 'admission/download', 1, 1, NULL, NULL),
(348, 80, 'Download Admitcard', 3, 342, 1, 'admission/admitcard', 1, 1, NULL, NULL),
(349, 80, 'Merit List', 4, 342, 1, 'admission/meritlist', 1, 1, NULL, NULL),
(350, 81, 'Home', 1, 0, 1, '/', 1, 1, NULL, NULL),
(351, 81, 'About Us', 2, 0, 2, '#', 1, 1, NULL, NULL),
(352, 81, 'Teachers', 3, 0, 1, 'teacher', 1, 1, NULL, NULL),
(353, 81, 'Events', 4, 0, 1, 'event', 1, 1, NULL, NULL),
(354, 81, 'Gallery', 5, 0, 1, 'gallery', 1, 1, NULL, NULL),
(355, 81, 'Admission', 6, 0, 2, '#', 1, 1, NULL, NULL),
(356, 81, 'Contact', 7, 0, 1, 'contact', 1, 1, NULL, NULL),
(357, 81, 'Committee', 1, 351, 1, 'committee', 1, 1, NULL, NULL),
(358, 81, 'Our School', 2, 351, 1, 'about', 1, 1, NULL, NULL),
(359, 81, 'Apply Admission', 1, 355, 1, 'admission/apply', 1, 1, NULL, NULL),
(360, 81, 'Download Application', 2, 355, 1, 'admission/download', 1, 1, NULL, NULL),
(361, 81, 'Download Admitcard', 3, 355, 1, 'admission/admitcard', 1, 1, NULL, NULL),
(362, 81, 'Merit List', 4, 355, 1, 'admission/meritlist', 1, 1, NULL, NULL),
(363, 82, 'Home', 1, 0, 1, '/', 1, 1, NULL, NULL),
(364, 82, 'About Us', 2, 0, 2, '#', 1, 1, NULL, NULL),
(365, 82, 'Teachers', 3, 0, 1, 'teacher', 1, 1, NULL, NULL),
(366, 82, 'Events', 4, 0, 1, 'event', 1, 1, NULL, NULL),
(367, 82, 'Gallery', 5, 0, 1, 'gallery', 1, 1, NULL, NULL),
(368, 82, 'Admission', 6, 0, 2, '#', 1, 1, NULL, NULL),
(369, 82, 'Contact', 7, 0, 1, 'contact', 1, 1, NULL, NULL),
(370, 82, 'Committee', 1, 364, 1, 'committee', 1, 1, NULL, NULL),
(371, 82, 'Our School', 2, 364, 1, 'about', 1, 1, NULL, NULL),
(372, 82, 'Apply Admission', 1, 368, 1, 'admission/apply', 1, 1, NULL, NULL),
(373, 82, 'Download Application', 2, 368, 1, 'admission/download', 1, 1, NULL, NULL),
(374, 82, 'Download Admitcard', 3, 368, 1, 'admission/admitcard', 1, 1, NULL, NULL),
(375, 82, 'Merit List', 4, 368, 1, 'admission/meritlist', 1, 1, NULL, NULL),
(376, 83, 'Home', 1, 0, 1, '/', 1, 1, NULL, NULL),
(377, 83, 'About Us', 2, 0, 2, '#', 1, 1, NULL, NULL),
(378, 83, 'Teachers', 3, 0, 1, 'teacher', 1, 1, NULL, NULL),
(379, 83, 'Events', 4, 0, 1, 'event', 1, 1, NULL, NULL),
(380, 83, 'Gallery', 5, 0, 1, 'gallery', 1, 1, NULL, NULL),
(381, 83, 'Admission', 6, 0, 2, '#', 1, 1, NULL, NULL),
(382, 83, 'Contact', 7, 0, 1, 'contact', 1, 1, NULL, NULL),
(383, 83, 'Committee', 1, 377, 1, 'committee', 1, 1, NULL, NULL),
(384, 83, 'Our School', 2, 377, 1, 'about', 1, 1, NULL, NULL),
(385, 83, 'Apply Admission', 1, 381, 1, 'admission/apply', 1, 1, NULL, NULL),
(386, 83, 'Download Application', 2, 381, 1, 'admission/download', 1, 1, NULL, NULL),
(387, 83, 'Download Admitcard', 3, 381, 1, 'admission/admitcard', 1, 1, NULL, NULL),
(388, 83, 'Merit List', 4, 381, 1, 'admission/meritlist', 1, 1, NULL, NULL),
(389, 84, 'Home', 1, 0, 1, '/', 1, 1, NULL, NULL),
(390, 84, 'About Us', 2, 0, 2, '#', 1, 1, NULL, NULL),
(391, 84, 'Teachers', 3, 0, 1, 'teacher', 1, 1, NULL, NULL),
(392, 84, 'Events', 4, 0, 1, 'event', 1, 1, NULL, NULL),
(393, 84, 'Gallery', 5, 0, 1, 'gallery', 1, 1, NULL, NULL),
(394, 84, 'Admission', 6, 0, 2, '#', 1, 1, NULL, NULL),
(395, 84, 'Contact', 7, 0, 1, 'contact', 1, 1, NULL, NULL),
(396, 84, 'Committee', 1, 390, 1, 'committee', 1, 1, NULL, NULL),
(397, 84, 'Our School', 2, 390, 1, 'about', 1, 1, NULL, NULL),
(398, 84, 'Apply Admission', 1, 394, 1, 'admission/apply', 1, 1, NULL, NULL),
(399, 84, 'Download Application', 2, 394, 1, 'admission/download', 1, 1, NULL, NULL),
(400, 84, 'Download Admitcard', 3, 394, 1, 'admission/admitcard', 1, 1, NULL, NULL),
(401, 84, 'Merit List', 4, 394, 1, 'admission/meritlist', 1, 1, NULL, NULL),
(402, 85, 'Home', 1, 0, 1, '/', 1, 1, NULL, NULL),
(403, 85, 'About Us', 2, 0, 2, '#', 1, 1, NULL, NULL),
(404, 85, 'Teachers', 3, 0, 1, 'teacher', 1, 1, NULL, NULL),
(405, 85, 'Events', 4, 0, 1, 'event', 1, 1, NULL, NULL),
(406, 85, 'Gallery', 5, 0, 1, 'gallery', 1, 1, NULL, NULL),
(407, 85, 'Admission', 6, 0, 2, '#', 1, 1, NULL, NULL),
(408, 85, 'Contact', 7, 0, 1, 'contact', 1, 1, NULL, NULL),
(409, 85, 'Committee', 1, 403, 1, 'committee', 1, 1, NULL, NULL),
(410, 85, 'Our School', 2, 403, 1, 'about', 1, 1, NULL, NULL),
(411, 85, 'Apply Admission', 1, 407, 1, 'admission/apply', 1, 1, NULL, NULL),
(412, 85, 'Download Application', 2, 407, 1, 'admission/download', 1, 1, NULL, NULL),
(413, 85, 'Download Admitcard', 3, 407, 1, 'admission/admitcard', 1, 1, NULL, NULL),
(414, 85, 'Merit List', 4, 407, 1, 'admission/meritlist', 1, 1, NULL, NULL),
(415, 86, 'Home', 1, 0, 1, '/', 1, 1, NULL, NULL),
(416, 86, 'About Us', 2, 0, 2, '#', 1, 1, NULL, NULL),
(417, 86, 'Teachers', 3, 0, 1, 'teacher', 1, 1, NULL, NULL),
(418, 86, 'Events', 4, 0, 1, 'event', 1, 1, NULL, NULL),
(419, 86, 'Gallery', 5, 0, 1, 'gallery', 1, 1, NULL, NULL),
(420, 86, 'Admission', 6, 0, 2, '#', 1, 1, NULL, NULL),
(421, 86, 'Contact', 7, 0, 1, 'contact', 1, 1, NULL, NULL),
(422, 86, 'Committee', 1, 416, 1, 'committee', 1, 1, NULL, NULL),
(423, 86, 'Our School', 2, 416, 1, 'about', 1, 1, NULL, NULL),
(424, 86, 'Apply Admission', 1, 420, 1, 'admission/apply', 1, 1, NULL, NULL),
(425, 86, 'Download Application', 2, 420, 1, 'admission/download', 1, 1, NULL, NULL),
(426, 86, 'Download Admitcard', 3, 420, 1, 'admission/admitcard', 1, 1, NULL, NULL),
(427, 86, 'Merit List', 4, 420, 1, 'admission/meritlist', 1, 1, NULL, NULL),
(429, 87, 'Home', 1, 0, 1, '/', 1, 1, NULL, NULL),
(430, 87, 'About Us', 2, 0, 2, '#', 1, 1, NULL, NULL),
(431, 87, 'Teachers', 3, 0, 1, 'teacher', 1, 1, NULL, NULL),
(432, 87, 'Events', 4, 0, 1, 'event', 1, 1, NULL, NULL),
(433, 87, 'Gallery', 5, 0, 1, 'gallery', 1, 1, NULL, NULL),
(434, 87, 'Admission', 6, 0, 2, '#', 1, 1, NULL, NULL),
(435, 87, 'Contact', 7, 0, 1, 'contact', 1, 1, NULL, NULL),
(436, 87, 'Committee', 1, 430, 1, 'committee', 1, 1, NULL, NULL),
(437, 87, 'Our School', 2, 430, 1, 'about', 1, 1, NULL, NULL),
(438, 87, 'Apply Admission', 1, 434, 1, 'admission/apply', 1, 1, NULL, NULL),
(439, 87, 'Download Application', 2, 434, 1, 'admission/download', 1, 1, NULL, NULL),
(440, 87, 'Verify Application', 3, 434, 1, 'admission/verify', 1, 1, NULL, NULL),
(441, 87, 'Download Application', 4, 434, 1, 'admission/admitcard', 1, 1, NULL, NULL),
(442, 87, 'Merit List', 5, 434, 1, 'admission/meritlist', 1, 1, NULL, NULL),
(443, 88, 'Home', 1, 0, 1, '/', 1, 1, NULL, NULL),
(444, 88, 'About Us', 2, 0, 2, '#', 1, 1, NULL, NULL),
(445, 88, 'Teachers', 3, 0, 1, 'teacher', 1, 1, NULL, NULL),
(446, 88, 'Events', 4, 0, 1, 'event', 1, 1, NULL, NULL),
(447, 88, 'Gallery', 5, 0, 1, 'gallery', 1, 1, NULL, NULL),
(448, 88, 'Admission', 6, 0, 2, '#', 1, 1, NULL, NULL),
(449, 88, 'Contact', 7, 0, 1, 'contact', 1, 1, NULL, NULL),
(450, 88, 'Committee', 1, 444, 1, 'committee', 1, 1, NULL, NULL),
(451, 88, 'Our School', 2, 444, 1, 'about', 1, 1, NULL, NULL),
(452, 88, 'Apply Admission', 1, 448, 1, 'admission/apply', 1, 1, NULL, NULL),
(453, 88, 'Download Application', 2, 448, 1, 'admission/download', 1, 1, NULL, NULL),
(454, 88, 'Verify Application', 3, 448, 1, 'admission/verify', 1, 1, NULL, NULL),
(455, 88, 'Download Application', 4, 448, 1, 'admission/admitcard', 1, 1, NULL, NULL),
(456, 88, 'Merit List', 5, 448, 1, 'admission/meritlist', 1, 1, NULL, NULL),
(457, 89, 'Home', 1, 0, 1, '/', 1, 1, NULL, NULL),
(458, 89, 'About Us', 2, 0, 2, '#', 1, 1, NULL, NULL),
(459, 89, 'Teachers', 3, 0, 1, 'teacher', 1, 1, NULL, NULL),
(460, 89, 'Events', 4, 0, 1, 'event', 1, 1, NULL, NULL),
(461, 89, 'Gallery', 5, 0, 1, 'gallery', 1, 1, NULL, NULL),
(462, 89, 'Admission', 6, 0, 2, '#', 1, 1, NULL, NULL),
(463, 89, 'Contact', 7, 0, 1, 'contact', 1, 1, NULL, NULL),
(464, 89, 'Committee', 1, 458, 1, 'committee', 1, 1, NULL, NULL),
(465, 89, 'Our School', 2, 458, 1, 'about', 1, 1, NULL, NULL),
(466, 89, 'Apply Admission', 1, 462, 1, 'admission/apply', 1, 1, NULL, NULL),
(467, 89, 'Download Application', 2, 462, 1, 'admission/download', 1, 1, NULL, NULL),
(468, 89, 'Verify Application', 3, 462, 1, 'admission/verify', 1, 1, NULL, NULL),
(469, 89, 'Download Application', 4, 462, 1, 'admission/admitcard', 1, 1, NULL, NULL),
(470, 89, 'Merit List', 5, 462, 1, 'admission/meritlist', 1, 1, NULL, NULL),
(471, 90, 'Home', 1, 0, 1, '/', 1, 1, NULL, NULL),
(472, 90, 'About Us', 2, 0, 2, '#', 1, 1, NULL, NULL),
(473, 90, 'Teachers', 3, 0, 1, 'teacher', 1, 1, NULL, NULL),
(474, 90, 'Events', 4, 0, 1, 'event', 1, 1, NULL, NULL),
(475, 90, 'Gallery', 5, 0, 1, 'gallery', 1, 1, NULL, NULL),
(476, 90, 'Admission', 6, 0, 2, '#', 1, 1, NULL, NULL),
(477, 90, 'Contact', 7, 0, 1, 'contact', 1, 1, NULL, NULL),
(478, 90, 'Committee', 1, 472, 1, 'committee', 1, 1, NULL, NULL),
(479, 90, 'Our School', 2, 472, 1, 'about', 1, 1, NULL, NULL),
(480, 90, 'Apply Admission', 1, 476, 1, 'admission/apply', 1, 1, NULL, NULL),
(481, 90, 'Download Application', 2, 476, 1, 'admission/download', 1, 1, NULL, NULL),
(482, 90, 'Verify Application', 3, 476, 1, 'admission/verify', 1, 1, NULL, NULL),
(483, 90, 'Download Application', 4, 476, 1, 'admission/admitcard', 1, 1, NULL, NULL),
(484, 90, 'Merit List', 5, 476, 1, 'admission/meritlist', 1, 1, NULL, NULL),
(485, 91, 'Home', 1, 0, 1, '/', 1, 1, NULL, NULL),
(486, 91, 'About Us', 2, 0, 2, '#', 1, 1, NULL, NULL),
(487, 91, 'Teachers', 3, 0, 1, 'teacher', 1, 1, NULL, NULL),
(488, 91, 'Events', 4, 0, 1, 'event', 1, 1, NULL, NULL),
(489, 91, 'Gallery', 5, 0, 1, 'gallery', 1, 1, NULL, NULL),
(490, 91, 'Admission', 6, 0, 2, '#', 1, 1, NULL, NULL),
(491, 91, 'Contact', 7, 0, 1, 'contact', 1, 1, NULL, NULL),
(492, 91, 'Committee', 1, 486, 1, 'committee', 1, 1, NULL, NULL),
(493, 91, 'Our School', 2, 486, 1, 'about', 1, 1, NULL, NULL),
(494, 91, 'Apply Admission', 1, 490, 1, 'admission/apply', 1, 1, NULL, NULL),
(495, 91, 'Download Application', 2, 490, 1, 'admission/download', 1, 1, NULL, NULL),
(496, 91, 'Verify Application', 3, 490, 1, 'admission/verify', 1, 1, NULL, NULL),
(497, 91, 'Download Application', 4, 490, 1, 'admission/admitcard', 1, 1, NULL, NULL),
(498, 91, 'Merit List', 5, 490, 1, 'admission/meritlist', 1, 1, NULL, NULL),
(499, 92, 'Home', 1, 0, 1, '/', 1, 1, NULL, NULL),
(500, 92, 'About Us', 2, 0, 2, '#', 1, 1, NULL, NULL),
(501, 92, 'Teachers', 3, 0, 1, 'teacher', 1, 1, NULL, NULL),
(502, 92, 'Events', 4, 0, 1, 'event', 1, 1, NULL, NULL),
(503, 92, 'Gallery', 5, 0, 1, 'gallery', 1, 1, NULL, NULL),
(504, 92, 'Admission', 6, 0, 2, '#', 1, 1, NULL, NULL),
(505, 92, 'Contact', 7, 0, 1, 'contact', 1, 1, NULL, NULL),
(506, 92, 'Committee', 1, 500, 1, 'committee', 1, 1, NULL, NULL),
(507, 92, 'Our School', 2, 500, 1, 'about', 1, 1, NULL, NULL),
(508, 92, 'Apply Admission', 1, 504, 1, 'admission/apply', 1, 1, NULL, NULL),
(509, 92, 'Download Application', 2, 504, 1, 'admission/download', 1, 1, NULL, NULL),
(510, 92, 'Verify Application', 3, 504, 1, 'admission/verify', 1, 1, NULL, NULL),
(511, 92, 'Download Application', 4, 504, 1, 'admission/admitcard', 1, 1, NULL, NULL),
(512, 92, 'Merit List', 5, 504, 1, 'admission/meritlist', 1, 1, NULL, NULL),
(513, 93, 'Home', 1, 0, 1, '/', 1, 1, NULL, NULL),
(514, 93, 'About Us', 2, 0, 2, '#', 1, 1, NULL, NULL),
(515, 93, 'Teachers', 3, 0, 1, 'teacher', 1, 1, NULL, NULL),
(516, 93, 'Events', 4, 0, 1, 'event', 1, 1, NULL, NULL),
(517, 93, 'Gallery', 5, 0, 1, 'gallery', 1, 1, NULL, NULL),
(518, 93, 'Admission', 6, 0, 2, '#', 1, 1, NULL, NULL),
(519, 93, 'Contact', 7, 0, 1, 'contact', 1, 1, NULL, NULL),
(520, 93, 'Committee', 1, 514, 1, 'committee', 1, 1, NULL, NULL),
(521, 93, 'Our School', 2, 514, 1, 'about', 1, 1, NULL, NULL),
(522, 93, 'Apply Admission', 1, 518, 1, 'admission/apply', 1, 1, NULL, NULL),
(523, 93, 'Download Application', 2, 518, 1, 'admission/download', 1, 1, NULL, NULL),
(524, 93, 'Verify Application', 3, 518, 1, 'admission/verify', 1, 1, NULL, NULL),
(525, 93, 'Download Application', 4, 518, 1, 'admission/admitcard', 1, 1, NULL, NULL),
(526, 93, 'Merit List', 5, 518, 1, 'admission/meritlist', 1, 1, NULL, NULL),
(527, 94, 'Home', 1, 0, 1, '/', 1, 1, NULL, NULL),
(528, 94, 'About Us', 2, 0, 2, '#', 1, 1, NULL, NULL),
(529, 94, 'Teachers', 3, 0, 1, 'teacher', 1, 1, NULL, NULL),
(530, 94, 'Events', 4, 0, 1, 'event', 1, 1, NULL, NULL),
(531, 94, 'Gallery', 5, 0, 1, 'gallery', 1, 1, NULL, NULL),
(532, 94, 'Admission', 6, 0, 2, '#', 1, 1, NULL, NULL),
(533, 94, 'Contact', 7, 0, 1, 'contact', 1, 1, NULL, NULL),
(534, 94, 'Committee', 1, 528, 1, 'committee', 1, 1, NULL, NULL),
(535, 94, 'Our School', 2, 528, 1, 'about', 1, 1, NULL, NULL),
(536, 94, 'Apply Admission', 1, 532, 1, 'admission/apply', 1, 1, NULL, NULL),
(537, 94, 'Download Application', 2, 532, 1, 'admission/download', 1, 1, NULL, NULL),
(538, 94, 'Verify Application', 3, 532, 1, 'admission/verify', 1, 1, NULL, NULL),
(539, 94, 'Download Application', 4, 532, 1, 'admission/admitcard', 1, 1, NULL, NULL),
(540, 94, 'Merit List', 5, 532, 1, 'admission/meritlist', 1, 1, NULL, NULL),
(541, 95, 'Home', 1, 0, 1, '/', 1, 1, NULL, NULL),
(542, 95, 'About Us', 2, 0, 2, '#', 1, 1, NULL, NULL),
(543, 95, 'Teachers', 3, 0, 1, 'teacher', 1, 1, NULL, NULL),
(544, 95, 'Events', 4, 0, 1, 'event', 1, 1, NULL, NULL),
(545, 95, 'Gallery', 5, 0, 1, 'gallery', 1, 1, NULL, NULL),
(546, 95, 'Admission', 6, 0, 2, '#', 1, 1, NULL, NULL),
(547, 95, 'Contact', 7, 0, 1, 'contact', 1, 1, NULL, NULL),
(548, 95, 'Committee', 1, 542, 1, 'committee', 1, 1, NULL, NULL),
(549, 95, 'Our School', 2, 542, 1, 'about', 1, 1, NULL, NULL),
(550, 95, 'Apply Admission', 1, 546, 1, 'admission/apply', 1, 1, NULL, NULL),
(551, 95, 'Download Application', 2, 546, 1, 'admission/download', 1, 1, NULL, NULL),
(552, 95, 'Verify Application', 3, 546, 1, 'admission/verify', 1, 1, NULL, NULL),
(553, 95, 'Download Application', 4, 546, 1, 'admission/admitcard', 1, 1, NULL, NULL),
(554, 95, 'Merit List', 5, 546, 1, 'admission/meritlist', 1, 1, NULL, NULL),
(555, 1, 'Verify Application', 2, 20, 1, 'admission/verify', 1, 1, '2021-03-03 09:56:46', '2021-03-03 09:56:46'),
(556, 96, 'Home', 1, 0, 1, '/', 1, 1, NULL, NULL),
(557, 96, 'About Us', 2, 0, 2, '#', 1, 1, NULL, NULL),
(558, 96, 'Teachers', 3, 0, 1, 'teacher', 1, 1, NULL, NULL),
(559, 96, 'Events', 4, 0, 1, 'event', 1, 1, NULL, NULL),
(560, 96, 'Gallery', 5, 0, 1, 'gallery', 1, 1, NULL, NULL),
(561, 96, 'Admission', 6, 0, 2, '#', 1, 1, NULL, NULL),
(562, 96, 'Contact', 7, 0, 1, 'contact', 1, 1, NULL, NULL),
(563, 96, 'Committee', 1, 557, 1, 'committee', 1, 1, NULL, NULL),
(564, 96, 'Our School', 2, 557, 1, 'about', 1, 1, NULL, NULL),
(565, 96, 'Apply Admission', 1, 561, 1, 'admission/apply', 1, 1, NULL, NULL),
(566, 96, 'Download Application', 2, 561, 1, 'admission/download', 1, 1, NULL, NULL),
(567, 96, 'Verify Application', 3, 561, 1, 'admission/verify', 1, 1, NULL, NULL),
(568, 96, 'Download Application', 4, 561, 1, 'admission/admitcard', 1, 1, NULL, NULL),
(569, 96, 'Merit List', 5, 561, 1, 'admission/meritlist', 1, 1, NULL, NULL),
(570, 97, 'Home', 1, 0, 1, '/', 1, 1, NULL, NULL),
(571, 97, 'About Us', 2, 0, 2, '#', 1, 1, NULL, NULL),
(572, 97, 'Teachers', 3, 0, 1, 'teacher', 1, 1, NULL, NULL),
(573, 97, 'Events', 4, 0, 1, 'event', 1, 1, NULL, NULL),
(574, 97, 'Gallery', 5, 0, 1, 'gallery', 1, 1, NULL, NULL),
(575, 97, 'Admission', 6, 0, 2, '#', 1, 1, NULL, NULL),
(576, 97, 'Contact', 7, 0, 1, 'contact', 1, 1, NULL, NULL),
(577, 97, 'Committee', 1, 571, 1, 'committee', 1, 1, NULL, NULL),
(578, 97, 'Our School', 2, 571, 1, 'about', 1, 1, NULL, NULL),
(579, 97, 'Apply Admission', 1, 575, 1, 'admission/apply', 1, 1, NULL, NULL),
(580, 97, 'Download Application', 2, 575, 1, 'admission/download', 1, 1, NULL, NULL),
(581, 97, 'Verify Application', 3, 575, 1, 'admission/verify', 1, 1, NULL, NULL),
(582, 97, 'Download Application', 4, 575, 1, 'admission/admitcard', 1, 1, NULL, NULL),
(583, 97, 'Merit List', 5, 575, 1, 'admission/meritlist', 1, 1, NULL, NULL),
(584, 98, 'Home', 1, 0, 1, '/', 1, 1, NULL, NULL),
(585, 98, 'About Us', 2, 0, 2, '#', 1, 1, NULL, NULL),
(586, 98, 'Teachers', 3, 0, 1, 'teacher', 1, 1, NULL, NULL),
(587, 98, 'Events', 4, 0, 1, 'event', 1, 1, NULL, NULL),
(588, 98, 'Gallery', 5, 0, 1, 'gallery', 1, 1, NULL, NULL),
(589, 98, 'Admission', 6, 0, 2, '#', 1, 1, NULL, NULL),
(590, 98, 'Contact', 7, 0, 1, 'contact', 1, 1, NULL, NULL),
(591, 98, 'Committee', 1, 585, 1, 'committee', 1, 1, NULL, NULL),
(592, 98, 'Our School', 2, 585, 1, 'about', 1, 1, NULL, NULL),
(593, 98, 'Apply Admission', 1, 589, 1, 'admission/apply', 1, 1, NULL, NULL),
(594, 98, 'Download Application', 2, 589, 1, 'admission/download', 1, 1, NULL, NULL),
(595, 98, 'Verify Application', 3, 589, 1, 'admission/verify', 1, 1, NULL, NULL),
(596, 98, 'Download Application', 4, 589, 1, 'admission/admitcard', 1, 1, NULL, NULL),
(597, 98, 'Merit List', 5, 589, 1, 'admission/meritlist', 1, 1, NULL, NULL);

-- --------------------------------------------------------

--
-- Table structure for table `messages`
--

CREATE TABLE `messages` (
  `id` int(10) UNSIGNED NOT NULL,
  `phone_number` varchar(191) COLLATE utf8mb4_unicode_ci NOT NULL,
  `email` varchar(191) COLLATE utf8mb4_unicode_ci NOT NULL,
  `message` text COLLATE utf8mb4_unicode_ci NOT NULL,
  `school_id` int(10) UNSIGNED NOT NULL,
  `user_id` int(10) UNSIGNED NOT NULL,
  `created_at` timestamp NULL DEFAULT NULL,
  `updated_at` timestamp NULL DEFAULT NULL
) ENGINE=InnoDB DEFAULT CHARSET=utf8mb4 COLLATE=utf8mb4_unicode_ci;

--
-- Dumping data for table `messages`
--

INSERT INTO `messages` (`id`, `phone_number`, `email`, `message`, `school_id`, `user_id`, `created_at`, `updated_at`) VALUES
(1, '6946373', 'broberts@example.com', 'Incidunt esse autem sint ab impedit quibusdam. Consequatur fugit incidunt non sapiente sunt optio. Magnam dolorem praesentium cupiditate.', 38, 27, '2020-10-28 06:24:02', '2020-10-28 06:24:02'),
(2, '6122039', 'demario.hickle@example.com', 'Dolores corrupti accusamus rerum dolorem facere ut aut. Qui autem nostrum sit qui delectus ullam. Et est non impedit aut sunt voluptatum ipsa voluptatem.', 38, 226, '2020-10-28 06:24:02', '2020-10-28 06:24:02'),
(3, '5153619', 'grady.alia@example.com', 'Expedita molestiae non eaque aut voluptas odit. Debitis aut esse at repellat voluptatem quaerat. Modi dicta non eum excepturi delectus sunt.', 32, 140, '2020-10-28 06:24:02', '2020-10-28 06:24:02'),
(4, '5622909', 'kaleb65@example.net', 'Fugit expedita et voluptatem quia dolores cum aut. Qui temporibus sed adipisci numquam. Incidunt beatae corporis rem esse corporis.', 40, 92, '2020-10-28 06:24:02', '2020-10-28 06:24:02'),
(5, '1457110', 'wreichert@example.org', 'Impedit dignissimos sunt tempora. Et repellat harum eius doloribus qui. Veniam soluta ratione voluptas dicta magni provident quas.', 33, 78, '2020-10-28 06:24:02', '2020-10-28 06:24:02'),
(6, '7579981', 'powlowski.grant@example.com', 'Aspernatur et et natus ut. Quis sit ut reiciendis nobis maiores rerum. Consequatur ipsam eius ut culpa ducimus animi.', 12, 212, '2020-10-28 06:24:02', '2020-10-28 06:24:02'),
(7, '4904141', 'balistreri.clemmie@example.org', 'Est quae non occaecati aperiam rem nam occaecati. Est tempora et sequi non optio dolorum qui. Ullam doloribus aut placeat necessitatibus et voluptatibus.', 31, 147, '2020-10-28 06:24:02', '2020-10-28 06:24:02'),
(8, '1945627', 'hudson.tremblay@example.com', 'Eum accusamus a facere vitae corrupti voluptas in. Assumenda ut occaecati eos sequi. Odio nam error suscipit tenetur voluptas impedit.', 15, 197, '2020-10-28 06:24:02', '2020-10-28 06:24:02'),
(9, '3239649', 'crona.travon@example.net', 'Veritatis quae autem dignissimos facere veniam consequatur voluptate. Placeat doloribus eos sequi sunt tempora. Ut qui atque qui labore autem.', 36, 146, '2020-10-28 06:24:02', '2020-10-28 06:24:02'),
(10, '47602', 'ebeer@example.com', 'Illo ratione aut velit eligendi placeat est. Architecto molestias voluptas neque est. Alias ipsum repudiandae enim mollitia.', 19, 223, '2020-10-28 06:24:02', '2020-10-28 06:24:02'),
(11, '6086714', 'taya.kessler@example.org', 'Ut quae quisquam porro ut cumque incidunt molestiae sunt. Inventore debitis natus et. At totam asperiores rerum rerum quos facere.', 16, 1, '2020-10-28 06:24:02', '2020-10-28 06:24:02'),
(12, '4675640', 'garrison79@example.com', 'In quo quibusdam debitis impedit. Consequatur assumenda nulla dicta vero deserunt. Ea debitis sint ratione excepturi iusto.', 36, 118, '2020-10-28 06:24:02', '2020-10-28 06:24:02'),
(13, '7833354', 'eleanore50@example.com', 'Consequatur veniam eum nesciunt numquam. Fugiat quia perferendis aut non aut omnis. Facilis quis eaque in.', 26, 234, '2020-10-28 06:24:02', '2020-10-28 06:24:02'),
(14, '8064734', 'powlowski.connie@example.org', 'Distinctio et dolores dolores non. Quod mollitia blanditiis cupiditate molestiae. Dolor aut accusamus earum iure amet eos vero.', 28, 96, '2020-10-28 06:24:02', '2020-10-28 06:24:02'),
(15, '7665246', 'cleta70@example.org', 'Iste odio illum ullam molestias voluptate fuga. Eveniet quisquam tempore repellat dolores et eum ipsa. Eum eos cumque sit dolorem enim ut voluptas.', 15, 48, '2020-10-28 06:24:02', '2020-10-28 06:24:02'),
(16, '2307063', 'hollis67@example.org', 'Accusantium rem et tempore atque incidunt deleniti. Praesentium inventore rerum tenetur saepe distinctio est. Est saepe porro molestiae.', 36, 238, '2020-10-28 06:24:03', '2020-10-28 06:24:03'),
(17, '1166629', 'ischmidt@example.net', 'Aspernatur optio est quam fuga id maxime qui odio. Cupiditate velit sint aliquid consequuntur. Voluptas earum et omnis nisi quidem pariatur iusto.', 41, 153, '2020-10-28 06:24:03', '2020-10-28 06:24:03'),
(18, '7493674', 'jeffrey59@example.net', 'Velit expedita velit qui. Rem et sed sint et alias culpa adipisci. Tenetur repudiandae ipsum quibusdam quia voluptas voluptas reiciendis.', 31, 26, '2020-10-28 06:24:03', '2020-10-28 06:24:03'),
(19, '5173229', 'schmeler.olin@example.net', 'Cumque maiores perspiciatis asperiores veritatis provident. Et et aut reiciendis incidunt et non quam explicabo. Modi ipsa non omnis ducimus voluptatem voluptatem voluptas.', 48, 75, '2020-10-28 06:24:03', '2020-10-28 06:24:03'),
(20, '414759', 'stehr.serenity@example.com', 'Omnis ab magni reprehenderit voluptatem culpa eligendi. Pariatur molestiae ducimus qui qui. Adipisci praesentium excepturi laborum quis.', 29, 151, '2020-10-28 06:24:03', '2020-10-28 06:24:03'),
(21, '3610720', 'osborne19@example.com', 'Est voluptas adipisci suscipit quia ipsa. Blanditiis facilis quia et. Id facere aspernatur consequuntur ut.', 24, 92, '2020-10-28 06:24:03', '2020-10-28 06:24:03'),
(22, '7562477', 'beahan.esther@example.com', 'Sit distinctio consequatur eius dolor omnis. Provident deserunt autem sed eaque est vel minus quis. Sint eum et dolore rem sunt.', 33, 245, '2020-10-28 06:24:03', '2020-10-28 06:24:03'),
(23, '6764377', 'ihermiston@example.com', 'Perspiciatis voluptatem similique ipsa necessitatibus numquam eligendi cum nulla. Et vitae rerum consequuntur sed molestiae mollitia laboriosam sunt. Earum non voluptatem tempora omnis ipsam atque iure.', 10, 87, '2020-10-28 06:24:03', '2020-10-28 06:24:03'),
(24, '929494', 'jordane.rosenbaum@example.com', 'Nemo totam nam quidem laudantium exercitationem sint. Sed amet aut alias temporibus dolorem. Est fugiat non ab ab.', 21, 89, '2020-10-28 06:24:03', '2020-10-28 06:24:03'),
(25, '4756611', 'eloisa90@example.org', 'Deleniti eveniet quasi est nemo. Fugit autem dolores quis sunt maiores. Perferendis tempora deleniti et.', 47, 30, '2020-10-28 06:24:03', '2020-10-28 06:24:03'),
(26, '945908', 'name92@example.com', 'Enim et explicabo qui quia necessitatibus harum. Beatae qui perspiciatis vero. Accusantium facere et enim ea unde voluptatibus.', 13, 233, '2020-10-28 06:24:03', '2020-10-28 06:24:03'),
(27, '7493206', 'jabari.wehner@example.net', 'Sunt odio dolorem dolore sunt. Atque omnis numquam accusamus. Dolor ipsam dolore sapiente repudiandae eum.', 44, 171, '2020-10-28 06:24:03', '2020-10-28 06:24:03'),
(28, '2386270', 'bmckenzie@example.org', 'Animi a voluptas aut repellendus architecto et. Nihil mollitia itaque enim. Maiores reprehenderit quia dolor dolores dolore.', 29, 86, '2020-10-28 06:24:03', '2020-10-28 06:24:03'),
(29, '3155984', 'alda21@example.net', 'Nihil et eum et ullam ut. Fugit quidem sit aperiam voluptatum nisi non est. Odio repellendus aut blanditiis qui voluptas distinctio harum.', 49, 220, '2020-10-28 06:24:03', '2020-10-28 06:24:03'),
(30, '2942472', 'syost@example.com', 'A laudantium libero unde soluta. Est alias molestiae numquam repellendus ea sapiente. Maxime reiciendis veniam voluptas soluta modi id sunt.', 29, 231, '2020-10-28 06:24:03', '2020-10-28 06:24:03'),
(31, '4433965', 'dpaucek@example.org', 'Dolor saepe maiores temporibus itaque quo ut. Doloremque voluptas magnam nostrum aspernatur consequuntur laudantium. Modi nostrum fugiat voluptates possimus.', 12, 36, '2020-10-28 06:24:03', '2020-10-28 06:24:03'),
(32, '9932582', 'ametz@example.net', 'Suscipit quis quibusdam quaerat in eos est enim deleniti. Fugiat quis sequi eligendi in suscipit. Et nemo aut et sunt minus.', 39, 124, '2020-10-28 06:24:03', '2020-10-28 06:24:03'),
(33, '1997202', 'skuhlman@example.com', 'Magni quam libero tenetur ut sequi molestiae. Dolor autem sit quis. Minima ipsum quasi accusantium expedita odit dolorum iure.', 33, 223, '2020-10-28 06:24:03', '2020-10-28 06:24:03'),
(34, '4353344', 'giovanni.kuphal@example.net', 'Veniam perferendis nostrum delectus corporis itaque nihil molestiae quo. Facilis quisquam est laudantium corrupti. Inventore cupiditate vel quisquam velit beatae pariatur.', 38, 67, '2020-10-28 06:24:03', '2020-10-28 06:24:03'),
(35, '6889209', 'maurine.boehm@example.com', 'Libero libero voluptatem iure nesciunt ex. Veritatis a earum est veniam vero aspernatur sint autem. Aliquid blanditiis voluptatem reiciendis officia iste labore.', 13, 6, '2020-10-28 06:24:03', '2020-10-28 06:24:03'),
(36, '4779240', 'lawson.reichert@example.org', 'Quis fugiat dolor numquam sit repudiandae soluta delectus in. Assumenda itaque enim nemo tempore tempore hic. Vel voluptatem blanditiis adipisci expedita earum.', 27, 42, '2020-10-28 06:24:03', '2020-10-28 06:24:03'),
(37, '2498382', 'kamren69@example.org', 'Voluptates ut quia assumenda beatae. Illum debitis labore voluptatum debitis. Pariatur rerum quo et repudiandae.', 36, 230, '2020-10-28 06:24:03', '2020-10-28 06:24:03'),
(38, '269424', 'sbins@example.com', 'Aliquam amet quae natus alias esse quia. Quod saepe architecto nihil sint voluptate at aut. Delectus sint quos repellat ratione minima placeat et.', 33, 126, '2020-10-28 06:24:03', '2020-10-28 06:24:03'),
(39, '3741456', 'jmccullough@example.net', 'Iure eveniet dolorum voluptas error consequatur hic blanditiis. Ratione ipsam eos voluptas et velit. Voluptas aperiam quas recusandae alias incidunt veniam laborum.', 10, 245, '2020-10-28 06:24:03', '2020-10-28 06:24:03'),
(40, '7556275', 'beahan.elisabeth@example.org', 'Error sed quos veniam placeat sint similique voluptatem. Tempore quo maxime delectus quia eveniet non. Quos dolorem non hic pariatur quas.', 6, 134, '2020-10-28 06:24:03', '2020-10-28 06:24:03'),
(41, '8138629', 'xblick@example.com', 'Veritatis vero sit et facilis. Dolorum rerum veritatis ab. Ipsam eos neque dolores in quo.', 43, 141, '2020-10-28 06:24:03', '2020-10-28 06:24:03'),
(42, '6226848', 'hanna.muller@example.com', 'Voluptatem distinctio veritatis aliquid tempora doloribus rem. Sit iure dolorum eum qui praesentium. Optio recusandae magni ad molestias.', 20, 87, '2020-10-28 06:24:03', '2020-10-28 06:24:03'),
(43, '7348383', 'wlangosh@example.net', 'Voluptatem omnis aut aut libero cupiditate. Rem molestias consequatur autem et. Sit non magnam ab velit quia deserunt.', 47, 149, '2020-10-28 06:24:03', '2020-10-28 06:24:03'),
(44, '2237159', 'parker.kendrick@example.org', 'Reiciendis accusantium dolorum veritatis qui maiores itaque. Ducimus recusandae quis rem dolores corporis et. Aut quibusdam debitis aut voluptatibus aliquid.', 27, 93, '2020-10-28 06:24:03', '2020-10-28 06:24:03'),
(45, '7444728', 'marge.mayer@example.com', 'Quasi quisquam totam aut beatae esse voluptatem voluptatem. Nemo aliquid quisquam iste laboriosam pariatur molestiae. Aspernatur sit illum cumque rem quidem assumenda rerum.', 23, 159, '2020-10-28 06:24:03', '2020-10-28 06:24:03'),
(46, '3799579', 'silas95@example.org', 'Occaecati quia voluptate molestiae tenetur fuga officia corrupti. Et laborum ipsa temporibus. Reiciendis eos ipsa quia voluptatem velit adipisci.', 34, 112, '2020-10-28 06:24:03', '2020-10-28 06:24:03'),
(47, '5421832', 'bhauck@example.net', 'Ea sint occaecati eum sunt nobis est. Et soluta consequatur est. Esse dolores error harum quo delectus.', 42, 156, '2020-10-28 06:24:03', '2020-10-28 06:24:03'),
(48, '8100969', 'elmer.beer@example.net', 'Consectetur qui sint deserunt in tenetur qui doloremque. Aspernatur qui non temporibus facilis amet dolore mollitia. Nisi eveniet id deleniti eos atque.', 24, 71, '2020-10-28 06:24:04', '2020-10-28 06:24:04'),
(49, '4634306', 'amccullough@example.net', 'Tempora ex labore quaerat. Autem esse saepe consequatur harum ab. In id voluptates nisi nesciunt nisi placeat quod.', 41, 132, '2020-10-28 06:24:04', '2020-10-28 06:24:04'),
(50, '773620', 'rfritsch@example.com', 'Cumque saepe sapiente a vel. Fugit sint id nemo debitis quasi. Dolores atque et magnam quam omnis sed iusto.', 11, 41, '2020-10-28 06:24:04', '2020-10-28 06:24:04');

-- --------------------------------------------------------

--
-- Table structure for table `migrations`
--

CREATE TABLE `migrations` (
  `id` int(10) UNSIGNED NOT NULL,
  `migration` varchar(191) COLLATE utf8mb4_unicode_ci NOT NULL,
  `batch` int(11) NOT NULL
) ENGINE=InnoDB DEFAULT CHARSET=utf8mb4 COLLATE=utf8mb4_unicode_ci;

--
-- Dumping data for table `migrations`
--

INSERT INTO `migrations` (`id`, `migration`, `batch`) VALUES
(1, '2014_10_12_000000_create_schools_table', 1),
(2, '2014_10_12_100000_create_users_table', 1),
(3, '2016_06_01_000001_create_oauth_auth_codes_table', 1),
(4, '2016_06_01_000002_create_oauth_access_tokens_table', 1),
(5, '2016_06_01_000003_create_oauth_refresh_tokens_table', 1),
(6, '2016_06_01_000004_create_oauth_clients_table', 1),
(7, '2016_06_01_000005_create_oauth_personal_access_clients_table', 1),
(8, '2017_12_21_065735_create_exams_table', 1),
(9, '2017_12_27_025313_create_password_resets_table', 1),
(10, '2017_12_27_025349_create_attendances_table', 1),
(11, '2017_12_27_025413_create_classes_table', 1),
(12, '2017_12_27_025427_create_sections_table', 1),
(13, '2017_12_27_025450_create_syllabuses_table', 1),
(14, '2017_12_27_025503_create_notices_table', 1),
(15, '2017_12_27_025512_create_events_table', 1),
(16, '2017_12_27_025530_create_homeworks_table', 1),
(17, '2017_12_27_025542_create_routines_table', 1),
(18, '2017_12_27_025556_create_grades_table', 1),
(19, '2017_12_27_025612_create_notifications_table', 1),
(20, '2017_12_27_025631_create_feedbacks_table', 1),
(21, '2017_12_27_025644_create_books_table', 1),
(23, '2017_12_27_025738_create_forms_table', 1),
(24, '2017_12_27_025751_create_messages_table', 1),
(25, '2017_12_27_025806_create_faqs_table', 1),
(26, '2018_02_06_161642_create_fees_table', 1),
(27, '2018_03_26_105657_create_grade_systems_table', 1),
(28, '2018_03_27_153448_create_issued_books_table', 1),
(29, '2018_04_01_195635_create_accounts_table', 1),
(30, '2018_04_01_195715_create_account_sectors_table', 1),
(31, '2018_04_29_121233_create_student_infos_table', 1),
(32, '2018_04_29_121517_create_student_board_exams_table', 1),
(33, '2018_10_05_163435_create_exam_for_classes_table', 1),
(34, '2018_10_08_002853_add_department_class_teacher_to_users_table', 1),
(35, '2018_10_09_093606_add_term_start_end_date_to_exams_table', 1),
(36, '2018_10_09_203125_create_departments_table', 1),
(37, '2019_04_08_105033_add_class_id_to_syllabuses_table', 1),
(38, '2019_04_08_121149_add_section_id_to_routines_table', 1),
(39, '2019_04_25_101700_add_active_to_exam_for_class_table', 1),
(40, '2019_05_03_000001_create_customer_columns', 1),
(43, '2019_05_10_151601_add_stripe_fields_in_users_table', 1),
(44, '2019_05_10_163920_create_stripe_subscription_table', 1),
(46, '2020_07_24_201246_create_certificates_table', 1),
(47, '2020_11_23_130829_create_teacherinfos_table', 2),
(48, '2020_11_23_155625_create_degrees_table', 2),
(49, '2020_11_23_160206_create_admissions_table', 2),
(51, '2020_12_06_151934_create_pre_admissions_table', 3),
(52, '2020_12_06_114109_create_settings_table', 4),
(53, '2020_12_13_181053_create_committees_table', 5),
(54, '2020_12_20_115601_create_sliders_table', 6),
(55, '2020_12_21_124258_create_menus_table', 7),
(56, '2020_12_22_110949_create_contents_table', 8),
(57, '2020_12_23_134055_create_contacts_table', 9),
(58, '2020_12_24_114916_create_galleries_table', 10),
(59, '2020_12_26_144929_create_complains_table', 11),
(60, '2020_12_27_112814_create_houses_table', 12),
(61, '2020_12_27_141758_create_sessions_table', 13),
(62, '2020_12_27_155257_create_testimonials_table', 14),
(63, '2020_12_27_172050_create_important_links_table', 15),
(64, '2020_12_28_141029_create_lets_encripts_table', 16),
(65, '2020_12_31_130205_create_categories_table', 17),
(67, '2021_01_05_125942_create_templete_designs_table', 18),
(68, '2017_12_27_025727_create_courses_table', 19),
(69, '2021_01_09_151801_create_course_groups_table', 19),
(70, '2021_01_09_152830_create_assign_teachers_table', 19),
(71, '2021_01_11_133002_create_dues_table', 20),
(72, '2019_05_10_193135_create_payments_table', 21),
(73, '2021_01_27_165214_create_school_payments_table', 22),
(74, '2021_01_28_132749_create_expenses_table', 23),
(76, '2021_02_07_152402_create_agents_table', 24),
(77, '2021_02_10_145605_create_failed_jobs_table', 25),
(78, '2021_02_10_165658_create_pricings_table', 25),
(83, '2019_05_03_000003_create_subscription_items_table', 26),
(84, '2019_05_03_000002_create_subscriptions_table', 27),
(86, '2021_03_01_163920_create_subscriptions_table', 28),
(87, '2021_03_02_105234_create_admission_payments_table', 29),
(88, '2021_03_18_074050_create_course_configs_table', 30),
(89, '2021_03_24_113934_create_course_attendances_table', 31),
(90, '2021_03_28_120418_alter_table_student_infos', 32);

-- --------------------------------------------------------

--
-- Table structure for table `notices`
--

CREATE TABLE `notices` (
  `id` int(10) UNSIGNED NOT NULL,
  `file_path` varchar(191) COLLATE utf8mb4_unicode_ci DEFAULT NULL,
  `title` varchar(191) COLLATE utf8mb4_unicode_ci NOT NULL,
  `slug` varchar(255) COLLATE utf8mb4_unicode_ci NOT NULL,
  `description` text COLLATE utf8mb4_unicode_ci NOT NULL,
  `active` tinyint(4) NOT NULL,
  `school_id` int(10) UNSIGNED NOT NULL,
  `user_id` int(10) UNSIGNED NOT NULL,
  `created_at` timestamp NULL DEFAULT NULL,
  `updated_at` timestamp NULL DEFAULT NULL
) ENGINE=InnoDB DEFAULT CHARSET=utf8mb4 COLLATE=utf8mb4_unicode_ci;

--
-- Dumping data for table `notices`
--

INSERT INTO `notices` (`id`, `file_path`, `title`, `slug`, `description`, `active`, `school_id`, `user_id`, `created_at`, `updated_at`) VALUES
(1, 'http://192.168.0.109:8001/storage/FA20165757S/FA20165757H/2021/MULTIFILE/1610171852.jpeg', 'asdsad', 'asdsad', '<p>fsfsf</p>', 1, 1, 12, '2021-01-03 11:36:08', '2021-01-09 05:57:32'),
(2, 'http://192.168.0.109:8001/storage/FA20165757S/FA20165757H/2021/MULTIFILE/1610173549.pdf', 'Shihab Vai Apnake Notice Dewa holo', 'shihab', '<p>hkjuygtfds</p>', 1, 1, 12, '2021-01-09 05:17:15', '2021-01-09 06:25:50'),
(3, 'http://192.168.0.109:8001/storage/FA20165757S/FA20165757H/2021/MULTIFILE/1610173587.jpeg', 'Arun Vai Apnake Notice Dewa holo', 'arun-vai-apanke', '<p>hkjuygtfds</p>', 1, 1, 12, '2021-01-09 05:18:10', '2021-01-09 06:26:28'),
(4, 'http://192.168.0.109:8001/storage/FA20165757S/FA20165757H/2021/MULTIFILE/1610173602.png', 'Md. Asifuzzaman', 'md-asifuzzaman', '<p>dsvsgvg</p>', 1, 1, 12, '2021-01-09 05:38:09', '2021-01-09 06:26:42'),
(5, 'http://192.168.0.109:8001/storage/FA20165757S/FA20165757H/2021/MULTIFILE/1610173615.png', 'Asif', 'asif', '<p>&nbsp;bvbvb</p>', 1, 1, 12, '2021-01-09 05:43:17', '2021-01-09 06:26:55'),
(6, 'http://192.168.0.109:8001/storage/FA20165757S/FA20165757H/2021/MULTIFILE/1610175954.doc', 'Khela Hobe', 'khela-hobe', '<p>z</p>', 1, 1, 12, '2021-01-09 07:05:55', '2021-01-09 07:05:55'),
(7, 'http://192.168.0.109:8001/storage/FA20165757S/FA20165757H/2021/MULTIFILE/4971615800727.jpg', 'IPSITA COMPUTERS PTE LTD', 'ipsita-computers-pte-ltd', '<p>IPSITA COMPUTERS PTE LTD</p>', 1, 1, 12, '2021-03-15 09:32:07', '2021-03-15 09:32:07');

-- --------------------------------------------------------

--
-- Table structure for table `notifications`
--

CREATE TABLE `notifications` (
  `id` int(10) UNSIGNED NOT NULL,
  `sent_status` tinyint(4) NOT NULL,
  `active` tinyint(4) NOT NULL,
  `message` text COLLATE utf8mb4_unicode_ci NOT NULL,
  `student_id` int(10) UNSIGNED NOT NULL,
  `user_id` int(10) UNSIGNED NOT NULL,
  `created_at` timestamp NULL DEFAULT NULL,
  `updated_at` timestamp NULL DEFAULT NULL
) ENGINE=InnoDB DEFAULT CHARSET=utf8mb4 COLLATE=utf8mb4_unicode_ci;

--
-- Dumping data for table `notifications`
--

INSERT INTO `notifications` (`id`, `sent_status`, `active`, `message`, `student_id`, `user_id`, `created_at`, `updated_at`) VALUES
(1, 1, 1, 'Et consequatur laboriosam eum aperiam asperiores id. Expedita nesciunt autem atque ullam vero vitae voluptas eligendi. Corrupti porro excepturi blanditiis odio.', 249, 109, '2020-10-28 06:23:46', '2020-10-28 06:23:46'),
(2, 0, 0, 'Omnis fuga quas non facere repellendus. Delectus neque repellendus dolores sunt repellat. Suscipit iste maxime eum cupiditate mollitia rerum.', 230, 206, '2020-10-28 06:23:46', '2020-10-28 06:23:46'),
(3, 1, 1, 'Neque officiis doloremque culpa quis explicabo. Dolores est maiores sit non mollitia autem molestiae. Et esse id aut.', 125, 134, '2020-10-28 06:23:46', '2020-10-28 06:23:46'),
(4, 0, 1, 'Tenetur impedit vero rerum corrupti. Aperiam molestias ut praesentium. Non unde reiciendis laboriosam et perferendis.', 73, 92, '2020-10-28 06:23:46', '2020-10-28 06:23:46'),
(5, 1, 1, 'Aut ad vel sed eaque natus aut. Laboriosam ducimus aut culpa quaerat cupiditate corrupti hic et. Sed ex veritatis et nihil iusto doloremque.', 250, 239, '2020-10-28 06:23:46', '2020-10-28 06:23:46'),
(6, 1, 0, 'Adipisci est dignissimos ipsa ducimus magni possimus saepe. Quidem in ipsum ad qui aperiam. At sunt eligendi quisquam odit.', 110, 218, '2020-10-28 06:23:47', '2020-10-28 06:23:47'),
(7, 1, 1, 'Aperiam quae qui corrupti et. Quasi non et asperiores quisquam molestiae delectus. Fugit aut ut aut dolores non modi.', 242, 151, '2020-10-28 06:23:47', '2020-10-28 06:23:47'),
(8, 0, 1, 'Illo maxime aliquam et ullam iure dolorem quaerat. Omnis et expedita aut cumque quia rerum enim. Quos voluptas omnis minus accusantium facilis sapiente eum unde.', 234, 18, '2020-10-28 06:23:47', '2020-10-28 06:23:47'),
(9, 0, 0, 'Accusantium minima mollitia officiis eius quas eveniet. Ut non quis nostrum quis quo itaque et odit. Ut officiis vel velit harum deserunt eligendi eos beatae.', 111, 126, '2020-10-28 06:23:47', '2020-10-28 06:23:47'),
(10, 1, 0, 'Error deleniti aut earum. Eum et aut occaecati dolorem ipsam et ut. Esse explicabo reiciendis id tempore atque laboriosam rerum.', 251, 105, '2020-10-28 06:23:47', '2020-10-28 06:23:47'),
(11, 1, 0, 'At ut voluptas voluptatem voluptate autem ut quo. Sed placeat minima molestiae possimus. Consequatur sequi et rerum minus quia sit aut.', 181, 185, '2020-10-28 06:23:47', '2020-10-28 06:23:47'),
(12, 0, 1, 'Ut vel enim ut maiores accusamus repellat. Rerum minima debitis optio ducimus repellat itaque possimus. Ut sint sunt rerum inventore optio labore.', 107, 48, '2020-10-28 06:23:47', '2020-10-28 06:23:47'),
(13, 0, 0, 'Saepe eum architecto eum fugiat dolorem quis sit pariatur. Modi quam et veritatis corporis a aut est. Laborum quos voluptatem rerum eum qui et est.', 79, 168, '2020-10-28 06:23:47', '2020-10-28 06:23:47'),
(14, 1, 1, 'Est quia non omnis dolorum consequuntur aliquid distinctio. Fugiat est non nobis sit. Ad commodi quia pariatur recusandae.', 148, 34, '2020-10-28 06:23:47', '2020-10-28 06:23:47'),
(15, 0, 1, 'Temporibus rerum doloribus labore sequi rem in dignissimos. Omnis ullam vitae id et. Quam non voluptate voluptas omnis.', 250, 35, '2020-10-28 06:23:47', '2020-10-28 06:23:47'),
(16, 0, 0, 'Magni minima qui error corrupti. Et maiores ipsam est. Impedit libero enim iure est.', 247, 54, '2020-10-28 06:23:47', '2020-10-28 06:23:47'),
(17, 1, 1, 'Distinctio minima distinctio provident perspiciatis velit inventore. Voluptates omnis facere hic et vel delectus et nam. Dolores dolorum quia quis placeat.', 173, 148, '2020-10-28 06:23:47', '2020-10-28 06:23:47'),
(18, 0, 0, 'Qui quam eum odio illo esse quia. Illum commodi consequatur in harum. Reiciendis culpa molestiae nesciunt sint quis modi ullam.', 163, 216, '2020-10-28 06:23:47', '2020-10-28 06:23:47'),
(19, 0, 1, 'In cupiditate molestiae ducimus numquam expedita eos. Et magnam ut sed nostrum. Sit et et aut ratione quasi.', 191, 259, '2020-10-28 06:23:47', '2020-10-28 06:23:47'),
(20, 0, 1, 'Velit est sit molestiae totam suscipit consequatur explicabo saepe. Eligendi et est aspernatur ducimus eum beatae. Eligendi numquam voluptatem odit natus.', 195, 253, '2020-10-28 06:23:47', '2020-10-28 06:23:47'),
(21, 1, 0, 'Aut quis eum omnis et et non rerum. Quibusdam cupiditate sit unde velit. Non harum eaque voluptatem repudiandae qui.', 146, 222, '2020-10-28 06:23:47', '2020-10-28 06:23:47'),
(22, 0, 1, 'Omnis eum et ad minima. Nam accusantium quia facilis ipsa. Quae libero alias et sit aperiam.', 175, 102, '2020-10-28 06:23:47', '2020-10-28 06:23:47'),
(23, 1, 0, 'Et et doloremque perferendis quos occaecati. Et qui libero rerum ad. Sapiente quia cupiditate sit ipsam aliquid.', 119, 181, '2020-10-28 06:23:47', '2020-10-28 06:23:47'),
(24, 0, 1, 'Quia consequatur ullam reprehenderit voluptates omnis ut sunt. Adipisci animi et maxime molestias numquam animi. Et sed eaque quas sint consectetur sequi praesentium velit.', 146, 26, '2020-10-28 06:23:47', '2020-10-28 06:23:47'),
(25, 0, 1, 'Similique sunt labore deleniti suscipit quos. Incidunt ipsum perferendis unde non perferendis. Perferendis est et vel.', 254, 39, '2020-10-28 06:23:47', '2020-10-28 06:23:47'),
(26, 0, 0, 'Repudiandae aspernatur velit alias dolorem et nostrum. Non repellat tempore dolore doloremque reprehenderit aut sunt. Quaerat et velit non repudiandae ab.', 168, 136, '2020-10-28 06:23:47', '2020-10-28 06:23:47'),
(27, 1, 1, 'Dicta et et hic nulla quam. Occaecati nihil iusto eos dicta non. Est autem voluptatem et labore.', 120, 190, '2020-10-28 06:23:47', '2020-10-28 06:23:47'),
(28, 0, 0, 'Harum et itaque unde velit eaque quasi. Aliquam non sit aut et delectus. Et placeat vel dolorem iste consequatur.', 184, 78, '2020-10-28 06:23:47', '2020-10-28 06:23:47'),
(29, 0, 1, 'Aspernatur cumque accusantium ut quo similique. Molestias dolores tenetur alias id odit quidem iure quo. Aut voluptatem animi ipsum quo reprehenderit dolores veritatis.', 72, 204, '2020-10-28 06:23:47', '2020-10-28 06:23:47'),
(30, 0, 1, 'Consectetur aut minus sunt ea ut. Perspiciatis vel doloribus sit. Itaque id temporibus et blanditiis.', 183, 236, '2020-10-28 06:23:47', '2020-10-28 06:23:47'),
(31, 1, 0, 'Sunt saepe sed sunt officiis ea. Illo animi cumque beatae beatae illo ipsam. Qui tempore excepturi adipisci cum perspiciatis quaerat repellendus.', 84, 209, '2020-10-28 06:23:47', '2020-10-28 06:23:47'),
(32, 1, 1, 'Amet amet quia et atque officiis minus. Doloremque veniam et vero sint. Quaerat non eveniet sit modi aut id qui.', 89, 166, '2020-10-28 06:23:47', '2020-10-28 06:23:47'),
(33, 1, 0, 'Laboriosam perferendis hic sint qui. Ut omnis praesentium et id ut fugiat. Rem aspernatur nobis quisquam sit.', 171, 250, '2020-10-28 06:23:47', '2020-10-28 06:23:47'),
(34, 0, 0, 'Repellendus dolores unde itaque inventore corporis fuga error vel. Voluptatem quas est et odit repudiandae aspernatur possimus. Odit in sit minus qui voluptatem.', 66, 247, '2020-10-28 06:23:47', '2020-10-28 06:23:47'),
(35, 0, 0, 'Voluptas mollitia omnis fuga. Tempore maxime praesentium harum praesentium labore. Magnam sit blanditiis omnis autem est.', 246, 32, '2020-10-28 06:23:47', '2020-10-28 06:23:47'),
(36, 0, 0, 'Et iure at unde dolorum non. Assumenda inventore ipsum delectus sed. Rem voluptatem pariatur expedita.', 240, 174, '2020-10-28 06:23:47', '2020-10-28 06:23:47'),
(37, 1, 1, 'Eius quia hic delectus ut nobis nobis ut. Et alias laboriosam quidem perferendis expedita. Consequuntur numquam maxime mollitia iusto.', 145, 143, '2020-10-28 06:23:47', '2020-10-28 06:23:47'),
(38, 1, 0, 'Sed qui ex beatae nesciunt. Perferendis et architecto fugit maiores qui amet impedit fugiat. Quaerat sit sint ducimus in voluptas.', 100, 173, '2020-10-28 06:23:47', '2020-10-28 06:23:47'),
(39, 1, 0, 'Sint at quam facere earum omnis corrupti. Veniam voluptas nisi incidunt vero officiis reiciendis. Ullam in nihil vitae quos excepturi qui.', 87, 72, '2020-10-28 06:23:47', '2020-10-28 06:23:47'),
(40, 0, 0, 'Quaerat vitae veritatis harum repellendus aut excepturi sapiente. Velit ullam ratione laborum sit sint maxime ipsa et. Et placeat et voluptas accusamus doloremque repellat.', 138, 234, '2020-10-28 06:23:47', '2020-10-28 06:23:47'),
(41, 1, 1, 'Dolores perspiciatis ipsum sint sunt vitae quas impedit. Dolorem incidunt placeat quas accusantium est aperiam quas ea. Repudiandae non accusantium ut praesentium.', 208, 11, '2020-10-28 06:23:47', '2020-10-28 06:23:47'),
(42, 1, 0, 'Ut iusto quia laudantium repudiandae. Perspiciatis voluptas ut et rerum ea possimus. Quibusdam voluptas voluptas aut nulla consectetur.', 206, 112, '2020-10-28 06:23:47', '2020-10-28 06:23:47'),
(43, 1, 0, 'Quisquam sed vero in corporis esse. Totam repellendus voluptatem quisquam repudiandae eligendi. Quia rerum quos optio molestiae perspiciatis.', 82, 81, '2020-10-28 06:23:47', '2020-10-28 06:23:47'),
(44, 1, 1, 'Dolor non voluptatibus nostrum qui. Non quia labore hic omnis sit. Labore quas rerum consequatur illo.', 155, 226, '2020-10-28 06:23:47', '2020-10-28 06:23:47'),
(45, 0, 1, 'Quisquam voluptatem sapiente velit eveniet. Ut voluptatem unde suscipit velit. Perferendis architecto eius nobis sequi dolorem occaecati.', 220, 133, '2020-10-28 06:23:47', '2020-10-28 06:23:47'),
(46, 0, 0, 'Fugit eum molestias accusantium amet voluptatem. Unde et eaque eligendi. Et rerum occaecati reprehenderit quae in.', 175, 161, '2020-10-28 06:23:47', '2020-10-28 06:23:47'),
(47, 0, 0, 'Qui ea et eligendi incidunt aperiam. Rerum rerum deserunt aut voluptatem illo quos. Aliquam hic hic nobis ut quia voluptas magnam.', 247, 27, '2020-10-28 06:23:47', '2020-10-28 06:23:47'),
(48, 0, 0, 'Ad tempore atque dolorem. Vitae quasi rem omnis minima a est. Quam voluptatem enim non corporis vero et ad.', 73, 78, '2020-10-28 06:23:47', '2020-10-28 06:23:47'),
(49, 0, 0, 'Voluptas consequuntur optio exercitationem id. Veritatis est exercitationem consectetur voluptatem soluta animi non. Deleniti illum nihil inventore ullam ipsum quibusdam odit sit.', 131, 140, '2020-10-28 06:23:47', '2020-10-28 06:23:47'),
(50, 0, 0, 'Sit mollitia dolorum dolores mollitia perspiciatis et. Est natus aut voluptates et rerum dolores non. Sunt enim reiciendis dolorem sit libero ut.', 107, 139, '2020-10-28 06:23:47', '2020-10-28 06:23:47'),
(51, 1, 1, '<p>rsdfdsf</p>', 192, 41, '2020-12-05 03:57:10', '2020-12-05 03:57:10'),
(52, 1, 1, '<p>rsdfdsf</p>', 201, 41, '2020-12-05 03:57:10', '2020-12-05 03:57:10');

-- --------------------------------------------------------

--
