-- Table structure for table `fees`
--

CREATE TABLE `fees` (
  `id` bigint(20) UNSIGNED NOT NULL,
  `school_id` bigint(20) UNSIGNED NOT NULL,
  `user_id` int(11) NOT NULL,
  `type` bigint(20) DEFAULT NULL,
  `amount` double(25,2) DEFAULT NULL,
  `cycle` int(11) DEFAULT NULL,
  `created_at` timestamp NULL DEFAULT NULL,
  `updated_at` timestamp NULL DEFAULT NULL
) ENGINE=InnoDB DEFAULT CHARSET=utf8mb4 COLLATE=utf8mb4_unicode_ci;

--
-- Dumping data for table `fees`
--

INSERT INTO `fees` (`id`, `school_id`, `user_id`, `type`, `amount`, `cycle`, `created_at`, `updated_at`) VALUES
(1, 1, 12, 1, 500.00, 1, '2021-02-10 08:00:26', '2021-02-10 08:00:26'),
(2, 1, 12, 2, 200.00, 1, '2021-02-10 08:00:58', '2021-02-10 08:00:58'),
(3, 1, 12, 3, 300.00, 1, '2021-02-10 08:03:18', '2021-02-10 08:03:18'),
(4, 1, 12, 6, 100.00, 1, '2021-02-10 08:49:38', '2021-02-10 08:49:38'),
(5, 1, 12, 7, 150.00, 1, '2021-02-10 08:50:27', '2021-02-10 08:50:27'),
(6, 1, 12, 12, 2000.00, 1, '2021-02-10 08:51:17', '2021-02-10 08:51:17'),
(7, 1, 12, 9, 250.00, 1, '2021-02-10 08:52:07', '2021-02-10 08:52:07'),
(8, 1, 12, 13, 120.00, 1, '2021-02-10 08:53:09', '2021-02-10 08:53:09'),
(9, 1, 12, 11, 150.00, 1, '2021-02-10 08:54:00', '2021-02-10 08:54:00'),
(10, 1, 12, 1, 600.00, 1, '2021-02-10 09:01:05', '2021-02-10 09:01:05'),
(11, 1, 12, 2, 200.00, 1, '2021-02-10 09:02:05', '2021-02-10 09:02:05'),
(12, 1, 12, 3, 250.00, 1, '2021-02-10 09:07:09', '2021-02-10 09:07:09'),
(13, 1, 12, 4, 200.00, 1, '2021-02-10 09:11:28', '2021-02-10 09:11:28'),
(14, 1, 12, 7, 350.00, 1, '2021-02-10 10:19:36', '2021-02-10 10:19:36'),
(15, 1, 12, 12, 1500.00, 1, '2021-02-10 10:20:11', '2021-02-10 10:20:11'),
(16, 1, 12, 2, 200.00, 1, '2021-02-11 05:55:06', '2021-02-11 05:55:06'),
(17, 1, 12, 1, 600.00, 1, '2021-02-11 05:56:01', '2021-02-11 05:56:01'),
(18, 1, 12, 4, 200.00, 1, '2021-02-11 06:35:45', '2021-02-11 06:35:45'),
(19, 1, 12, 1, 100.00, 1, '2021-02-14 05:29:59', '2021-02-14 05:29:59'),
(20, 1, 12, 1, 120.00, 1, '2021-02-15 11:53:44', '2021-02-15 11:53:44'),
(21, 1, 12, 6, 1000.00, 1, '2021-02-17 09:40:21', '2021-02-17 09:40:21');

-- --------------------------------------------------------

--
-- Table structure for table `forms`
--

CREATE TABLE `forms` (
  `id` int(10) UNSIGNED NOT NULL,
  `name` varchar(191) COLLATE utf8mb4_unicode_ci NOT NULL,
  `file_path` varchar(191) COLLATE utf8mb4_unicode_ci NOT NULL,
  `school_id` int(10) UNSIGNED NOT NULL,
  `user_id` int(10) UNSIGNED NOT NULL,
  `created_at` timestamp NULL DEFAULT NULL,
  `updated_at` timestamp NULL DEFAULT NULL
) ENGINE=InnoDB DEFAULT CHARSET=utf8mb4 COLLATE=utf8mb4_unicode_ci;

--
-- Dumping data for table `forms`
--

INSERT INTO `forms` (`id`, `name`, `file_path`, `school_id`, `user_id`, `created_at`, `updated_at`) VALUES
(1, 'Opal Nienow', 'http://www.runolfsdottir.com/fugit-vel-ea-mollitia-omnis-autem', 2, 148, '2020-10-28 06:23:58', '2020-10-28 06:23:58'),
(2, 'Belle Gusikowski', 'http://www.rath.com/', 3, 145, '2020-10-28 06:23:58', '2020-10-28 06:23:58'),
(3, 'Enrique Jacobson', 'http://kozey.com/possimus-veniam-et-dolorem-ab-mollitia-et-excepturi', 4, 204, '2020-10-28 06:23:58', '2020-10-28 06:23:58'),
(4, 'Alessandro Rippin', 'http://www.erdman.com/reiciendis-nostrum-esse-laborum', 5, 245, '2020-10-28 06:23:58', '2020-10-28 06:23:58'),
(5, 'Enos Legros V', 'http://funk.net/voluptatem-quae-voluptatem-at-qui-aut-aperiam', 6, 95, '2020-10-28 06:23:58', '2020-10-28 06:23:58'),
(6, 'Tiffany Bauch', 'http://blanda.com/expedita-quia-sit-totam-quam-praesentium-magni-blanditiis-ipsum.html', 7, 163, '2020-10-28 06:23:58', '2020-10-28 06:23:58'),
(7, 'Joany Thiel', 'http://www.douglas.com/', 8, 142, '2020-10-28 06:23:58', '2020-10-28 06:23:58'),
(8, 'General Hettinger', 'https://www.berge.biz/odit-quis-autem-est-et-deserunt-qui-perferendis', 9, 194, '2020-10-28 06:23:58', '2020-10-28 06:23:58'),
(9, 'Alysson Christiansen', 'http://www.dach.com/ut-non-recusandae-dolores-deserunt-sequi', 10, 188, '2020-10-28 06:23:58', '2020-10-28 06:23:58'),
(10, 'Rahsaan Rosenbaum', 'http://gorczany.com/et-quo-illum-quo-sit-in-ad-non.html', 11, 118, '2020-10-28 06:23:58', '2020-10-28 06:23:58'),
(11, 'Ken Sipes', 'https://www.carter.com/blanditiis-aliquam-et-molestias-aut', 12, 154, '2020-10-28 06:23:59', '2020-10-28 06:23:59'),
(12, 'Miss Sallie Beer', 'http://hilpert.com/', 13, 112, '2020-10-28 06:23:59', '2020-10-28 06:23:59'),
(13, 'Caleigh Sawayn', 'https://willms.net/repellendus-rerum-qui-nisi-ad-vitae.html', 14, 52, '2020-10-28 06:23:59', '2020-10-28 06:23:59'),
(14, 'Halie Hirthe DVM', 'https://www.emmerich.com/cum-tenetur-unde-minima', 15, 247, '2020-10-28 06:23:59', '2020-10-28 06:23:59'),
(15, 'Raquel Harber MD', 'http://www.homenick.info/quas-doloribus-odit-cum-molestiae-odit-dignissimos.html', 16, 240, '2020-10-28 06:23:59', '2020-10-28 06:23:59'),
(16, 'Sienna Green III', 'http://pollich.com/commodi-est-earum-magnam-aut.html', 17, 202, '2020-10-28 06:23:59', '2020-10-28 06:23:59'),
(17, 'Dr. Nichole Hermann', 'http://kozey.org/', 18, 105, '2020-10-28 06:23:59', '2020-10-28 06:23:59'),
(18, 'Miss Bettye Hermiston II', 'http://www.lubowitz.com/qui-sequi-quis-recusandae-vel-consectetur', 19, 217, '2020-10-28 06:23:59', '2020-10-28 06:23:59'),
(19, 'Darrick Grady', 'https://moen.com/iste-a-eos-veritatis-consequatur-tenetur-rerum-distinctio.html', 20, 159, '2020-10-28 06:23:59', '2020-10-28 06:23:59'),
(20, 'Sid Reichert II', 'http://gaylord.biz/reprehenderit-consectetur-ea-maxime-voluptas-qui-veritatis-ea', 21, 154, '2020-10-28 06:23:59', '2020-10-28 06:23:59'),
(21, 'Dr. Bobbie Eichmann III', 'http://www.ruecker.com/repudiandae-laboriosam-numquam-aut-qui-sit-molestias.html', 22, 132, '2020-10-28 06:23:59', '2020-10-28 06:23:59'),
(22, 'Prof. Beth Legros V', 'http://shields.info/voluptatem-quia-asperiores-repellat-aut.html', 23, 174, '2020-10-28 06:23:59', '2020-10-28 06:23:59'),
(23, 'Carolyne O\'Reilly', 'http://www.turner.com/', 24, 144, '2020-10-28 06:23:59', '2020-10-28 06:23:59'),
(24, 'Peggie Towne', 'http://www.blanda.com/magni-et-placeat-nisi.html', 25, 10, '2020-10-28 06:23:59', '2020-10-28 06:23:59'),
(25, 'Otilia Stamm III', 'http://rohan.com/iure-esse-voluptatem-nihil-est-perspiciatis', 26, 174, '2020-10-28 06:23:59', '2020-10-28 06:23:59'),
(26, 'Gunnar Witting', 'http://ratke.com/', 27, 208, '2020-10-28 06:23:59', '2020-10-28 06:23:59'),
(27, 'Hettie Lowe', 'http://www.fahey.com/', 28, 63, '2020-10-28 06:23:59', '2020-10-28 06:23:59'),
(28, 'Albin Grant', 'https://www.stoltenberg.com/et-numquam-ratione-quis-harum-neque', 29, 29, '2020-10-28 06:23:59', '2020-10-28 06:23:59'),
(29, 'Prof. Bernita Kreiger', 'http://www.kuphal.com/asperiores-ipsa-optio-nisi-impedit-necessitatibus-quae.html', 30, 74, '2020-10-28 06:23:59', '2020-10-28 06:23:59'),
(30, 'Vergie Gutkowski', 'http://www.smitham.info/', 31, 235, '2020-10-28 06:23:59', '2020-10-28 06:23:59'),
(31, 'Jimmy Connelly', 'https://wiegand.biz/consectetur-cumque-explicabo-quam-doloremque-nihil.html', 32, 134, '2020-10-28 06:23:59', '2020-10-28 06:23:59'),
(32, 'Janet Streich MD', 'http://ruecker.com/rerum-quidem-neque-nihil-eaque-blanditiis-ut.html', 33, 49, '2020-10-28 06:23:59', '2020-10-28 06:23:59'),
(33, 'Mrs. Ashly Streich', 'http://brown.com/', 34, 173, '2020-10-28 06:23:59', '2020-10-28 06:23:59'),
(34, 'Adam Cassin', 'http://www.monahan.com/repellat-quia-tenetur-ut-delectus-unde', 35, 45, '2020-10-28 06:23:59', '2020-10-28 06:23:59'),
(35, 'Zoe Durgan', 'http://tromp.net/', 36, 192, '2020-10-28 06:23:59', '2020-10-28 06:23:59'),
(36, 'Ryann Fadel', 'http://www.bruen.com/excepturi-ad-facere-velit-debitis', 37, 62, '2020-10-28 06:23:59', '2020-10-28 06:23:59'),
(37, 'Prof. Rudy Durgan', 'http://www.hermann.com/', 38, 131, '2020-10-28 06:23:59', '2020-10-28 06:23:59'),
(38, 'Ms. Maya Hegmann DVM', 'https://www.okon.com/mollitia-harum-exercitationem-minima-enim-ipsa-minus-dolor', 39, 217, '2020-10-28 06:23:59', '2020-10-28 06:23:59'),
(39, 'Prof. Josefina Rempel PhD', 'http://ward.com/animi-autem-facilis-non-molestiae-minus.html', 40, 67, '2020-10-28 06:23:59', '2020-10-28 06:23:59'),
(40, 'Gerald Harris', 'http://hettinger.com/', 41, 23, '2020-10-28 06:23:59', '2020-10-28 06:23:59'),
(41, 'Jovanny Kiehn', 'http://www.hills.net/dicta-et-sunt-nam-est-error-id', 42, 12, '2020-10-28 06:23:59', '2020-10-28 06:23:59'),
(42, 'Henri Hills', 'http://kreiger.com/sint-dolor-blanditiis-qui', 43, 145, '2020-10-28 06:23:59', '2020-10-28 06:23:59'),
(43, 'Friedrich Towne', 'http://huel.com/dicta-numquam-quo-labore-cupiditate-commodi-sed-nisi.html', 44, 212, '2020-10-28 06:23:59', '2020-10-28 06:23:59'),
(44, 'Alejandrin Windler', 'http://russel.com/assumenda-modi-voluptas-aliquam', 45, 9, '2020-10-28 06:23:59', '2020-10-28 06:23:59'),
(45, 'Prof. Saul Goodwin', 'http://www.zemlak.com/consequuntur-ut-ipsam-consequuntur-beatae-quia-quo-quo', 46, 46, '2020-10-28 06:23:59', '2020-10-28 06:23:59'),
(46, 'Dalton Gleichner III', 'http://www.hane.info/porro-nesciunt-fugit-cum-dolorum-consequatur.html', 47, 94, '2020-10-28 06:23:59', '2020-10-28 06:23:59'),
(47, 'Prof. Grayce Ankunding Sr.', 'http://king.biz/fuga-facilis-error-id-neque-voluptates-minima', 48, 115, '2020-10-28 06:23:59', '2020-10-28 06:23:59'),
(48, 'Autumn Barton', 'https://bernier.biz/eos-iusto-hic-et-adipisci.html', 49, 175, '2020-10-28 06:24:00', '2020-10-28 06:24:00'),
(49, 'Miss Dianna Von Sr.', 'http://farrell.com/nulla-porro-corrupti-numquam-inventore', 50, 151, '2020-10-28 06:24:00', '2020-10-28 06:24:00'),
(50, 'Allene Simonis', 'http://legros.com/saepe-quo-sequi-quia-laborum-laborum', 51, 193, '2020-10-28 06:24:00', '2020-10-28 06:24:00');

-- --------------------------------------------------------

--
-- Table structure for table `galleries`
--

CREATE TABLE `galleries` (
  `id` bigint(20) UNSIGNED NOT NULL,
  `school_id` bigint(20) NOT NULL,
  `title` varchar(191) COLLATE utf8mb4_unicode_ci DEFAULT NULL,
  `description` varchar(191) COLLATE utf8mb4_unicode_ci DEFAULT NULL,
  `photo` varchar(191) COLLATE utf8mb4_unicode_ci NOT NULL,
  `status` tinyint(4) NOT NULL,
  `created_at` timestamp NULL DEFAULT NULL,
  `updated_at` timestamp NULL DEFAULT NULL
) ENGINE=InnoDB DEFAULT CHARSET=utf8mb4 COLLATE=utf8mb4_unicode_ci;

--
-- Dumping data for table `galleries`
--

INSERT INTO `galleries` (`id`, `school_id`, `title`, `description`, `photo`, `status`, `created_at`, `updated_at`) VALUES
(2, 1, 'Shihab', 'rrtt', 'http://192.168.0.109:8001/storage/FA20165757S/FA20165757H/2021/GP/5971615794008.png', 1, '2020-12-24 07:31:32', '2021-03-15 07:40:09'),
(4, 1, 'ICPL', 'ICPL Gallery', 'http://192.168.0.109:8001/storage/FA20165757S/FA20165757H/2020/GP/1609399851.png', 1, '2020-12-31 06:17:04', '2020-12-31 07:30:51');

-- --------------------------------------------------------

--
-- Table structure for table `grades`
--

CREATE TABLE `grades` (
  `id` int(10) UNSIGNED NOT NULL,
  `marks` double(8,2) NOT NULL,
  `gpa` double(8,2) NOT NULL,
  `attendance` double(8,2) NOT NULL,
  `quiz1` double(8,2) NOT NULL,
  `quiz2` double(8,2) NOT NULL,
  `quiz3` double(8,2) NOT NULL,
  `quiz4` double(8,2) NOT NULL,
  `quiz5` double(8,2) NOT NULL,
  `ct1` double(8,2) NOT NULL,
  `ct2` double(8,2) NOT NULL,
  `ct3` double(8,2) NOT NULL,
  `ct4` double(8,2) NOT NULL,
  `ct5` double(8,2) NOT NULL,
  `assignment1` double(8,2) NOT NULL,
  `assignment2` double(8,2) NOT NULL,
  `assignment3` double(8,2) NOT NULL,
  `written` double(8,2) NOT NULL,
  `mcq` double(8,2) NOT NULL,
  `practical` double(8,2) NOT NULL,
  `exam_id` int(10) UNSIGNED NOT NULL,
  `student_id` int(10) UNSIGNED NOT NULL,
  `teacher_id` int(10) UNSIGNED NOT NULL,
  `course_id` int(10) UNSIGNED NOT NULL,
  `user_id` int(10) UNSIGNED NOT NULL,
  `created_at` timestamp NULL DEFAULT NULL,
  `updated_at` timestamp NULL DEFAULT NULL
) ENGINE=InnoDB DEFAULT CHARSET=utf8mb4 COLLATE=utf8mb4_unicode_ci;

--
-- Dumping data for table `grades`
--

INSERT INTO `grades` (`id`, `marks`, `gpa`, `attendance`, `quiz1`, `quiz2`, `quiz3`, `quiz4`, `quiz5`, `ct1`, `ct2`, `ct3`, `ct4`, `ct5`, `assignment1`, `assignment2`, `assignment3`, `written`, `mcq`, `practical`, `exam_id`, `student_id`, `teacher_id`, `course_id`, `user_id`, `created_at`, `updated_at`) VALUES
(1, 97.00, 7.00, 5.00, 93.00, 82.00, 32.00, 65.00, 91.00, 78.00, 31.00, 65.00, 57.00, 50.00, 81.00, 28.00, 35.00, 66.00, 59.00, 11.00, 10, 71, 37, 3, 200, '2020-10-28 06:23:50', '2020-10-28 06:23:50'),
(2, 67.00, 5.00, 5.00, 63.00, 98.00, 38.00, 37.00, 72.00, 41.00, 58.00, 70.00, 57.00, 67.00, 85.00, 16.00, 30.00, 84.00, 41.00, 63.00, 6, 66, 41, 6, 245, '2020-10-28 06:23:50', '2020-10-28 06:23:50'),
(3, 27.00, 0.00, 5.00, 16.00, 50.00, 71.00, 91.00, 14.00, 65.00, 86.00, 60.00, 42.00, 3.00, 30.00, 96.00, 94.00, 85.00, 38.00, 53.00, 1, 65, 38, 7, 54, '2020-10-28 06:23:50', '2020-10-28 06:23:50'),
(4, 80.00, 6.00, 5.00, 4.00, 5.00, 15.00, 4.00, 9.00, 4.00, 59.00, 47.00, 5.00, 11.00, 56.00, 33.00, 93.00, 80.00, 90.00, 31.00, 5, 62, 37, 7, 170, '2020-10-28 06:23:50', '2020-10-28 06:23:50'),
(5, 91.00, 1.00, 5.00, 1.00, 46.00, 97.00, 61.00, 98.00, 4.00, 1.00, 89.00, 19.00, 57.00, 78.00, 9.00, 49.00, 20.00, 67.00, 1.00, 9, 66, 32, 10, 79, '2020-10-28 06:23:50', '2020-10-28 06:23:50'),
(6, 60.00, 5.00, 5.00, 83.00, 20.00, 14.00, 59.00, 58.00, 11.00, 40.00, 83.00, 7.00, 38.00, 21.00, 24.00, 37.00, 38.00, 21.00, 11.00, 6, 63, 37, 3, 85, '2020-10-28 06:23:50', '2020-10-28 06:23:50'),
(7, 8.00, 0.00, 5.00, 35.00, 34.00, 58.00, 55.00, 59.00, 51.00, 1.00, 61.00, 4.00, 46.00, 59.00, 76.00, 49.00, 37.00, 62.00, 55.00, 4, 71, 38, 10, 222, '2020-10-28 06:23:50', '2020-10-28 06:23:50'),
(8, 57.00, 0.00, 5.00, 8.00, 47.00, 56.00, 97.00, 79.00, 91.00, 87.00, 75.00, 78.00, 88.00, 25.00, 79.00, 28.00, 5.00, 49.00, 81.00, 5, 66, 41, 7, 216, '2020-10-28 06:23:50', '2020-10-28 06:23:50'),
(9, 62.00, 8.00, 5.00, 72.00, 25.00, 87.00, 69.00, 75.00, 35.00, 93.00, 35.00, 21.00, 97.00, 53.00, 93.00, 24.00, 79.00, 95.00, 54.00, 5, 64, 32, 6, 206, '2020-10-28 06:23:50', '2020-10-28 06:23:50'),
(10, 44.00, 9.00, 5.00, 47.00, 33.00, 28.00, 1.00, 85.00, 7.00, 73.00, 21.00, 31.00, 18.00, 38.00, 46.00, 76.00, 12.00, 87.00, 44.00, 4, 64, 32, 7, 164, '2020-10-28 06:23:51', '2020-10-28 06:23:51'),
(11, 95.00, 3.00, 5.00, 85.00, 76.00, 89.00, 26.00, 41.00, 23.00, 26.00, 63.00, 29.00, 70.00, 75.00, 26.00, 35.00, 76.00, 74.00, 22.00, 3, 63, 32, 2, 244, '2020-10-28 06:23:51', '2020-10-28 06:23:51'),
(12, 56.00, 5.00, 5.00, 16.00, 62.00, 75.00, 6.00, 13.00, 26.00, 23.00, 92.00, 10.00, 73.00, 6.00, 56.00, 43.00, 13.00, 54.00, 55.00, 4, 64, 38, 4, 176, '2020-10-28 06:23:51', '2020-10-28 06:23:51'),
(13, 19.00, 7.00, 5.00, 90.00, 19.00, 17.00, 14.00, 75.00, 13.00, 41.00, 36.00, 77.00, 40.00, 37.00, 20.00, 45.00, 36.00, 39.00, 62.00, 7, 71, 32, 7, 239, '2020-10-28 06:23:51', '2020-10-28 06:23:51'),
(14, 36.00, 8.00, 5.00, 82.00, 49.00, 18.00, 21.00, 8.00, 27.00, 94.00, 38.00, 84.00, 92.00, 84.00, 64.00, 46.00, 36.00, 81.00, 78.00, 10, 62, 39, 7, 18, '2020-10-28 06:23:51', '2020-10-28 06:23:51'),
(15, 56.00, 1.00, 5.00, 83.00, 61.00, 95.00, 99.00, 22.00, 38.00, 50.00, 43.00, 58.00, 78.00, 61.00, 33.00, 88.00, 47.00, 32.00, 93.00, 1, 63, 37, 3, 55, '2020-10-28 06:23:51', '2020-10-28 06:23:51'),
(16, 23.00, 4.00, 5.00, 71.00, 5.00, 87.00, 6.00, 45.00, 34.00, 75.00, 92.00, 73.00, 83.00, 38.00, 36.00, 9.00, 60.00, 51.00, 30.00, 6, 65, 35, 4, 52, '2020-10-28 06:23:51', '2020-10-28 06:23:51'),
(17, 70.00, 0.00, 5.00, 30.00, 70.00, 85.00, 16.00, 66.00, 80.00, 87.00, 40.00, 92.00, 71.00, 62.00, 81.00, 69.00, 75.00, 9.00, 19.00, 7, 70, 40, 2, 146, '2020-10-28 06:23:51', '2020-10-28 06:23:51'),
(18, 78.00, 3.00, 5.00, 6.00, 47.00, 57.00, 56.00, 30.00, 54.00, 44.00, 90.00, 73.00, 35.00, 71.00, 62.00, 29.00, 15.00, 28.00, 23.00, 6, 66, 37, 2, 248, '2020-10-28 06:23:51', '2020-10-28 06:23:51'),
(19, 24.00, 0.00, 5.00, 43.00, 92.00, 18.00, 92.00, 10.00, 99.00, 91.00, 94.00, 69.00, 54.00, 78.00, 63.00, 59.00, 44.00, 52.00, 70.00, 9, 66, 41, 2, 21, '2020-10-28 06:23:51', '2020-10-28 06:23:51'),
(20, 23.00, 1.00, 5.00, 26.00, 83.00, 93.00, 1.00, 7.00, 79.00, 8.00, 90.00, 17.00, 57.00, 41.00, 3.00, 46.00, 57.00, 95.00, 62.00, 8, 71, 41, 10, 136, '2020-10-28 06:23:51', '2020-10-28 06:23:51'),
(21, 25.00, 3.00, 5.00, 17.00, 35.00, 90.00, 27.00, 12.00, 20.00, 64.00, 71.00, 35.00, 0.00, 97.00, 88.00, 77.00, 5.00, 89.00, 34.00, 10, 71, 34, 6, 34, '2020-10-28 06:23:51', '2020-10-28 06:23:51'),
(22, 56.00, 5.00, 5.00, 93.00, 35.00, 65.00, 49.00, 10.00, 3.00, 16.00, 71.00, 88.00, 96.00, 58.00, 94.00, 56.00, 47.00, 46.00, 60.00, 5, 65, 38, 4, 163, '2020-10-28 06:23:51', '2020-10-28 06:23:51'),
(23, 17.00, 4.00, 5.00, 3.00, 49.00, 72.00, 36.00, 52.00, 65.00, 9.00, 77.00, 51.00, 57.00, 55.00, 58.00, 83.00, 33.00, 48.00, 87.00, 3, 65, 34, 5, 200, '2020-10-28 06:23:51', '2020-10-28 06:23:51'),
(24, 91.00, 2.00, 5.00, 65.00, 53.00, 45.00, 58.00, 95.00, 40.00, 89.00, 71.00, 29.00, 28.00, 67.00, 22.00, 9.00, 28.00, 11.00, 74.00, 1, 70, 32, 2, 99, '2020-10-28 06:23:51', '2020-10-28 06:23:51'),
(25, 67.00, 6.00, 5.00, 93.00, 9.00, 49.00, 47.00, 37.00, 12.00, 12.00, 96.00, 17.00, 61.00, 57.00, 81.00, 47.00, 74.00, 96.00, 24.00, 5, 70, 33, 1, 24, '2020-10-28 06:23:51', '2020-10-28 06:23:51'),
(26, 9.00, 4.00, 5.00, 39.00, 81.00, 76.00, 16.00, 59.00, 42.00, 17.00, 52.00, 40.00, 51.00, 46.00, 68.00, 78.00, 22.00, 46.00, 92.00, 2, 63, 32, 1, 215, '2020-10-28 06:23:51', '2020-10-28 06:23:51'),
(27, 80.00, 5.00, 5.00, 80.00, 64.00, 32.00, 36.00, 93.00, 36.00, 9.00, 61.00, 99.00, 74.00, 24.00, 37.00, 3.00, 15.00, 17.00, 55.00, 4, 70, 35, 6, 253, '2020-10-28 06:23:51', '2020-10-28 06:23:51'),
(28, 16.00, 5.00, 5.00, 76.00, 46.00, 1.00, 45.00, 17.00, 81.00, 19.00, 71.00, 55.00, 88.00, 1.00, 27.00, 62.00, 53.00, 60.00, 39.00, 6, 67, 39, 3, 173, '2020-10-28 06:23:51', '2020-10-28 06:23:51'),
(29, 91.00, 0.00, 5.00, 32.00, 6.00, 55.00, 86.00, 55.00, 94.00, 89.00, 39.00, 29.00, 90.00, 20.00, 93.00, 72.00, 21.00, 85.00, 17.00, 7, 66, 40, 5, 169, '2020-10-28 06:23:51', '2020-10-28 06:23:51'),
(30, 37.00, 7.00, 5.00, 35.00, 23.00, 62.00, 60.00, 42.00, 73.00, 61.00, 3.00, 34.00, 35.00, 82.00, 82.00, 19.00, 26.00, 3.00, 9.00, 7, 65, 32, 5, 95, '2020-10-28 06:23:51', '2020-10-28 06:23:51'),
(31, 24.00, 2.00, 5.00, 82.00, 30.00, 77.00, 29.00, 89.00, 63.00, 12.00, 82.00, 37.00, 58.00, 1.00, 68.00, 98.00, 9.00, 72.00, 23.00, 9, 69, 41, 5, 85, '2020-10-28 06:23:51', '2020-10-28 06:23:51'),
(32, 31.00, 7.00, 5.00, 57.00, 87.00, 29.00, 79.00, 80.00, 45.00, 68.00, 8.00, 43.00, 92.00, 27.00, 3.00, 52.00, 81.00, 55.00, 95.00, 5, 65, 32, 10, 63, '2020-10-28 06:23:51', '2020-10-28 06:23:51'),
(33, 66.00, 6.00, 5.00, 8.00, 86.00, 32.00, 29.00, 7.00, 53.00, 61.00, 31.00, 59.00, 50.00, 12.00, 45.00, 17.00, 76.00, 8.00, 12.00, 8, 63, 34, 6, 257, '2020-10-28 06:23:51', '2020-10-28 06:23:51'),
(34, 96.00, 4.00, 5.00, 51.00, 51.00, 27.00, 32.00, 48.00, 23.00, 90.00, 99.00, 52.00, 48.00, 49.00, 90.00, 42.00, 85.00, 21.00, 47.00, 10, 65, 39, 8, 170, '2020-10-28 06:23:51', '2020-10-28 06:23:51'),
(35, 48.00, 5.00, 5.00, 16.00, 96.00, 46.00, 36.00, 26.00, 28.00, 59.00, 30.00, 22.00, 25.00, 92.00, 67.00, 45.00, 27.00, 61.00, 39.00, 7, 65, 41, 6, 59, '2020-10-28 06:23:51', '2020-10-28 06:23:51'),
(36, 43.00, 6.00, 5.00, 2.00, 57.00, 65.00, 60.00, 59.00, 26.00, 64.00, 13.00, 97.00, 94.00, 75.00, 73.00, 25.00, 6.00, 28.00, 49.00, 3, 62, 36, 1, 108, '2020-10-28 06:23:51', '2020-10-28 06:23:51'),
(37, 42.00, 0.00, 5.00, 78.00, 23.00, 57.00, 81.00, 95.00, 33.00, 25.00, 41.00, 29.00, 20.00, 43.00, 69.00, 9.00, 11.00, 85.00, 60.00, 9, 67, 41, 4, 21, '2020-10-28 06:23:51', '2020-10-28 06:23:51'),
(38, 82.00, 7.00, 5.00, 26.00, 24.00, 78.00, 99.00, 10.00, 91.00, 33.00, 10.00, 59.00, 8.00, 57.00, 9.00, 87.00, 50.00, 28.00, 95.00, 5, 65, 40, 1, 103, '2020-10-28 06:23:51', '2020-10-28 06:23:51'),
(39, 38.00, 4.00, 5.00, 59.00, 13.00, 61.00, 5.00, 31.00, 98.00, 29.00, 47.00, 38.00, 26.00, 44.00, 87.00, 28.00, 85.00, 86.00, 92.00, 8, 68, 36, 5, 155, '2020-10-28 06:23:51', '2020-10-28 06:23:51'),
(40, 73.00, 7.00, 5.00, 33.00, 14.00, 74.00, 44.00, 3.00, 36.00, 69.00, 54.00, 65.00, 57.00, 76.00, 66.00, 37.00, 30.00, 94.00, 4.00, 7, 65, 34, 1, 233, '2020-10-28 06:23:51', '2020-10-28 06:23:51'),
(41, 89.00, 6.00, 5.00, 23.00, 7.00, 36.00, 49.00, 52.00, 89.00, 77.00, 37.00, 38.00, 15.00, 60.00, 90.00, 6.00, 94.00, 36.00, 24.00, 6, 66, 37, 8, 82, '2020-10-28 06:23:51', '2020-10-28 06:23:51'),
(42, 51.00, 8.00, 5.00, 31.00, 19.00, 88.00, 89.00, 55.00, 64.00, 18.00, 25.00, 92.00, 61.00, 80.00, 27.00, 73.00, 94.00, 96.00, 96.00, 6, 71, 37, 10, 230, '2020-10-28 06:23:51', '2020-10-28 06:23:51'),
(43, 2.00, 0.00, 5.00, 9.00, 19.00, 47.00, 12.00, 55.00, 32.00, 38.00, 48.00, 98.00, 32.00, 14.00, 15.00, 73.00, 55.00, 13.00, 87.00, 8, 68, 41, 5, 38, '2020-10-28 06:23:51', '2020-10-28 06:23:51'),
(44, 8.00, 8.00, 5.00, 18.00, 8.00, 12.00, 13.00, 62.00, 97.00, 15.00, 34.00, 98.00, 34.00, 69.00, 70.00, 68.00, 43.00, 98.00, 19.00, 8, 70, 35, 4, 68, '2020-10-28 06:23:51', '2020-10-28 06:23:51'),
(45, 23.00, 8.00, 5.00, 26.00, 19.00, 73.00, 30.00, 18.00, 10.00, 68.00, 78.00, 42.00, 6.00, 23.00, 92.00, 39.00, 74.00, 42.00, 32.00, 2, 68, 32, 7, 66, '2020-10-28 06:23:51', '2020-10-28 06:23:51'),
(46, 56.00, 1.00, 5.00, 91.00, 33.00, 38.00, 20.00, 38.00, 45.00, 51.00, 29.00, 16.00, 92.00, 21.00, 17.00, 50.00, 91.00, 71.00, 27.00, 7, 67, 32, 8, 92, '2020-10-28 06:23:51', '2020-10-28 06:23:51'),
(47, 38.00, 1.00, 5.00, 87.00, 84.00, 32.00, 27.00, 47.00, 7.00, 11.00, 61.00, 25.00, 36.00, 51.00, 3.00, 53.00, 54.00, 90.00, 99.00, 1, 64, 33, 6, 41, '2020-10-28 06:23:51', '2020-10-28 06:23:51'),
(48, 85.00, 6.00, 5.00, 87.00, 64.00, 98.00, 22.00, 65.00, 41.00, 51.00, 73.00, 92.00, 15.00, 82.00, 83.00, 59.00, 9.00, 27.00, 47.00, 8, 63, 39, 5, 53, '2020-10-28 06:23:51', '2020-10-28 06:23:51'),
(49, 97.00, 0.00, 5.00, 70.00, 67.00, 49.00, 39.00, 41.00, 26.00, 6.00, 63.00, 64.00, 94.00, 27.00, 71.00, 31.00, 24.00, 74.00, 63.00, 6, 68, 37, 6, 127, '2020-10-28 06:23:51', '2020-10-28 06:23:51'),
(50, 33.00, 9.00, 5.00, 52.00, 77.00, 51.00, 95.00, 42.00, 23.00, 95.00, 80.00, 49.00, 80.00, 2.00, 13.00, 31.00, 85.00, 61.00, 69.00, 3, 64, 35, 4, 132, '2020-10-28 06:23:51', '2020-10-28 06:23:51'),
(51, 0.00, 0.00, 0.00, 0.00, 0.00, 0.00, 0.00, 0.00, 0.00, 0.00, 0.00, 0.00, 0.00, 0.00, 0.00, 0.00, 0.00, 0.00, 0.00, 6, 67, 35, 20, 0, '2020-11-16 23:43:40', '2020-11-16 23:43:40'),
(52, 0.00, 0.00, 0.00, 0.00, 0.00, 0.00, 0.00, 0.00, 0.00, 0.00, 0.00, 0.00, 0.00, 0.00, 0.00, 0.00, 0.00, 0.00, 0.00, 6, 76, 35, 20, 0, '2020-11-16 23:43:40', '2020-11-16 23:43:40'),
(53, 0.00, 0.00, 0.00, 0.00, 0.00, 0.00, 0.00, 0.00, 0.00, 0.00, 0.00, 0.00, 0.00, 0.00, 0.00, 0.00, 0.00, 0.00, 0.00, 6, 89, 35, 20, 0, '2020-11-16 23:43:40', '2020-11-16 23:43:40'),
(54, 0.00, 0.00, 0.00, 0.00, 0.00, 0.00, 0.00, 0.00, 0.00, 0.00, 0.00, 0.00, 0.00, 0.00, 0.00, 0.00, 0.00, 0.00, 0.00, 6, 114, 35, 20, 0, '2020-11-16 23:43:40', '2020-11-16 23:43:40'),
(55, 0.00, 0.00, 0.00, 0.00, 0.00, 0.00, 0.00, 0.00, 0.00, 0.00, 0.00, 0.00, 0.00, 0.00, 0.00, 0.00, 0.00, 0.00, 0.00, 6, 115, 35, 20, 0, '2020-11-16 23:43:40', '2020-11-16 23:43:40'),
(56, 0.00, 0.00, 0.00, 0.00, 0.00, 0.00, 0.00, 0.00, 0.00, 0.00, 0.00, 0.00, 0.00, 0.00, 0.00, 0.00, 0.00, 0.00, 0.00, 6, 120, 35, 20, 0, '2020-11-16 23:43:40', '2020-11-16 23:43:40'),
(57, 0.00, 0.00, 0.00, 0.00, 0.00, 0.00, 0.00, 0.00, 0.00, 0.00, 0.00, 0.00, 0.00, 0.00, 0.00, 0.00, 0.00, 0.00, 0.00, 6, 135, 35, 20, 0, '2020-11-16 23:43:40', '2020-11-16 23:43:40'),
(58, 0.00, 0.00, 0.00, 0.00, 0.00, 0.00, 0.00, 0.00, 0.00, 0.00, 0.00, 0.00, 0.00, 0.00, 0.00, 0.00, 0.00, 0.00, 0.00, 6, 164, 35, 20, 0, '2020-11-16 23:43:40', '2020-11-16 23:43:40'),
(59, 0.00, 0.00, 0.00, 0.00, 0.00, 0.00, 0.00, 0.00, 0.00, 0.00, 0.00, 0.00, 0.00, 0.00, 0.00, 0.00, 0.00, 0.00, 0.00, 6, 172, 35, 20, 0, '2020-11-16 23:43:40', '2020-11-16 23:43:40'),
(60, 0.00, 0.00, 0.00, 0.00, 0.00, 0.00, 0.00, 0.00, 0.00, 0.00, 0.00, 0.00, 0.00, 0.00, 0.00, 0.00, 0.00, 0.00, 0.00, 6, 192, 35, 20, 0, '2020-11-16 23:43:40', '2020-11-16 23:43:40'),
(61, 0.00, 0.00, 0.00, 0.00, 0.00, 0.00, 0.00, 0.00, 0.00, 0.00, 0.00, 0.00, 0.00, 0.00, 0.00, 0.00, 0.00, 0.00, 0.00, 6, 201, 35, 20, 0, '2020-11-16 23:43:40', '2020-11-16 23:43:40'),
(62, 0.00, 0.00, 0.00, 0.00, 0.00, 0.00, 0.00, 0.00, 0.00, 0.00, 0.00, 0.00, 0.00, 0.00, 0.00, 0.00, 0.00, 0.00, 0.00, 6, 209, 35, 20, 0, '2020-11-16 23:43:40', '2020-11-16 23:43:40'),
(63, 0.00, 0.00, 0.00, 0.00, 0.00, 0.00, 0.00, 0.00, 0.00, 0.00, 0.00, 0.00, 0.00, 0.00, 0.00, 0.00, 0.00, 0.00, 0.00, 6, 226, 35, 20, 0, '2020-11-16 23:43:40', '2020-11-16 23:43:40'),
(64, 0.00, 0.00, 0.00, 0.00, 0.00, 0.00, 0.00, 0.00, 0.00, 0.00, 0.00, 0.00, 0.00, 0.00, 0.00, 0.00, 0.00, 0.00, 0.00, 6, 253, 35, 20, 0, '2020-11-16 23:43:40', '2020-11-16 23:43:40'),
(65, 0.00, 0.00, 0.00, 0.00, 0.00, 0.00, 0.00, 0.00, 0.00, 0.00, 0.00, 0.00, 0.00, 0.00, 0.00, 0.00, 0.00, 0.00, 0.00, 10, 67, 41, 17, 0, '2020-11-22 01:17:48', '2020-11-22 01:17:48'),
(66, 0.00, 0.00, 0.00, 0.00, 0.00, 0.00, 0.00, 0.00, 0.00, 0.00, 0.00, 0.00, 0.00, 0.00, 0.00, 0.00, 0.00, 0.00, 0.00, 10, 76, 41, 17, 0, '2020-11-22 01:17:48', '2020-11-22 01:17:48'),
(67, 0.00, 0.00, 0.00, 0.00, 0.00, 0.00, 0.00, 0.00, 0.00, 0.00, 0.00, 0.00, 0.00, 0.00, 0.00, 0.00, 0.00, 0.00, 0.00, 10, 89, 41, 17, 0, '2020-11-22 01:17:48', '2020-11-22 01:17:48'),
(68, 0.00, 0.00, 0.00, 0.00, 0.00, 0.00, 0.00, 0.00, 0.00, 0.00, 0.00, 0.00, 0.00, 0.00, 0.00, 0.00, 0.00, 0.00, 0.00, 10, 114, 41, 17, 0, '2020-11-22 01:17:48', '2020-11-22 01:17:48'),
(69, 0.00, 0.00, 0.00, 0.00, 0.00, 0.00, 0.00, 0.00, 0.00, 0.00, 0.00, 0.00, 0.00, 0.00, 0.00, 0.00, 0.00, 0.00, 0.00, 10, 115, 41, 17, 0, '2020-11-22 01:17:48', '2020-11-22 01:17:48'),
(70, 0.00, 0.00, 0.00, 0.00, 0.00, 0.00, 0.00, 0.00, 0.00, 0.00, 0.00, 0.00, 0.00, 0.00, 0.00, 0.00, 0.00, 0.00, 0.00, 10, 120, 41, 17, 0, '2020-11-22 01:17:48', '2020-11-22 01:17:48'),
(71, 0.00, 0.00, 0.00, 0.00, 0.00, 0.00, 0.00, 0.00, 0.00, 0.00, 0.00, 0.00, 0.00, 0.00, 0.00, 0.00, 0.00, 0.00, 0.00, 10, 135, 41, 17, 0, '2020-11-22 01:17:48', '2020-11-22 01:17:48'),
(72, 0.00, 0.00, 0.00, 0.00, 0.00, 0.00, 0.00, 0.00, 0.00, 0.00, 0.00, 0.00, 0.00, 0.00, 0.00, 0.00, 0.00, 0.00, 0.00, 10, 164, 41, 17, 0, '2020-11-22 01:17:48', '2020-11-22 01:17:48'),
(73, 0.00, 0.00, 0.00, 0.00, 0.00, 0.00, 0.00, 0.00, 0.00, 0.00, 0.00, 0.00, 0.00, 0.00, 0.00, 0.00, 0.00, 0.00, 0.00, 10, 172, 41, 17, 0, '2020-11-22 01:17:48', '2020-11-22 01:17:48'),
(74, 0.00, 0.00, 0.00, 0.00, 0.00, 0.00, 0.00, 0.00, 0.00, 0.00, 0.00, 0.00, 0.00, 0.00, 0.00, 0.00, 0.00, 0.00, 0.00, 10, 192, 41, 17, 0, '2020-11-22 01:17:48', '2020-11-22 01:17:48'),
(75, 0.00, 0.00, 0.00, 0.00, 0.00, 0.00, 0.00, 0.00, 0.00, 0.00, 0.00, 0.00, 0.00, 0.00, 0.00, 0.00, 0.00, 0.00, 0.00, 10, 201, 41, 17, 0, '2020-11-22 01:17:48', '2020-11-22 01:17:48'),
(76, 0.00, 0.00, 0.00, 0.00, 0.00, 0.00, 0.00, 0.00, 0.00, 0.00, 0.00, 0.00, 0.00, 0.00, 0.00, 0.00, 0.00, 0.00, 0.00, 10, 209, 41, 17, 0, '2020-11-22 01:17:48', '2020-11-22 01:17:48'),
(77, 0.00, 0.00, 0.00, 0.00, 0.00, 0.00, 0.00, 0.00, 0.00, 0.00, 0.00, 0.00, 0.00, 0.00, 0.00, 0.00, 0.00, 0.00, 0.00, 10, 226, 41, 17, 0, '2020-11-22 01:17:48', '2020-11-22 01:17:48'),
(78, 0.00, 0.00, 0.00, 0.00, 0.00, 0.00, 0.00, 0.00, 0.00, 0.00, 0.00, 0.00, 0.00, 0.00, 0.00, 0.00, 0.00, 0.00, 0.00, 10, 253, 41, 17, 0, '2020-11-22 01:17:48', '2020-11-22 01:17:48'),
(79, 0.00, 0.00, 0.00, 0.00, 0.00, 0.00, 0.00, 0.00, 0.00, 0.00, 0.00, 0.00, 0.00, 0.00, 0.00, 0.00, 0.00, 0.00, 0.00, 2, 62, 41, 27, 0, '2021-01-02 03:57:31', '2021-01-02 03:57:31'),
(80, 0.00, 0.00, 0.00, 0.00, 0.00, 0.00, 0.00, 0.00, 0.00, 0.00, 0.00, 0.00, 0.00, 0.00, 0.00, 0.00, 0.00, 0.00, 0.00, 2, 69, 41, 27, 0, '2021-01-02 03:57:31', '2021-01-02 03:57:31'),
(81, 0.00, 0.00, 0.00, 0.00, 0.00, 0.00, 0.00, 0.00, 0.00, 0.00, 0.00, 0.00, 0.00, 0.00, 0.00, 0.00, 0.00, 0.00, 0.00, 2, 70, 41, 27, 0, '2021-01-02 03:57:31', '2021-01-02 03:57:31'),
(82, 0.00, 0.00, 0.00, 0.00, 0.00, 0.00, 0.00, 0.00, 0.00, 0.00, 0.00, 0.00, 0.00, 0.00, 0.00, 0.00, 0.00, 0.00, 0.00, 2, 100, 41, 27, 0, '2021-01-02 03:57:31', '2021-01-02 03:57:31'),
(83, 0.00, 0.00, 0.00, 0.00, 0.00, 0.00, 0.00, 0.00, 0.00, 0.00, 0.00, 0.00, 0.00, 0.00, 0.00, 0.00, 0.00, 0.00, 0.00, 2, 101, 41, 27, 0, '2021-01-02 03:57:31', '2021-01-02 03:57:31'),
(84, 0.00, 0.00, 0.00, 0.00, 0.00, 0.00, 0.00, 0.00, 0.00, 0.00, 0.00, 0.00, 0.00, 0.00, 0.00, 0.00, 0.00, 0.00, 0.00, 2, 107, 41, 27, 0, '2021-01-02 03:57:31', '2021-01-02 03:57:31'),
(85, 0.00, 0.00, 0.00, 0.00, 0.00, 0.00, 0.00, 0.00, 0.00, 0.00, 0.00, 0.00, 0.00, 0.00, 0.00, 0.00, 0.00, 0.00, 0.00, 2, 112, 41, 27, 0, '2021-01-02 03:57:31', '2021-01-02 03:57:31'),
(86, 0.00, 0.00, 0.00, 0.00, 0.00, 0.00, 0.00, 0.00, 0.00, 0.00, 0.00, 0.00, 0.00, 0.00, 0.00, 0.00, 0.00, 0.00, 0.00, 2, 144, 41, 27, 0, '2021-01-02 03:57:31', '2021-01-02 03:57:31'),
(87, 0.00, 0.00, 0.00, 0.00, 0.00, 0.00, 0.00, 0.00, 0.00, 0.00, 0.00, 0.00, 0.00, 0.00, 0.00, 0.00, 0.00, 0.00, 0.00, 2, 159, 41, 27, 0, '2021-01-02 03:57:31', '2021-01-02 03:57:31'),
(88, 0.00, 0.00, 0.00, 0.00, 0.00, 0.00, 0.00, 0.00, 0.00, 0.00, 0.00, 0.00, 0.00, 0.00, 0.00, 0.00, 0.00, 0.00, 0.00, 2, 166, 41, 27, 0, '2021-01-02 03:57:31', '2021-01-02 03:57:31'),
(89, 0.00, 0.00, 0.00, 0.00, 0.00, 0.00, 0.00, 0.00, 0.00, 0.00, 0.00, 0.00, 0.00, 0.00, 0.00, 0.00, 0.00, 0.00, 0.00, 2, 178, 41, 27, 0, '2021-01-02 03:57:31', '2021-01-02 03:57:31'),
(90, 0.00, 0.00, 0.00, 0.00, 0.00, 0.00, 0.00, 0.00, 0.00, 0.00, 0.00, 0.00, 0.00, 0.00, 0.00, 0.00, 0.00, 0.00, 0.00, 2, 188, 41, 27, 0, '2021-01-02 03:57:31', '2021-01-02 03:57:31'),
(91, 0.00, 0.00, 0.00, 0.00, 0.00, 0.00, 0.00, 0.00, 0.00, 0.00, 0.00, 0.00, 0.00, 0.00, 0.00, 0.00, 0.00, 0.00, 0.00, 2, 247, 41, 27, 0, '2021-01-02 03:57:31', '2021-01-02 03:57:31'),
(92, 91.92, 0.00, 10.00, 15.00, 0.00, 0.00, 0.00, 0.00, 24.00, 0.00, 12.00, 0.00, 0.00, 25.00, 0.00, 0.00, 50.00, 0.00, 0.00, 1, 66, 32, 16, 12, '2021-03-23 05:20:31', '2021-03-23 05:20:31'),
(93, 96.92, 0.00, 10.00, 15.00, 0.00, 0.00, 0.00, 0.00, 35.00, 0.00, 12.00, 0.00, 0.00, 23.00, 0.00, 0.00, 45.00, 0.00, 0.00, 1, 110, 32, 16, 12, '2021-03-23 05:20:31', '2021-03-23 05:20:31'),
(94, 78.42, 0.00, 10.00, 15.00, 0.00, 0.00, 0.00, 0.00, 20.00, 0.00, 12.00, 0.00, 0.00, 22.00, 0.00, 0.00, 42.00, 0.00, 0.00, 1, 124, 32, 16, 12, '2021-03-23 05:20:31', '2021-03-23 05:20:31'),
(95, 85.08, 0.00, 8.00, 15.00, 0.00, 0.00, 0.00, 0.00, 25.00, 0.00, 12.00, 0.00, 0.00, 10.00, 0.00, 0.00, 50.00, 0.00, 0.00, 1, 137, 32, 16, 12, '2021-03-23 05:20:31', '2021-03-23 05:20:31'),
(96, 84.92, 0.00, 7.00, 15.00, 0.00, 0.00, 0.00, 0.00, 22.00, 0.00, 12.00, 0.00, 0.00, 20.00, 0.00, 0.00, 48.00, 0.00, 0.00, 1, 157, 32, 16, 12, '2021-03-23 05:20:31', '2021-03-23 05:20:31'),
(97, 85.50, 0.00, 6.00, 12.00, 0.00, 0.00, 0.00, 0.00, 27.00, 0.00, 12.00, 0.00, 0.00, 23.00, 0.00, 0.00, 43.00, 0.00, 0.00, 1, 210, 32, 16, 12, '2021-03-23 05:20:31', '2021-03-23 05:20:31'),
(98, 53.17, 0.00, 10.00, 10.00, 0.00, 0.00, 0.00, 0.00, 28.00, 0.00, 12.00, 0.00, 0.00, 0.00, 0.00, 0.00, 21.00, 0.00, 0.00, 1, 239, 32, 16, 12, '2021-03-23 05:20:31', '2021-03-23 05:20:31'),
(99, 56.50, 0.00, 9.00, 0.00, 0.00, 0.00, 0.00, 0.00, 30.00, 0.00, 12.00, 0.00, 0.00, 0.00, 0.00, 0.00, 25.00, 0.00, 0.00, 1, 267, 32, 16, 12, '2021-03-23 05:20:31', '2021-03-23 05:20:31'),
(100, 0.00, 0.00, 0.00, 0.00, 0.00, 0.00, 0.00, 0.00, 0.00, 0.00, 0.00, 0.00, 0.00, 0.00, 0.00, 0.00, 0.00, 0.00, 0.00, 1, 82, 32, 16, 0, '2021-03-28 04:45:08', '2021-03-28 04:45:08'),
(101, 0.00, 0.00, 0.00, 0.00, 0.00, 0.00, 0.00, 0.00, 0.00, 0.00, 0.00, 0.00, 0.00, 0.00, 0.00, 0.00, 0.00, 0.00, 0.00, 1, 149, 32, 16, 0, '2021-03-28 04:45:08', '2021-03-28 04:45:08'),
(102, 0.00, 0.00, 0.00, 0.00, 0.00, 0.00, 0.00, 0.00, 0.00, 0.00, 0.00, 0.00, 0.00, 0.00, 0.00, 0.00, 0.00, 0.00, 0.00, 1, 153, 32, 16, 0, '2021-03-28 04:45:08', '2021-03-28 04:45:08'),
(103, 0.00, 0.00, 0.00, 0.00, 0.00, 0.00, 0.00, 0.00, 0.00, 0.00, 0.00, 0.00, 0.00, 0.00, 0.00, 0.00, 0.00, 0.00, 0.00, 1, 162, 32, 16, 0, '2021-03-28 04:45:08', '2021-03-28 04:45:08'),
(104, 0.00, 0.00, 0.00, 0.00, 0.00, 0.00, 0.00, 0.00, 0.00, 0.00, 0.00, 0.00, 0.00, 0.00, 0.00, 0.00, 0.00, 0.00, 0.00, 1, 168, 32, 16, 0, '2021-03-28 04:45:08', '2021-03-28 04:45:08'),
(105, 0.00, 0.00, 0.00, 0.00, 0.00, 0.00, 0.00, 0.00, 0.00, 0.00, 0.00, 0.00, 0.00, 0.00, 0.00, 0.00, 0.00, 0.00, 0.00, 1, 206, 32, 16, 0, '2021-03-28 04:45:08', '2021-03-28 04:45:08'),
(106, 0.00, 0.00, 0.00, 0.00, 0.00, 0.00, 0.00, 0.00, 0.00, 0.00, 0.00, 0.00, 0.00, 0.00, 0.00, 0.00, 0.00, 0.00, 0.00, 1, 212, 32, 16, 0, '2021-03-28 04:45:08', '2021-03-28 04:45:09'),
(107, 0.00, 0.00, 0.00, 0.00, 0.00, 0.00, 0.00, 0.00, 0.00, 0.00, 0.00, 0.00, 0.00, 0.00, 0.00, 0.00, 0.00, 0.00, 0.00, 1, 229, 32, 16, 0, '2021-03-28 04:45:09', '2021-03-28 04:45:09'),
(108, 0.00, 0.00, 0.00, 0.00, 0.00, 0.00, 0.00, 0.00, 0.00, 0.00, 0.00, 0.00, 0.00, 0.00, 0.00, 0.00, 0.00, 0.00, 0.00, 1, 230, 32, 16, 0, '2021-03-28 04:45:09', '2021-03-28 04:45:09'),
(109, 0.00, 0.00, 0.00, 0.00, 0.00, 0.00, 0.00, 0.00, 0.00, 0.00, 0.00, 0.00, 0.00, 0.00, 0.00, 0.00, 0.00, 0.00, 0.00, 1, 238, 32, 16, 0, '2021-03-28 04:45:09', '2021-03-28 04:45:09'),
(110, 0.00, 0.00, 0.00, 0.00, 0.00, 0.00, 0.00, 0.00, 0.00, 0.00, 0.00, 0.00, 0.00, 0.00, 0.00, 0.00, 0.00, 0.00, 0.00, 1, 248, 32, 16, 0, '2021-03-28 04:45:09', '2021-03-28 04:45:09'),
(111, 0.00, 0.00, 0.00, 0.00, 0.00, 0.00, 0.00, 0.00, 0.00, 0.00, 0.00, 0.00, 0.00, 0.00, 0.00, 0.00, 0.00, 0.00, 0.00, 1, 249, 32, 16, 0, '2021-03-28 04:45:09', '2021-03-28 04:45:09'),
(113, 0.00, 0.00, 0.00, 0.00, 0.00, 0.00, 0.00, 0.00, 0.00, 0.00, 0.00, 0.00, 0.00, 0.00, 0.00, 0.00, 0.00, 0.00, 0.00, 1, 90, 32, 1, 0, '2021-04-01 05:31:10', '2021-04-01 05:31:10'),
(114, 0.00, 0.00, 0.00, 0.00, 0.00, 0.00, 0.00, 0.00, 0.00, 0.00, 0.00, 0.00, 0.00, 0.00, 0.00, 0.00, 0.00, 0.00, 0.00, 1, 133, 32, 1, 0, '2021-04-01 05:31:10', '2021-04-01 05:31:10'),
(115, 0.00, 0.00, 0.00, 0.00, 0.00, 0.00, 0.00, 0.00, 0.00, 0.00, 0.00, 0.00, 0.00, 0.00, 0.00, 0.00, 0.00, 0.00, 0.00, 1, 216, 32, 1, 0, '2021-04-01 05:31:10', '2021-04-01 05:31:10'),
(116, 0.00, 0.00, 0.00, 0.00, 0.00, 0.00, 0.00, 0.00, 0.00, 0.00, 0.00, 0.00, 0.00, 0.00, 0.00, 0.00, 0.00, 0.00, 0.00, 1, 223, 32, 1, 0, '2021-04-01 05:31:10', '2021-04-01 05:31:10'),
(117, 0.00, 0.00, 0.00, 0.00, 0.00, 0.00, 0.00, 0.00, 0.00, 0.00, 0.00, 0.00, 0.00, 0.00, 0.00, 0.00, 0.00, 0.00, 0.00, 1, 232, 32, 1, 0, '2021-04-01 05:31:10', '2021-04-01 05:31:10');

-- --------------------------------------------------------

--
-- Table structure for table `grade_systems`
--

CREATE TABLE `grade_systems` (
  `id` int(10) UNSIGNED NOT NULL,
  `grade_system_name` varchar(191) COLLATE utf8mb4_unicode_ci NOT NULL,
  `grade` varchar(191) COLLATE utf8mb4_unicode_ci NOT NULL,
  `point` double(8,2) NOT NULL,
  `from_mark` int(11) NOT NULL,
  `to_mark` int(11) NOT NULL,
  `school_id` int(11) NOT NULL,
  `user_id` int(10) UNSIGNED NOT NULL,
  `created_at` timestamp NULL DEFAULT NULL,
  `updated_at` timestamp NULL DEFAULT NULL
) ENGINE=InnoDB DEFAULT CHARSET=utf8mb4 COLLATE=utf8mb4_unicode_ci;

--
-- Dumping data for table `grade_systems`
--

INSERT INTO `grade_systems` (`id`, `grade_system_name`, `grade`, `point`, `from_mark`, `to_mark`, `school_id`, `user_id`, `created_at`, `updated_at`) VALUES
(1, 'Grade System 1', 'A+', 5.00, 80, 100, 1, 204, '2020-10-28 06:23:48', '2020-10-28 06:23:48'),
(2, 'Grade System 1', 'A', 4.00, 70, 79, 1, 220, '2020-10-28 06:23:48', '2020-10-28 06:23:48'),
(3, 'Grade System 1', 'A-', 3.50, 60, 69, 1, 12, '2021-02-04 10:44:24', '2021-02-04 10:44:24'),
(4, 'Grade System 1', 'B', 3.00, 50, 59, 1, 12, '2021-03-24 09:03:49', '2021-03-24 09:03:49'),
(5, 'Grade System 1', 'C', 2.00, 40, 49, 1, 12, '2021-03-24 09:12:37', '2021-03-24 09:12:37'),
(6, 'Grade System 1', 'D', 1.00, 33, 39, 1, 12, '2021-03-24 09:22:49', '2021-03-24 09:22:49'),
(7, 'Grade System 1', 'F', 0.00, 0, 32, 1, 12, '2021-03-24 09:23:11', '2021-03-24 09:23:11'),
(8, 'Grade System 2', 'A', 4.00, 35, 39, 1, 12, '2021-03-24 09:28:05', '2021-04-01 12:00:59'),
(9, 'Grade System 2', 'A+', 5.00, 40, 50, 1, 12, '2021-03-24 09:33:13', '2021-04-01 12:00:11'),
(10, 'Grade System 2', 'A-', 3.50, 30, 34, 1, 12, '2021-04-01 12:01:35', '2021-04-01 12:01:35'),
(11, 'Grade System 2', 'B', 3.00, 25, 29, 1, 12, '2021-04-01 12:02:33', '2021-04-01 12:02:33'),
(12, 'Grade System 2', 'C', 2.00, 20, 24, 1, 12, '2021-04-01 12:02:51', '2021-04-01 12:02:51'),
(13, 'Grade System 2', 'D', 1.00, 17, 19, 1, 12, '2021-04-01 12:03:21', '2021-04-01 12:03:58'),
(14, 'Grade System 2', 'F', 0.00, 0, 16, 1, 12, '2021-04-01 12:03:37', '2021-04-01 12:03:37');

-- --------------------------------------------------------

--
-- Table structure for table `homeworks`
--

CREATE TABLE `homeworks` (
  `id` int(10) UNSIGNED NOT NULL,
  `file_path` varchar(191) COLLATE utf8mb4_unicode_ci NOT NULL,
  `description` text COLLATE utf8mb4_unicode_ci NOT NULL,
  `teacher_id` int(10) UNSIGNED NOT NULL,
  `section_id` int(10) UNSIGNED NOT NULL,
  `created_at` timestamp NULL DEFAULT NULL,
  `updated_at` timestamp NULL DEFAULT NULL
) ENGINE=InnoDB DEFAULT CHARSET=utf8mb4 COLLATE=utf8mb4_unicode_ci;

--
-- Dumping data for table `homeworks`
--

INSERT INTO `homeworks` (`id`, `file_path`, `description`, `teacher_id`, `section_id`, `created_at`, `updated_at`) VALUES
(1, 'https://www.schamberger.biz/sed-nemo-officiis-assumenda-temporibus-exercitationem-distinctio', 'Dolorem rerum voluptates rerum voluptatem quia nulla. Culpa iste consequuntur maiores quia. Veniam rerum laboriosam voluptatum.', 61, 19, '2020-10-28 06:23:43', '2020-10-28 06:23:43'),
(2, 'http://www.vandervort.com/odit-ut-quisquam-officiis-occaecati-qui', 'Tenetur id vero totam voluptas. Ratione alias praesentium dolores quia. Ut est iusto aspernatur at.', 48, 17, '2020-10-28 06:23:43', '2020-10-28 06:23:43'),
(3, 'http://grady.biz/', 'Autem voluptas suscipit incidunt est. Alias vel aut omnis quia in fugit ea. Voluptatem amet aliquam saepe voluptatibus.', 35, 6, '2020-10-28 06:23:43', '2020-10-28 06:23:43'),
(4, 'http://www.volkman.com/molestiae-qui-minus-reiciendis-aut-nam-aperiam', 'Voluptates unde voluptates recusandae dignissimos tenetur voluptas ut. Blanditiis nihil quasi rerum repellendus consequatur. Ut molestiae tempora impedit id quia et molestiae.', 61, 8, '2020-10-28 06:23:43', '2020-10-28 06:23:43'),
(5, 'http://www.yost.com/aspernatur-accusamus-voluptatem-dolor-ducimus-autem-ut', 'Ipsam omnis perferendis quis dolorem. Rerum dolor nesciunt repellendus voluptatem laborum. Voluptatem occaecati velit saepe ut est quam.', 40, 10, '2020-10-28 06:23:43', '2020-10-28 06:23:43'),
(6, 'https://kuhic.com/delectus-harum-et-veritatis-nihil-eum-quam-nulla-aut.html', 'Qui magni aspernatur doloremque officiis ex. Mollitia sed rerum culpa. Laborum quia modi qui numquam dolor pariatur.', 61, 18, '2020-10-28 06:23:43', '2020-10-28 06:23:43'),
(7, 'https://crona.org/asperiores-est-tenetur-quas-et-quo-est.html', 'Veniam eveniet molestias qui molestiae totam ab fugit. Ab asperiores magnam provident non ut pariatur impedit. Aliquam voluptas voluptas alias id dolorem fugit.', 35, 18, '2020-10-28 06:23:43', '2020-10-28 06:23:43'),
(8, 'http://weber.com/fugiat-laborum-temporibus-voluptatem', 'Veritatis qui blanditiis omnis at modi. A expedita beatae nisi dolor. Distinctio omnis est incidunt atque.', 45, 15, '2020-10-28 06:23:43', '2020-10-28 06:23:43'),
(9, 'http://www.heidenreich.net/ab-sit-modi-eius-quia-qui-ullam.html', 'Id voluptatum et voluptas odit. In ut nisi rerum qui odit. Quisquam commodi explicabo quia at.', 40, 2, '2020-10-28 06:23:43', '2020-10-28 06:23:43'),
(10, 'http://hirthe.com/quia-cum-non-dignissimos-alias-corporis.html', 'Optio ea laborum consequatur nobis et nihil sed. Necessitatibus officiis voluptas eius laboriosam dolor quam ea. Voluptatem quis animi distinctio iste dicta.', 45, 18, '2020-10-28 06:23:43', '2020-10-28 06:23:43'),
(11, 'http://www.jakubowski.com/', 'Sunt at soluta et inventore omnis cum. Iste officiis rerum incidunt ab possimus odio. Voluptas optio assumenda aut nihil et.', 36, 10, '2020-10-28 06:23:43', '2020-10-28 06:23:43'),
(12, 'http://mcdermott.net/', 'Iste necessitatibus in laborum qui blanditiis esse. Quis natus quasi ullam nemo. Placeat dolore enim voluptatem quasi soluta alias fugiat.', 52, 7, '2020-10-28 06:23:43', '2020-10-28 06:23:43'),
(13, 'http://www.kub.biz/', 'Repellat aliquam culpa sit blanditiis et. Vero hic ut sequi aspernatur. Nihil provident consequatur ut voluptates aspernatur exercitationem.', 36, 11, '2020-10-28 06:23:43', '2020-10-28 06:23:43'),
(14, 'http://www.lebsack.com/similique-qui-reiciendis-sed-nihil-consequatur-et-quia', 'Sit necessitatibus nobis voluptatem sed laudantium nihil. Qui commodi ipsa magnam in. Sequi deserunt autem consequatur et.', 32, 10, '2020-10-28 06:23:43', '2020-10-28 06:23:43'),
(15, 'http://www.murphy.com/officia-ut-tempora-earum-sed', 'Sed est quasi adipisci est quo nostrum. Et impedit expedita similique temporibus aperiam ea. Molestiae veritatis rem repellat dolorum aut dolorum.', 46, 5, '2020-10-28 06:23:43', '2020-10-28 06:23:43'),
(16, 'http://ratke.net/numquam-nisi-cupiditate-voluptatibus-qui-dignissimos-harum.html', 'Aliquid et voluptas quaerat non voluptates. Unde saepe consectetur et magnam enim sint. Enim fugiat est voluptatem.', 35, 15, '2020-10-28 06:23:43', '2020-10-28 06:23:43'),
(17, 'http://www.littel.com/', 'Explicabo illum nesciunt labore. Qui facilis commodi asperiores consequuntur quis quo et. Voluptatibus soluta adipisci officiis atque eos qui.', 50, 17, '2020-10-28 06:23:43', '2020-10-28 06:23:43'),
(18, 'http://kunze.com/enim-alias-veniam-voluptas-et-voluptas-molestiae-veniam.html', 'Beatae provident tempore inventore ipsa magni dignissimos autem vel. Delectus iure molestiae qui debitis omnis. Vero dolores voluptate dolores ut et.', 54, 11, '2020-10-28 06:23:43', '2020-10-28 06:23:43'),
(19, 'http://kihn.com/', 'Totam iste vel magni velit dolorum. Dolore aut quaerat aut non officiis quis. Repudiandae sit quibusdam fugiat voluptatem assumenda omnis autem.', 49, 4, '2020-10-28 06:23:43', '2020-10-28 06:23:43'),
(20, 'http://www.rutherford.com/recusandae-voluptate-quasi-cumque-consequatur-incidunt-dolor-et', 'Voluptatibus dolorum impedit et est amet eius voluptas aut. Voluptatem consectetur beatae rerum sequi ex. Voluptatibus eius hic quisquam dolorem non autem perferendis.', 40, 15, '2020-10-28 06:23:43', '2020-10-28 06:23:43'),
(21, 'http://www.schmidt.com/', 'Ea enim quasi doloremque et consectetur et. Ex reprehenderit hic facere est delectus ut. Magni est sit cum aliquid voluptates quisquam.', 45, 11, '2020-10-28 06:23:43', '2020-10-28 06:23:43'),
(22, 'https://labadie.com/cupiditate-odio-nisi-veritatis-officiis-quo.html', 'Aut doloremque voluptates amet exercitationem repellendus quas beatae. Recusandae culpa voluptatibus ut ipsam dolor explicabo. Voluptatibus sit eaque corrupti fugiat molestias et.', 58, 11, '2020-10-28 06:23:43', '2020-10-28 06:23:43'),
(23, 'https://parker.com/inventore-eveniet-vel-eum-reprehenderit.html', 'Natus culpa sunt aut numquam. Est et est iure maiores consequatur voluptatem. Quidem eum autem ullam aut quibusdam.', 44, 16, '2020-10-28 06:23:43', '2020-10-28 06:23:43'),
(24, 'https://www.lang.org/quam-corrupti-necessitatibus-blanditiis', 'Hic error autem molestiae vitae at aut accusamus magnam. Fuga et totam placeat voluptas commodi reprehenderit harum. At et quod enim ut doloremque similique fuga aspernatur.', 37, 17, '2020-10-28 06:23:43', '2020-10-28 06:23:43'),
(25, 'https://casper.com/voluptatem-sunt-enim-totam-et.html', 'Optio illo occaecati quasi impedit et exercitationem quisquam autem. Dignissimos sapiente ea officiis numquam reprehenderit. Voluptas voluptatem enim illum maxime est aliquam libero.', 44, 19, '2020-10-28 06:23:43', '2020-10-28 06:23:43'),
(26, 'http://buckridge.com/et-veniam-eum-modi-distinctio-minus-consequatur-qui', 'Vel temporibus rerum fugiat ut ut fuga nemo. Cumque saepe itaque vel quidem dolorum saepe ducimus. Ut iste dolorem et quidem aliquid pariatur reprehenderit.', 41, 8, '2020-10-28 06:23:43', '2020-10-28 06:23:43'),
(27, 'https://morissette.biz/voluptatem-sequi-maxime-repudiandae-sapiente-sit-sed.html', 'Vel et cupiditate et. Quae accusamus optio soluta reprehenderit rerum excepturi quia. Sed similique labore cumque.', 61, 19, '2020-10-28 06:23:43', '2020-10-28 06:23:43'),
(28, 'http://hodkiewicz.com/aut-itaque-et-ut', 'Dolores consequatur voluptas cumque mollitia unde. A error et optio suscipit. Velit a qui eos reprehenderit et.', 35, 10, '2020-10-28 06:23:43', '2020-10-28 06:23:43'),
(29, 'http://www.wisoky.biz/cupiditate-unde-enim-est-quia-tenetur-animi-dicta', 'Reiciendis odit dolorem sint aliquid ea nemo. Est ut rem voluptatum rerum. Similique et pariatur nesciunt dolor in voluptatem ullam.', 47, 20, '2020-10-28 06:23:43', '2020-10-28 06:23:43'),
(30, 'http://www.hand.net/', 'Voluptatum nobis et eos cupiditate molestias eos autem. Cupiditate aut ullam reiciendis ad. Ex nisi maiores temporibus rerum aut.', 45, 4, '2020-10-28 06:23:43', '2020-10-28 06:23:43'),
(31, 'http://www.wiegand.com/quod-nihil-officiis-dolore', 'Aut aperiam vel et eligendi. Saepe quo minima blanditiis et quasi. Eligendi cupiditate aut consequuntur blanditiis aut aut.', 40, 5, '2020-10-28 06:23:43', '2020-10-28 06:23:43'),
(32, 'http://www.crist.com/nisi-consectetur-quia-soluta-aut-ad-eum-aut-asperiores.html', 'Quasi ullam deleniti rerum qui est blanditiis. Ipsa quis est labore tenetur nam similique distinctio. Dolor qui et sint voluptas illum quas.', 55, 15, '2020-10-28 06:23:43', '2020-10-28 06:23:43'),
(33, 'http://www.murray.com/', 'Rerum ullam dignissimos fugit assumenda. Quisquam voluptatem rerum laboriosam molestias omnis. Et iusto odio qui laboriosam atque cumque.', 33, 1, '2020-10-28 06:23:43', '2020-10-28 06:23:43'),
(34, 'http://kihn.biz/cumque-vitae-adipisci-deserunt-rerum-velit', 'Laudantium et voluptas temporibus maiores nisi. Blanditiis minima exercitationem omnis quia natus eum. Libero voluptatem cumque qui tenetur aut rerum ullam.', 34, 4, '2020-10-28 06:23:43', '2020-10-28 06:23:43'),
(35, 'http://www.wintheiser.info/', 'Aliquid et error deleniti beatae. Voluptatibus sed sit quia similique dolor praesentium consequuntur. Sunt enim aut ducimus rerum voluptatum et itaque.', 39, 20, '2020-10-28 06:23:43', '2020-10-28 06:23:43'),
(36, 'http://bergnaum.info/iste-est-voluptates-nihil-asperiores-dolore-repellendus-rerum.html', 'Repellendus amet quam voluptatem quo maxime et. Sed magni aut aut aut dolorem atque aut. Veritatis voluptas eaque dignissimos earum.', 61, 14, '2020-10-28 06:23:43', '2020-10-28 06:23:43'),
(37, 'http://grimes.com/quos-labore-rerum-et-id', 'Quisquam nostrum quae quidem rerum enim ipsa ut. Ipsam consectetur accusamus ab quo officiis eos. Architecto magnam dolorem molestias ullam mollitia quia fugit.', 46, 6, '2020-10-28 06:23:43', '2020-10-28 06:23:43'),
(38, 'http://cronin.org/et-aut-voluptatem-est-ex-similique-deserunt-animi', 'Id expedita et qui qui autem quia. Necessitatibus possimus magni cum magnam voluptate ea rem. Temporibus aut porro est voluptatem dolores enim ut.', 46, 19, '2020-10-28 06:23:43', '2020-10-28 06:23:43'),
(39, 'https://koelpin.com/et-est-sunt-tenetur-id-sit-sed-quos.html', 'Voluptatibus et sunt minima ex odio aut expedita. Facere inventore optio est quia nulla maxime deserunt. Tempora illo repellat ut et delectus temporibus.', 41, 4, '2020-10-28 06:23:43', '2020-10-28 06:23:43'),
(40, 'http://legros.com/sunt-aperiam-aliquid-soluta', 'Modi veniam quo totam nisi. Voluptatem ea et tempora. Eaque quis aut non quas.', 37, 12, '2020-10-28 06:23:43', '2020-10-28 06:23:43'),
(41, 'http://hyatt.com/cupiditate-sit-qui-recusandae', 'Asperiores fugiat quasi enim est. Numquam iusto voluptatibus est eveniet corporis sed. Ratione nulla ullam tempora maiores qui enim.', 37, 12, '2020-10-28 06:23:43', '2020-10-28 06:23:43'),
(42, 'http://harvey.org/provident-corrupti-quod-magni-eligendi-qui-laboriosam-molestias-et.html', 'Consectetur voluptatem suscipit voluptatem sequi dicta sit quaerat nihil. Dolorem magni ipsum cupiditate quo vel repellendus delectus. Nobis ea qui non.', 46, 18, '2020-10-28 06:23:43', '2020-10-28 06:23:43'),
(43, 'http://stanton.com/molestiae-et-repellat-veritatis-ipsum-beatae', 'Delectus et qui eum ut fugit sint natus. Illo commodi eum dolore. Quos impedit error et dolore voluptatum.', 50, 17, '2020-10-28 06:23:44', '2020-10-28 06:23:44'),
(44, 'http://www.kunde.com/quis-sapiente-omnis-dolorem-et-quas-expedita.html', 'Voluptatibus ad facere neque enim ut ad vel. In iusto voluptatem qui pariatur ut autem. Explicabo autem quisquam consequatur est eum labore.', 61, 19, '2020-10-28 06:23:44', '2020-10-28 06:23:44'),
(45, 'http://luettgen.org/', 'At repellat reiciendis nihil ratione nisi eos. Deleniti voluptatum ipsam dolorum blanditiis et voluptate. Natus natus quisquam expedita ipsa.', 58, 12, '2020-10-28 06:23:44', '2020-10-28 06:23:44'),
(46, 'http://www.west.com/', 'Ratione voluptas quia rerum est fugiat autem harum. Optio provident deleniti similique libero voluptates. At qui est neque dicta.', 34, 19, '2020-10-28 06:23:44', '2020-10-28 06:23:44'),
(47, 'http://oconner.com/omnis-nemo-suscipit-qui-tenetur-corporis-temporibus', 'Ab est molestiae harum alias reprehenderit minus quia. Eos optio et non aliquam est corporis. Quaerat dolorem quibusdam aliquid neque voluptatem.', 54, 17, '2020-10-28 06:23:44', '2020-10-28 06:23:44'),
(48, 'http://veum.com/sed-et-consequuntur-iusto-laboriosam-dolores', 'Asperiores voluptates eum voluptas error non necessitatibus. Molestiae nulla quam aut eum autem aut. Hic rerum neque delectus porro quis voluptate vero.', 59, 15, '2020-10-28 06:23:44', '2020-10-28 06:23:44'),
(49, 'http://schroeder.biz/natus-aperiam-est-sint-reiciendis-blanditiis-voluptatem-soluta', 'Nesciunt est nostrum alias et debitis. Quam recusandae qui quia id qui. Quae et est nihil aliquam.', 33, 14, '2020-10-28 06:23:44', '2020-10-28 06:23:44'),
(50, 'http://www.herman.com/consequatur-consectetur-ratione-perferendis-sequi-et-provident', 'Praesentium ut perspiciatis vel quos similique nostrum commodi. Repudiandae illum et ea voluptas. Voluptas consectetur officiis odit dicta adipisci.', 49, 19, '2020-10-28 06:23:44', '2020-10-28 06:23:44');

-- --------------------------------------------------------

--
-- Table structure for table `houses`
--

CREATE TABLE `houses` (
  `id` bigint(20) UNSIGNED NOT NULL,
  `school_id` bigint(20) UNSIGNED NOT NULL,
  `name` varchar(191) COLLATE utf8mb4_unicode_ci NOT NULL,
  `description` varchar(191) COLLATE utf8mb4_unicode_ci DEFAULT NULL,
  `status` tinyint(4) NOT NULL DEFAULT 1,
  `created_at` timestamp NULL DEFAULT NULL,
  `updated_at` timestamp NULL DEFAULT NULL
) ENGINE=InnoDB DEFAULT CHARSET=utf8mb4 COLLATE=utf8mb4_unicode_ci;

--
-- Dumping data for table `houses`
--

INSERT INTO `houses` (`id`, `school_id`, `name`, `description`, `status`, `created_at`, `updated_at`) VALUES
(1, 1, 'Emrul', 'Welcome fvfv', 1, '2020-12-27 06:58:57', '2021-02-24 05:42:30'),
(3, 1, 'MD. EMRUL HASSAN', 'hg', 1, '2020-12-28 09:40:54', '2020-12-28 09:40:54'),
(4, 1, 'Md. Asifuzzaman', 'xcvbnm,', 1, '2021-01-25 10:19:04', '2021-01-25 10:19:04'),
(5, 1, 'asif', 'cdxc', 1, '2021-03-25 12:08:42', '2021-03-25 12:08:42');

-- --------------------------------------------------------

--
-- Table structure for table `important_links`
--

CREATE TABLE `important_links` (
  `id` bigint(20) UNSIGNED NOT NULL,
  `school_id` bigint(20) UNSIGNED NOT NULL,
  `link` varchar(191) COLLATE utf8mb4_unicode_ci NOT NULL,
  `name` varchar(191) COLLATE utf8mb4_unicode_ci DEFAULT NULL,
  `parioty` int(11) DEFAULT NULL,
  `status` tinyint(4) NOT NULL DEFAULT 1,
  `created_at` timestamp NULL DEFAULT NULL,
  `updated_at` timestamp NULL DEFAULT NULL
) ENGINE=InnoDB DEFAULT CHARSET=utf8mb4 COLLATE=utf8mb4_unicode_ci;

--
-- Dumping data for table `important_links`
--

INSERT INTO `important_links` (`id`, `school_id`, `link`, `name`, `parioty`, `status`, `created_at`, `updated_at`) VALUES
(2, 1, 'http://www.educationboard.gov.bd/', 'Ministry of Education', 1, 1, '2020-12-28 06:00:10', '2020-12-28 06:00:10'),
(3, 1, 'http://www.dshe.gov.bd/', 'secondary and higher secondary education', 2, 1, '2020-12-28 06:01:02', '2020-12-28 06:01:02'),
(4, 1, 'http://www.moedu.gov.bd/', 'Ministry of Education', 3, 1, '2020-12-28 06:01:38', '2020-12-28 06:01:38'),
(5, 1, 'http://www.educationboardresults.gov.bd/regular/index.php', 'Education Board Results', 4, 1, '2020-12-28 06:05:22', '2020-12-28 06:05:22'),
(6, 1, 'http://www.nctb.gov.bd/', 'E-Book', 5, 1, '2020-12-28 06:05:59', '2020-12-28 06:05:59'),
(7, 1, 'http://erp.dhakaeducationboard.gov.bd/index.php/auth/login', 'STUDENT FORMFILLUP', 6, 1, '2020-12-28 06:07:22', '2020-12-28 06:07:22'),
(8, 1, 'https://www.teachers.gov.bd/', 'shikkhokbatayon', 7, 1, '2020-12-28 06:11:06', '2020-12-28 06:11:06'),
(9, 1, 'http://mmc.e-service.gov.bd/', 'mmc.e-service', 8, 1, '2020-12-28 06:11:46', '2020-12-28 06:11:46'),
(10, 1, 'http://banbeis.gov.bd/new/', 'banbeis', 9, 1, '2020-12-28 06:12:31', '2020-12-28 06:12:31'),
(11, 1, 'http://www.dhaka.gov.bd/', 'Dhaka Zilla', 10, 1, '2020-12-28 06:13:21', '2020-12-28 06:13:21'),
(12, 1, 'http://www.dpe.gov.bd/', 'Directorate of Primary Education', 11, 1, '2020-12-28 06:19:24', '2020-12-28 06:19:24'),
(13, 1, 'http://www.nape.gov.bd/', 'National Academy for Primary Education (NAPE), Bangladesh', 12, 1, '2020-12-28 06:23:29', '2020-12-28 06:24:42'),
(14, 1, 'http://www.moedu.gov.bd/', 'Ministry of Education', 13, 1, '2020-12-28 06:24:19', '2020-12-28 06:24:19'),
(15, 1, 'http://dhakaeducationboard.gov.bd/', 'Dhakaeducationboard, Dhaka', 14, 1, '2020-12-28 06:25:25', '2020-12-28 06:25:25');

-- --------------------------------------------------------

--
-- Table structure for table `issued_books`
--

CREATE TABLE `issued_books` (
  `id` int(10) UNSIGNED NOT NULL,
  `student_code` int(11) NOT NULL,
  `book_id` int(10) UNSIGNED NOT NULL,
  `quantity` int(11) NOT NULL,
  `school_id` int(10) UNSIGNED NOT NULL,
  `issue_date` date NOT NULL,
  `return_date` date NOT NULL,
  `fine` decimal(8,2) NOT NULL,
  `borrowed` tinyint(4) NOT NULL,
  `user_id` int(10) UNSIGNED NOT NULL,
  `created_at` timestamp NULL DEFAULT NULL,
  `updated_at` timestamp NULL DEFAULT NULL
) ENGINE=InnoDB DEFAULT CHARSET=utf8mb4 COLLATE=utf8mb4_unicode_ci;

--
-- Dumping data for table `issued_books`
--

INSERT INTO `issued_books` (`id`, `student_code`, `book_id`, `quantity`, `school_id`, `issue_date`, `return_date`, `fine`, `borrowed`, `user_id`, `created_at`, `updated_at`) VALUES
(1, 9887213, 47, 19, 27, '1972-06-14', '1983-07-12', '5.00', 1, 14, '2020-10-28 06:24:06', '2020-10-28 06:24:06'),
(2, 8871304, 20, 5, 39, '1971-06-15', '1970-08-15', '19.00', 1, 22, '2020-10-28 06:24:06', '2020-10-28 06:24:06'),
(3, 3550635, 10, 5, 36, '1993-05-08', '1993-12-21', '8.00', 1, 35, '2020-10-28 06:24:06', '2020-10-28 06:24:06'),
(4, 6874785, 21, 13, 4, '1971-08-02', '1977-11-16', '34.00', 0, 199, '2020-10-28 06:24:06', '2020-10-28 06:24:06'),
(5, 8104302, 8, 13, 35, '1987-07-18', '2020-05-02', '34.00', 0, 155, '2020-10-28 06:24:06', '2020-10-28 06:24:06');

-- --------------------------------------------------------

--
-- Table structure for table `lets_encripts`
--

CREATE TABLE `lets_encripts` (
  `id` bigint(20) UNSIGNED NOT NULL,
  `school_id` bigint(20) UNSIGNED NOT NULL,
  `domain` varchar(191) COLLATE utf8mb4_unicode_ci DEFAULT NULL,
  `initialIp` varchar(45) COLLATE utf8mb4_unicode_ci DEFAULT NULL,
  `account_id` bigint(20) DEFAULT NULL,
  `order_id` bigint(20) DEFAULT NULL,
  `status` varchar(191) COLLATE utf8mb4_unicode_ci DEFAULT NULL,
  `expires` varchar(191) COLLATE utf8mb4_unicode_ci DEFAULT NULL,
  `filename` varchar(191) COLLATE utf8mb4_unicode_ci DEFAULT NULL,
  `content` text COLLATE utf8mb4_unicode_ci DEFAULT NULL,
  `object_url` text COLLATE utf8mb4_unicode_ci DEFAULT NULL,
  `created_at` timestamp NULL DEFAULT NULL,
  `updated_at` timestamp NULL DEFAULT NULL
) ENGINE=InnoDB DEFAULT CHARSET=utf8mb4 COLLATE=utf8mb4_unicode_ci;

--
-- Dumping data for table `lets_encripts`
--

INSERT INTO `lets_encripts` (`id`, `school_id`, `domain`, `initialIp`, `account_id`, `order_id`, `status`, `expires`, `filename`, `content`, `object_url`, `created_at`, `updated_at`) VALUES
(1, 1, 'schoolone.foqas.org', NULL, NULL, NULL, 'domain_added', NULL, 'dd', 'dddd', '6325', '2020-12-30 05:33:46', '2020-12-30 05:33:46');

-- --------------------------------------------------------

--
-- Table structure for table `menus`
--

CREATE TABLE `menus` (
  `id` bigint(20) UNSIGNED NOT NULL,
  `school_id` bigint(20) UNSIGNED NOT NULL,
  `name` varchar(191) COLLATE utf8mb4_unicode_ci NOT NULL,
  `priority` int(11) DEFAULT NULL,
  `parent` bigint(20) NOT NULL DEFAULT 0,
  `url` tinyint(4) DEFAULT NULL COMMENT '1=url,2=dropdown',
  `slug` varchar(191) COLLATE utf8mb4_unicode_ci DEFAULT NULL,
  `type` tinyint(4) NOT NULL DEFAULT 2 COMMENT '	1=static,2=dynamic	',
  `status` tinyint(4) NOT NULL,
  `created_at` timestamp NULL DEFAULT NULL,
  `updated_at` timestamp NULL DEFAULT NULL
) ENGINE=InnoDB DEFAULT CHARSET=utf8mb4 COLLATE=utf8mb4_unicode_ci;

--
-- Dumping data for table `menus`
--

INSERT INTO `menus` (`id`, `school_id`, `name`, `priority`, `parent`, `url`, `slug`, `type`, `status`, `created_at`, `updated_at`) VALUES
(1, 1, 'Home', 1, 0, 1, '/', 1, 1, NULL, NULL),
(2, 1, 'About Us', 2, 0, 2, '#', 1, 1, NULL, NULL),
(3, 1, 'Teachers', 3, 0, 1, 'teacher', 1, 1, NULL, NULL),
(4, 1, 'Events', 4, 0, 1, 'event', 1, 1, NULL, NULL),
(5, 1, 'Gallery', 5, 0, 1, 'gallery', 1, 1, NULL, NULL),
(6, 1, 'Contact', 7, 0, 1, 'contact', 1, 1, NULL, NULL),
(7, 1, 'Committee', 1, 2, 1, 'committee', 1, 1, NULL, NULL),
(8, 1, 'Our School', 2, 2, 1, 'about', 1, 1, NULL, NULL),
(9, 2, 'Home', 1, 0, 1, '/', 1, 1, NULL, NULL),
(10, 2, 'About Us', 2, 0, 2, '#', 1, 1, NULL, NULL),
(11, 2, 'Teachers', 3, 0, 1, 'teacher', 1, 1, NULL, NULL),
(12, 2, 'Events', 4, 0, 1, 'event', 1, 1, NULL, NULL),
(13, 2, 'Gallery', 5, 0, 1, 'gallery', 1, 1, NULL, NULL),
(14, 2, 'Contact', 6, 0, 1, 'contact', 1, 1, NULL, NULL),
(15, 2, 'Committee', 1, 10, 1, 'committee', 1, 1, NULL, NULL),
(16, 2, 'Our School', 2, 10, 1, 'about', 1, 1, NULL, NULL),
(20, 1, 'Admission', 6, 0, 2, '#', 1, 1, '2021-01-10 08:00:34', '2021-01-10 08:00:34'),
(21, 1, 'Apply Admission', 1, 20, 1, 'admission/apply', 1, 1, NULL, NULL),
(22, 1, 'Download Application', 2, 20, 1, 'admission/download', 1, 1, NULL, NULL),
(23, 1, 'Download Admitcard', 3, 20, 1, 'admission/admitcard', 1, 1, NULL, NULL),
(24, 1, 'Merit List', 4, 20, 1, 'admission/meritlist', 1, 1, NULL, NULL),
(25, 56, 'Home', 1, 0, 1, '/', 1, 1, NULL, NULL),
(26, 56, 'About Us', 2, 0, 2, '#', 1, 1, NULL, NULL),
(27, 56, 'Teachers', 3, 0, 1, 'teacher', 1, 1, NULL, NULL),
(28, 56, 'Events', 4, 0, 1, 'event', 1, 1, NULL, NULL),
(29, 56, 'Gallery', 5, 0, 1, 'gallery', 1, 1, NULL, NULL),
(30, 56, 'Admission', 6, 0, 2, '#', 1, 1, NULL, NULL),
(31, 56, 'Contact', 7, 0, 1, 'contact', 1, 1, NULL, NULL),
(32, 56, 'Committee', 1, 26, 1, 'committee', 1, 1, NULL, NULL),
(33, 56, 'Our School', 2, 26, 1, 'about', 1, 1, NULL, NULL),
(34, 56, 'Apply Admission', 1, 30, 1, 'admission/apply', 1, 1, NULL, NULL),
(35, 56, 'Download Application', 2, 30, 1, 'admission/download', 1, 1, NULL, NULL),
(36, 56, 'Download Admitcard', 3, 30, 1, 'admission/admitcard', 1, 1, NULL, NULL),
(37, 56, 'Merit List', 4, 30, 1, 'admission/meritlist', 1, 1, NULL, NULL),
(38, 57, 'Home', 1, 0, 1, '/', 1, 1, NULL, NULL),
(39, 57, 'About Us', 2, 0, 2, '#', 1, 1, NULL, NULL),
(40, 57, 'Teachers', 3, 0, 1, 'teacher', 1, 1, NULL, NULL),
(41, 57, 'Events', 4, 0, 1, 'event', 1, 1, NULL, NULL),
(42, 57, 'Gallery', 5, 0, 1, 'gallery', 1, 1, NULL, NULL),
(43, 57, 'Admission', 6, 0, 2, '#', 1, 1, NULL, NULL),
(44, 57, 'Contact', 7, 0, 1, 'contact', 1, 1, NULL, NULL),
(45, 57, 'Committee', 1, 39, 1, 'committee', 1, 1, NULL, NULL),
(46, 57, 'Our School', 2, 39, 1, 'about', 1, 1, NULL, NULL),
(47, 57, 'Apply Admission', 1, 43, 1, 'admission/apply', 1, 1, NULL, NULL),
(48, 57, 'Download Application', 2, 43, 1, 'admission/download', 1, 1, NULL, NULL),
(49, 57, 'Download Admitcard', 3, 43, 1, 'admission/admitcard', 1, 1, NULL, NULL),
(50, 57, 'Merit List', 4, 43, 1, 'admission/meritlist', 1, 1, NULL, NULL),
(51, 58, 'Home', 1, 0, 1, '/', 1, 1, NULL, NULL),
(52, 58, 'About Us', 2, 0, 2, '#', 1, 1, NULL, NULL),
(53, 58, 'Teachers', 3, 0, 1, 'teacher', 1, 1, NULL, NULL),
(54, 58, 'Events', 4, 0, 1, 'event', 1, 1, NULL, NULL),
(55, 58, 'Gallery', 5, 0, 1, 'gallery', 1, 1, NULL, NULL),
(56, 58, 'Admission', 6, 0, 2, '#', 1, 1, NULL, NULL),
(57, 58, 'Contact', 7, 0, 1, 'contact', 1, 1, NULL, NULL),
(58, 58, 'Committee', 1, 52, 1, 'committee', 1, 1, NULL, NULL),
(59, 58, 'Our School', 2, 52, 1, 'about', 1, 1, NULL, NULL),
(60, 58, 'Apply Admission', 1, 56, 1, 'admission/apply', 1, 1, NULL, NULL),
(61, 58, 'Download Application', 2, 56, 1, 'admission/download', 1, 1, NULL, NULL),
(62, 58, 'Download Admitcard', 3, 56, 1, 'admission/admitcard', 1, 1, NULL, NULL),
(63, 58, 'Merit List', 4, 56, 1, 'admission/meritlist', 1, 1, NULL, NULL),
(64, 59, 'Home', 1, 0, 1, '/', 1, 1, NULL, NULL),
(65, 59, 'About Us', 2, 0, 2, '#', 1, 1, NULL, NULL),
(66, 59, 'Teachers', 3, 0, 1, 'teacher', 1, 1, NULL, NULL),
(67, 59, 'Events', 4, 0, 1, 'event', 1, 1, NULL, NULL),
(68, 59, 'Gallery', 5, 0, 1, 'gallery', 1, 1, NULL, NULL),
(69, 59, 'Admission', 6, 0, 2, '#', 1, 1, NULL, NULL),
(70, 59, 'Contact', 7, 0, 1, 'contact', 1, 1, NULL, NULL),
(71, 59, 'Committee', 1, 65, 1, 'committee', 1, 1, NULL, NULL),
(72, 59, 'Our School', 2, 65, 1, 'about', 1, 1, NULL, NULL),
(73, 59, 'Apply Admission', 1, 69, 1, 'admission/apply', 1, 1, NULL, NULL),
(74, 59, 'Download Application', 2, 69, 1, 'admission/download', 1, 1, NULL, NULL),
(75, 59, 'Download Admitcard', 3, 69, 1, 'admission/admitcard', 1, 1, NULL, NULL),
(76, 59, 'Merit List', 4, 69, 1, 'admission/meritlist', 1, 1, NULL, NULL),
(77, 60, 'Home', 1, 0, 1, '/', 1, 1, NULL, NULL),
(78, 60, 'About Us', 2, 0, 2, '#', 1, 1, NULL, NULL),
(79, 60, 'Teachers', 3, 0, 1, 'teacher', 1, 1, NULL, NULL),
(80, 60, 'Events', 4, 0, 1, 'event', 1, 1, NULL, NULL),
(81, 60, 'Gallery', 5, 0, 1, 'gallery', 1, 1, NULL, NULL),
(82, 60, 'Admission', 6, 0, 2, '#', 1, 1, NULL, NULL),
(83, 60, 'Contact', 7, 0, 1, 'contact', 1, 1, NULL, NULL),
(84, 60, 'Committee', 1, 78, 1, 'committee', 1, 1, NULL, NULL),
(85, 60, 'Our School', 2, 78, 1, 'about', 1, 1, NULL, NULL),
(86, 60, 'Apply Admission', 1, 82, 1, 'admission/apply', 1, 1, NULL, NULL),
(87, 60, 'Download Application', 2, 82, 1, 'admission/download', 1, 1, NULL, NULL),
(88, 60, 'Download Admitcard', 3, 82, 1, 'admission/admitcard', 1, 1, NULL, NULL),
(89, 60, 'Merit List', 4, 82, 1, 'admission/meritlist', 1, 1, NULL, NULL),
(90, 61, 'Home', 1, 0, 1, '/', 1, 1, NULL, NULL),
(91, 61, 'About Us', 2, 0, 2, '#', 1, 1, NULL, NULL),
(92, 61, 'Teachers', 3, 0, 1, 'teacher', 1, 1, NULL, NULL),
(93, 61, 'Events', 4, 0, 1, 'event', 1, 1, NULL, NULL),
(94, 61, 'Gallery', 5, 0, 1, 'gallery', 1, 1, NULL, NULL),
(95, 61, 'Admission', 6, 0, 2, '#', 1, 1, NULL, NULL),
(96, 61, 'Contact', 7, 0, 1, 'contact', 1, 1, NULL, NULL),
(97, 61, 'Committee', 1, 91, 1, 'committee', 1, 1, NULL, NULL),
(98, 61, 'Our School', 2, 91, 1, 'about', 1, 1, NULL, NULL),
(99, 61, 'Apply Admission', 1, 95, 1, 'admission/apply', 1, 1, NULL, NULL),
(100, 61, 'Download Application', 2, 95, 1, 'admission/download', 1, 1, NULL, NULL),
(101, 61, 'Download Admitcard', 3, 95, 1, 'admission/admitcard', 1, 1, NULL, NULL),
(102, 61, 'Merit List', 4, 95, 1, 'admission/meritlist', 1, 1, NULL, NULL),
(103, 62, 'Home', 1, 0, 1, '/', 1, 1, NULL, NULL),
(104, 62, 'About Us', 2, 0, 2, '#', 1, 1, NULL, NULL),
(105, 62, 'Teachers', 3, 0, 1, 'teacher', 1, 1, NULL, NULL),
(106, 62, 'Events', 4, 0, 1, 'event', 1, 1, NULL, NULL),
(107, 62, 'Gallery', 5, 0, 1, 'gallery', 1, 1, NULL, NULL),
(108, 62, 'Admission', 6, 0, 2, '#', 1, 1, NULL, NULL),
(109, 62, 'Contact', 7, 0, 1, 'contact', 1, 1, NULL, NULL),
(110, 62, 'Committee', 1, 104, 1, 'committee', 1, 1, NULL, NULL),
(111, 62, 'Our School', 2, 104, 1, 'about', 1, 1, NULL, NULL),
(112, 62, 'Apply Admission', 1, 108, 1, 'admission/apply', 1, 1, NULL, NULL),
(113, 62, 'Download Application', 2, 108, 1, 'admission/download', 1, 1, NULL, NULL),
(114, 62, 'Download Admitcard', 3, 108, 1, 'admission/admitcard', 1, 1, NULL, NULL),
(115, 62, 'Merit List', 4, 108, 1, 'admission/meritlist', 1, 1, NULL, NULL),
(116, 63, 'Home', 1, 0, 1, '/', 1, 1, NULL, NULL),
(117, 63, 'About Us', 2, 0, 2, '#', 1, 1, NULL, NULL),
(118, 63, 'Teachers', 3, 0, 1, 'teacher', 1, 1, NULL, NULL),
(119, 63, 'Events', 4, 0, 1, 'event', 1, 1, NULL, NULL),
(120, 63, 'Gallery', 5, 0, 1, 'gallery', 1, 1, NULL, NULL),
(121, 63, 'Admission', 6, 0, 2, '#', 1, 1, NULL, NULL),
(122, 63, 'Contact', 7, 0, 1, 'contact', 1, 1, NULL, NULL),
(123, 63, 'Committee', 1, 117, 1, 'committee', 1, 1, NULL, NULL),
(124, 63, 'Our School', 2, 117, 1, 'about', 1, 1, NULL, NULL),
(125, 63, 'Apply Admission', 1, 121, 1, 'admission/apply', 1, 1, NULL, NULL),
(126, 63, 'Download Application', 2, 121, 1, 'admission/download', 1, 1, NULL, NULL),
(127, 63, 'Download Admitcard', 3, 121, 1, 'admission/admitcard', 1, 1, NULL, NULL),
(128, 63, 'Merit List', 4, 121, 1, 'admission/meritlist', 1, 1, NULL, NULL),
(129, 64, 'Home', 1, 0, 1, '/', 1, 1, NULL, NULL),
(130, 64, 'About Us', 2, 0, 2, '#', 1, 1, NULL, NULL),
(131, 64, 'Teachers', 3, 0, 1, 'teacher', 1, 1, NULL, NULL),
(132, 64, 'Events', 4, 0, 1, 'event', 1, 1, NULL, NULL),
(133, 64, 'Gallery', 5, 0, 1, 'gallery', 1, 1, NULL, NULL),
(134, 64, 'Admission', 6, 0, 2, '#', 1, 1, NULL, NULL),
(135, 64, 'Contact', 7, 0, 1, 'contact', 1, 1, NULL, NULL),
(136, 64, 'Committee', 1, 130, 1, 'committee', 1, 1, NULL, NULL),
(137, 64, 'Our School', 2, 130, 1, 'about', 1, 1, NULL, NULL),
(138, 64, 'Apply Admission', 1, 134, 1, 'admission/apply', 1, 1, NULL, NULL),
(139, 64, 'Download Application', 2, 134, 1, 'admission/download', 1, 1, NULL, NULL),
(140, 64, 'Download Admitcard', 3, 134, 1, 'admission/admitcard', 1, 1, NULL, NULL),
(141, 64, 'Merit List', 4, 134, 1, 'admission/meritlist', 1, 1, NULL, NULL),
(142, 65, 'Home', 1, 0, 1, '/', 1, 1, NULL, NULL),
(143, 65, 'About Us', 2, 0, 2, '#', 1, 1, NULL, NULL),
(144, 65, 'Teachers', 3, 0, 1, 'teacher', 1, 1, NULL, NULL),
(145, 65, 'Events', 4, 0, 1, 'event', 1, 1, NULL, NULL),
(146, 65, 'Gallery', 5, 0, 1, 'gallery', 1, 1, NULL, NULL),
(147, 65, 'Admission', 6, 0, 2, '#', 1, 1, NULL, NULL),
(148, 65, 'Contact', 7, 0, 1, 'contact', 1, 1, NULL, NULL),
(149, 65, 'Committee', 1, 143, 1, 'committee', 1, 1, NULL, NULL),
(150, 65, 'Our School', 2, 143, 1, 'about', 1, 1, NULL, NULL),
(151, 65, 'Apply Admission', 1, 147, 1, 'admission/apply', 1, 1, NULL, NULL),
(152, 65, 'Download Application', 2, 147, 1, 'admission/download', 1, 1, NULL, NULL),
(153, 65, 'Download Admitcard', 3, 147, 1, 'admission/admitcard', 1, 1, NULL, NULL),
(154, 65, 'Merit List', 4, 147, 1, 'admission/meritlist', 1, 1, NULL, NULL),
(155, 66, 'Home', 1, 0, 1, '/', 1, 1, NULL, NULL),
(156, 66, 'About Us', 2, 0, 2, '#', 1, 1, NULL, NULL),
(157, 66, 'Teachers', 3, 0, 1, 'teacher', 1, 1, NULL, NULL),
(158, 66, 'Events', 4, 0, 1, 'event', 1, 1, NULL, NULL),
(159, 66, 'Gallery', 5, 0, 1, 'gallery', 1, 1, NULL, NULL),
(160, 66, 'Admission', 6, 0, 2, '#', 1, 1, NULL, NULL),
(161, 66, 'Contact', 7, 0, 1, 'contact', 1, 1, NULL, NULL),
(162, 66, 'Committee', 1, 156, 1, 'committee', 1, 1, NULL, NULL),
(163, 66, 'Our School', 2, 156, 1, 'about', 1, 1, NULL, NULL),
(164, 66, 'Apply Admission', 1, 160, 1, 'admission/apply', 1, 1, NULL, NULL),
(165, 66, 'Download Application', 2, 160, 1, 'admission/download', 1, 1, NULL, NULL),
(166, 66, 'Download Admitcard', 3, 160, 1, 'admission/admitcard', 1, 1, NULL, NULL),
(167, 66, 'Merit List', 4, 160, 1, 'admission/meritlist', 1, 1, NULL, NULL),
(168, 67, 'Home', 1, 0, 1, '/', 1, 1, NULL, NULL),
(169, 67, 'About Us', 2, 0, 2, '#', 1, 1, NULL, NULL),
(170, 67, 'Teachers', 3, 0, 1, 'teacher', 1, 1, NULL, NULL),
(171, 67, 'Events', 4, 0, 1, 'event', 1, 1, NULL, NULL),
(172, 67, 'Gallery', 5, 0, 1, 'gallery', 1, 1, NULL, NULL),
(173, 67, 'Admission', 6, 0, 2, '#', 1, 1, NULL, NULL),
(174, 67, 'Contact', 7, 0, 1, 'contact', 1, 1, NULL, NULL),
(175, 67, 'Committee', 1, 169, 1, 'committee', 1, 1, NULL, NULL),
(176, 67, 'Our School', 2, 169, 1, 'about', 1, 1, NULL, NULL),
(177, 67, 'Apply Admission', 1, 173, 1, 'admission/apply', 1, 1, NULL, NULL),
(178, 67, 'Download Application', 2, 173, 1, 'admission/download', 1, 1, NULL, NULL),
(179, 67, 'Download Admitcard', 3, 173, 1, 'admission/admitcard', 1, 1, NULL, NULL),
(180, 67, 'Merit List', 4, 173, 1, 'admission/meritlist', 1, 1, NULL, NULL),
(181, 68, 'Home', 1, 0, 1, '/', 1, 1, NULL, NULL),
(182, 68, 'About Us', 2, 0, 2, '#', 1, 1, NULL, NULL),
(183, 68, 'Teachers', 3, 0, 1, 'teacher', 1, 1, NULL, NULL),
(184, 68, 'Events', 4, 0, 1, 'event', 1, 1, NULL, NULL),
(185, 68, 'Gallery', 5, 0, 1, 'gallery', 1, 1, NULL, NULL),
(186, 68, 'Admission', 6, 0, 2, '#', 1, 1, NULL, NULL),
(187, 68, 'Contact', 7, 0, 1, 'contact', 1, 1, NULL, NULL),
(188, 68, 'Committee', 1, 182, 1, 'committee', 1, 1, NULL, NULL),
(189, 68, 'Our School', 2, 182, 1, 'about', 1, 1, NULL, NULL),
(190, 68, 'Apply Admission', 1, 186, 1, 'admission/apply', 1, 1, NULL, NULL),
(191, 68, 'Download Application', 2, 186, 1, 'admission/download', 1, 1, NULL, NULL),
(192, 68, 'Download Admitcard', 3, 186, 1, 'admission/admitcard', 1, 1, NULL, NULL),
(193, 68, 'Merit List', 4, 186, 1, 'admission/meritlist', 1, 1, NULL, NULL),
(194, 69, 'Home', 1, 0, 1, '/', 1, 1, NULL, NULL),
(195, 69, 'About Us', 2, 0, 2, '#', 1, 1, NULL, NULL),
(196, 69, 'Teachers', 3, 0, 1, 'teacher', 1, 1, NULL, NULL),
(197, 69, 'Events', 4, 0, 1, 'event', 1, 1, NULL, NULL),
(198, 69, 'Gallery', 5, 0, 1, 'gallery', 1, 1, NULL, NULL),
(199, 69, 'Admission', 6, 0, 2, '#', 1, 1, NULL, NULL),
(200, 69, 'Contact', 7, 0, 1, 'contact', 1, 1, NULL, NULL),
(201, 69, 'Committee', 1, 195, 1, 'committee', 1, 1, NULL, NULL),
(202, 69, 'Our School', 2, 195, 1, 'about', 1, 1, NULL, NULL),
(203, 69, 'Apply Admission', 1, 199, 1, 'admission/apply', 1, 1, NULL, NULL),
(204, 69, 'Download Application', 2, 199, 1, 'admission/download', 1, 1, NULL, NULL),
(205, 69, 'Download Admitcard', 3, 199, 1, 'admission/admitcard', 1, 1, NULL, NULL),
(206, 69, 'Merit List', 4, 199, 1, 'admission/meritlist', 1, 1, NULL, NULL),
(207, 70, 'Home', 1, 0, 1, '/', 1, 1, NULL, NULL),
(208, 70, 'About Us', 2, 0, 2, '#', 1, 1, NULL, NULL),
(209, 70, 'Teachers', 3, 0, 1, 'teacher', 1, 1, NULL, NULL),
(210, 70, 'Events', 4, 0, 1, 'event', 1, 1, NULL, NULL),
(211, 70, 'Gallery', 5, 0, 1, 'gallery', 1, 1, NULL, NULL),
(212, 70, 'Admission', 6, 0, 2, '#', 1, 1, NULL, NULL),
(213, 70, 'Contact', 7, 0, 1, 'contact', 1, 1, NULL, NULL),
(214, 70, 'Committee', 1, 208, 1, 'committee', 1, 1, NULL, NULL),
(215, 70, 'Our School', 2, 208, 1, 'about', 1, 1, NULL, NULL),
(216, 70, 'Apply Admission', 1, 212, 1, 'admission/apply', 1, 1, NULL, NULL),
(217, 70, 'Download Application', 2, 212, 1, 'admission/download', 1, 1, NULL, NULL),
(218, 70, 'Download Admitcard', 3, 212, 1, 'admission/admitcard', 1, 1, NULL, NULL),
(219, 70, 'Merit List', 4, 212, 1, 'admission/meritlist', 1, 1, NULL, NULL),
(220, 71, 'Home', 1, 0, 1, '/', 1, 1, NULL, NULL),
(221, 71, 'About Us', 2, 0, 2, '#', 1, 1, NULL, NULL),
(222, 71, 'Teachers', 3, 0, 1, 'teacher', 1, 1, NULL, NULL),
(223, 71, 'Events', 4, 0, 1, 'event', 1, 1, NULL, NULL),
(224, 71, 'Gallery', 5, 0, 1, 'gallery', 1, 1, NULL, NULL),
(225, 71, 'Admission', 6, 0, 2, '#', 1, 1, NULL, NULL),
(226, 71, 'Contact', 7, 0, 1, 'contact', 1, 1, NULL, NULL),
(227, 71, 'Committee', 1, 221, 1, 'committee', 1, 1, NULL, NULL),
(228, 71, 'Our School', 2, 221, 1, 'about', 1, 1, NULL, NULL),
(229, 71, 'Apply Admission', 1, 225, 1, 'admission/apply', 1, 1, NULL, NULL),
(230, 71, 'Download Application', 2, 225, 1, 'admission/download', 1, 1, NULL, NULL),
(231, 71, 'Download Admitcard', 3, 225, 1, 'admission/admitcard', 1, 1, NULL, NULL),
(232, 71, 'Merit List', 4, 225, 1, 'admission/meritlist', 1, 1, NULL, NULL),
(233, 72, 'Home', 1, 0, 1, '/', 1, 1, NULL, NULL),
(234, 72, 'About Us', 2, 0, 2, '#', 1, 1, NULL, NULL),
(235, 72, 'Teachers', 3, 0, 1, 'teacher', 1, 1, NULL, NULL),
(236, 72, 'Events', 4, 0, 1, 'event', 1, 1, NULL, NULL),
(237, 72, 'Gallery', 5, 0, 1, 'gallery', 1, 1, NULL, NULL),
(238, 72, 'Admission', 6, 0, 2, '#', 1, 1, NULL, NULL),
(239, 72, 'Contact', 7, 0, 1, 'contact', 1, 1, NULL, NULL),
(240, 72, 'Committee', 1, 234, 1, 'committee', 1, 1, NULL, NULL),
(241, 72, 'Our School', 2, 234, 1, 'about', 1, 1, NULL, NULL),
(242, 72, 'Apply Admission', 1, 238, 1, 'admission/apply', 1, 1, NULL, NULL),
(243, 72, 'Download Application', 2, 238, 1, 'admission/download', 1, 1, NULL, NULL),
(244, 72, 'Download Admitcard', 3, 238, 1, 'admission/admitcard', 1, 1, NULL, NULL),
(245, 72, 'Merit List', 4, 238, 1, 'admission/meritlist', 1, 1, NULL, NULL),
(246, 73, 'Home', 1, 0, 1, '/', 1, 1, NULL, NULL),
(247, 73, 'About Us', 2, 0, 2, '#', 1, 1, NULL, NULL),
(248, 73, 'Teachers', 3, 0, 1, 'teacher', 1, 1, NULL, NULL),
(249, 73, 'Events', 4, 0, 1, 'event', 1, 1, NULL, NULL),
(250, 73, 'Gallery', 5, 0, 1, 'gallery', 1, 1, NULL, NULL),
(251, 73, 'Admission', 6, 0, 2, '#', 1, 1, NULL, NULL),
(252, 73, 'Contact', 7, 0, 1, 'contact', 1, 1, NULL, NULL),
(253, 73, 'Committee', 1, 247, 1, 'committee', 1, 1, NULL, NULL),
(254, 73, 'Our School', 2, 247, 1, 'about', 1, 1, NULL, NULL),
(255, 73, 'Apply Admission', 1, 251, 1, 'admission/apply', 1, 1, NULL, NULL),
(256, 73, 'Download Application', 2, 251, 1, 'admission/download', 1, 1, NULL, NULL),
(257, 73, 'Download Admitcard', 3, 251, 1, 'admission/admitcard', 1, 1, NULL, NULL),
(258, 73, 'Merit List', 4, 251, 1, 'admission/meritlist', 1, 1, NULL, NULL),
(259, 74, 'Home', 1, 0, 1, '/', 1, 1, NULL, NULL),
(260, 74, 'About Us', 2, 0, 2, '#', 1, 1, NULL, NULL),
(261, 74, 'Teachers', 3, 0, 1, 'teacher', 1, 1, NULL, NULL),
(262, 74, 'Events', 4, 0, 1, 'event', 1, 1, NULL, NULL),
(263, 74, 'Gallery', 5, 0, 1, 'gallery', 1, 1, NULL, NULL),
(264, 74, 'Admission', 6, 0, 2, '#', 1, 1, NULL, NULL),
(265, 74, 'Contact', 7, 0, 1, 'contact', 1, 1, NULL, NULL),
(266, 74, 'Committee', 1, 260, 1, 'committee', 1, 1, NULL, NULL),
(267, 74, 'Our School', 2, 260, 1, 'about', 1, 1, NULL, NULL),
(268, 74, 'Apply Admission', 1, 264, 1, 'admission/apply', 1, 1, NULL, NULL),
(269, 74, 'Download Application', 2, 264, 1, 'admission/download', 1, 1, NULL, NULL),
(270, 74, 'Download Admitcard', 3, 264, 1, 'admission/admitcard', 1, 1, NULL, NULL),
(271, 74, 'Merit List', 4, 264, 1, 'admission/meritlist', 1, 1, NULL, NULL),
(272, 75, 'Home', 1, 0, 1, '/', 1, 1, NULL, NULL),
(273, 75, 'About Us', 2, 0, 2, '#', 1, 1, NULL, NULL),
(274, 75, 'Teachers', 3, 0, 1, 'teacher', 1, 1, NULL, NULL),
(275, 75, 'Events', 4, 0, 1, 'event', 1, 1, NULL, NULL),
(276, 75, 'Gallery', 5, 0, 1, 'gallery', 1, 1, NULL, NULL),
(277, 75, 'Admission', 6, 0, 2, '#', 1, 1, NULL, NULL),
(278, 75, 'Contact', 7, 0, 1, 'contact', 1, 1, NULL, NULL),
(279, 75, 'Committee', 1, 273, 1, 'committee', 1, 1, NULL, NULL),
(280, 75, 'Our School', 2, 273, 1, 'about', 1, 1, NULL, NULL),
(281, 75, 'Apply Admission', 1, 277, 1, 'admission/apply', 1, 1, NULL, NULL),
(282, 75, 'Download Application', 2, 277, 1, 'admission/download', 1, 1, NULL, NULL),
(283, 75, 'Download Admitcard', 3, 277, 1, 'admission/admitcard', 1, 1, NULL, NULL),
(284, 75, 'Merit List', 4, 277, 1, 'admission/meritlist', 1, 1, NULL, NULL),
(285, 76, 'Home', 1, 0, 1, '/', 1, 1, NULL, NULL),
(286, 76, 'About Us', 2, 0, 2, '#', 1, 1, NULL, NULL),
(287, 76, 'Teachers', 3, 0, 1, 'teacher', 1, 1, NULL, NULL),
(288, 76, 'Events', 4, 0, 1, 'event', 1, 1, NULL, NULL),
(289, 76, 'Gallery', 5, 0, 1, 'gallery', 1, 1, NULL, NULL),
(290, 76, 'Admission', 6, 0, 2, '#', 1, 1, NULL, NULL),
(291, 76, 'Contact', 7, 0, 1, 'contact', 1, 1, NULL, NULL),
(292, 76, 'Committee', 1, 286, 1, 'committee', 1, 1, NULL, NULL),
(293, 76, 'Our School', 2, 286, 1, 'about', 1, 1, NULL, NULL),
(294, 76, 'Apply Admission', 1, 290, 1, 'admission/apply', 1, 1, NULL, NULL),
(295, 76, 'Download Application', 2, 290, 1, 'admission/download', 1, 1, NULL, NULL),
(296, 76, 'Download Admitcard', 3, 290, 1, 'admission/admitcard', 1, 1, NULL, NULL),
(297, 76, 'Merit List', 4, 290, 1, 'admission/meritlist', 1, 1, NULL, NULL),
(298, 77, 'Home', 1, 0, 1, '/', 1, 1, NULL, NULL),
(299, 77, 'About Us', 2, 0, 2, '#', 1, 1, NULL, NULL),
(300, 77, 'Teachers', 3, 0, 1, 'teacher', 1, 1, NULL, NULL),
(301, 77, 'Events', 4, 0, 1, 'event', 1, 1, NULL, NULL),
(302, 77, 'Gallery', 5, 0, 1, 'gallery', 1, 1, NULL, NULL),
(303, 77, 'Admission', 6, 0, 2, '#', 1, 1, NULL, NULL),
(304, 77, 'Contact', 7, 0, 1, 'contact', 1, 1, NULL, NULL),
(305, 77, 'Committee', 1, 299, 1, 'committee', 1, 1, NULL, NULL),
(306, 77, 'Our School', 2, 299, 1, 'about', 1, 1, NULL, NULL),
(307, 77, 'Apply Admission', 1, 303, 1, 'admission/apply', 1, 1, NULL, NULL),
(308, 77, 'Download Application', 2, 303, 1, 'admission/download', 1, 1, NULL, NULL),
(309, 77, 'Download Admitcard', 3, 303, 1, 'admission/admitcard', 1, 1, NULL, NULL),
(310, 77, 'Merit List', 4, 303, 1, 'admission/meritlist', 1, 1, NULL, NULL),
(311, 78, 'Home', 1, 0, 1, '/', 1, 1, NULL, NULL),
(312, 78, 'About Us', 2, 0, 2, '#', 1, 1, NULL, NULL),
(313, 78, 'Teachers', 3, 0, 1, 'teacher', 1, 1, NULL, NULL),
(314, 78, 'Events', 4, 0, 1, 'event', 1, 1, NULL, NULL),
(315, 78, 'Gallery', 5, 0, 1, 'gallery', 1, 1, NULL, NULL),
(316, 78, 'Admission', 6, 0, 2, '#', 1, 1, NULL, NULL),
(317, 78, 'Contact', 7, 0, 1, 'contact', 1, 1, NULL, NULL),
(318, 78, 'Committee', 1, 312, 1, 'committee', 1, 1, NULL, NULL),
(319, 78, 'Our School', 2, 312, 1, 'about', 1, 1, NULL, NULL),
(320, 78, 'Apply Admission', 1, 316, 1, 'admission/apply', 1, 1, NULL, NULL),
(321, 78, 'Download Application', 2, 316, 1, 'admission/download', 1, 1, NULL, NULL),
(322, 78, 'Download Admitcard', 3, 316, 1, 'admission/admitcard', 1, 1, NULL, NULL),
(323, 78, 'Merit List', 4, 316, 1, 'admission/meritlist', 1, 1, NULL, NULL),
(324, 79, 'Home', 1, 0, 1, '/', 1, 1, NULL, NULL),
(325, 79, 'About Us', 2, 0, 2, '#', 1, 1, NULL, NULL),
(326, 79, 'Teachers', 3, 0, 1, 'teacher', 1, 1, NULL, NULL),
(327, 79, 'Events', 4, 0, 1, 'event', 1, 1, NULL, NULL),
(328, 79, 'Gallery', 5, 0, 1, 'gallery', 1, 1, NULL, NULL),
(329, 79, 'Admission', 6, 0, 2, '#', 1, 1, NULL, NULL),
(330, 79, 'Contact', 7, 0, 1, 'contact', 1, 1, NULL, NULL),
(331, 79, 'Committee', 1, 325, 1, 'committee', 1, 1, NULL, NULL),
(332, 79, 'Our School', 2, 325, 1, 'about', 1, 1, NULL, NULL),
(333, 79, 'Apply Admission', 1, 329, 1, 'admission/apply', 1, 1, NULL, NULL),
(334, 79, 'Download Application', 2, 329, 1, 'admission/download', 1, 1, NULL, NULL),
(335, 79, 'Download Admitcard', 3, 329, 1, 'admission/admitcard', 1, 1, NULL, NULL),
(336, 79, 'Merit List', 4, 329, 1, 'admission/meritlist', 1, 1, NULL, NULL),
(337, 80, 'Home', 1, 0, 1, '/', 1, 1, NULL, NULL),
(338, 80, 'About Us', 2, 0, 2, '#', 1, 1, NULL, NULL),
(339, 80, 'Teachers', 3, 0, 1, 'teacher', 1, 1, NULL, NULL),
(340, 80, 'Events', 4, 0, 1, 'event', 1, 1, NULL, NULL),
(341, 80, 'Gallery', 5, 0, 1, 'gallery', 1, 1, NULL, NULL),
(342, 80, 'Admission', 6, 0, 2, '#', 1, 1, NULL, NULL),
(343, 80, 'Contact', 7, 0, 1, 'contact', 1, 1, NULL, NULL),
(344, 80, 'Committee', 1, 338, 1, 'committee', 1, 1, NULL, NULL),
(345, 80, 'Our School', 2, 338, 1, 'about', 1, 1, NULL, NULL),
(346, 80, 'Apply Admission', 1, 342, 1, 'admission/apply', 1, 1, NULL, NULL),
(347, 80, 'Download Application', 2, 342, 1, 'admission/download', 1, 1, NULL, NULL),
(348, 80, 'Download Admitcard', 3, 342, 1, 'admission/admitcard', 1, 1, NULL, NULL),
(349, 80, 'Merit List', 4, 342, 1, 'admission/meritlist', 1, 1, NULL, NULL),
(350, 81, 'Home', 1, 0, 1, '/', 1, 1, NULL, NULL),
(351, 81, 'About Us', 2, 0, 2, '#', 1, 1, NULL, NULL),
(352, 81, 'Teachers', 3, 0, 1, 'teacher', 1, 1, NULL, NULL),
(353, 81, 'Events', 4, 0, 1, 'event', 1, 1, NULL, NULL),
(354, 81, 'Gallery', 5, 0, 1, 'gallery', 1, 1, NULL, NULL),
(355, 81, 'Admission', 6, 0, 2, '#', 1, 1, NULL, NULL),
(356, 81, 'Contact', 7, 0, 1, 'contact', 1, 1, NULL, NULL),
(357, 81, 'Committee', 1, 351, 1, 'committee', 1, 1, NULL, NULL),
(358, 81, 'Our School', 2, 351, 1, 'about', 1, 1, NULL, NULL),
(359, 81, 'Apply Admission', 1, 355, 1, 'admission/apply', 1, 1, NULL, NULL),
(360, 81, 'Download Application', 2, 355, 1, 'admission/download', 1, 1, NULL, NULL),
(361, 81, 'Download Admitcard', 3, 355, 1, 'admission/admitcard', 1, 1, NULL, NULL),
(362, 81, 'Merit List', 4, 355, 1, 'admission/meritlist', 1, 1, NULL, NULL),
(363, 82, 'Home', 1, 0, 1, '/', 1, 1, NULL, NULL),
(364, 82, 'About Us', 2, 0, 2, '#', 1, 1, NULL, NULL),
(365, 82, 'Teachers', 3, 0, 1, 'teacher', 1, 1, NULL, NULL),
(366, 82, 'Events', 4, 0, 1, 'event', 1, 1, NULL, NULL),
(367, 82, 'Gallery', 5, 0, 1, 'gallery', 1, 1, NULL, NULL),
(368, 82, 'Admission', 6, 0, 2, '#', 1, 1, NULL, NULL),
(369, 82, 'Contact', 7, 0, 1, 'contact', 1, 1, NULL, NULL),
(370, 82, 'Committee', 1, 364, 1, 'committee', 1, 1, NULL, NULL),
(371, 82, 'Our School', 2, 364, 1, 'about', 1, 1, NULL, NULL),
(372, 82, 'Apply Admission', 1, 368, 1, 'admission/apply', 1, 1, NULL, NULL),
(373, 82, 'Download Application', 2, 368, 1, 'admission/download', 1, 1, NULL, NULL),
(374, 82, 'Download Admitcard', 3, 368, 1, 'admission/admitcard', 1, 1, NULL, NULL),
(375, 82, 'Merit List', 4, 368, 1, 'admission/meritlist', 1, 1, NULL, NULL),
(376, 83, 'Home', 1, 0, 1, '/', 1, 1, NULL, NULL),
(377, 83, 'About Us', 2, 0, 2, '#', 1, 1, NULL, NULL),
(378, 83, 'Teachers', 3, 0, 1, 'teacher', 1, 1, NULL, NULL),
(379, 83, 'Events', 4, 0, 1, 'event', 1, 1, NULL, NULL),
(380, 83, 'Gallery', 5, 0, 1, 'gallery', 1, 1, NULL, NULL),
(381, 83, 'Admission', 6, 0, 2, '#', 1, 1, NULL, NULL),
(382, 83, 'Contact', 7, 0, 1, 'contact', 1, 1, NULL, NULL),
(383, 83, 'Committee', 1, 377, 1, 'committee', 1, 1, NULL, NULL),
(384, 83, 'Our School', 2, 377, 1, 'about', 1, 1, NULL, NULL),
(385, 83, 'Apply Admission', 1, 381, 1, 'admission/apply', 1, 1, NULL, NULL),
(386, 83, 'Download Application', 2, 381, 1, 'admission/download', 1, 1, NULL, NULL),
(387, 83, 'Download Admitcard', 3, 381, 1, 'admission/admitcard', 1, 1, NULL, NULL),
(388, 83, 'Merit List', 4, 381, 1, 'admission/meritlist', 1, 1, NULL, NULL),
(389, 84, 'Home', 1, 0, 1, '/', 1, 1, NULL, NULL),
(390, 84, 'About Us', 2, 0, 2, '#', 1, 1, NULL, NULL),
(391, 84, 'Teachers', 3, 0, 1, 'teacher', 1, 1, NULL, NULL),
(392, 84, 'Events', 4, 0, 1, 'event', 1, 1, NULL, NULL),
(393, 84, 'Gallery', 5, 0, 1, 'gallery', 1, 1, NULL, NULL),
(394, 84, 'Admission', 6, 0, 2, '#', 1, 1, NULL, NULL),
(395, 84, 'Contact', 7, 0, 1, 'contact', 1, 1, NULL, NULL),
(396, 84, 'Committee', 1, 390, 1, 'committee', 1, 1, NULL, NULL),
(397, 84, 'Our School', 2, 390, 1, 'about', 1, 1, NULL, NULL),
(398, 84, 'Apply Admission', 1, 394, 1, 'admission/apply', 1, 1, NULL, NULL),
(399, 84, 'Download Application', 2, 394, 1, 'admission/download', 1, 1, NULL, NULL),
(400, 84, 'Download Admitcard', 3, 394, 1, 'admission/admitcard', 1, 1, NULL, NULL),
(401, 84, 'Merit List', 4, 394, 1, 'admission/meritlist', 1, 1, NULL, NULL),
(402, 85, 'Home', 1, 0, 1, '/', 1, 1, NULL, NULL),
(403, 85, 'About Us', 2, 0, 2, '#', 1, 1, NULL, NULL),
(404, 85, 'Teachers', 3, 0, 1, 'teacher', 1, 1, NULL, NULL),
(405, 85, 'Events', 4, 0, 1, 'event', 1, 1, NULL, NULL),
(406, 85, 'Gallery', 5, 0, 1, 'gallery', 1, 1, NULL, NULL),
(407, 85, 'Admission', 6, 0, 2, '#', 1, 1, NULL, NULL),
(408, 85, 'Contact', 7, 0, 1, 'contact', 1, 1, NULL, NULL),
(409, 85, 'Committee', 1, 403, 1, 'committee', 1, 1, NULL, NULL),
(410, 85, 'Our School', 2, 403, 1, 'about', 1, 1, NULL, NULL),
(411, 85, 'Apply Admission', 1, 407, 1, 'admission/apply', 1, 1, NULL, NULL),
(412, 85, 'Download Application', 2, 407, 1, 'admission/download', 1, 1, NULL, NULL),
(413, 85, 'Download Admitcard', 3, 407, 1, 'admission/admitcard', 1, 1, NULL, NULL),
(414, 85, 'Merit List', 4, 407, 1, 'admission/meritlist', 1, 1, NULL, NULL),
(415, 86, 'Home', 1, 0, 1, '/', 1, 1, NULL, NULL),
(416, 86, 'About Us', 2, 0, 2, '#', 1, 1, NULL, NULL),
(417, 86, 'Teachers', 3, 0, 1, 'teacher', 1, 1, NULL, NULL),
(418, 86, 'Events', 4, 0, 1, 'event', 1, 1, NULL, NULL),
(419, 86, 'Gallery', 5, 0, 1, 'gallery', 1, 1, NULL, NULL),
(420, 86, 'Admission', 6, 0, 2, '#', 1, 1, NULL, NULL),
(421, 86, 'Contact', 7, 0, 1, 'contact', 1, 1, NULL, NULL),
(422, 86, 'Committee', 1, 416, 1, 'committee', 1, 1, NULL, NULL),
(423, 86, 'Our School', 2, 416, 1, 'about', 1, 1, NULL, NULL),
(424, 86, 'Apply Admission', 1, 420, 1, 'admission/apply', 1, 1, NULL, NULL),
(425, 86, 'Download Application', 2, 420, 1, 'admission/download', 1, 1, NULL, NULL),
(426, 86, 'Download Admitcard', 3, 420, 1, 'admission/admitcard', 1, 1, NULL, NULL),
(427, 86, 'Merit List', 4, 420, 1, 'admission/meritlist', 1, 1, NULL, NULL),
(429, 87, 'Home', 1, 0, 1, '/', 1, 1, NULL, NULL),
(430, 87, 'About Us', 2, 0, 2, '#', 1, 1, NULL, NULL),
(431, 87, 'Teachers', 3, 0, 1, 'teacher', 1, 1, NULL, NULL),
(432, 87, 'Events', 4, 0, 1, 'event', 1, 1, NULL, NULL),
(433, 87, 'Gallery', 5, 0, 1, 'gallery', 1, 1, NULL, NULL),
(434, 87, 'Admission', 6, 0, 2, '#', 1, 1, NULL, NULL),
(435, 87, 'Contact', 7, 0, 1, 'contact', 1, 1, NULL, NULL),
(436, 87, 'Committee', 1, 430, 1, 'committee', 1, 1, NULL, NULL),
(437, 87, 'Our School', 2, 430, 1, 'about', 1, 1, NULL, NULL),
(438, 87, 'Apply Admission', 1, 434, 1, 'admission/apply', 1, 1, NULL, NULL),
(439, 87, 'Download Application', 2, 434, 1, 'admission/download', 1, 1, NULL, NULL),
(440, 87, 'Verify Application', 3, 434, 1, 'admission/verify', 1, 1, NULL, NULL),
(441, 87, 'Download Application', 4, 434, 1, 'admission/admitcard', 1, 1, NULL, NULL),
(442, 87, 'Merit List', 5, 434, 1, 'admission/meritlist', 1, 1, NULL, NULL),
(443, 88, 'Home', 1, 0, 1, '/', 1, 1, NULL, NULL),
(444, 88, 'About Us', 2, 0, 2, '#', 1, 1, NULL, NULL),
(445, 88, 'Teachers', 3, 0, 1, 'teacher', 1, 1, NULL, NULL),
(446, 88, 'Events', 4, 0, 1, 'event', 1, 1, NULL, NULL),
(447, 88, 'Gallery', 5, 0, 1, 'gallery', 1, 1, NULL, NULL),
(448, 88, 'Admission', 6, 0, 2, '#', 1, 1, NULL, NULL),
(449, 88, 'Contact', 7, 0, 1, 'contact', 1, 1, NULL, NULL),
(450, 88, 'Committee', 1, 444, 1, 'committee', 1, 1, NULL, NULL),
(451, 88, 'Our School', 2, 444, 1, 'about', 1, 1, NULL, NULL),
(452, 88, 'Apply Admission', 1, 448, 1, 'admission/apply', 1, 1, NULL, NULL),
(453, 88, 'Download Application', 2, 448, 1, 'admission/download', 1, 1, NULL, NULL),
(454, 88, 'Verify Application', 3, 448, 1, 'admission/verify', 1, 1, NULL, NULL),
(455, 88, 'Download Application', 4, 448, 1, 'admission/admitcard', 1, 1, NULL, NULL),
(456, 88, 'Merit List', 5, 448, 1, 'admission/meritlist', 1, 1, NULL, NULL),
(457, 89, 'Home', 1, 0, 1, '/', 1, 1, NULL, NULL),
(458, 89, 'About Us', 2, 0, 2, '#', 1, 1, NULL, NULL),
(459, 89, 'Teachers', 3, 0, 1, 'teacher', 1, 1, NULL, NULL),
(460, 89, 'Events', 4, 0, 1, 'event', 1, 1, NULL, NULL),
(461, 89, 'Gallery', 5, 0, 1, 'gallery', 1, 1, NULL, NULL),
(462, 89, 'Admission', 6, 0, 2, '#', 1, 1, NULL, NULL),
(463, 89, 'Contact', 7, 0, 1, 'contact', 1, 1, NULL, NULL),
(464, 89, 'Committee', 1, 458, 1, 'committee', 1, 1, NULL, NULL),
(465, 89, 'Our School', 2, 458, 1, 'about', 1, 1, NULL, NULL),
(466, 89, 'Apply Admission', 1, 462, 1, 'admission/apply', 1, 1, NULL, NULL),
(467, 89, 'Download Application', 2, 462, 1, 'admission/download', 1, 1, NULL, NULL),
(468, 89, 'Verify Application', 3, 462, 1, 'admission/verify', 1, 1, NULL, NULL),
(469, 89, 'Download Application', 4, 462, 1, 'admission/admitcard', 1, 1, NULL, NULL),
(470, 89, 'Merit List', 5, 462, 1, 'admission/meritlist', 1, 1, NULL, NULL),
(471, 90, 'Home', 1, 0, 1, '/', 1, 1, NULL, NULL),
(472, 90, 'About Us', 2, 0, 2, '#', 1, 1, NULL, NULL),
(473, 90, 'Teachers', 3, 0, 1, 'teacher', 1, 1, NULL, NULL),
(474, 90, 'Events', 4, 0, 1, 'event', 1, 1, NULL, NULL),
(475, 90, 'Gallery', 5, 0, 1, 'gallery', 1, 1, NULL, NULL),
(476, 90, 'Admission', 6, 0, 2, '#', 1, 1, NULL, NULL),
(477, 90, 'Contact', 7, 0, 1, 'contact', 1, 1, NULL, NULL),
(478, 90, 'Committee', 1, 472, 1, 'committee', 1, 1, NULL, NULL),
(479, 90, 'Our School', 2, 472, 1, 'about', 1, 1, NULL, NULL),
(480, 90, 'Apply Admission', 1, 476, 1, 'admission/apply', 1, 1, NULL, NULL),
(481, 90, 'Download Application', 2, 476, 1, 'admission/download', 1, 1, NULL, NULL),
(482, 90, 'Verify Application', 3, 476, 1, 'admission/verify', 1, 1, NULL, NULL),
(483, 90, 'Download Application', 4, 476, 1, 'admission/admitcard', 1, 1, NULL, NULL),
(484, 90, 'Merit List', 5, 476, 1, 'admission/meritlist', 1, 1, NULL, NULL),
(485, 91, 'Home', 1, 0, 1, '/', 1, 1, NULL, NULL),
(486, 91, 'About Us', 2, 0, 2, '#', 1, 1, NULL, NULL),
(487, 91, 'Teachers', 3, 0, 1, 'teacher', 1, 1, NULL, NULL),
(488, 91, 'Events', 4, 0, 1, 'event', 1, 1, NULL, NULL),
(489, 91, 'Gallery', 5, 0, 1, 'gallery', 1, 1, NULL, NULL),
(490, 91, 'Admission', 6, 0, 2, '#', 1, 1, NULL, NULL),
(491, 91, 'Contact', 7, 0, 1, 'contact', 1, 1, NULL, NULL),
(492, 91, 'Committee', 1, 486, 1, 'committee', 1, 1, NULL, NULL),
(493, 91, 'Our School', 2, 486, 1, 'about', 1, 1, NULL, NULL),
(494, 91, 'Apply Admission', 1, 490, 1, 'admission/apply', 1, 1, NULL, NULL),
(495, 91, 'Download Application', 2, 490, 1, 'admission/download', 1, 1, NULL, NULL),
(496, 91, 'Verify Application', 3, 490, 1, 'admission/verify', 1, 1, NULL, NULL),
(497, 91, 'Download Application', 4, 490, 1, 'admission/admitcard', 1, 1, NULL, NULL),
(498, 91, 'Merit List', 5, 490, 1, 'admission/meritlist', 1, 1, NULL, NULL),
(499, 92, 'Home', 1, 0, 1, '/', 1, 1, NULL, NULL),
(500, 92, 'About Us', 2, 0, 2, '#', 1, 1, NULL, NULL),
(501, 92, 'Teachers', 3, 0, 1, 'teacher', 1, 1, NULL, NULL),
(502, 92, 'Events', 4, 0, 1, 'event', 1, 1, NULL, NULL),
(503, 92, 'Gallery', 5, 0, 1, 'gallery', 1, 1, NULL, NULL),
(504, 92, 'Admission', 6, 0, 2, '#', 1, 1, NULL, NULL),
(505, 92, 'Contact', 7, 0, 1, 'contact', 1, 1, NULL, NULL),
(506, 92, 'Committee', 1, 500, 1, 'committee', 1, 1, NULL, NULL),
(507, 92, 'Our School', 2, 500, 1, 'about', 1, 1, NULL, NULL),
(508, 92, 'Apply Admission', 1, 504, 1, 'admission/apply', 1, 1, NULL, NULL),
(509, 92, 'Download Application', 2, 504, 1, 'admission/download', 1, 1, NULL, NULL),
(510, 92, 'Verify Application', 3, 504, 1, 'admission/verify', 1, 1, NULL, NULL),
(511, 92, 'Download Application', 4, 504, 1, 'admission/admitcard', 1, 1, NULL, NULL),
(512, 92, 'Merit List', 5, 504, 1, 'admission/meritlist', 1, 1, NULL, NULL),
(513, 93, 'Home', 1, 0, 1, '/', 1, 1, NULL, NULL),
(514, 93, 'About Us', 2, 0, 2, '#', 1, 1, NULL, NULL),
(515, 93, 'Teachers', 3, 0, 1, 'teacher', 1, 1, NULL, NULL),
(516, 93, 'Events', 4, 0, 1, 'event', 1, 1, NULL, NULL),
(517, 93, 'Gallery', 5, 0, 1, 'gallery', 1, 1, NULL, NULL),
(518, 93, 'Admission', 6, 0, 2, '#', 1, 1, NULL, NULL),
(519, 93, 'Contact', 7, 0, 1, 'contact', 1, 1, NULL, NULL),
(520, 93, 'Committee', 1, 514, 1, 'committee', 1, 1, NULL, NULL),
(521, 93, 'Our School', 2, 514, 1, 'about', 1, 1, NULL, NULL),
(522, 93, 'Apply Admission', 1, 518, 1, 'admission/apply', 1, 1, NULL, NULL),
(523, 93, 'Download Application', 2, 518, 1, 'admission/download', 1, 1, NULL, NULL),
(524, 93, 'Verify Application', 3, 518, 1, 'admission/verify', 1, 1, NULL, NULL),
(525, 93, 'Download Application', 4, 518, 1, 'admission/admitcard', 1, 1, NULL, NULL),
(526, 93, 'Merit List', 5, 518, 1, 'admission/meritlist', 1, 1, NULL, NULL),
(527, 94, 'Home', 1, 0, 1, '/', 1, 1, NULL, NULL),
(528, 94, 'About Us', 2, 0, 2, '#', 1, 1, NULL, NULL),
(529, 94, 'Teachers', 3, 0, 1, 'teacher', 1, 1, NULL, NULL),
(530, 94, 'Events', 4, 0, 1, 'event', 1, 1, NULL, NULL),
(531, 94, 'Gallery', 5, 0, 1, 'gallery', 1, 1, NULL, NULL),
(532, 94, 'Admission', 6, 0, 2, '#', 1, 1, NULL, NULL),
(533, 94, 'Contact', 7, 0, 1, 'contact', 1, 1, NULL, NULL),
(534, 94, 'Committee', 1, 528, 1, 'committee', 1, 1, NULL, NULL),
(535, 94, 'Our School', 2, 528, 1, 'about', 1, 1, NULL, NULL),
(536, 94, 'Apply Admission', 1, 532, 1, 'admission/apply', 1, 1, NULL, NULL),
(537, 94, 'Download Application', 2, 532, 1, 'admission/download', 1, 1, NULL, NULL),
(538, 94, 'Verify Application', 3, 532, 1, 'admission/verify', 1, 1, NULL, NULL),
(539, 94, 'Download Application', 4, 532, 1, 'admission/admitcard', 1, 1, NULL, NULL),
(540, 94, 'Merit List', 5, 532, 1, 'admission/meritlist', 1, 1, NULL, NULL),
(541, 95, 'Home', 1, 0, 1, '/', 1, 1, NULL, NULL),
(542, 95, 'About Us', 2, 0, 2, '#', 1, 1, NULL, NULL),
(543, 95, 'Teachers', 3, 0, 1, 'teacher', 1, 1, NULL, NULL),
(544, 95, 'Events', 4, 0, 1, 'event', 1, 1, NULL, NULL),
(545, 95, 'Gallery', 5, 0, 1, 'gallery', 1, 1, NULL, NULL),
(546, 95, 'Admission', 6, 0, 2, '#', 1, 1, NULL, NULL),
(547, 95, 'Contact', 7, 0, 1, 'contact', 1, 1, NULL, NULL),
(548, 95, 'Committee', 1, 542, 1, 'committee', 1, 1, NULL, NULL),
(549, 95, 'Our School', 2, 542, 1, 'about', 1, 1, NULL, NULL),
(550, 95, 'Apply Admission', 1, 546, 1, 'admission/apply', 1, 1, NULL, NULL),
(551, 95, 'Download Application', 2, 546, 1, 'admission/download', 1, 1, NULL, NULL),
(552, 95, 'Verify Application', 3, 546, 1, 'admission/verify', 1, 1, NULL, NULL),
(553, 95, 'Download Application', 4, 546, 1, 'admission/admitcard', 1, 1, NULL, NULL),
(554, 95, 'Merit List', 5, 546, 1, 'admission/meritlist', 1, 1, NULL, NULL),
(555, 1, 'Verify Application', 2, 20, 1, 'admission/verify', 1, 1, '2021-03-03 09:56:46', '2021-03-03 09:56:46'),
(556, 96, 'Home', 1, 0, 1, '/', 1, 1, NULL, NULL),
(557, 96, 'About Us', 2, 0, 2, '#', 1, 1, NULL, NULL),
(558, 96, 'Teachers', 3, 0, 1, 'teacher', 1, 1, NULL, NULL),
(559, 96, 'Events', 4, 0, 1, 'event', 1, 1, NULL, NULL),
(560, 96, 'Gallery', 5, 0, 1, 'gallery', 1, 1, NULL, NULL),
(561, 96, 'Admission', 6, 0, 2, '#', 1, 1, NULL, NULL),
(562, 96, 'Contact', 7, 0, 1, 'contact', 1, 1, NULL, NULL),
(563, 96, 'Committee', 1, 557, 1, 'committee', 1, 1, NULL, NULL),
(564, 96, 'Our School', 2, 557, 1, 'about', 1, 1, NULL, NULL),
(565, 96, 'Apply Admission', 1, 561, 1, 'admission/apply', 1, 1, NULL, NULL),
(566, 96, 'Download Application', 2, 561, 1, 'admission/download', 1, 1, NULL, NULL),
(567, 96, 'Verify Application', 3, 561, 1, 'admission/verify', 1, 1, NULL, NULL),
(568, 96, 'Download Application', 4, 561, 1, 'admission/admitcard', 1, 1, NULL, NULL),
(569, 96, 'Merit List', 5, 561, 1, 'admission/meritlist', 1, 1, NULL, NULL),
(570, 97, 'Home', 1, 0, 1, '/', 1, 1, NULL, NULL),
(571, 97, 'About Us', 2, 0, 2, '#', 1, 1, NULL, NULL),
(572, 97, 'Teachers', 3, 0, 1, 'teacher', 1, 1, NULL, NULL),
(573, 97, 'Events', 4, 0, 1, 'event', 1, 1, NULL, NULL),
(574, 97, 'Gallery', 5, 0, 1, 'gallery', 1, 1, NULL, NULL),
(575, 97, 'Admission', 6, 0, 2, '#', 1, 1, NULL, NULL),
(576, 97, 'Contact', 7, 0, 1, 'contact', 1, 1, NULL, NULL),
(577, 97, 'Committee', 1, 571, 1, 'committee', 1, 1, NULL, NULL),
(578, 97, 'Our School', 2, 571, 1, 'about', 1, 1, NULL, NULL),
(579, 97, 'Apply Admission', 1, 575, 1, 'admission/apply', 1, 1, NULL, NULL),
(580, 97, 'Download Application', 2, 575, 1, 'admission/download', 1, 1, NULL, NULL),
(581, 97, 'Verify Application', 3, 575, 1, 'admission/verify', 1, 1, NULL, NULL),
(582, 97, 'Download Application', 4, 575, 1, 'admission/admitcard', 1, 1, NULL, NULL),
(583, 97, 'Merit List', 5, 575, 1, 'admission/meritlist', 1, 1, NULL, NULL),
(584, 98, 'Home', 1, 0, 1, '/', 1, 1, NULL, NULL),
(585, 98, 'About Us', 2, 0, 2, '#', 1, 1, NULL, NULL),
(586, 98, 'Teachers', 3, 0, 1, 'teacher', 1, 1, NULL, NULL),
(587, 98, 'Events', 4, 0, 1, 'event', 1, 1, NULL, NULL),
(588, 98, 'Gallery', 5, 0, 1, 'gallery', 1, 1, NULL, NULL),
(589, 98, 'Admission', 6, 0, 2, '#', 1, 1, NULL, NULL),
(590, 98, 'Contact', 7, 0, 1, 'contact', 1, 1, NULL, NULL),
(591, 98, 'Committee', 1, 585, 1, 'committee', 1, 1, NULL, NULL),
(592, 98, 'Our School', 2, 585, 1, 'about', 1, 1, NULL, NULL),
(593, 98, 'Apply Admission', 1, 589, 1, 'admission/apply', 1, 1, NULL, NULL),
(594, 98, 'Download Application', 2, 589, 1, 'admission/download', 1, 1, NULL, NULL),
(595, 98, 'Verify Application', 3, 589, 1, 'admission/verify', 1, 1, NULL, NULL),
(596, 98, 'Download Application', 4, 589, 1, 'admission/admitcard', 1, 1, NULL, NULL),
(597, 98, 'Merit List', 5, 589, 1, 'admission/meritlist', 1, 1, NULL, NULL);

-- --------------------------------------------------------

--
-- Table structure for table `messages`
--

CREATE TABLE `messages` (
  `id` int(10) UNSIGNED NOT NULL,
  `phone_number` varchar(191) COLLATE utf8mb4_unicode_ci NOT NULL,
  `email` varchar(191) COLLATE utf8mb4_unicode_ci NOT NULL,
  `message` text COLLATE utf8mb4_unicode_ci NOT NULL,
  `school_id` int(10) UNSIGNED NOT NULL,
  `user_id` int(10) UNSIGNED NOT NULL,
  `created_at` timestamp NULL DEFAULT NULL,
  `updated_at` timestamp NULL DEFAULT NULL
) ENGINE=InnoDB DEFAULT CHARSET=utf8mb4 COLLATE=utf8mb4_unicode_ci;

--
-- Dumping data for table `messages`
--

INSERT INTO `messages` (`id`, `phone_number`, `email`, `message`, `school_id`, `user_id`, `created_at`, `updated_at`) VALUES
(1, '6946373', 'broberts@example.com', 'Incidunt esse autem sint ab impedit quibusdam. Consequatur fugit incidunt non sapiente sunt optio. Magnam dolorem praesentium cupiditate.', 38, 27, '2020-10-28 06:24:02', '2020-10-28 06:24:02'),
(2, '6122039', 'demario.hickle@example.com', 'Dolores corrupti accusamus rerum dolorem facere ut aut. Qui autem nostrum sit qui delectus ullam. Et est non impedit aut sunt voluptatum ipsa voluptatem.', 38, 226, '2020-10-28 06:24:02', '2020-10-28 06:24:02'),
(3, '5153619', 'grady.alia@example.com', 'Expedita molestiae non eaque aut voluptas odit. Debitis aut esse at repellat voluptatem quaerat. Modi dicta non eum excepturi delectus sunt.', 32, 140, '2020-10-28 06:24:02', '2020-10-28 06:24:02'),
(4, '5622909', 'kaleb65@example.net', 'Fugit expedita et voluptatem quia dolores cum aut. Qui temporibus sed adipisci numquam. Incidunt beatae corporis rem esse corporis.', 40, 92, '2020-10-28 06:24:02', '2020-10-28 06:24:02'),
(5, '1457110', 'wreichert@example.org', 'Impedit dignissimos sunt tempora. Et repellat harum eius doloribus qui. Veniam soluta ratione voluptas dicta magni provident quas.', 33, 78, '2020-10-28 06:24:02', '2020-10-28 06:24:02'),
(6, '7579981', 'powlowski.grant@example.com', 'Aspernatur et et natus ut. Quis sit ut reiciendis nobis maiores rerum. Consequatur ipsam eius ut culpa ducimus animi.', 12, 212, '2020-10-28 06:24:02', '2020-10-28 06:24:02'),
(7, '4904141', 'balistreri.clemmie@example.org', 'Est quae non occaecati aperiam rem nam occaecati. Est tempora et sequi non optio dolorum qui. Ullam doloribus aut placeat necessitatibus et voluptatibus.', 31, 147, '2020-10-28 06:24:02', '2020-10-28 06:24:02'),
(8, '1945627', 'hudson.tremblay@example.com', 'Eum accusamus a facere vitae corrupti voluptas in. Assumenda ut occaecati eos sequi. Odio nam error suscipit tenetur voluptas impedit.', 15, 197, '2020-10-28 06:24:02', '2020-10-28 06:24:02'),
(9, '3239649', 'crona.travon@example.net', 'Veritatis quae autem dignissimos facere veniam consequatur voluptate. Placeat doloribus eos sequi sunt tempora. Ut qui atque qui labore autem.', 36, 146, '2020-10-28 06:24:02', '2020-10-28 06:24:02'),
(10, '47602', 'ebeer@example.com', 'Illo ratione aut velit eligendi placeat est. Architecto molestias voluptas neque est. Alias ipsum repudiandae enim mollitia.', 19, 223, '2020-10-28 06:24:02', '2020-10-28 06:24:02'),
(11, '6086714', 'taya.kessler@example.org', 'Ut quae quisquam porro ut cumque incidunt molestiae sunt. Inventore debitis natus et. At totam asperiores rerum rerum quos facere.', 16, 1, '2020-10-28 06:24:02', '2020-10-28 06:24:02'),
(12, '4675640', 'garrison79@example.com', 'In quo quibusdam debitis impedit. Consequatur assumenda nulla dicta vero deserunt. Ea debitis sint ratione excepturi iusto.', 36, 118, '2020-10-28 06:24:02', '2020-10-28 06:24:02'),
(13, '7833354', 'eleanore50@example.com', 'Consequatur veniam eum nesciunt numquam. Fugiat quia perferendis aut non aut omnis. Facilis quis eaque in.', 26, 234, '2020-10-28 06:24:02', '2020-10-28 06:24:02'),
(14, '8064734', 'powlowski.connie@example.org', 'Distinctio et dolores dolores non. Quod mollitia blanditiis cupiditate molestiae. Dolor aut accusamus earum iure amet eos vero.', 28, 96, '2020-10-28 06:24:02', '2020-10-28 06:24:02'),
(15, '7665246', 'cleta70@example.org', 'Iste odio illum ullam molestias voluptate fuga. Eveniet quisquam tempore repellat dolores et eum ipsa. Eum eos cumque sit dolorem enim ut voluptas.', 15, 48, '2020-10-28 06:24:02', '2020-10-28 06:24:02'),
(16, '2307063', 'hollis67@example.org', 'Accusantium rem et tempore atque incidunt deleniti. Praesentium inventore rerum tenetur saepe distinctio est. Est saepe porro molestiae.', 36, 238, '2020-10-28 06:24:03', '2020-10-28 06:24:03'),
(17, '1166629', 'ischmidt@example.net', 'Aspernatur optio est quam fuga id maxime qui odio. Cupiditate velit sint aliquid consequuntur. Voluptas earum et omnis nisi quidem pariatur iusto.', 41, 153, '2020-10-28 06:24:03', '2020-10-28 06:24:03'),
(18, '7493674', 'jeffrey59@example.net', 'Velit expedita velit qui. Rem et sed sint et alias culpa adipisci. Tenetur repudiandae ipsum quibusdam quia voluptas voluptas reiciendis.', 31, 26, '2020-10-28 06:24:03', '2020-10-28 06:24:03'),
(19, '5173229', 'schmeler.olin@example.net', 'Cumque maiores perspiciatis asperiores veritatis provident. Et et aut reiciendis incidunt et non quam explicabo. Modi ipsa non omnis ducimus voluptatem voluptatem voluptas.', 48, 75, '2020-10-28 06:24:03', '2020-10-28 06:24:03'),
(20, '414759', 'stehr.serenity@example.com', 'Omnis ab magni reprehenderit voluptatem culpa eligendi. Pariatur molestiae ducimus qui qui. Adipisci praesentium excepturi laborum quis.', 29, 151, '2020-10-28 06:24:03', '2020-10-28 06:24:03'),
(21, '3610720', 'osborne19@example.com', 'Est voluptas adipisci suscipit quia ipsa. Blanditiis facilis quia et. Id facere aspernatur consequuntur ut.', 24, 92, '2020-10-28 06:24:03', '2020-10-28 06:24:03'),
(22, '7562477', 'beahan.esther@example.com', 'Sit distinctio consequatur eius dolor omnis. Provident deserunt autem sed eaque est vel minus quis. Sint eum et dolore rem sunt.', 33, 245, '2020-10-28 06:24:03', '2020-10-28 06:24:03'),
(23, '6764377', 'ihermiston@example.com', 'Perspiciatis voluptatem similique ipsa necessitatibus numquam eligendi cum nulla. Et vitae rerum consequuntur sed molestiae mollitia laboriosam sunt. Earum non voluptatem tempora omnis ipsam atque iure.', 10, 87, '2020-10-28 06:24:03', '2020-10-28 06:24:03'),
(24, '929494', 'jordane.rosenbaum@example.com', 'Nemo totam nam quidem laudantium exercitationem sint. Sed amet aut alias temporibus dolorem. Est fugiat non ab ab.', 21, 89, '2020-10-28 06:24:03', '2020-10-28 06:24:03'),
(25, '4756611', 'eloisa90@example.org', 'Deleniti eveniet quasi est nemo. Fugit autem dolores quis sunt maiores. Perferendis tempora deleniti et.', 47, 30, '2020-10-28 06:24:03', '2020-10-28 06:24:03'),
(26, '945908', 'name92@example.com', 'Enim et explicabo qui quia necessitatibus harum. Beatae qui perspiciatis vero. Accusantium facere et enim ea unde voluptatibus.', 13, 233, '2020-10-28 06:24:03', '2020-10-28 06:24:03'),
(27, '7493206', 'jabari.wehner@example.net', 'Sunt odio dolorem dolore sunt. Atque omnis numquam accusamus. Dolor ipsam dolore sapiente repudiandae eum.', 44, 171, '2020-10-28 06:24:03', '2020-10-28 06:24:03'),
(28, '2386270', 'bmckenzie@example.org', 'Animi a voluptas aut repellendus architecto et. Nihil mollitia itaque enim. Maiores reprehenderit quia dolor dolores dolore.', 29, 86, '2020-10-28 06:24:03', '2020-10-28 06:24:03'),
(29, '3155984', 'alda21@example.net', 'Nihil et eum et ullam ut. Fugit quidem sit aperiam voluptatum nisi non est. Odio repellendus aut blanditiis qui voluptas distinctio harum.', 49, 220, '2020-10-28 06:24:03', '2020-10-28 06:24:03'),
(30, '2942472', 'syost@example.com', 'A laudantium libero unde soluta. Est alias molestiae numquam repellendus ea sapiente. Maxime reiciendis veniam voluptas soluta modi id sunt.', 29, 231, '2020-10-28 06:24:03', '2020-10-28 06:24:03'),
(31, '4433965', 'dpaucek@example.org', 'Dolor saepe maiores temporibus itaque quo ut. Doloremque voluptas magnam nostrum aspernatur consequuntur laudantium. Modi nostrum fugiat voluptates possimus.', 12, 36, '2020-10-28 06:24:03', '2020-10-28 06:24:03'),
(32, '9932582', 'ametz@example.net', 'Suscipit quis quibusdam quaerat in eos est enim deleniti. Fugiat quis sequi eligendi in suscipit. Et nemo aut et sunt minus.', 39, 124, '2020-10-28 06:24:03', '2020-10-28 06:24:03'),
(33, '1997202', 'skuhlman@example.com', 'Magni quam libero tenetur ut sequi molestiae. Dolor autem sit quis. Minima ipsum quasi accusantium expedita odit dolorum iure.', 33, 223, '2020-10-28 06:24:03', '2020-10-28 06:24:03'),
(34, '4353344', 'giovanni.kuphal@example.net', 'Veniam perferendis nostrum delectus corporis itaque nihil molestiae quo. Facilis quisquam est laudantium corrupti. Inventore cupiditate vel quisquam velit beatae pariatur.', 38, 67, '2020-10-28 06:24:03', '2020-10-28 06:24:03'),
(35, '6889209', 'maurine.boehm@example.com', 'Libero libero voluptatem iure nesciunt ex. Veritatis a earum est veniam vero aspernatur sint autem. Aliquid blanditiis voluptatem reiciendis officia iste labore.', 13, 6, '2020-10-28 06:24:03', '2020-10-28 06:24:03'),
(36, '4779240', 'lawson.reichert@example.org', 'Quis fugiat dolor numquam sit repudiandae soluta delectus in. Assumenda itaque enim nemo tempore tempore hic. Vel voluptatem blanditiis adipisci expedita earum.', 27, 42, '2020-10-28 06:24:03', '2020-10-28 06:24:03'),
(37, '2498382', 'kamren69@example.org', 'Voluptates ut quia assumenda beatae. Illum debitis labore voluptatum debitis. Pariatur rerum quo et repudiandae.', 36, 230, '2020-10-28 06:24:03', '2020-10-28 06:24:03'),
(38, '269424', 'sbins@example.com', 'Aliquam amet quae natus alias esse quia. Quod saepe architecto nihil sint voluptate at aut. Delectus sint quos repellat ratione minima placeat et.', 33, 126, '2020-10-28 06:24:03', '2020-10-28 06:24:03'),
(39, '3741456', 'jmccullough@example.net', 'Iure eveniet dolorum voluptas error consequatur hic blanditiis. Ratione ipsam eos voluptas et velit. Voluptas aperiam quas recusandae alias incidunt veniam laborum.', 10, 245, '2020-10-28 06:24:03', '2020-10-28 06:24:03'),
(40, '7556275', 'beahan.elisabeth@example.org', 'Error sed quos veniam placeat sint similique voluptatem. Tempore quo maxime delectus quia eveniet non. Quos dolorem non hic pariatur quas.', 6, 134, '2020-10-28 06:24:03', '2020-10-28 06:24:03'),
(41, '8138629', 'xblick@example.com', 'Veritatis vero sit et facilis. Dolorum rerum veritatis ab. Ipsam eos neque dolores in quo.', 43, 141, '2020-10-28 06:24:03', '2020-10-28 06:24:03'),
(42, '6226848', 'hanna.muller@example.com', 'Voluptatem distinctio veritatis aliquid tempora doloribus rem. Sit iure dolorum eum qui praesentium. Optio recusandae magni ad molestias.', 20, 87, '2020-10-28 06:24:03', '2020-10-28 06:24:03'),
(43, '7348383', 'wlangosh@example.net', 'Voluptatem omnis aut aut libero cupiditate. Rem molestias consequatur autem et. Sit non magnam ab velit quia deserunt.', 47, 149, '2020-10-28 06:24:03', '2020-10-28 06:24:03'),
(44, '2237159', 'parker.kendrick@example.org', 'Reiciendis accusantium dolorum veritatis qui maiores itaque. Ducimus recusandae quis rem dolores corporis et. Aut quibusdam debitis aut voluptatibus aliquid.', 27, 93, '2020-10-28 06:24:03', '2020-10-28 06:24:03'),
(45, '7444728', 'marge.mayer@example.com', 'Quasi quisquam totam aut beatae esse voluptatem voluptatem. Nemo aliquid quisquam iste laboriosam pariatur molestiae. Aspernatur sit illum cumque rem quidem assumenda rerum.', 23, 159, '2020-10-28 06:24:03', '2020-10-28 06:24:03'),
(46, '3799579', 'silas95@example.org', 'Occaecati quia voluptate molestiae tenetur fuga officia corrupti. Et laborum ipsa temporibus. Reiciendis eos ipsa quia voluptatem velit adipisci.', 34, 112, '2020-10-28 06:24:03', '2020-10-28 06:24:03'),
(47, '5421832', 'bhauck@example.net', 'Ea sint occaecati eum sunt nobis est. Et soluta consequatur est. Esse dolores error harum quo delectus.', 42, 156, '2020-10-28 06:24:03', '2020-10-28 06:24:03'),
(48, '8100969', 'elmer.beer@example.net', 'Consectetur qui sint deserunt in tenetur qui doloremque. Aspernatur qui non temporibus facilis amet dolore mollitia. Nisi eveniet id deleniti eos atque.', 24, 71, '2020-10-28 06:24:04', '2020-10-28 06:24:04'),
(49, '4634306', 'amccullough@example.net', 'Tempora ex labore quaerat. Autem esse saepe consequatur harum ab. In id voluptates nisi nesciunt nisi placeat quod.', 41, 132, '2020-10-28 06:24:04', '2020-10-28 06:24:04'),
(50, '773620', 'rfritsch@example.com', 'Cumque saepe sapiente a vel. Fugit sint id nemo debitis quasi. Dolores atque et magnam quam omnis sed iusto.', 11, 41, '2020-10-28 06:24:04', '2020-10-28 06:24:04');

-- --------------------------------------------------------

--
-- Table structure for table `migrations`
--

CREATE TABLE `migrations` (
  `id` int(10) UNSIGNED NOT NULL,
  `migration` varchar(191) COLLATE utf8mb4_unicode_ci NOT NULL,
  `batch` int(11) NOT NULL
) ENGINE=InnoDB DEFAULT CHARSET=utf8mb4 COLLATE=utf8mb4_unicode_ci;

--
-- Dumping data for table `migrations`
--

INSERT INTO `migrations` (`id`, `migration`, `batch`) VALUES
(1, '2014_10_12_000000_create_schools_table', 1),
(2, '2014_10_12_100000_create_users_table', 1),
(3, '2016_06_01_000001_create_oauth_auth_codes_table', 1),
(4, '2016_06_01_000002_create_oauth_access_tokens_table', 1),
(5, '2016_06_01_000003_create_oauth_refresh_tokens_table', 1),
(6, '2016_06_01_000004_create_oauth_clients_table', 1),
(7, '2016_06_01_000005_create_oauth_personal_access_clients_table', 1),
(8, '2017_12_21_065735_create_exams_table', 1),
(9, '2017_12_27_025313_create_password_resets_table', 1),
(10, '2017_12_27_025349_create_attendances_table', 1),
(11, '2017_12_27_025413_create_classes_table', 1),
(12, '2017_12_27_025427_create_sections_table', 1),
(13, '2017_12_27_025450_create_syllabuses_table', 1),
(14, '2017_12_27_025503_create_notices_table', 1),
(15, '2017_12_27_025512_create_events_table', 1),
(16, '2017_12_27_025530_create_homeworks_table', 1),
(17, '2017_12_27_025542_create_routines_table', 1),
(18, '2017_12_27_025556_create_grades_table', 1),
(19, '2017_12_27_025612_create_notifications_table', 1),
(20, '2017_12_27_025631_create_feedbacks_table', 1),
(21, '2017_12_27_025644_create_books_table', 1),
(23, '2017_12_27_025738_create_forms_table', 1),
(24, '2017_12_27_025751_create_messages_table', 1),
(25, '2017_12_27_025806_create_faqs_table', 1),
(26, '2018_02_06_161642_create_fees_table', 1),
(27, '2018_03_26_105657_create_grade_systems_table', 1),
(28, '2018_03_27_153448_create_issued_books_table', 1),
(29, '2018_04_01_195635_create_accounts_table', 1),
(30, '2018_04_01_195715_create_account_sectors_table', 1),
(31, '2018_04_29_121233_create_student_infos_table', 1),
(32, '2018_04_29_121517_create_student_board_exams_table', 1),
(33, '2018_10_05_163435_create_exam_for_classes_table', 1),
(34, '2018_10_08_002853_add_department_class_teacher_to_users_table', 1),
(35, '2018_10_09_093606_add_term_start_end_date_to_exams_table', 1),
(36, '2018_10_09_203125_create_departments_table', 1),
(37, '2019_04_08_105033_add_class_id_to_syllabuses_table', 1),
(38, '2019_04_08_121149_add_section_id_to_routines_table', 1),
(39, '2019_04_25_101700_add_active_to_exam_for_class_table', 1),
(40, '2019_05_03_000001_create_customer_columns', 1),
(43, '2019_05_10_151601_add_stripe_fields_in_users_table', 1),
(44, '2019_05_10_163920_create_stripe_subscription_table', 1),
(46, '2020_07_24_201246_create_certificates_table', 1),
(47, '2020_11_23_130829_create_teacherinfos_table', 2),
(48, '2020_11_23_155625_create_degrees_table', 2),
(49, '2020_11_23_160206_create_admissions_table', 2),
(51, '2020_12_06_151934_create_pre_admissions_table', 3),
(52, '2020_12_06_114109_create_settings_table', 4),
(53, '2020_12_13_181053_create_committees_table', 5),
(54, '2020_12_20_115601_create_sliders_table', 6),
(55, '2020_12_21_124258_create_menus_table', 7),
(56, '2020_12_22_110949_create_contents_table', 8),
(57, '2020_12_23_134055_create_contacts_table', 9),
(58, '2020_12_24_114916_create_galleries_table', 10),
(59, '2020_12_26_144929_create_complains_table', 11),
(60, '2020_12_27_112814_create_houses_table', 12),
(61, '2020_12_27_141758_create_sessions_table', 13),
(62, '2020_12_27_155257_create_testimonials_table', 14),
(63, '2020_12_27_172050_create_important_links_table', 15),
(64, '2020_12_28_141029_create_lets_encripts_table', 16),
(65, '2020_12_31_130205_create_categories_table', 17),
(67, '2021_01_05_125942_create_templete_designs_table', 18),
(68, '2017_12_27_025727_create_courses_table', 19),
(69, '2021_01_09_151801_create_course_groups_table', 19),
(70, '2021_01_09_152830_create_assign_teachers_table', 19),
(71, '2021_01_11_133002_create_dues_table', 20),
(72, '2019_05_10_193135_create_payments_table', 21),
(73, '2021_01_27_165214_create_school_payments_table', 22),
(74, '2021_01_28_132749_create_expenses_table', 23),
(76, '2021_02_07_152402_create_agents_table', 24),
(77, '2021_02_10_145605_create_failed_jobs_table', 25),
(78, '2021_02_10_165658_create_pricings_table', 25),
(83, '2019_05_03_000003_create_subscription_items_table', 26),
(84, '2019_05_03_000002_create_subscriptions_table', 27),
(86, '2021_03_01_163920_create_subscriptions_table', 28),
(87, '2021_03_02_105234_create_admission_payments_table', 29),
(88, '2021_03_18_074050_create_course_configs_table', 30),
(89, '2021_03_24_113934_create_course_attendances_table', 31),
(90, '2021_03_28_120418_alter_table_student_infos', 32);

-- --------------------------------------------------------

--
-- Table structure for table `notices`
--

CREATE TABLE `notices` (
  `id` int(10) UNSIGNED NOT NULL,
  `file_path` varchar(191) COLLATE utf8mb4_unicode_ci DEFAULT NULL,
  `title` varchar(191) COLLATE utf8mb4_unicode_ci NOT NULL,
  `slug` varchar(255) COLLATE utf8mb4_unicode_ci NOT NULL,
  `description` text COLLATE utf8mb4_unicode_ci NOT NULL,
  `active` tinyint(4) NOT NULL,
  `school_id` int(10) UNSIGNED NOT NULL,
  `user_id` int(10) UNSIGNED NOT NULL,
  `created_at` timestamp NULL DEFAULT NULL,
  `updated_at` timestamp NULL DEFAULT NULL
) ENGINE=InnoDB DEFAULT CHARSET=utf8mb4 COLLATE=utf8mb4_unicode_ci;

--
-- Dumping data for table `notices`
--

INSERT INTO `notices` (`id`, `file_path`, `title`, `slug`, `description`, `active`, `school_id`, `user_id`, `created_at`, `updated_at`) VALUES
(1, 'http://192.168.0.109:8001/storage/FA20165757S/FA20165757H/2021/MULTIFILE/1610171852.jpeg', 'asdsad', 'asdsad', '<p>fsfsf</p>', 1, 1, 12, '2021-01-03 11:36:08', '2021-01-09 05:57:32'),
(2, 'http://192.168.0.109:8001/storage/FA20165757S/FA20165757H/2021/MULTIFILE/1610173549.pdf', 'Shihab Vai Apnake Notice Dewa holo', 'shihab', '<p>hkjuygtfds</p>', 1, 1, 12, '2021-01-09 05:17:15', '2021-01-09 06:25:50'),
(3, 'http://192.168.0.109:8001/storage/FA20165757S/FA20165757H/2021/MULTIFILE/1610173587.jpeg', 'Arun Vai Apnake Notice Dewa holo', 'arun-vai-apanke', '<p>hkjuygtfds</p>', 1, 1, 12, '2021-01-09 05:18:10', '2021-01-09 06:26:28'),
(4, 'http://192.168.0.109:8001/storage/FA20165757S/FA20165757H/2021/MULTIFILE/1610173602.png', 'Md. Asifuzzaman', 'md-asifuzzaman', '<p>dsvsgvg</p>', 1, 1, 12, '2021-01-09 05:38:09', '2021-01-09 06:26:42'),
(5, 'http://192.168.0.109:8001/storage/FA20165757S/FA20165757H/2021/MULTIFILE/1610173615.png', 'Asif', 'asif', '<p>&nbsp;bvbvb</p>', 1, 1, 12, '2021-01-09 05:43:17', '2021-01-09 06:26:55'),
(6, 'http://192.168.0.109:8001/storage/FA20165757S/FA20165757H/2021/MULTIFILE/1610175954.doc', 'Khela Hobe', 'khela-hobe', '<p>z</p>', 1, 1, 12, '2021-01-09 07:05:55', '2021-01-09 07:05:55'),
(7, 'http://192.168.0.109:8001/storage/FA20165757S/FA20165757H/2021/MULTIFILE/4971615800727.jpg', 'IPSITA COMPUTERS PTE LTD', 'ipsita-computers-pte-ltd', '<p>IPSITA COMPUTERS PTE LTD</p>', 1, 1, 12, '2021-03-15 09:32:07', '2021-03-15 09:32:07');

-- --------------------------------------------------------

--
-- Table structure for table `notifications`
--

CREATE TABLE `notifications` (
  `id` int(10) UNSIGNED NOT NULL,
  `sent_status` tinyint(4) NOT NULL,
  `active` tinyint(4) NOT NULL,
  `message` text COLLATE utf8mb4_unicode_ci NOT NULL,
  `student_id` int(10) UNSIGNED NOT NULL,
  `user_id` int(10) UNSIGNED NOT NULL,
  `created_at` timestamp NULL DEFAULT NULL,
  `updated_at` timestamp NULL DEFAULT NULL
) ENGINE=InnoDB DEFAULT CHARSET=utf8mb4 COLLATE=utf8mb4_unicode_ci;

--
-- Dumping data for table `notifications`
--

INSERT INTO `notifications` (`id`, `sent_status`, `active`, `message`, `student_id`, `user_id`, `created_at`, `updated_at`) VALUES
(1, 1, 1, 'Et consequatur laboriosam eum aperiam asperiores id. Expedita nesciunt autem atque ullam vero vitae voluptas eligendi. Corrupti porro excepturi blanditiis odio.', 249, 109, '2020-10-28 06:23:46', '2020-10-28 06:23:46'),
(2, 0, 0, 'Omnis fuga quas non facere repellendus. Delectus neque repellendus dolores sunt repellat. Suscipit iste maxime eum cupiditate mollitia rerum.', 230, 206, '2020-10-28 06:23:46', '2020-10-28 06:23:46'),
(3, 1, 1, 'Neque officiis doloremque culpa quis explicabo. Dolores est maiores sit non mollitia autem molestiae. Et esse id aut.', 125, 134, '2020-10-28 06:23:46', '2020-10-28 06:23:46'),
(4, 0, 1, 'Tenetur impedit vero rerum corrupti. Aperiam molestias ut praesentium. Non unde reiciendis laboriosam et perferendis.', 73, 92, '2020-10-28 06:23:46', '2020-10-28 06:23:46'),
(5, 1, 1, 'Aut ad vel sed eaque natus aut. Laboriosam ducimus aut culpa quaerat cupiditate corrupti hic et. Sed ex veritatis et nihil iusto doloremque.', 250, 239, '2020-10-28 06:23:46', '2020-10-28 06:23:46'),
(6, 1, 0, 'Adipisci est dignissimos ipsa ducimus magni possimus saepe. Quidem in ipsum ad qui aperiam. At sunt eligendi quisquam odit.', 110, 218, '2020-10-28 06:23:47', '2020-10-28 06:23:47'),
(7, 1, 1, 'Aperiam quae qui corrupti et. Quasi non et asperiores quisquam molestiae delectus. Fugit aut ut aut dolores non modi.', 242, 151, '2020-10-28 06:23:47', '2020-10-28 06:23:47'),
(8, 0, 1, 'Illo maxime aliquam et ullam iure dolorem quaerat. Omnis et expedita aut cumque quia rerum enim. Quos voluptas omnis minus accusantium facilis sapiente eum unde.', 234, 18, '2020-10-28 06:23:47', '2020-10-28 06:23:47'),
(9, 0, 0, 'Accusantium minima mollitia officiis eius quas eveniet. Ut non quis nostrum quis quo itaque et odit. Ut officiis vel velit harum deserunt eligendi eos beatae.', 111, 126, '2020-10-28 06:23:47', '2020-10-28 06:23:47'),
(10, 1, 0, 'Error deleniti aut earum. Eum et aut occaecati dolorem ipsam et ut. Esse explicabo reiciendis id tempore atque laboriosam rerum.', 251, 105, '2020-10-28 06:23:47', '2020-10-28 06:23:47'),
(11, 1, 0, 'At ut voluptas voluptatem voluptate autem ut quo. Sed placeat minima molestiae possimus. Consequatur sequi et rerum minus quia sit aut.', 181, 185, '2020-10-28 06:23:47', '2020-10-28 06:23:47'),
(12, 0, 1, 'Ut vel enim ut maiores accusamus repellat. Rerum minima debitis optio ducimus repellat itaque possimus. Ut sint sunt rerum inventore optio labore.', 107, 48, '2020-10-28 06:23:47', '2020-10-28 06:23:47'),
(13, 0, 0, 'Saepe eum architecto eum fugiat dolorem quis sit pariatur. Modi quam et veritatis corporis a aut est. Laborum quos voluptatem rerum eum qui et est.', 79, 168, '2020-10-28 06:23:47', '2020-10-28 06:23:47'),
(14, 1, 1, 'Est quia non omnis dolorum consequuntur aliquid distinctio. Fugiat est non nobis sit. Ad commodi quia pariatur recusandae.', 148, 34, '2020-10-28 06:23:47', '2020-10-28 06:23:47'),
(15, 0, 1, 'Temporibus rerum doloribus labore sequi rem in dignissimos. Omnis ullam vitae id et. Quam non voluptate voluptas omnis.', 250, 35, '2020-10-28 06:23:47', '2020-10-28 06:23:47'),
(16, 0, 0, 'Magni minima qui error corrupti. Et maiores ipsam est. Impedit libero enim iure est.', 247, 54, '2020-10-28 06:23:47', '2020-10-28 06:23:47'),
(17, 1, 1, 'Distinctio minima distinctio provident perspiciatis velit inventore. Voluptates omnis facere hic et vel delectus et nam. Dolores dolorum quia quis placeat.', 173, 148, '2020-10-28 06:23:47', '2020-10-28 06:23:47'),
(18, 0, 0, 'Qui quam eum odio illo esse quia. Illum commodi consequatur in harum. Reiciendis culpa molestiae nesciunt sint quis modi ullam.', 163, 216, '2020-10-28 06:23:47', '2020-10-28 06:23:47'),
(19, 0, 1, 'In cupiditate molestiae ducimus numquam expedita eos. Et magnam ut sed nostrum. Sit et et aut ratione quasi.', 191, 259, '2020-10-28 06:23:47', '2020-10-28 06:23:47'),
(20, 0, 1, 'Velit est sit molestiae totam suscipit consequatur explicabo saepe. Eligendi et est aspernatur ducimus eum beatae. Eligendi numquam voluptatem odit natus.', 195, 253, '2020-10-28 06:23:47', '2020-10-28 06:23:47'),
(21, 1, 0, 'Aut quis eum omnis et et non rerum. Quibusdam cupiditate sit unde velit. Non harum eaque voluptatem repudiandae qui.', 146, 222, '2020-10-28 06:23:47', '2020-10-28 06:23:47'),
(22, 0, 1, 'Omnis eum et ad minima. Nam accusantium quia facilis ipsa. Quae libero alias et sit aperiam.', 175, 102, '2020-10-28 06:23:47', '2020-10-28 06:23:47'),
(23, 1, 0, 'Et et doloremque perferendis quos occaecati. Et qui libero rerum ad. Sapiente quia cupiditate sit ipsam aliquid.', 119, 181, '2020-10-28 06:23:47', '2020-10-28 06:23:47'),
(24, 0, 1, 'Quia consequatur ullam reprehenderit voluptates omnis ut sunt. Adipisci animi et maxime molestias numquam animi. Et sed eaque quas sint consectetur sequi praesentium velit.', 146, 26, '2020-10-28 06:23:47', '2020-10-28 06:23:47'),
(25, 0, 1, 'Similique sunt labore deleniti suscipit quos. Incidunt ipsum perferendis unde non perferendis. Perferendis est et vel.', 254, 39, '2020-10-28 06:23:47', '2020-10-28 06:23:47'),
(26, 0, 0, 'Repudiandae aspernatur velit alias dolorem et nostrum. Non repellat tempore dolore doloremque reprehenderit aut sunt. Quaerat et velit non repudiandae ab.', 168, 136, '2020-10-28 06:23:47', '2020-10-28 06:23:47'),
(27, 1, 1, 'Dicta et et hic nulla quam. Occaecati nihil iusto eos dicta non. Est autem voluptatem et labore.', 120, 190, '2020-10-28 06:23:47', '2020-10-28 06:23:47'),
(28, 0, 0, 'Harum et itaque unde velit eaque quasi. Aliquam non sit aut et delectus. Et placeat vel dolorem iste consequatur.', 184, 78, '2020-10-28 06:23:47', '2020-10-28 06:23:47'),
(29, 0, 1, 'Aspernatur cumque accusantium ut quo similique. Molestias dolores tenetur alias id odit quidem iure quo. Aut voluptatem animi ipsum quo reprehenderit dolores veritatis.', 72, 204, '2020-10-28 06:23:47', '2020-10-28 06:23:47'),
(30, 0, 1, 'Consectetur aut minus sunt ea ut. Perspiciatis vel doloribus sit. Itaque id temporibus et blanditiis.', 183, 236, '2020-10-28 06:23:47', '2020-10-28 06:23:47'),
(31, 1, 0, 'Sunt saepe sed sunt officiis ea. Illo animi cumque beatae beatae illo ipsam. Qui tempore excepturi adipisci cum perspiciatis quaerat repellendus.', 84, 209, '2020-10-28 06:23:47', '2020-10-28 06:23:47'),
(32, 1, 1, 'Amet amet quia et atque officiis minus. Doloremque veniam et vero sint. Quaerat non eveniet sit modi aut id qui.', 89, 166, '2020-10-28 06:23:47', '2020-10-28 06:23:47'),
(33, 1, 0, 'Laboriosam perferendis hic sint qui. Ut omnis praesentium et id ut fugiat. Rem aspernatur nobis quisquam sit.', 171, 250, '2020-10-28 06:23:47', '2020-10-28 06:23:47'),
(34, 0, 0, 'Repellendus dolores unde itaque inventore corporis fuga error vel. Voluptatem quas est et odit repudiandae aspernatur possimus. Odit in sit minus qui voluptatem.', 66, 247, '2020-10-28 06:23:47', '2020-10-28 06:23:47'),
(35, 0, 0, 'Voluptas mollitia omnis fuga. Tempore maxime praesentium harum praesentium labore. Magnam sit blanditiis omnis autem est.', 246, 32, '2020-10-28 06:23:47', '2020-10-28 06:23:47'),
(36, 0, 0, 'Et iure at unde dolorum non. Assumenda inventore ipsum delectus sed. Rem voluptatem pariatur expedita.', 240, 174, '2020-10-28 06:23:47', '2020-10-28 06:23:47'),
(37, 1, 1, 'Eius quia hic delectus ut nobis nobis ut. Et alias laboriosam quidem perferendis expedita. Consequuntur numquam maxime mollitia iusto.', 145, 143, '2020-10-28 06:23:47', '2020-10-28 06:23:47'),
(38, 1, 0, 'Sed qui ex beatae nesciunt. Perferendis et architecto fugit maiores qui amet impedit fugiat. Quaerat sit sint ducimus in voluptas.', 100, 173, '2020-10-28 06:23:47', '2020-10-28 06:23:47'),
(39, 1, 0, 'Sint at quam facere earum omnis corrupti. Veniam voluptas nisi incidunt vero officiis reiciendis. Ullam in nihil vitae quos excepturi qui.', 87, 72, '2020-10-28 06:23:47', '2020-10-28 06:23:47'),
(40, 0, 0, 'Quaerat vitae veritatis harum repellendus aut excepturi sapiente. Velit ullam ratione laborum sit sint maxime ipsa et. Et placeat et voluptas accusamus doloremque repellat.', 138, 234, '2020-10-28 06:23:47', '2020-10-28 06:23:47'),
(41, 1, 1, 'Dolores perspiciatis ipsum sint sunt vitae quas impedit. Dolorem incidunt placeat quas accusantium est aperiam quas ea. Repudiandae non accusantium ut praesentium.', 208, 11, '2020-10-28 06:23:47', '2020-10-28 06:23:47'),
(42, 1, 0, 'Ut iusto quia laudantium repudiandae. Perspiciatis voluptas ut et rerum ea possimus. Quibusdam voluptas voluptas aut nulla consectetur.', 206, 112, '2020-10-28 06:23:47', '2020-10-28 06:23:47'),
(43, 1, 0, 'Quisquam sed vero in corporis esse. Totam repellendus voluptatem quisquam repudiandae eligendi. Quia rerum quos optio molestiae perspiciatis.', 82, 81, '2020-10-28 06:23:47', '2020-10-28 06:23:47'),
(44, 1, 1, 'Dolor non voluptatibus nostrum qui. Non quia labore hic omnis sit. Labore quas rerum consequatur illo.', 155, 226, '2020-10-28 06:23:47', '2020-10-28 06:23:47'),
(45, 0, 1, 'Quisquam voluptatem sapiente velit eveniet. Ut voluptatem unde suscipit velit. Perferendis architecto eius nobis sequi dolorem occaecati.', 220, 133, '2020-10-28 06:23:47', '2020-10-28 06:23:47'),
(46, 0, 0, 'Fugit eum molestias accusantium amet voluptatem. Unde et eaque eligendi. Et rerum occaecati reprehenderit quae in.', 175, 161, '2020-10-28 06:23:47', '2020-10-28 06:23:47'),
(47, 0, 0, 'Qui ea et eligendi incidunt aperiam. Rerum rerum deserunt aut voluptatem illo quos. Aliquam hic hic nobis ut quia voluptas magnam.', 247, 27, '2020-10-28 06:23:47', '2020-10-28 06:23:47'),
(48, 0, 0, 'Ad tempore atque dolorem. Vitae quasi rem omnis minima a est. Quam voluptatem enim non corporis vero et ad.', 73, 78, '2020-10-28 06:23:47', '2020-10-28 06:23:47'),
(49, 0, 0, 'Voluptas consequuntur optio exercitationem id. Veritatis est exercitationem consectetur voluptatem soluta animi non. Deleniti illum nihil inventore ullam ipsum quibusdam odit sit.', 131, 140, '2020-10-28 06:23:47', '2020-10-28 06:23:47'),
(50, 0, 0, 'Sit mollitia dolorum dolores mollitia perspiciatis et. Est natus aut voluptates et rerum dolores non. Sunt enim reiciendis dolorem sit libero ut.', 107, 139, '2020-10-28 06:23:47', '2020-10-28 06:23:47'),
(51, 1, 1, '<p>rsdfdsf</p>', 192, 41, '2020-12-05 03:57:10', '2020-12-05 03:57:10'),
(52, 1, 1, '<p>rsdfdsf</p>', 201, 41, '2020-12-05 03:57:10', '2020-12-05 03:57:10');

-- --------------------------------------------------------

--
-- Table structure for table `oauth_access_tokens`
--

CREATE TABLE `oauth_access_tokens` (
  `id` varchar(100) COLLATE utf8mb4_unicode_ci NOT NULL,
  `user_id` bigint(20) UNSIGNED DEFAULT NULL,
  `client_id` bigint(20) UNSIGNED NOT NULL,
  `name` varchar(191) COLLATE utf8mb4_unicode_ci DEFAULT NULL,
  `scopes` text COLLATE utf8mb4_unicode_ci DEFAULT NULL,
  `revoked` tinyint(1) NOT NULL,
  `created_at` timestamp NULL DEFAULT NULL,
  `updated_at` timestamp NULL DEFAULT NULL,
  `expires_at` datetime DEFAULT NULL
) ENGINE=InnoDB DEFAULT CHARSET=utf8mb4 COLLATE=utf8mb4_unicode_ci;

-- --------------------------------------------------------

--
-- Table structure for table `oauth_auth_codes`
--

CREATE TABLE `oauth_auth_codes` (
  `id` varchar(100) COLLATE utf8mb4_unicode_ci NOT NULL,
  `user_id` bigint(20) UNSIGNED NOT NULL,
  `client_id` bigint(20) UNSIGNED NOT NULL,
  `scopes` text COLLATE utf8mb4_unicode_ci DEFAULT NULL,
  `revoked` tinyint(1) NOT NULL,
  `expires_at` datetime DEFAULT NULL
) ENGINE=InnoDB DEFAULT CHARSET=utf8mb4 COLLATE=utf8mb4_unicode_ci;

-- --------------------------------------------------------

--
-- Table structure for table `oauth_clients`
--

CREATE TABLE `oauth_clients` (
  `id` bigint(20) UNSIGNED NOT NULL,
  `user_id` bigint(20) UNSIGNED DEFAULT NULL,
  `name` varchar(191) COLLATE utf8mb4_unicode_ci NOT NULL,
  `secret` varchar(100) COLLATE utf8mb4_unicode_ci DEFAULT NULL,
  `provider` varchar(191) COLLATE utf8mb4_unicode_ci DEFAULT NULL,
  `redirect` text COLLATE utf8mb4_unicode_ci NOT NULL,
  `personal_access_client` tinyint(1) NOT NULL,
  `password_client` tinyint(1) NOT NULL,
  `revoked` tinyint(1) NOT NULL,
  `created_at` timestamp NULL DEFAULT NULL,
  `updated_at` timestamp NULL DEFAULT NULL
) ENGINE=InnoDB DEFAULT CHARSET=utf8mb4 COLLATE=utf8mb4_unicode_ci;

--
-- Dumping data for table `oauth_clients`
--

INSERT INTO `oauth_clients` (`id`, `user_id`, `name`, `secret`, `provider`, `redirect`, `personal_access_client`, `password_client`, `revoked`, `created_at`, `updated_at`) VALUES
(1, NULL, 'School Management Personal Access Client', 'LKNnzfkBfvbsvcv9klBQts3lcRJL4BM8BHmKAUli', NULL, 'http://localhost', 1, 0, 0, '2020-12-20 07:59:04', '2020-12-20 07:59:04'),
(2, NULL, 'School Management Password Grant Client', 'nyxAXMR8XAEnpJeU9DWinEvnBVyq2YT2JkDt1S78', 'users', 'http://localhost', 0, 1, 0, '2020-12-20 07:59:05', '2020-12-20 07:59:05');

-- --------------------------------------------------------

--
-- Table structure for table `oauth_personal_access_clients`
--

CREATE TABLE `oauth_personal_access_clients` (
  `id` bigint(20) UNSIGNED NOT NULL,
  `client_id` bigint(20) UNSIGNED NOT NULL,
  `created_at` timestamp NULL DEFAULT NULL,
  `updated_at` timestamp NULL DEFAULT NULL
) ENGINE=InnoDB DEFAULT CHARSET=utf8mb4 COLLATE=utf8mb4_unicode_ci;

--
-- Dumping data for table `oauth_personal_access_clients`
--

INSERT INTO `oauth_personal_access_clients` (`id`, `client_id`, `created_at`, `updated_at`) VALUES
(1, 1, '2020-12-20 07:59:05', '2020-12-20 07:59:05');

-- --------------------------------------------------------

--
-- Table structure for table `oauth_refresh_tokens`
--

CREATE TABLE `oauth_refresh_tokens` (
  `id` varchar(100) COLLATE utf8mb4_unicode_ci NOT NULL,
  `access_token_id` varchar(100) COLLATE utf8mb4_unicode_ci NOT NULL,
  `revoked` tinyint(1) NOT NULL,
  `expires_at` datetime DEFAULT NULL
) ENGINE=InnoDB DEFAULT CHARSET=utf8mb4 COLLATE=utf8mb4_unicode_ci;

-- --------------------------------------------------------

--
-- Table structure for table `password_resets`
--

CREATE TABLE `password_resets` (
  `email` varchar(191) COLLATE utf8mb4_unicode_ci NOT NULL,
  `token` varchar(191) COLLATE utf8mb4_unicode_ci NOT NULL,
  `created_at` timestamp NULL DEFAULT NULL
) ENGINE=InnoDB DEFAULT CHARSET=utf8mb4 COLLATE=utf8mb4_unicode_ci;

--
-- Dumping data for table `password_resets`
--

INSERT INTO `password_resets` (`email`, `token`, `created_at`) VALUES
('shihab@gmail.com', '$2y$10$clVjPiQBzOfcw7U9EGB0JOj8eLrpCHtPyaTS322xEgPCBOSJQum.C', '2020-11-15 11:13:25'),
('arun24542@gmail.com', '$2y$10$q8C4jm/9Qc9BV5r.C.MUdufEkkolCgS4R94pdsFp4x8AGeOXkYRAe', '2020-12-07 08:22:55'),
('pobitro.pobi@gmail.com', '$2y$10$69jaYqm5dzVmwJ1baz6y6ORIHXPNwTOwZ4JflpvgzJLdIRupJ6nNW', '2020-12-07 09:24:43'),
('mdshihabuddinm@gmail.com', '$2y$10$8LFUcqMA7ajcRV6l0TzxIOsIdOqCg8TuHRRDb7uuKHdKdnXAFYc..', '2020-12-08 05:38:59'),
('branch@demo.com', '$2y$10$VvG0N1VlGoVCJPLMVIlFT.tBWSft6hE8Kyn0/ufRfGDfdg16ZYKPK', '2021-02-06 12:17:01'),
('admin@demo.com', '$2y$10$pqS7eSP95PWrQb75IC2j9OkFLgEm6DssfWjhEUUPA6VaqNXu7uvOe', '2021-02-06 12:17:53');

-- --------------------------------------------------------

--
-- Table structure for table `payments`
--

CREATE TABLE `payments` (
  `id` bigint(20) UNSIGNED NOT NULL,
  `school_id` bigint(20) UNSIGNED NOT NULL,
  `user_id` bigint(20) UNSIGNED NOT NULL,
  `student_id` bigint(20) UNSIGNED NOT NULL,
  `reciept_number` varchar(191) COLLATE utf8mb4_unicode_ci NOT NULL,
  `total` double(25,2) NOT NULL,
  `waiver` double(25,2) DEFAULT NULL,
  `payment_type` tinyint(4) NOT NULL COMMENT '1=Cash, 2=SSLCommerz, 3=strip, 4=paypal',
  `created_at` timestamp NULL DEFAULT NULL,
  `updated_at` timestamp NULL DEFAULT NULL
) ENGINE=InnoDB DEFAULT CHARSET=utf8mb4 COLLATE=utf8mb4_unicode_ci;

--
-- Dumping data for table `payments`
--

INSERT INTO `payments` (`id`, `school_id`, `user_id`, `student_id`, `reciept_number`, `total`, `waiver`, `payment_type`, `created_at`, `updated_at`) VALUES
(1, 1, 12, 107, 'FA202102101V8E3', 2100.00, 0.00, 1, '2021-02-10 10:28:49', '2021-02-10 10:28:49'),
(2, 1, 12, 144, 'FA20210210BW7HK', 3150.00, 1200.00, 1, '2021-02-10 10:34:42', '2021-02-10 10:34:42'),
(3, 1, 12, 62, 'FA20210210W6O0S', 670.00, 0.00, 1, '2021-02-10 10:36:39', '2021-02-10 10:36:39'),
(4, 1, 12, 78, 'FA20210210HIIMG', 2550.00, 500.00, 1, '2021-02-10 10:41:27', '2021-02-10 10:41:27'),
(5, 1, 12, 94, 'FA20210210ELIGU', 3100.00, 0.00, 1, '2021-02-10 10:42:10', '2021-02-10 10:42:10'),
(6, 1, 12, 178, 'FA20210211EJRSX', 3770.00, 0.00, 1, '2021-02-11 06:02:34', '2021-02-11 06:02:34'),
(7, 1, 12, 166, 'FA20210211L68LH', 3250.00, 1000.00, 1, '2021-02-11 06:04:46', '2021-02-11 06:04:46'),
(8, 1, 12, 101, 'FA20210211R5WHJ', 2000.00, 0.00, 1, '2021-02-11 06:07:04', '2021-02-11 06:07:04'),
(9, 1, 12, 144, 'FA202102144NNMQ', 100.00, 100.00, 1, '2021-02-14 05:31:56', '2021-02-14 05:31:56'),
(10, 1, 12, 66, 'FA20210215L75C2', 120.00, 0.00, 1, '2021-02-15 11:54:22', '2021-02-15 11:54:22'),
(11, 1, 12, 100, 'FA202102173V4ME', 700.00, 0.00, 1, '2021-02-17 04:52:10', '2021-02-17 04:52:10'),
(12, 1, 12, 100, 'FA20210217RHC63', 3170.00, 0.00, 1, '2021-02-17 05:00:23', '2021-02-17 05:00:23'),
(13, 1, 12, 166, 'FA20210217DPKOP', 620.00, 0.00, 1, '2021-02-17 07:43:40', '2021-02-17 07:43:40'),
(14, 1, 12, 178, 'FA20210217G9XXT', 100.00, 0.00, 1, '2021-02-17 07:45:19', '2021-02-17 07:45:19'),
(15, 1, 12, 247, 'FA20210217DVBP0', 500.00, 0.00, 1, '2021-02-17 09:27:16', '2021-02-17 09:27:16'),
(19, 1, 12, 70, 'FA20210320UDICW', 150.00, 0.00, 1, '2021-03-20 07:12:46', '2021-03-20 07:12:46'),
(20, 1, 12, 70, 'FA20210320OTRDM', 400.00, 0.00, 1, '2021-03-20 07:14:34', '2021-03-20 07:14:34'),
(21, 1, 12, 70, 'FA202103202BBVC', 150.00, 0.00, 1, '2021-03-20 07:14:38', '2021-03-20 07:14:38'),
(22, 1, 12, 70, 'FA20210320CK', 2000.00, 0.00, 1, '2021-03-20 07:15:27', '2021-03-20 07:15:27'),
(23, 1, 12, 70, 'FA20210320NWO6O', 270.00, 0.00, 1, '2021-03-20 07:16:31', '2021-03-20 07:16:31'),
(24, 1, 12, 188, 'FA20210320MH', 500.00, 0.00, 1, '2021-03-20 07:29:24', '2021-03-20 07:29:24'),
(25, 1, 12, 188, 'FA0320260104', 750.00, 0.00, 1, '2021-03-20 07:47:30', '2021-03-20 07:47:30'),
(26, 1, 12, 69, 'FA0320831945', 700.00, 0.00, 1, '2021-03-20 08:22:56', '2021-03-20 08:22:56'),
(27, 1, 12, 112, 'FA0320369999', 3870.00, 0.00, 1, '2021-03-20 10:02:56', '2021-03-20 10:02:56'),
(28, 1, 12, 69, 'FA0320908654', 3170.00, 0.00, 1, '2021-03-20 12:07:34', '2021-03-20 12:07:34');

-- --------------------------------------------------------

--
-- Table structure for table `payment_details`
--

CREATE TABLE `payment_details` (
  `id` bigint(20) UNSIGNED NOT NULL,
  `due_id` bigint(20) UNSIGNED NOT NULL,
  `amount` double(25,2) NOT NULL,
  `waiver` double(25,2) NOT NULL DEFAULT 0.00,
  `payment_id` bigint(20) UNSIGNED NOT NULL,
  `created_at` timestamp NULL DEFAULT NULL,
  `updated_at` timestamp NULL DEFAULT NULL
) ENGINE=InnoDB DEFAULT CHARSET=utf8mb4 COLLATE=utf8mb4_unicode_ci;

--
-- Dumping data for table `payment_details`
--

INSERT INTO `payment_details` (`id`, `due_id`, `amount`, `waiver`, `payment_id`, `created_at`, `updated_at`) VALUES
(1, 6, 500.00, 0.00, 1, '2021-02-10 10:28:49', '2021-02-10 10:28:49'),
(2, 19, 200.00, 0.00, 1, '2021-02-10 10:28:49', '2021-02-10 10:28:49'),
(3, 32, 300.00, 0.00, 1, '2021-02-10 10:28:49', '2021-02-10 10:28:49'),
(4, 45, 100.00, 0.00, 1, '2021-02-10 10:28:49', '2021-02-10 10:28:49'),
(5, 71, 1000.00, 0.00, 1, '2021-02-10 10:28:49', '2021-02-10 10:28:49'),
(6, 8, 300.00, 200.00, 2, '2021-02-10 10:34:42', '2021-02-10 10:34:42'),
(7, 21, 200.00, 0.00, 2, '2021-02-10 10:34:42', '2021-02-10 10:34:42'),
(8, 34, 300.00, 0.00, 2, '2021-02-10 10:34:42', '2021-02-10 10:34:42'),
(9, 60, 150.00, 0.00, 2, '2021-02-10 10:34:42', '2021-02-10 10:34:42'),
(10, 73, 1000.00, 1000.00, 2, '2021-02-10 10:34:42', '2021-02-10 10:34:42'),
(11, 53, 150.00, 0.00, 3, '2021-02-10 10:36:39', '2021-02-10 10:36:39'),
(12, 79, 250.00, 0.00, 3, '2021-02-10 10:36:39', '2021-02-10 10:36:39'),
(13, 92, 120.00, 0.00, 3, '2021-02-10 10:36:39', '2021-02-10 10:36:39'),
(14, 105, 150.00, 0.00, 3, '2021-02-10 10:36:39', '2021-02-10 10:36:39'),
(15, 118, 600.00, 0.00, 4, '2021-02-10 10:41:27', '2021-02-10 10:41:27'),
(16, 128, 200.00, 0.00, 4, '2021-02-10 10:41:27', '2021-02-10 10:41:27'),
(17, 138, 250.00, 0.00, 4, '2021-02-10 10:41:27', '2021-02-10 10:41:27'),
(18, 168, 1000.00, 500.00, 4, '2021-02-10 10:41:27', '2021-02-10 10:41:27'),
(19, 119, 600.00, 0.00, 5, '2021-02-10 10:42:10', '2021-02-10 10:42:10'),
(20, 129, 200.00, 0.00, 5, '2021-02-10 10:42:10', '2021-02-10 10:42:10'),
(21, 139, 250.00, 0.00, 5, '2021-02-10 10:42:10', '2021-02-10 10:42:10'),
(22, 149, 200.00, 0.00, 5, '2021-02-10 10:42:10', '2021-02-10 10:42:10'),
(23, 159, 350.00, 0.00, 5, '2021-02-10 10:42:10', '2021-02-10 10:42:10'),
(24, 169, 1500.00, 0.00, 5, '2021-02-10 10:42:10', '2021-02-10 10:42:10'),
(25, 11, 500.00, 0.00, 6, '2021-02-11 06:02:34', '2021-02-11 06:02:34'),
(26, 24, 200.00, 0.00, 6, '2021-02-11 06:02:34', '2021-02-11 06:02:34'),
(27, 37, 300.00, 0.00, 6, '2021-02-11 06:02:34', '2021-02-11 06:02:34'),
(28, 50, 100.00, 0.00, 6, '2021-02-11 06:02:34', '2021-02-11 06:02:34'),
(29, 63, 150.00, 0.00, 6, '2021-02-11 06:02:34', '2021-02-11 06:02:34'),
(30, 76, 2000.00, 0.00, 6, '2021-02-11 06:02:34', '2021-02-11 06:02:34'),
(31, 89, 250.00, 0.00, 6, '2021-02-11 06:02:34', '2021-02-11 06:02:34'),
(32, 102, 120.00, 0.00, 6, '2021-02-11 06:02:34', '2021-02-11 06:02:34'),
(33, 115, 150.00, 0.00, 6, '2021-02-11 06:02:34', '2021-02-11 06:02:34'),
(34, 10, 500.00, 0.00, 7, '2021-02-11 06:04:46', '2021-02-11 06:04:46'),
(35, 23, 200.00, 0.00, 7, '2021-02-11 06:04:46', '2021-02-11 06:04:46'),
(36, 36, 300.00, 0.00, 7, '2021-02-11 06:04:46', '2021-02-11 06:04:46'),
(37, 49, 100.00, 0.00, 7, '2021-02-11 06:04:46', '2021-02-11 06:04:46'),
(38, 62, 150.00, 0.00, 7, '2021-02-11 06:04:46', '2021-02-11 06:04:46'),
(39, 75, 1000.00, 1000.00, 7, '2021-02-11 06:04:46', '2021-02-11 06:04:46'),
(40, 18, 200.00, 0.00, 8, '2021-02-11 06:07:04', '2021-02-11 06:07:04'),
(41, 31, 300.00, 0.00, 8, '2021-02-11 06:07:04', '2021-02-11 06:07:04'),
(42, 44, 100.00, 0.00, 8, '2021-02-11 06:07:04', '2021-02-11 06:07:04'),
(43, 57, 150.00, 0.00, 8, '2021-02-11 06:07:04', '2021-02-11 06:07:04'),
(44, 70, 1000.00, 0.00, 8, '2021-02-11 06:07:04', '2021-02-11 06:07:04'),
(45, 83, 250.00, 0.00, 8, '2021-02-11 06:07:04', '2021-02-11 06:07:04'),
(46, 47, 0.00, 100.00, 9, '2021-02-14 05:31:56', '2021-02-14 05:31:56'),
(47, 212, 120.00, 0.00, 10, '2021-02-15 11:54:22', '2021-02-15 11:54:22'),
(48, 4, 500.00, 0.00, 11, '2021-02-17 04:52:11', '2021-02-17 04:52:11'),
(49, 17, 200.00, 0.00, 11, '2021-02-17 04:52:11', '2021-02-17 04:52:11'),
(50, 30, 300.00, 0.00, 12, '2021-02-17 05:00:24', '2021-02-17 05:00:24'),
(51, 43, 100.00, 0.00, 12, '2021-02-17 05:00:24', '2021-02-17 05:00:24'),
(52, 56, 150.00, 0.00, 12, '2021-02-17 05:00:24', '2021-02-17 05:00:24'),
(53, 69, 2000.00, 0.00, 12, '2021-02-17 05:00:24', '2021-02-17 05:00:24'),
(54, 82, 250.00, 0.00, 12, '2021-02-17 05:00:24', '2021-02-17 05:00:24'),
(55, 95, 120.00, 0.00, 12, '2021-02-17 05:00:24', '2021-02-17 05:00:24'),
(56, 108, 150.00, 0.00, 12, '2021-02-17 05:00:24', '2021-02-17 05:00:24'),
(57, 202, 100.00, 0.00, 12, '2021-02-17 05:00:24', '2021-02-17 05:00:24'),
(58, 88, 250.00, 0.00, 13, '2021-02-17 07:43:40', '2021-02-17 07:43:40'),
(59, 101, 120.00, 0.00, 13, '2021-02-17 07:43:40', '2021-02-17 07:43:40'),
(60, 114, 150.00, 0.00, 13, '2021-02-17 07:43:40', '2021-02-17 07:43:40'),
(61, 208, 100.00, 0.00, 13, '2021-02-17 07:43:40', '2021-02-17 07:43:40'),
(62, 209, 100.00, 0.00, 14, '2021-02-17 07:45:20', '2021-02-17 07:45:20'),
(63, 26, 200.00, 0.00, 15, '2021-02-17 09:27:17', '2021-02-17 09:27:17'),
(64, 39, 300.00, 0.00, 15, '2021-02-17 09:27:17', '2021-02-17 09:27:17'),
(65, 3, 500.00, 0.00, 16, '2021-03-20 07:07:00', '2021-03-20 07:07:00'),
(66, 16, 200.00, 0.00, 16, '2021-03-20 07:07:00', '2021-03-20 07:07:00'),
(67, 29, 300.00, 0.00, 17, '2021-03-20 07:09:04', '2021-03-20 07:09:04'),
(68, 42, 100.00, 0.00, 17, '2021-03-20 07:09:04', '2021-03-20 07:09:04'),
(69, 55, 150.00, 0.00, 18, '2021-03-20 07:12:23', '2021-03-20 07:12:23'),
(70, 55, 150.00, 0.00, 19, '2021-03-20 07:12:46', '2021-03-20 07:12:46'),
(71, 29, 300.00, 0.00, 20, '2021-03-20 07:14:34', '2021-03-20 07:14:34'),
(72, 42, 100.00, 0.00, 20, '2021-03-20 07:14:34', '2021-03-20 07:14:34'),
(73, 55, 150.00, 0.00, 21, '2021-03-20 07:14:38', '2021-03-20 07:14:38'),
(74, 68, 2000.00, 0.00, 22, '2021-03-20 07:15:27', '2021-03-20 07:15:27'),
(75, 94, 120.00, 0.00, 23, '2021-03-20 07:16:31', '2021-03-20 07:16:31'),
(76, 107, 150.00, 0.00, 23, '2021-03-20 07:16:31', '2021-03-20 07:16:31'),
(77, 25, 200.00, 0.00, 24, '2021-03-20 07:29:24', '2021-03-20 07:29:24'),
(78, 38, 300.00, 0.00, 24, '2021-03-20 07:29:24', '2021-03-20 07:29:24'),
(79, 12, 500.00, 0.00, 25, '2021-03-20 07:47:30', '2021-03-20 07:47:30'),
(80, 51, 100.00, 0.00, 25, '2021-03-20 07:47:30', '2021-03-20 07:47:30'),
(81, 64, 150.00, 0.00, 25, '2021-03-20 07:47:30', '2021-03-20 07:47:30'),
(82, 2, 500.00, 0.00, 26, '2021-03-20 08:22:56', '2021-03-20 08:22:56'),
(83, 15, 200.00, 0.00, 26, '2021-03-20 08:22:56', '2021-03-20 08:22:56'),
(84, 7, 500.00, 0.00, 27, '2021-03-20 10:02:56', '2021-03-20 10:02:56'),
(85, 20, 200.00, 0.00, 27, '2021-03-20 10:02:56', '2021-03-20 10:02:56'),
(86, 33, 300.00, 0.00, 27, '2021-03-20 10:02:56', '2021-03-20 10:02:56'),
(87, 46, 100.00, 0.00, 27, '2021-03-20 10:02:56', '2021-03-20 10:02:56'),
(88, 59, 150.00, 0.00, 27, '2021-03-20 10:02:56', '2021-03-20 10:02:56'),
(89, 72, 2000.00, 0.00, 27, '2021-03-20 10:02:56', '2021-03-20 10:02:56'),
(90, 85, 250.00, 0.00, 27, '2021-03-20 10:02:56', '2021-03-20 10:02:56'),
(91, 98, 120.00, 0.00, 27, '2021-03-20 10:02:56', '2021-03-20 10:02:56'),
(92, 111, 150.00, 0.00, 27, '2021-03-20 10:02:56', '2021-03-20 10:02:56'),
(93, 205, 100.00, 0.00, 27, '2021-03-20 10:02:56', '2021-03-20 10:02:56'),
(94, 28, 300.00, 0.00, 28, '2021-03-20 12:07:34', '2021-03-20 12:07:34'),
(95, 41, 100.00, 0.00, 28, '2021-03-20 12:07:34', '2021-03-20 12:07:34'),
(96, 54, 150.00, 0.00, 28, '2021-03-20 12:07:34', '2021-03-20 12:07:34'),
(97, 67, 2000.00, 0.00, 28, '2021-03-20 12:07:34', '2021-03-20 12:07:34'),
(98, 80, 250.00, 0.00, 28, '2021-03-20 12:07:34', '2021-03-20 12:07:34'),
(99, 93, 120.00, 0.00, 28, '2021-03-20 12:07:34', '2021-03-20 12:07:34'),
(100, 106, 150.00, 0.00, 28, '2021-03-20 12:07:34', '2021-03-20 12:07:34'),
(101, 200, 100.00, 0.00, 28, '2021-03-20 12:07:34', '2021-03-20 12:07:34');

-- --------------------------------------------------------

--
-- Table structure for table `pre_admissions`
--

CREATE TABLE `pre_admissions` (
  `id` bigint(20) UNSIGNED NOT NULL,
  `school_id` bigint(10) UNSIGNED NOT NULL,
  `year` year(4) DEFAULT NULL,
  `shift` varchar(191) COLLATE utf8mb4_unicode_ci DEFAULT NULL,
  `status` tinyint(4) NOT NULL DEFAULT 1 COMMENT '1=active,2=inactive',
  `created_at` timestamp NULL DEFAULT NULL,
  `updated_at` timestamp NULL DEFAULT NULL
) ENGINE=InnoDB DEFAULT CHARSET=utf8mb4 COLLATE=utf8mb4_unicode_ci;

--
-- Dumping data for table `pre_admissions`
--

INSERT INTO `pre_admissions` (`id`, `school_id`, `year`, `shift`, `status`, `created_at`, `updated_at`) VALUES
(4, 1, 2021, 'hassan', 2, '2020-12-07 05:05:04', '2021-03-09 11:22:06'),
(5, 1, 2020, 'em', 1, '2020-12-07 05:12:13', '2021-03-09 11:22:06'),
(6, 1, 2020, 'day', 2, '2020-12-14 09:41:04', '2021-03-09 11:22:06'),
(7, 1, 2021, 'Morning', 2, '2020-12-31 05:16:04', '2021-03-09 11:22:06'),
(8, 1, 2020, 'day', 2, '2020-12-31 11:05:36', '2021-03-09 11:22:06'),
(9, 1, 2020, 'Morning', 2, '2020-12-31 11:05:51', '2021-03-09 11:22:06');

-- --------------------------------------------------------

--
-- Table structure for table `pricings`
--

CREATE TABLE `pricings` (
  `id` bigint(20) UNSIGNED NOT NULL,
  `price_type` tinyint(4) NOT NULL COMMENT '1=Installation,2=Service',
  `code` varchar(50) COLLATE utf8mb4_unicode_ci NOT NULL,
  `title` varchar(191) COLLATE utf8mb4_unicode_ci NOT NULL,
  `price` double(8,2) NOT NULL,
  `country` varchar(100) COLLATE utf8mb4_unicode_ci NOT NULL,
  `details` longtext COLLATE utf8mb4_unicode_ci DEFAULT NULL,
  `subsMonth` tinyint(4) DEFAULT NULL COMMENT 'Subscription Month',
  `perStudent` double(8,2) DEFAULT NULL COMMENT 'Per Student Fee',
  `status` tinyint(4) NOT NULL DEFAULT 1 COMMENT '0=Inactive,1=Active,2=Pending',
  `created_at` timestamp NULL DEFAULT NULL,
  `updated_at` timestamp NULL DEFAULT NULL
) ENGINE=InnoDB DEFAULT CHARSET=utf8mb4 COLLATE=utf8mb4_unicode_ci;

--
-- Dumping data for table `pricings`
--

INSERT INTO `pricings` (`id`, `price_type`, `code`, `title`, `price`, `country`, `details`, `subsMonth`, `perStudent`, `status`, `created_at`, `updated_at`) VALUES
(1, 1, 'FA1602500', 'Basic', 1000.00, 'Bangladesh', 'Per 1 Year', 12, 5.00, 4, '2021-02-11 10:01:33', '2021-04-01 09:40:29'),
(2, 2, 'FA2602500', 'Basic', 5.50, 'Bangladesh', 'Per Student Per month', 0, NULL, 1, '2021-02-11 10:02:23', '2021-02-28 12:19:19'),
(3, 1, 'FA1602501', 'Pro', 100.00, 'Bangladesh', 'Per Year for the first time', 4, 4.00, 1, '2021-02-11 10:03:45', '2021-04-01 09:40:46'),
(4, 3, 'FA1A0A79A', 'Premium', 15000.00, 'Bangladesh', 'Per Year for the first time', 4, NULL, 1, '2021-02-11 10:04:10', '2021-03-01 06:33:14'),
(5, 2, 'FA2602501', 'Basic', 2.00, 'United States', 'Per month per student', 0, NULL, 1, '2021-02-11 10:07:06', '2021-03-02 11:46:13'),
(6, 1, 'FA17D30FD', 'Basic', 200.00, 'United States', 'For the first time', 12, 1.00, 1, '2021-02-11 10:07:35', '2021-04-01 09:41:28'),
(7, 1, 'FA1602503', 'Premium', 20.00, 'United States', 'Per year for the first time', 4, 1.00, 4, '2021-02-11 10:14:48', '2021-04-01 09:41:15'),
(8, 2, 'FA260250A', 'Exam Process System', 12000.00, 'Bangladesh', '<b>Final exam process system.</b>\r\nFinal exam process system.\r\nFinal exam process system.', 0, NULL, 1, '2021-02-11 10:43:00', '2021-02-28 12:19:26'),
(9, 3, 'FA36044AD', 'Prime', 1500.00, 'Bangladesh', 'Lorem ipsum dolor sit amet, \r\nconsectetur adipiscing elit, sed do \r\neiusmod tempor incididunt ut labore \r\net dolore magna aliqua.', 5, NULL, 1, '2021-03-07 10:39:52', '2021-03-07 10:45:21'),
(10, 3, 'FA36044AE', 'Basic', 500.00, 'Bangladesh', 'Lorem ipsum dolor sit amet, \r\nconsectetur adipiscing elit, sed do \r\neiusmod tempor incididunt ut labore et dolore magna aliqua.', 2, NULL, 1, '2021-03-07 10:44:47', '2021-03-07 11:27:16'),
(11, 3, 'FA36044AF', 'Gold Pak', 2000.00, 'Bangladesh', '<b>Lorem ipsum dolor sit amet</b>\r\nconsectetur adipiscing elit, sed do \r\neiusmod tempor incididunt ut labore \r\net dolore magna aliqua.', 7, NULL, 1, '2021-03-07 10:47:21', '2021-03-08 07:45:44'),
(12, 3, 'FA3604F16', 'Special Pack', 1500.00, 'United States', 'Text is the exact, original words written by an author. \r\nText is also a specific work as written by the original author.', 12, NULL, 1, '2021-03-15 08:11:26', '2021-03-15 08:11:26'),
(13, 3, 'FA3604F1E', 'Premium Star', 200.00, 'United States', 'Text is also commonly used to refer to a text message or to send a text message.\r\nWhen you read something, you are looking at text and using your language skills to get meaning out of it.', 6, NULL, 1, '2021-03-15 08:46:10', '2021-03-15 08:46:10'),
(14, 1, 'FA1606587', 'Best Price', 7000.00, 'Bangladesh', 'gag rgsg sdgd sgs sdgsg sdtgg sgsg\r\ngsh s sdggdh\r\nshsh sgsg\r\nsrgsgs', 6, 4.00, 1, '2021-04-01 08:43:36', '2021-04-01 09:22:14'),
(15, 1, 'FA1606589', 'Best Sels', 8200.00, 'Bangladesh', 'afaa sdfsffs', 4, 4.50, 1, '2021-04-01 08:51:07', '2021-04-03 05:09:32'),
(16, 2, 'FA260658B', 'sfag', 200.00, 'Armenia', 'hfvnbmn,m.,/.', 0, NULL, 1, '2021-04-01 08:58:35', '2021-04-01 08:58:35');

-- --------------------------------------------------------

--
-- Table structure for table `routines`
--

CREATE TABLE `routines` (
  `id` int(10) UNSIGNED NOT NULL,
  `file_path` varchar(191) COLLATE utf8mb4_unicode_ci NOT NULL,
  `title` varchar(191) COLLATE utf8mb4_unicode_ci NOT NULL,
  `description` text COLLATE utf8mb4_unicode_ci NOT NULL,
  `active` tinyint(4) NOT NULL,
  `school_id` int(10) UNSIGNED NOT NULL,
  `user_id` int(10) UNSIGNED NOT NULL,
  `created_at` timestamp NULL DEFAULT NULL,
  `updated_at` timestamp NULL DEFAULT NULL,
  `section_id` int(10) UNSIGNED NOT NULL DEFAULT 0
) ENGINE=InnoDB DEFAULT CHARSET=utf8mb4 COLLATE=utf8mb4_unicode_ci;

--
-- Dumping data for table `routines`
--

INSERT INTO `routines` (`id`, `file_path`, `title`, `description`, `active`, `school_id`, `user_id`, `created_at`, `updated_at`, `section_id`) VALUES
(5, 'http://192.168.0.109:8001/storage/FA20165757S/FA20165757H/2021/MULTIFILE/1609749058.png', 'Perferendis maiores', '', 1, 1, 12, '2021-01-04 08:30:58', '2021-01-04 08:30:58', 0);

-- --------------------------------------------------------

--
-- Table structure for table `schools`
--

CREATE TABLE `schools` (
  `id` bigint(20) UNSIGNED NOT NULL,
  `name` varchar(191) COLLATE utf8mb4_unicode_ci NOT NULL,
  `short_name` varchar(191) COLLATE utf8mb4_unicode_ci DEFAULT NULL,
  `parent_id` bigint(20) DEFAULT 0 COMMENT 'parent school id ',
  `branch_code` varchar(50) COLLATE utf8mb4_unicode_ci DEFAULT NULL,
  `country_id` int(11) NOT NULL,
  `state_id` int(11) DEFAULT NULL,
  `district_id` int(11) DEFAULT NULL,
  `city` varchar(50) COLLATE utf8mb4_unicode_ci DEFAULT NULL,
  `established` varchar(191) COLLATE utf8mb4_unicode_ci NOT NULL DEFAULT '',
  `about` text COLLATE utf8mb4_unicode_ci NOT NULL,
  `mission` text COLLATE utf8mb4_unicode_ci DEFAULT NULL,
  `vision` text COLLATE utf8mb4_unicode_ci DEFAULT NULL,
  `address` varchar(255) COLLATE utf8mb4_unicode_ci DEFAULT NULL,
  `medium` varchar(191) COLLATE utf8mb4_unicode_ci NOT NULL,
  `code` int(11) NOT NULL,
  `secretKey` int(11) DEFAULT NULL,
  `theme` varchar(191) COLLATE utf8mb4_unicode_ci NOT NULL,
  `agentcode` varchar(20) COLLATE utf8mb4_unicode_ci DEFAULT NULL,
  `status` tinyint(4) NOT NULL DEFAULT 1 COMMENT '0=delete,1=active,2=deactive',
  `perStudent` double(8,2) DEFAULT NULL,
  `activeTill` datetime DEFAULT NULL,
  `created_at` timestamp NULL DEFAULT NULL,
  `updated_at` timestamp NULL DEFAULT NULL
) ENGINE=InnoDB DEFAULT CHARSET=utf8mb4 COLLATE=utf8mb4_unicode_ci;

--
-- Dumping data for table `schools`
--

INSERT INTO `schools` (`id`, `name`, `short_name`, `parent_id`, `branch_code`, `country_id`, `state_id`, `district_id`, `city`, `established`, `about`, `mission`, `vision`, `address`, `medium`, `code`, `secretKey`, `theme`, `agentcode`, `status`, `perStudent`, `activeTill`, `created_at`, `updated_at`) VALUES
(1, 'Foqas Academy', 'Foqas Academy', 0, 'FA20', 18, NULL, NULL, NULL, '2000-06-14', 'Est aliquid molestiae est esse. Earum eaque modi cum hic molestias esse fugiat. Ut dolorem deleniti facilis et. yjhgjbh Est aliquid molestiae est esse. Earum eaque modi cum hic molestias esse fugiat. Ut dolorem deleniti facilis et. yjhgjbh Est aliquid m Est aliquid molestiae est esse. Earum eaque mo Est aliquid molestiae est esse. Earum eaque modi cum hic molestias esse fugiat. Ut dolorem deleniti facilis et. yjhgjbh Est aliquid molestiae est esse. Earum eaque modi cum hic molestias esse fugiat. Ut dolorem deleniti facilis et. yjhgjbh Est aliquid', 'Est aliquid molestiae est esse. Earum eaque modi cum hic molestias esse fugiat. Ut dolorem deleniti facilis et. yjhgjbh Est aliquid molestiae est esse. Earum eaque modi cum hic molestias esse fugiat. Ut dolorem deleniti facilis et. yjhgjbh Est aliquid m Est aliquid molestiae est esse. Earum eaque mo', 'Est aliquid molestiae est esse. Earum eaque modi cum hic molestias esse fugiat. Ut dolorem deleniti facilis et. yjhgjbh Est aliquid molestiae est esse. Earum eaque modi cum hic molestias esse fugiat. Ut dolorem deleniti facilis et. yjhgjbh Est aliquid m Est aliquid molestiae est esse. Earum eaque mo', 'New York, USA', 'bangla', 20165757, 2020, 'flatly', NULL, 1, NULL, '2022-03-24 05:39:28', '2020-10-28 06:23:22', '2021-03-24 05:39:34'),
(2, 'Devin Drake', 'DD', 1, 'NHB', 16, NULL, NULL, NULL, '21-11-2020', 'Mollitia quas ipsam', NULL, NULL, 'Alias quibusdam cons', 'english', 20165758, 2021, 'flatly', NULL, 1, NULL, NULL, '2020-10-28 06:23:56', '2021-01-11 11:30:36'),
(3, 'Branch 2', 'B2', 1, 'LIKD', 55, NULL, NULL, NULL, '24-12-2020', 'Nesciunt ea minima culpa et consequatur. Mollitia enim sed quam quia iure odit. Ad eaque et unde hic.', NULL, NULL, 'Uttara,Dhaka', 'Bangla', 20115279, 2022, 'flatly', NULL, 1, NULL, NULL, '2020-10-28 06:23:56', '2020-12-23 11:41:16'),
(4, 'Jarvis Halvorson', NULL, 0, NULL, 0, NULL, NULL, NULL, 'Prof. Kevon Ruecker Sr.', 'Autem ducimus ex est corrupti reiciendis amet. Voluptate explicabo harum impedit perspiciatis dolorum non quis eos. Sint optio voluptates dolorum consequatur illo odit sed.', NULL, NULL, NULL, 'bangla', 20324271, 2020, 'flatly', NULL, 1, NULL, NULL, '2020-10-28 06:23:56', '2020-10-28 06:23:56'),
(5, 'Miss Blanca Spinka', NULL, 0, NULL, 0, NULL, NULL, NULL, 'Lizeth Cummings', 'Consequatur sit nobis sunt optio praesentium. Voluptas similique repellendus libero. Occaecati tenetur voluptatibus omnis possimus voluptatem vel nobis.', NULL, NULL, NULL, 'english', 20286062, NULL, 'flatly', NULL, 1, NULL, NULL, '2020-10-28 06:23:56', '2020-10-28 06:23:56'),
(6, 'Morgan Roob PhD', NULL, 0, NULL, 0, NULL, NULL, NULL, 'Kane Sawayn', 'Magni quia ex assumenda ipsa quo tempore. Placeat deserunt ad ratione voluptatem id eos. Facere totam quidem voluptas et qui.', NULL, NULL, NULL, 'english', 20100897, NULL, 'flatly', NULL, 1, NULL, NULL, '2020-10-28 06:23:56', '2020-10-28 06:23:56'),
(7, 'Dariana Cassin', NULL, 0, NULL, 0, NULL, NULL, NULL, 'Brian Windler', 'Voluptas voluptatibus non sunt error in quaerat velit. Consequatur voluptatum est excepturi et quibusdam vero quam. Ad illo quo et quis ipsum quis.', NULL, NULL, NULL, 'english', 20120602, NULL, 'flatly', NULL, 1, NULL, NULL, '2020-10-28 06:23:56', '2020-10-28 06:23:56'),
(8, 'Arvid Luettgen', NULL, 0, NULL, 0, NULL, NULL, NULL, 'Nels Rosenbaum', 'Commodi autem sed perferendis est quae laborum. Illo tempora ab quasi rem alias. Officia in exercitationem eos consequatur perspiciatis.', NULL, NULL, NULL, 'bangla', 20183360, NULL, 'flatly', NULL, 1, NULL, NULL, '2020-10-28 06:23:56', '2020-10-28 06:23:56'),
(9, 'Marcos Hintz', NULL, 0, NULL, 0, NULL, NULL, NULL, 'Dr. Dina Harvey I', 'Sequi perspiciatis qui animi omnis autem. Perferendis est adipisci earum atque necessitatibus. Veritatis esse ratione ut aut quisquam culpa corrupti.', NULL, NULL, NULL, 'english', 20261834, NULL, 'flatly', NULL, 1, NULL, NULL, '2020-10-28 06:23:56', '2020-10-28 06:23:56'),
(10, 'Bell Blanda', NULL, 0, NULL, 0, NULL, NULL, NULL, 'Dr. Ervin Moen', 'Amet accusamus dolores autem. Quas molestias eum nesciunt est et corporis. Nesciunt eum deleniti doloribus.', NULL, NULL, NULL, 'english', 20177774, NULL, 'flatly', NULL, 1, NULL, NULL, '2020-10-28 06:23:56', '2020-10-28 06:23:56'),
(11, 'Bert Bayer DDS', NULL, 0, NULL, 0, NULL, NULL, NULL, 'Otto Maggio', 'Consequatur magnam cumque atque unde aut. Qui officia ut quia voluptatem aut repellat. Deserunt et id magni enim similique.', NULL, NULL, NULL, 'english', 20305523, NULL, 'flatly', NULL, 1, NULL, NULL, '2020-10-28 06:23:56', '2020-10-28 06:23:56'),
(12, 'Melissa Marquardt V', NULL, 0, NULL, 0, NULL, NULL, NULL, 'Ms. Clara Jacobson', 'Odio ut modi debitis molestiae iure est voluptatem. Quod voluptatem aut autem nobis amet quod distinctio. Iusto est tenetur quidem et voluptas quis sed inventore.', NULL, NULL, NULL, 'english', 20924417, NULL, 'flatly', NULL, 1, NULL, NULL, '2020-10-28 06:23:56', '2020-10-28 06:23:56'),
(13, 'Luciano Schultz', NULL, 0, NULL, 0, NULL, NULL, NULL, 'Lon Cruickshank', 'Molestiae non atque quibusdam ab dolorem consequatur. A est et nihil reprehenderit sint consequatur. Nemo consequuntur repellat minus porro libero dolore.', NULL, NULL, NULL, 'bangla', 20173890, NULL, 'flatly', NULL, 1, NULL, NULL, '2020-10-28 06:23:56', '2020-10-28 06:23:56'),
(14, 'Reed Kiehn', NULL, 0, NULL, 0, NULL, NULL, NULL, 'Mollie Will Sr.', 'Distinctio sunt placeat corporis deleniti beatae. Quam eaque est rerum nihil veritatis omnis. Sed et et beatae nulla.', NULL, NULL, NULL, 'bangla', 20178222, NULL, 'flatly', NULL, 1, NULL, NULL, '2020-10-28 06:23:56', '2020-10-28 06:23:56'),
(15, 'Jamey Konopelski', NULL, 0, NULL, 0, NULL, NULL, NULL, 'Casimer Larkin', 'Aut velit laudantium beatae occaecati maxime amet. Quaerat expedita voluptatem ipsam possimus aut aperiam. Suscipit sed molestiae praesentium aut et et est.', NULL, NULL, NULL, 'bangla', 20151793, NULL, 'flatly', NULL, 1, NULL, NULL, '2020-10-28 06:23:57', '2020-10-28 06:23:57'),
(16, 'Aditya Maggio', NULL, 0, NULL, 0, NULL, NULL, NULL, 'Dr. Adam Emard', 'Sed beatae sit incidunt quia qui tenetur. At aut dolorum recusandae enim nesciunt veritatis exercitationem. Laborum repellendus incidunt praesentium et.', NULL, NULL, NULL, 'english', 20173182, NULL, 'flatly', NULL, 1, NULL, NULL, '2020-10-28 06:23:57', '2020-10-28 06:23:57'),
(17, 'Miss Liana Wisozk III', NULL, 0, NULL, 0, NULL, NULL, NULL, 'Dr. Shaylee Gorczany', 'Ut quis minima asperiores assumenda earum nesciunt saepe. Maxime ipsa commodi tempore. Exercitationem quia labore quo.', NULL, NULL, NULL, 'bangla', 20292105, NULL, 'flatly', NULL, 1, NULL, NULL, '2020-10-28 06:23:57', '2020-10-28 06:23:57'),
(18, 'Prof. Devyn Parker I', NULL, 0, NULL, 0, NULL, NULL, NULL, 'Reece Veum', 'Id dolor omnis et nihil dolores quaerat. Ratione earum earum est et dignissimos qui libero. Quam omnis quasi ut ut amet non est.', NULL, NULL, NULL, 'english', 20174057, NULL, 'flatly', NULL, 1, NULL, NULL, '2020-10-28 06:23:57', '2020-10-28 06:23:57'),
(19, 'Cassidy Macejkovic', NULL, 0, NULL, 0, NULL, NULL, NULL, 'Elvera Pouros I', 'Voluptas est qui et qui sit nulla. Assumenda numquam assumenda pariatur quod qui dolores. Dolores quo saepe exercitationem nam laboriosam quo.', NULL, NULL, NULL, 'english', 20471550, NULL, 'flatly', NULL, 1, NULL, NULL, '2020-10-28 06:23:57', '2020-10-28 06:23:57'),
(20, 'Marlene Lubowitz II', NULL, 0, NULL, 0, NULL, NULL, NULL, 'Sheila Senger', 'Repellendus dolores quis facere facilis. Omnis aut temporibus aut molestias. Nobis repellat eligendi ipsum ut.', NULL, NULL, NULL, 'bangla', 20186102, NULL, 'flatly', NULL, 1, NULL, NULL, '2020-10-28 06:23:57', '2020-10-28 06:23:57'),
(21, 'Cathryn Greenholt', NULL, 0, NULL, 0, NULL, NULL, NULL, 'Ansel Murray', 'Vero dolorem voluptates id. Dolore iure est quia dolor placeat cum. Voluptatem pariatur eos harum ut vel eum.', NULL, NULL, NULL, 'bangla', 20575634, NULL, 'flatly', NULL, 1, NULL, NULL, '2020-10-28 06:23:57', '2020-10-28 06:23:57'),
(22, 'Dr. Erwin Feest', NULL, 0, NULL, 0, NULL, NULL, NULL, 'Jaycee Goodwin', 'Sit odio id vel velit. Sit dicta illo consequatur fugit cupiditate vitae odit. Aut et et odit doloribus rerum quaerat.', NULL, NULL, NULL, 'english', 20874024, NULL, 'flatly', NULL, 1, NULL, NULL, '2020-10-28 06:23:57', '2020-10-28 06:23:57'),
(23, 'Kira Fisher', NULL, 0, NULL, 0, NULL, NULL, NULL, 'Ms. Palma Little Jr.', 'Temporibus rerum autem repellat perferendis. Suscipit et veritatis nesciunt architecto vel. Fugiat fuga est sunt qui numquam voluptas libero.', NULL, NULL, NULL, 'bangla', 20235643, NULL, 'flatly', NULL, 1, NULL, NULL, '2020-10-28 06:23:57', '2020-10-28 06:23:57'),
(24, 'Prof. Sammie Leannon', NULL, 0, NULL, 0, NULL, NULL, NULL, 'Thelma Nicolas', 'Voluptatibus est ducimus ut hic vel autem aut. Porro veniam consequatur voluptates ut nobis laboriosam quod. Perferendis quibusdam quo enim enim voluptatem blanditiis.', NULL, NULL, NULL, 'english', 20334691, NULL, 'flatly', NULL, 1, NULL, NULL, '2020-10-28 06:23:57', '2020-10-28 06:23:57'),
(25, 'Dr. Bertrand Von', NULL, 0, NULL, 0, NULL, NULL, NULL, 'Britney Schiller', 'Molestiae odit alias aspernatur quos in mollitia quia explicabo. Ut debitis facilis aut eum dolore recusandae omnis. Et et quis officiis deserunt sunt illo.', NULL, NULL, NULL, 'english', 20539102, NULL, 'flatly', NULL, 1, NULL, NULL, '2020-10-28 06:23:57', '2020-10-28 06:23:57'),
(26, 'Dr. Ryleigh Hudson', NULL, 0, NULL, 0, NULL, NULL, NULL, 'Carmine Rempel', 'Repellendus ullam ipsa et ut laboriosam. Aliquam incidunt et est qui. Perspiciatis nihil sapiente ab dolorem dolore impedit.', NULL, NULL, NULL, 'bangla', 20175411, NULL, 'flatly', NULL, 1, NULL, NULL, '2020-10-28 06:23:57', '2020-10-28 06:23:57'),
(27, 'Jess Mayert', NULL, 0, NULL, 0, NULL, NULL, NULL, 'Deon Jacobs', 'Totam sit sit et. Tenetur qui dignissimos sapiente libero. Quasi magni et beatae dolor inventore.', NULL, NULL, NULL, 'english', 20175000, NULL, 'flatly', NULL, 1, NULL, NULL, '2020-10-28 06:23:57', '2020-10-28 06:23:57'),
(28, 'Angelita Batz', NULL, 0, NULL, 0, NULL, NULL, NULL, 'Arno Nikolaus DDS', 'Totam vel quibusdam id aut. Dignissimos occaecati placeat modi est. Exercitationem illo officia dolores ut.', NULL, NULL, NULL, 'bangla', 20312042, NULL, 'flatly', NULL, 1, NULL, NULL, '2020-10-28 06:23:57', '2020-10-28 06:23:57'),
(29, 'Skye Brown', NULL, 0, NULL, 0, NULL, NULL, NULL, 'Mr. Tommie Oberbrunner II', 'Adipisci est excepturi sed temporibus. Ex et nostrum est officia quis. Voluptatem consequuntur omnis et ipsa aut odio reprehenderit.', NULL, NULL, NULL, 'bangla', 20243015, NULL, 'flatly', NULL, 1, NULL, NULL, '2020-10-28 06:23:57', '2020-10-28 06:23:57'),
(30, 'Etha Weimann', NULL, 0, NULL, 0, NULL, NULL, NULL, 'Prof. Teagan Koelpin', 'Ducimus ipsa vero alias nam ut ea saepe. Laudantium qui aut eaque perspiciatis. Dolor autem perferendis aliquam tempore officia in.', NULL, NULL, NULL, 'bangla', 20104196, NULL, 'flatly', NULL, 1, NULL, NULL, '2020-10-28 06:23:57', '2020-10-28 06:23:57'),
(31, 'Clovis Wunsch', NULL, 0, NULL, 0, NULL, NULL, NULL, 'Dr. Kristopher Rodriguez DVM', 'Culpa excepturi et voluptas fuga reprehenderit natus suscipit assumenda. Officia et et dolores sequi. Quaerat ab omnis voluptatem consequuntur est ex ut.', NULL, NULL, NULL, 'english', 20130936, NULL, 'flatly', NULL, 1, NULL, NULL, '2020-10-28 06:23:57', '2020-10-28 06:23:57'),
(32, 'Trevion D\'Amore DDS', NULL, 0, NULL, 0, NULL, NULL, NULL, 'Dr. Shawn Waelchi', 'Deleniti repudiandae provident odio qui. Rerum et nisi rerum velit. Praesentium maiores magnam et consequatur neque ut quos.', NULL, NULL, NULL, 'bangla', 20310644, NULL, 'flatly', NULL, 1, NULL, NULL, '2020-10-28 06:23:57', '2020-10-28 06:23:57'),
(33, 'Octavia Willms', NULL, 0, NULL, 0, NULL, NULL, NULL, 'Tyson Lindgren V', 'Modi officia ut laborum qui. Eos magni atque non quod. Placeat nihil repellat aut labore nesciunt et.', NULL, NULL, NULL, 'bangla', 20168209, NULL, 'flatly', NULL, 1, NULL, NULL, '2020-10-28 06:23:57', '2020-10-28 06:23:57'),
(34, 'Dr. Dillon Schinner V', NULL, 0, NULL, 0, NULL, NULL, NULL, 'Braden Beier', 'Praesentium quaerat hic recusandae nostrum vel eos rerum. Incidunt et unde quibusdam qui aut natus. Aut ea nulla id laudantium vero.', NULL, NULL, NULL, 'english', 20146468, NULL, 'flatly', NULL, 1, NULL, NULL, '2020-10-28 06:23:57', '2020-10-28 06:23:57'),
(35, 'Dr. Alexandrea Sanford', NULL, 0, NULL, 0, NULL, NULL, NULL, 'Eddie Fritsch', 'Veniam reprehenderit porro sunt deserunt maiores. Provident pariatur quae nobis quo soluta. Itaque error placeat beatae at.', NULL, NULL, NULL, 'english', 20730633, NULL, 'flatly', NULL, 1, NULL, NULL, '2020-10-28 06:23:57', '2020-10-28 06:23:57'),
(36, 'Dr. Roselyn Bradtke III', NULL, 0, NULL, 0, NULL, NULL, NULL, 'Lionel Paucek', 'Voluptatem explicabo voluptas harum. Quia quia quo consequatur ratione voluptas. Nulla recusandae iure aut voluptatibus qui error.', NULL, NULL, NULL, 'bangla', 20319711, NULL, 'flatly', NULL, 1, NULL, NULL, '2020-10-28 06:23:57', '2020-10-28 06:23:57'),
(37, 'Miss Emely Becker MD', NULL, 0, NULL, 0, NULL, NULL, NULL, 'General Rosenbaum', 'Vel sunt in est aperiam quia delectus in et. Occaecati cumque cum ad ut. Maiores error ex ut vel deleniti laboriosam.', NULL, NULL, NULL, 'bangla', 20321026, NULL, 'flatly', NULL, 1, NULL, NULL, '2020-10-28 06:23:58', '2020-10-28 06:23:58'),
(38, 'Ms. Elnora Emard', NULL, 0, NULL, 0, NULL, NULL, NULL, 'Amiya Howe', 'Occaecati sit hic magni eos magni rerum accusantium. Ut non delectus sit deserunt illo reprehenderit. Possimus itaque eos repellat quam consequuntur non.', NULL, NULL, NULL, 'bangla', 20137312, NULL, 'flatly', NULL, 1, NULL, NULL, '2020-10-28 06:23:58', '2020-10-28 06:23:58'),
(39, 'Mireya Schaefer', NULL, 0, NULL, 0, NULL, NULL, NULL, 'Vicenta Powlowski', 'Accusamus placeat magnam maxime ab sint quod. At dolorum similique aut aut aliquid aliquam. Quis maxime aut dolore aliquam.', NULL, NULL, NULL, 'bangla', 20115213, NULL, 'flatly', NULL, 1, NULL, NULL, '2020-10-28 06:23:58', '2020-10-28 06:23:58'),
(40, 'Prof. Eldora Feeney III', NULL, 0, NULL, 0, NULL, NULL, NULL, 'Herminia Gibson I', 'Rerum quaerat vel eum non assumenda dolor eligendi. Sequi aliquid delectus est numquam saepe. Qui at at qui similique.', NULL, NULL, NULL, 'bangla', 20248539, NULL, 'flatly', NULL, 1, NULL, NULL, '2020-10-28 06:23:58', '2020-10-28 06:23:58'),
(41, 'Alf Rohan', NULL, 0, NULL, 0, NULL, NULL, NULL, 'Mossie Lehner', 'Minus eum harum impedit unde aperiam alias necessitatibus. Molestias nemo et aut eos. Atque repudiandae rerum maxime explicabo.', NULL, NULL, NULL, 'bangla', 20391104, NULL, 'flatly', NULL, 1, NULL, NULL, '2020-10-28 06:23:58', '2020-10-28 06:23:58'),
(42, 'Preston Pfannerstill V', NULL, 0, NULL, 0, NULL, NULL, NULL, 'Annie Anderson', 'Neque occaecati ut ducimus ratione sapiente reprehenderit. Asperiores consequatur esse asperiores aut minus rerum aspernatur provident. Iste nam molestiae qui iure non officiis consectetur corrupti.', NULL, NULL, NULL, 'bangla', 20306432, NULL, 'flatly', NULL, 1, NULL, NULL, '2020-10-28 06:23:58', '2020-10-28 06:23:58'),
(43, 'Dr. Cale Bergstrom Jr.', NULL, 0, NULL, 0, NULL, NULL, NULL, 'Mr. Soledad Buckridge IV', 'Dolores aperiam omnis quis. Ab fuga rerum fugiat maxime facere ullam. Quasi nam dolorem voluptatem.', NULL, NULL, NULL, 'bangla', 20685893, NULL, 'flatly', NULL, 1, NULL, NULL, '2020-10-28 06:23:58', '2020-10-28 06:23:58'),
(44, 'Prof. Grant Jaskolski', NULL, 0, NULL, 0, NULL, NULL, NULL, 'Cathrine Labadie', 'Impedit sint beatae non ipsum. Repellendus tenetur et aspernatur deserunt totam enim quo velit. Rem veniam eveniet voluptatibus quisquam consectetur vero omnis.', NULL, NULL, NULL, 'bangla', 20769048, NULL, 'flatly', NULL, 1, NULL, NULL, '2020-10-28 06:23:58', '2020-10-28 06:23:58'),
(45, 'Ms. Tabitha Senger', NULL, 0, NULL, 0, NULL, NULL, NULL, 'Lee Cremin', 'Explicabo hic molestias necessitatibus ea. Provident temporibus nam nostrum rem velit quia. Tempore recusandae ut dolores molestiae quia et.', NULL, NULL, NULL, 'bangla', 20190663, NULL, 'flatly', NULL, 1, NULL, NULL, '2020-10-28 06:23:58', '2020-10-28 06:23:58'),
(46, 'Miss Leta Pollich', NULL, 0, NULL, 0, NULL, NULL, NULL, 'Reyna Pouros', 'Ipsa error eum quas eum dolore sed tempora. Consequatur provident impedit tempore necessitatibus qui facilis. Ab aut rerum animi nihil consequatur adipisci fugit.', NULL, NULL, NULL, 'bangla', 20580282, NULL, 'flatly', NULL, 1, NULL, NULL, '2020-10-28 06:23:58', '2020-10-28 06:23:58'),
(47, 'Abbie Lakin DDS', NULL, 0, NULL, 0, NULL, NULL, NULL, 'Sadye Paucek', 'Pariatur porro quia et est rerum quasi minima. Labore magnam est architecto quae quia facere. Ipsum nobis et nulla animi dolore ut corrupti.', NULL, NULL, NULL, 'english', 20213292, NULL, 'flatly', NULL, 1, NULL, NULL, '2020-10-28 06:23:58', '2020-10-28 06:23:58'),
(48, 'Madie Douglas', NULL, 0, NULL, 0, NULL, NULL, NULL, 'Theodore Spencer', 'Exercitationem neque quidem libero placeat inventore. Eligendi enim at corrupti beatae rerum enim. Quo est a voluptas ut nihil ad eaque.', NULL, NULL, NULL, 'english', 20110718, NULL, 'flatly', NULL, 1, NULL, NULL, '2020-10-28 06:23:58', '2020-10-28 06:23:58'),
(49, 'Verlie Gottlieb', NULL, 0, NULL, 0, NULL, NULL, NULL, 'Verona O\'Keefe', 'Quasi quisquam impedit alias tenetur. Ut sed maxime incidunt quia maiores. Repellat inventore nihil officia dolorem quos.', NULL, NULL, NULL, 'english', 20239021, NULL, 'flatly', NULL, 1, NULL, NULL, '2020-10-28 06:23:58', '2020-10-28 06:23:58'),
(50, 'Shane Gerhold', NULL, 0, NULL, 0, NULL, NULL, NULL, 'Griffin Blanda DDS', 'Fuga dolor ut similique dolor ut aut aut aspernatur. Eum dolor iusto eius et. Vel nihil reprehenderit rem dolorem quo voluptas porro.', NULL, NULL, NULL, 'english', 20258722, NULL, 'flatly', NULL, 1, NULL, NULL, '2020-10-28 06:23:58', '2020-10-28 06:23:58'),
(51, 'Prof. Nicholaus Quigley Sr.', NULL, 0, NULL, 0, NULL, NULL, NULL, 'Talia Dietrich', 'Quos qui sed accusantium sint nostrum quia. Temporibus asperiores assumenda architecto maxime id odit. Veniam quas voluptatum nihil iure quisquam reiciendis cupiditate.', NULL, NULL, NULL, 'bangla', 20326815, NULL, 'flatly', NULL, 1, NULL, NULL, '2020-10-28 06:23:58', '2020-10-28 06:23:58'),
(52, 'shihab', 'S', 1, 'SDW', 30, NULL, NULL, NULL, '10-11-2020', 'Dolorum nostrud veli', NULL, NULL, 'Dhaka-1205', 'English', 20868648, NULL, 'flatly', NULL, 1, NULL, NULL, '2020-11-21 06:40:49', '2020-12-23 11:42:21'),
(53, 'Kyra Fitzpatrick', 'KF', 1, '02A', 5, NULL, NULL, NULL, '17-12-2020', 'Voluptates soluta nu', NULL, NULL, 'Sit eos quis nobis a', 'Chinese', 20768296, NULL, 'flatly', NULL, 1, NULL, NULL, '2020-11-21 07:05:20', '2020-12-23 11:41:49'),
(54, 'Dane Oliver', 'DO', 1, '85W', 4, NULL, NULL, NULL, '06-12-2020', 'Est cumque ut sint i', NULL, NULL, 'Obcaecati culpa qui', 'English', 20140283, NULL, 'flatly', NULL, 1, NULL, NULL, '2020-11-21 11:24:34', '2020-12-23 11:42:05'),
(55, 'Tatyana Valentine', 'TV', 1, 'WD3', 207, NULL, NULL, NULL, '16-12-2020', 'Nemo nemo nulla aliq', NULL, NULL, 'Quia cumque est mini', 'English', 20348642, NULL, 'flatly', NULL, 1, NULL, NULL, '2020-12-13 11:34:17', '2020-12-23 11:42:32'),
(56, 'Foqas 2', 'F2', 1, '2020', 44, NULL, NULL, NULL, '13-01-2021', 'Nothing To Say. Best', NULL, NULL, '53 First Lane', 'chinese', 21268695, NULL, 'flatly', NULL, 1, NULL, NULL, '2021-01-17 10:00:33', '2021-01-17 10:00:33'),
(57, 'Foqas 2', 'F2', 1, '2020', 44, NULL, NULL, NULL, '13-01-2021', 'Nothing to say. Best', NULL, NULL, '53 First Lane', 'chinese', 21202356, NULL, 'flatly', NULL, 0, NULL, NULL, '2021-01-17 10:02:56', '2021-01-17 10:05:08'),
(58, 'Tyrone Norman', 'TN', 0, NULL, 194, NULL, NULL, 'saf', '1414', 'Tyrone Norman Established in 1414', NULL, NULL, 'afasa', '', 21242715, NULL, 'flatly', NULL, 1, NULL, NULL, '2021-01-27 10:21:44', '2021-01-27 10:21:44'),
(59, 'Tyrone Norman', 'TN', 0, NULL, 194, NULL, NULL, 'saf', '1414', 'Tyrone Norman Established in 1414', NULL, NULL, 'afasa', '', 21147560, NULL, 'flatly', NULL, 1, NULL, NULL, '2021-01-27 10:26:43', '2021-01-27 10:26:43'),
(60, 'Whilemina Wise', 'WW', 0, NULL, 67, NULL, NULL, 'Xavier Howell', 'Obcaecati omnis eu a', 'Whilemina Wise Established in Obcaecati omnis eu a', NULL, NULL, 'Ipsam quo non repreh', '', 21143022, NULL, 'flatly', NULL, 1, NULL, NULL, '2021-01-28 05:28:54', '2021-01-28 05:28:54'),
(61, 'Whilemina Wise', 'WW', 0, NULL, 67, NULL, NULL, 'Xavier Howell', 'Obcaecati omnis eu a', 'Whilemina Wise Established in Obcaecati omnis eu a', NULL, NULL, 'Ipsam quo non repreh', '', 21615402, NULL, 'flatly', NULL, 1, NULL, NULL, '2021-01-28 05:33:03', '2021-01-28 05:33:03'),
(62, 'Whilemina Wise', 'WW', 0, NULL, 67, NULL, NULL, 'Xavier Howell', 'Obcaecati omnis eu a', 'Whilemina Wise Established in Obcaecati omnis eu a', NULL, NULL, 'Ipsam quo non repreh', '', 21219828, NULL, 'flatly', NULL, 1, NULL, NULL, '2021-01-28 06:41:33', '2021-01-28 06:41:33'),
(63, 'Whilemina Wise', 'WW', 0, NULL, 67, NULL, NULL, 'Xavier Howell', 'Obcaecati omnis eu a', 'Whilemina Wise Established in Obcaecati omnis eu a', NULL, NULL, 'Ipsam quo non repreh', '', 21452022, NULL, 'flatly', NULL, 1, NULL, NULL, '2021-01-28 07:46:29', '2021-01-28 07:46:29'),
(64, 'Karen Peters', 'KP', 0, NULL, 167, NULL, NULL, 'Dhaka', '2010', 'Karen Peters Established in 2010', NULL, NULL, 'Dhaka, Bangla', '', 21177333, NULL, 'flatly', NULL, 1, NULL, NULL, '2021-01-28 11:05:06', '2021-01-28 11:05:06'),
(65, 'Karen Peters', 'KP', 0, NULL, 167, NULL, NULL, 'Dhaka', '2010', 'Karen Peters Established in 2010', NULL, NULL, 'Dhaka, Bangla', '', 21228601, NULL, 'flatly', NULL, 1, NULL, NULL, '2021-01-28 11:10:15', '2021-01-28 11:10:15'),
(66, 'Kaden Gomez', 'KG', 0, NULL, 231, NULL, NULL, 'fcsfa', '1421', 'Kaden Gomez Established in 1421', NULL, NULL, 'afafa', '', 21137514, NULL, 'flatly', NULL, 1, NULL, NULL, '2021-01-28 11:40:55', '2021-01-28 11:40:55'),
(67, 'Nathan Dalton', 'ND', 0, NULL, 18, NULL, 6, NULL, '12345', 'Nathan Dalton Established in 12345', NULL, NULL, 'sfsdfs', '', 21118541, NULL, 'flatly', NULL, 1, NULL, NULL, '2021-01-31 11:13:19', '2021-01-31 11:13:19'),
(68, 'Nathan Dalton', 'ND', 0, NULL, 18, NULL, 6, NULL, '12345', 'Nathan Dalton Established in 12345', NULL, NULL, 'sfsdfs', '', 21116158, NULL, 'flatly', NULL, 1, NULL, NULL, '2021-01-31 11:32:38', '2021-01-31 11:32:38'),
(69, 'Whilemina Moss', 'WM', 0, NULL, 18, NULL, 11, NULL, '141', 'Whilemina Moss Established in 141', NULL, NULL, '124114', '', 21752451, NULL, 'flatly', NULL, 1, NULL, NULL, '2021-01-31 11:36:23', '2021-01-31 11:36:23'),
(70, 'Whilemina Moss', 'WM', 0, NULL, 18, NULL, 11, NULL, '141', 'Whilemina Moss Established in 141', NULL, NULL, '124114', '', 21141356, NULL, 'flatly', NULL, 1, NULL, NULL, '2021-01-31 11:37:45', '2021-01-31 11:37:45'),
(71, 'Whilemina Moss', 'WM', 0, NULL, 18, NULL, 11, NULL, '141', 'Whilemina Moss Established in 141', NULL, NULL, '124114', '', 21104856, NULL, 'flatly', NULL, 1, NULL, NULL, '2021-01-31 11:48:39', '2021-01-31 11:48:39'),
(72, 'Zeus Ortega', 'ZO', 0, NULL, 18, NULL, 17, NULL, 'dad', 'Zeus Ortega Established in dad', NULL, NULL, 'asdad', '', 21212689, NULL, 'flatly', NULL, 1, NULL, NULL, '2021-01-31 11:55:10', '2021-01-31 11:55:10'),
(73, 'Thaddeus Brewer', 'TB', 0, NULL, 18, NULL, 13, NULL, '141', 'Thaddeus Brewer Established in 141', NULL, NULL, '1241', '', 21317796, NULL, 'flatly', NULL, 1, NULL, NULL, '2021-01-31 12:13:23', '2021-01-31 12:13:23'),
(74, 'afa sfaff', 'AS', 0, NULL, 223, 0, NULL, NULL, '31', 'afa sfaff Established in 31', NULL, NULL, 'werwr', '', 21229529, NULL, 'flatly', NULL, 1, NULL, NULL, '2021-01-31 12:21:40', '2021-01-31 12:21:40'),
(75, 'Hamish Mcintosh', 'HM', 0, NULL, 223, 4, NULL, NULL, 'scd', 'Hamish Mcintosh Established in scd', NULL, NULL, 'dasasd', '', 21253395, NULL, 'flatly', NULL, 1, NULL, NULL, '2021-01-31 12:28:10', '2021-01-31 12:28:10'),
(76, 'dasdad', 'D', 0, NULL, 18, NULL, 18, NULL, '141', 'dasdad Established in 141', NULL, NULL, '14124', '', 21221387, NULL, 'flatly', NULL, 1, NULL, NULL, '2021-02-14 07:06:55', '2021-02-14 07:06:55'),
(77, 'sgzdgg', 'S', 0, NULL, 18, NULL, 11, NULL, '1289', 'sgzdgg Established in 1289', NULL, NULL, 'afaf', '', 21170061, NULL, 'flatly', NULL, 1, NULL, NULL, '2021-02-14 07:11:56', '2021-02-14 07:11:56'),
(78, 'Cheryl Dunlap', 'CD', 0, NULL, 18, NULL, 33, NULL, 'Praesentium sunt do', 'Cheryl Dunlap Established in Praesentium sunt do', NULL, NULL, 'Natus dolorum volupt', '', 21116588, NULL, 'flatly', NULL, 1, NULL, NULL, '2021-02-17 10:46:14', '2021-02-17 10:46:14'),
(79, 'getwh gdsg', 'GG', 0, NULL, 18, NULL, 19, NULL, 'fsfs', 'getwh gdsg Established in fsfs', NULL, NULL, 'sfsfd', '', 21224739, NULL, 'flatly', NULL, 1, NULL, NULL, '2021-02-18 10:51:38', '2021-02-18 10:51:38'),
(80, 'fsgs srgrs', 'FS', 0, NULL, 18, NULL, 19, NULL, 'afa', 'fsgs srgrs Established in afa', NULL, NULL, 'fafa', '', 21232717, NULL, 'flatly', NULL, 1, NULL, NULL, '2021-02-18 11:24:39', '2021-02-18 11:24:39'),
(81, 'Sydney Cantu', 'SC', 0, NULL, 18, NULL, 7, NULL, '2874', 'Sydney Cantu Established in 2874', NULL, NULL, 'In quo aliquip corru', '', 21199504, NULL, 'flatly', NULL, 1, NULL, NULL, '2021-02-22 06:01:15', '2021-02-22 06:01:15'),
(82, 'Callie Holcomb', 'CH', 0, NULL, 18, NULL, 36, NULL, '1254', 'Callie Holcomb Established in 1254', NULL, NULL, 'In quo aliquip corru', '', 21762345, NULL, 'flatly', NULL, 1, NULL, NULL, '2021-02-22 06:10:19', '2021-02-22 06:10:19'),
(83, 'Leilani Contreras', 'LC', 0, NULL, 18, NULL, 40, NULL, 'Id similique pariatu', 'Leilani Contreras Established in Id similique pariatu', NULL, NULL, 'Placeat quos quasi', '', 21276510, NULL, 'flatly', '12123990', 1, NULL, NULL, '2021-02-22 06:20:48', '2021-02-22 06:20:48'),
(84, 'Blaze Blankenship', 'BB', 0, NULL, 18, NULL, 51, NULL, 'Vel sit iusto eius d', 'Blaze Blankenship Established in Vel sit iusto eius d', NULL, NULL, 'Porro quod occaecat', '', 21305895, NULL, 'flatly', NULL, 1, NULL, NULL, '2021-02-22 06:27:59', '2021-02-22 06:27:59'),
(85, 'Laura Lambert', 'LL', 0, NULL, 18, NULL, 39, NULL, 'Voluptate voluptatem', 'Laura Lambert Established in Voluptate voluptatem', NULL, NULL, 'Nisi consectetur et', '', 21243352, NULL, 'flatly', '12123990', 2, NULL, '2022-05-29 17:54:09', '2021-02-22 06:30:11', '2021-03-29 12:01:26'),
(86, 'Illiana Levy', 'IL', 0, NULL, 223, 1, NULL, NULL, 'In do qui qui unde m', 'Illiana Levy Established in In do qui qui unde m', NULL, NULL, 'Earum qui lorem exer', '', 21597229, NULL, 'flatly', '12123991', 1, NULL, NULL, '2021-02-22 06:34:05', '2021-02-22 06:34:05'),
(87, 'Cullen Beach', 'CB', 0, NULL, 18, NULL, 60, NULL, 'Eligendi saepe nostr', 'Cullen Beach Established in Eligendi saepe nostr', NULL, NULL, 'Quae perferendis dol', '', 21860539, NULL, 'flatly', NULL, 1, NULL, '2021-07-02 15:49:14', '2021-03-02 03:44:28', '2021-03-02 03:44:28'),
(88, 'Ian Cochran', 'IC', 0, NULL, 18, NULL, 17, NULL, 'Hic deserunt repelle', 'Ian Cochran Established in Hic deserunt repelle', NULL, NULL, 'Pariatur Voluptatem', '', 21333079, NULL, 'flatly', NULL, 1, NULL, '2021-04-02 16:03:01', '2021-03-02 03:58:14', '2021-03-02 03:58:14'),
(89, 'Portia Vincent', 'PV', 0, NULL, 18, NULL, 20, NULL, 'Dicta distinctio In', 'Portia Vincent Established in Dicta distinctio In', NULL, NULL, 'Nisi qui ad ullam ut', '', 21123869, NULL, 'flatly', NULL, 1, NULL, '2021-04-02 16:14:09', '2021-03-02 10:09:23', '2021-03-02 10:09:23'),
(90, 'Erica Atkinson', 'EA', 0, NULL, 223, 2, NULL, NULL, 'Et ab sint ratione', 'Erica Atkinson Established in Et ab sint ratione', NULL, NULL, 'Tempore laboris qua', '', 21282628, NULL, 'flatly', '', 1, NULL, '2021-04-02 11:48:02', '2021-03-02 11:48:08', '2021-03-02 11:48:08'),
(91, 'Erica Atkinson', 'EA', 0, NULL, 223, 2, NULL, NULL, 'Et ab sint ratione', 'Erica Atkinson Established in Et ab sint ratione', NULL, NULL, 'Tempore laboris qua', '', 21204596, NULL, 'flatly', '', 1, NULL, '2021-04-02 11:52:04', '2021-03-02 11:52:05', '2021-03-02 11:52:05'),
(92, 'Erica Atkinson', 'EA', 0, NULL, 223, 2, NULL, NULL, 'Et ab sint ratione', 'Erica Atkinson Established in Et ab sint ratione', NULL, NULL, 'Tempore laboris qua', '', 21207849, NULL, 'flatly', '', 1, NULL, '2021-07-02 11:56:43', '2021-03-02 11:56:43', '2021-03-02 11:56:43'),
(93, 'Clayton Abbott', 'CA', 0, NULL, 223, 59, NULL, NULL, 'Labore deserunt ipsa', 'Clayton Abbott Established in Labore deserunt ipsa', NULL, NULL, 'Doloremque praesenti', '', 21353657, NULL, 'flatly', '12123991', 1, NULL, '2022-11-02 12:09:55', '2021-03-02 12:09:57', '2021-03-25 10:12:15'),
(94, 'Sebastian Roberson dfss egrsgsrg sgsggg', 'SRDES', 0, NULL, 18, NULL, 15, NULL, '4455', 'Sebastian Roberson dfss egrsgsrg sgsggg Established in 4455', NULL, NULL, '1212399012123990', '', 21298820, NULL, 'flatly', '12123990', 1, NULL, '2024-03-10 15:31:29', '2021-03-03 05:35:07', '2021-03-25 07:29:07'),
(95, 'Gay Knight Mailinator Bdt', 'GKMB', 0, NULL, 223, 5, NULL, NULL, 'Consequatur Autem N', 'Gay Knight Mailinator Bdt Established in Consequatur Autem N', NULL, NULL, 'Deserunt consequuntu', '', 21596420, NULL, 'flatly', '12123991', 1, NULL, '2023-03-16 11:31:41', '2021-03-03 06:01:03', '2021-03-16 06:03:01'),
(96, 'Aretha Tanner', 'AT', 0, NULL, 18, NULL, 63, NULL, 'Eum pariatur Illo q', 'Aretha Tanner Established in Eum pariatur Illo q', NULL, NULL, 'Deserunt autem quo c', '', 21295188, NULL, 'flatly', '12123990', 1, NULL, '2022-01-06 11:18:30', '2021-03-06 05:13:38', '2021-03-10 10:54:54'),
(97, 'Ina Walls', 'IW', 0, NULL, 223, 14, NULL, NULL, 'gsg', 'Ina Walls Established in gsg', NULL, NULL, 'sgs', '', 21254782, NULL, 'flatly', '12123991', 1, NULL, '2022-03-23 07:49:03', '2021-03-23 07:49:10', '2021-03-23 07:49:10'),
(98, 'Sebastian Roberson Banglsa', 'SRB', 0, NULL, 18, NULL, 46, NULL, '123456', 'Sebastian Roberson Banglsa Established in 123456', NULL, NULL, 'zdbhab', '', 21888156, NULL, 'flatly', NULL, 1, NULL, '2022-03-25 17:35:27', '2021-03-25 11:29:56', '2021-03-25 11:29:56');

-- --------------------------------------------------------

--
-- Table structure for table `school_payments`
--

CREATE TABLE `school_payments` (
  `id` bigint(20) UNSIGNED NOT NULL,
  `school_id` bigint(20) UNSIGNED NOT NULL,
  `user_id` bigint(20) UNSIGNED NOT NULL,
  `trans_number` varchar(15) COLLATE utf8mb4_unicode_ci DEFAULT NULL,
  `stripe_charge` varchar(150) COLLATE utf8mb4_unicode_ci DEFAULT NULL,
  `trans_id` varchar(150) COLLATE utf8mb4_unicode_ci DEFAULT NULL,
  `trans_date` timestamp NULL DEFAULT NULL,
  `trans_type` tinyint(4) DEFAULT NULL COMMENT '1=Stripe,2=SSL',
  `trans_status` varchar(20) COLLATE utf8mb4_unicode_ci DEFAULT NULL,
  `amount` double(8,2) NOT NULL,
  `stripe_fee` double(3,2) DEFAULT NULL,
  `currency` varchar(10) COLLATE utf8mb4_unicode_ci NOT NULL,
  `card_type` varchar(100) COLLATE utf8mb4_unicode_ci DEFAULT NULL COMMENT 'For SSL',
  `purpose_id` int(11) NOT NULL,
  `agentcode` varchar(20) COLLATE utf8mb4_unicode_ci DEFAULT NULL,
  `ref_number` varchar(20) COLLATE utf8mb4_unicode_ci DEFAULT NULL,
  `created_at` timestamp NULL DEFAULT NULL,
  `updated_at` timestamp NULL DEFAULT NULL,
  `month` tinyint(4) DEFAULT NULL,
  `rangeFrom` datetime DEFAULT NULL,
  `rangeTo` datetime DEFAULT NULL,
  `transBy` varchar(10) COLLATE utf8mb4_unicode_ci NOT NULL DEFAULT 'School',
  `shareOf` double(8,2) DEFAULT NULL,
  `percentTk` double(8,2) DEFAULT NULL,
  `pStatus` char(1) COLLATE utf8mb4_unicode_ci NOT NULL DEFAULT '0' COMMENT '0=Unpaid,1=Paid to Agent',
  `tranCheque` varchar(15) COLLATE utf8mb4_unicode_ci DEFAULT NULL COMMENT 'Foqas to Agent Payment Number',
  `sNote` varchar(200) COLLATE utf8mb4_unicode_ci DEFAULT NULL COMMENT 'Tracking comment'
) ENGINE=InnoDB DEFAULT CHARSET=utf8mb4 COLLATE=utf8mb4_unicode_ci;

--
-- Dumping data for table `school_payments`
--

INSERT INTO `school_payments` (`id`, `school_id`, `user_id`, `trans_number`, `stripe_charge`, `trans_id`, `trans_date`, `trans_type`, `trans_status`, `amount`, `stripe_fee`, `currency`, `card_type`, `purpose_id`, `agentcode`, `ref_number`, `created_at`, `updated_at`, `month`, `rangeFrom`, `rangeTo`, `transBy`, `shareOf`, `percentTk`, `pStatus`, `tranCheque`, `sNote`) VALUES
(1, 60, 383, '$2y$10$zfZp6lUa', 'ch_1IET3qBXLGOKjnPzslxmAcKn', 'txn_1IET3qBXLGOKjnPzMfkH5r7N', '0000-00-00 00:00:00', 1, 'Paid', 100.00, 0.00, 'usd', NULL, 1, '', '', '2021-01-28 05:28:55', '2021-01-28 05:28:55', NULL, NULL, NULL, 'School', NULL, NULL, '0', NULL, NULL),
(2, 61, 384, 'FA1611811983', 'ch_1IET7rBXLGOKjnPzxteS2rzF', 'txn_1IET7rBXLGOKjnPzW8LVAFuF', '2021-01-28 05:33:03', 1, 'Paid', 100.00, 0.00, 'usd', NULL, 2, '', '', '2021-01-28 05:33:03', '2021-01-28 05:33:03', NULL, NULL, NULL, 'School', NULL, NULL, '0', NULL, NULL),
(3, 62, 385, 'FA1611816093', 'ch_1IEUC7BXLGOKjnPz46y8jt8O', 'txn_1IEUC7BXLGOKjnPzDIjlRkcP', '2021-01-28 06:41:31', 1, 'Paid', 100.00, 3.30, 'usd', NULL, 1, NULL, NULL, '2021-01-28 06:41:33', '2021-01-28 06:41:33', NULL, NULL, NULL, 'School', NULL, NULL, '0', NULL, NULL),
(4, 63, 386, 'FA1611819990', 'ch_1IEVCwBXLGOKjnPzX6ubNZwd', 'txn_1IEVCxBXLGOKjnPziA0JU7e1', '2021-01-27 19:46:26', 1, 'Paid', 100.00, 3.30, 'usd', NULL, 1, '12', '14', '2021-01-28 07:46:30', '2021-01-28 07:46:30', NULL, NULL, NULL, 'School', NULL, NULL, '0', NULL, NULL),
(5, 64, 387, 'FA1611831907', 'ch_1IEYJ9BXLGOKjnPzJKvDYxjM', 'txn_1IEYJABXLGOKjnPz8yjKDeLw', '2021-01-27 23:05:03', 1, 'Paid', 100.00, 3.30, 'usd', NULL, 1, '25874', '123456', '2021-01-28 11:05:07', '2021-01-28 11:05:07', NULL, NULL, NULL, 'School', NULL, NULL, '0', NULL, NULL),
(6, 65, 388, 'FA1611832216', 'ch_1IEYOCBXLGOKjnPzu1g5SQ3s', 'txn_1IEYOCBXLGOKjnPzCZ5ANfo6', '2021-01-27 23:10:16', 1, 'Paid', 100.00, 3.30, 'usd', NULL, 1, '1254', '258741', '2021-01-28 11:10:16', '2021-01-28 11:10:16', NULL, NULL, NULL, 'School', NULL, NULL, '0', NULL, NULL),
(7, 66, 389, 'FA1611834057', 'ch_1IEYroBXLGOKjnPzDWG1SBTt', 'txn_1IEYroBXLGOKjnPzrjfM8RNx', '2021-01-27 23:40:52', 1, 'Paid', 100.00, 3.30, 'usd', NULL, 1, '66', '365', '2021-01-28 11:40:57', '2021-01-28 11:40:57', NULL, NULL, NULL, 'School', NULL, NULL, '0', NULL, NULL),
(17, 67, 390, 'FA1612091586', NULL, 'txn_21FAiN34PhZoBMz0fUlS9xMs', '2021-01-31 11:17:18', 2, 'Failed', 20.00, 0.51, 'BDT', 'BKASH-BKash', 1, 'afafa', 'afaf', '2021-01-31 11:13:05', '2021-01-31 11:13:20', NULL, NULL, NULL, 'School', NULL, NULL, '0', NULL, NULL),
(19, 69, 392, 'FA1612092970', NULL, 'txn_21FAbr0TNqXf5tDf7W89eDP8', '2021-01-31 11:40:22', 2, 'Paid', 20.00, 0.51, 'BDT', 'BKASH-BKash', 1, 'afaf', 'fafa', '2021-01-31 11:36:10', '2021-01-31 11:36:23', NULL, NULL, NULL, 'School', NULL, NULL, '0', NULL, NULL),
(20, 70, 393, 'FA1612093052', NULL, 'txn_21FAKmKBRFJ8dj8ScI0wD8Kj', '2021-01-31 11:41:43', 2, 'Paid', 20.00, 0.51, 'BDT', 'BKASH-BKash', 1, '757', '95', '2021-01-31 11:37:32', '2021-01-31 11:37:45', NULL, NULL, NULL, 'School', NULL, NULL, '0', NULL, NULL),
(21, 71, 394, 'FA1612093706', NULL, 'txn_21FAH6LTpTX1waJ04Un1J7Dk', '2021-01-31 11:52:37', 2, 'Paid', 20.00, 0.51, 'BDT', 'BKASH-BKash', 1, '374', '100', '2021-01-31 11:48:26', '2021-01-31 11:48:39', NULL, NULL, NULL, 'School', NULL, NULL, '0', NULL, NULL),
(22, 72, 395, 'FA1612094096', NULL, 'txn_21FASRObkPSHbdz4SKJf1cB7', '2021-01-31 11:59:07', 2, 'Paid', 20.00, 0.51, 'BDT', 'BKASH-BKash', 1, '688', '221', '2021-01-31 11:54:56', '2021-01-31 11:55:10', NULL, NULL, NULL, 'School', NULL, NULL, '0', NULL, NULL),
(23, 73, 396, 'FA1612095184', NULL, 'txn_21FAImVdUSGvFydKugddxRjs', '2021-01-31 12:17:15', 2, 'Paid', 20.00, 0.51, 'bdt', 'BKASH-BKash', 1, 'asda', 'ca', '2021-01-31 12:13:04', '2021-01-31 12:13:23', NULL, NULL, NULL, 'School', NULL, NULL, '0', NULL, NULL),
(24, 74, 397, 'FA1612095700', 'ch_1IFevtBXLGOKjnPzXPZnBriV', 'txn_1IFevtBXLGOKjnPzZnbcir24', '2021-01-31 00:21:37', 1, 'Pending', 100.00, 3.30, 'usd', NULL, 2, 'rwr', 'wrwr', '2021-01-31 12:21:40', '2021-01-31 12:21:40', NULL, NULL, NULL, 'School', NULL, NULL, '0', NULL, NULL),
(25, 75, 398, 'FA1612096092', 'ch_1IFf24BXLGOKjnPzJZAMWaWI', 'txn_1IFf25BXLGOKjnPz5N7ossYp', '2021-01-31 00:28:00', 1, 'Paid', 100.00, 3.30, 'usd', NULL, 1, '696', '185', '2021-01-31 12:28:12', '2021-01-31 12:28:12', NULL, NULL, NULL, 'School', NULL, NULL, '0', NULL, NULL),
(28, 77, 408, 'FA1613286698', NULL, 'txn_21FAHsaDeDrXraaVnLKiDgh3', '2021-02-14 07:16:13', 2, 'Paid', 20.00, 0.51, 'bdt', 'BKASH-BKash', 1, '23423', '2434', '2021-02-14 07:11:38', '2021-02-14 07:11:57', NULL, NULL, NULL, 'School', NULL, NULL, '0', NULL, NULL),
(39, 78, 409, 'FA1613558736', NULL, 'txn_21FA4M2ThYGaEDNa9ujXEeIP', '2021-02-17 10:50:18', 2, 'Paid', 50.00, 1.28, 'bdt', 'BKASH-BKash', 1, '12123990', 'FA1602500', '2021-02-17 10:45:36', '2021-02-17 10:46:17', NULL, NULL, NULL, 'School', 21.45, 15.00, '0', NULL, NULL),
(43, 79, 410, 'FA1613645470', NULL, 'txn_21FAhHVhgDpqkJaQd9ntwydu', '2021-02-18 10:55:53', 2, 'Paid', 12000.00, 9.99, 'bdt', 'BKASH-BKash', 1, '', 'FA260250A', '2021-02-18 10:51:10', '2021-02-18 10:51:41', NULL, NULL, NULL, 'School', NULL, NULL, '0', NULL, NULL),
(52, 80, 411, 'FA1613647466', NULL, 'txn_21FAFdMkpGpw7SEXLS7tk7KF', '2021-02-18 11:29:08', 2, 'Paid', 12000.00, 9.99, 'bdt', 'BKASH-BKash', 1, '', 'FA260250A', '2021-02-18 11:24:26', '2021-02-18 11:24:40', NULL, NULL, NULL, 'School', NULL, NULL, '0', NULL, NULL),
(55, 81, 412, 'FA1613973627', NULL, 'txn_21FAQJ9qhIaFc4RqFbQI9zhc', '2021-02-22 06:05:15', 2, 'Paid', 50.00, 1.28, 'bdt', 'BKASH-BKash', 1, '12123990', '', '2021-02-22 06:00:27', '2021-02-22 06:01:16', NULL, NULL, NULL, 'School', 21.45, NULL, '0', NULL, NULL),
(56, 82, 413, 'FA1613974206', NULL, 'txn_21FAgk6aQfxc3nA5iCbuH0Rm', '2021-02-22 06:14:55', 2, 'Paid', 5.50, 0.14, 'bdt', 'BKASH-BKash', 1, '12123990', 'FA2602500', '2021-02-22 06:10:06', '2021-02-22 06:10:20', NULL, NULL, NULL, 'School', 21.45, NULL, '0', NULL, NULL),
(57, 83, 414, 'FA1613974742', NULL, 'txn_21FAIVsRZzCPzysC32ybM2kE', '2021-02-22 06:23:51', 2, 'Paid', 5.50, 0.14, 'bdt', 'BKASH-BKash', 1, '12123990', 'FA2602500', '2021-02-22 06:19:02', '2021-02-22 06:20:49', NULL, NULL, NULL, 'School', 21.45, 1.18, '0', NULL, NULL),
(59, 84, 415, 'FA1613975255', NULL, 'txn_21FAusWyalI9H0xMCD5LoqjZ', '2021-02-22 06:32:24', 2, 'Paid', 5.50, 0.14, 'bdt', 'BKASH-BKash', 1, '', 'FA2602500', '2021-02-22 06:27:35', '2021-02-22 06:27:59', NULL, NULL, NULL, 'School', NULL, NULL, '0', NULL, NULL),
(60, 85, 416, 'FA1613975400', NULL, 'txn_21FALHQANAi043lBt8usqJw3', '2021-02-22 06:34:48', 2, 'Paid', 50.00, 1.28, 'bdt', 'BKASH-BKash', 1, '12123990', '', '2021-02-22 06:30:00', '2021-02-22 06:30:12', NULL, NULL, NULL, 'School', 21.45, 10.73, '0', NULL, NULL),
(61, 86, 417, 'FA1613975646', 'ch_1INXzTBXLGOKjnPzav0DAvCA', 'txn_1INXzTBXLGOKjnPzdE1n9G6Y', '2021-02-22 06:33:55', 1, 'Paid', 2.00, 0.37, 'usd', NULL, 1, '12123991', 'FA2602501', '2021-02-22 06:34:06', '2021-02-22 06:34:06', NULL, NULL, NULL, 'School', NULL, 10.00, '0', NULL, NULL),
(62, 0, 0, 'FA1614597391', NULL, 'txn_21FAMWdsLAUrgRLy63J6YFDO', NULL, 2, 'Pending', 10000.00, 9.99, 'bdt', NULL, 1, '', 'FA1602501', '2021-03-01 05:16:31', '2021-03-01 11:16:31', 4, NULL, NULL, 'School', NULL, NULL, '0', NULL, NULL),
(63, 0, 0, 'FA1614599090', NULL, 'txn_21FAEkcf8mIcXf5XAfs33lLN', NULL, 2, 'Pending', 10000.00, 9.99, 'bdt', NULL, 1, '', 'FA1602501', '2021-03-01 05:44:50', '2021-03-01 11:44:50', 4, NULL, NULL, 'School', NULL, NULL, '0', NULL, NULL),
(64, 0, 0, 'FA1614674013', NULL, 'txn_21FAA4fFBblitGvilDSk9wxf', NULL, 2, 'Pending', 50.00, 1.28, 'bdt', NULL, 1, '', '', '2021-03-02 02:33:32', '2021-03-02 02:33:33', 1, NULL, NULL, 'School', NULL, NULL, '0', NULL, NULL),
(65, 0, 0, 'FA1614674135', NULL, 'txn_21FAXWzKPvK1uSV6cy8nXUXw', NULL, 2, 'Pending', 100.00, 2.56, 'bdt', NULL, 1, '', 'FA1602501', '2021-03-02 02:35:35', '2021-03-02 08:35:35', 4, NULL, NULL, 'School', NULL, NULL, '0', NULL, NULL),
(66, 87, 418, 'FA1614678250', NULL, 'txn_21FAgRsNNxREzzLKLODkdvfm', '2021-03-02 09:49:14', 2, 'Paid', 100.00, 2.56, 'bdt', 'BKASH-BKash', 1, '', 'FA1602501', '2021-03-02 03:44:10', '2021-03-02 03:44:30', 4, '2021-03-02 15:49:14', '2021-07-02 15:49:14', 'School', NULL, NULL, '0', NULL, NULL),
(67, 88, 419, 'FA1614679077', NULL, 'txn_21FAn8CYryjSWu4OeNGsxFtZ', '2021-03-02 10:03:01', 2, 'Paid', 50.00, 1.28, 'bdt', 'BKASH-BKash', 1, '', '', '2021-03-02 03:57:57', '2021-03-02 03:58:14', 1, '2021-03-02 16:03:01', '2021-04-02 16:03:01', 'School', NULL, NULL, '0', NULL, NULL),
(68, 89, 420, 'FA1614679745', NULL, 'txn_21FAmznEz7TDajAqE0KmA0Q1', '2021-03-02 10:14:09', 2, 'Paid', 50.00, 1.28, 'bdt', 'BKASH-BKash', 1, '', '', '2021-03-02 10:09:05', '2021-03-02 10:09:23', 1, '2021-03-02 16:14:09', '2021-04-02 16:14:09', 'School', NULL, NULL, '0', NULL, NULL),
(69, 91, 422, 'FA1614685927', 'ch_1IQWlkBXLGOKjnPzslDXSYaZ', 'txn_1IQWllBXLGOKjnPzDooOhtx6', '2021-03-01 23:52:04', 1, 'Paid', 50.00, 1.80, 'usd', NULL, 1, '', 'FA17D30FD', '2021-03-02 11:52:07', '2021-03-02 11:52:07', NULL, '2021-03-02 05:52:04', '2021-04-02 11:52:04', 'School', NULL, NULL, '0', NULL, NULL),
(70, 92, 423, 'FA1614686204', 'ch_1IQWqFBXLGOKjnPzwr7zJobv', 'txn_1IQWqFBXLGOKjnPz44iayHDs', '2021-03-01 23:56:43', 1, 'Paid', 20.00, 0.91, 'usd', NULL, 1, '', '', '2021-03-02 11:56:44', '2021-03-02 11:56:44', 4, '2021-03-02 05:56:43', '2021-07-02 11:56:43', 'School', NULL, NULL, '0', NULL, NULL),
(71, 93, 424, 'FA1614686997', 'ch_1IQX31BXLGOKjnPzojXq6ugc', 'txn_1IQX32BXLGOKjnPz8tXsFcrI', '2021-03-02 00:09:55', 1, 'Paid', 50.00, 1.80, 'usd', NULL, 1, '12123991', 'FA17D30FD', '2021-03-02 12:09:57', '2021-03-02 12:09:57', 2, '2021-03-02 06:09:55', '2021-05-02 12:09:55', 'School', NULL, 10.00, '0', NULL, NULL),
(72, 94, 425, 'FA1614749693', NULL, 'txn_21FAnQ6OJHmOV6MUmO9YXWeO', '2021-03-03 05:39:59', 2, 'Paid', 100.00, 2.56, 'bdt', 'BKASH-BKash', 1, '12123990', 'FA1602501', '2021-03-03 05:34:53', '2021-03-03 05:35:08', 4, '2021-03-03 11:39:59', '2021-07-03 11:39:59', 'School', 21.45, NULL, '0', NULL, NULL),
(73, 95, 426, 'FA1614751264', 'ch_1IQnlWBXLGOKjnPzmQxJwocC', 'txn_1IQnlXBXLGOKjnPzDsUqxqnw', '2021-03-03 06:00:58', 1, 'Paid', 50.00, 1.80, 'usd', NULL, 1, '12123991', 'FA17D30FD', '2021-03-03 06:01:04', '2021-03-03 06:01:04', 2, '2021-03-03 12:00:58', '2021-05-03 06:00:58', 'School', NULL, 10.00, '0', NULL, NULL),
(74, 0, 0, 'FA1615007542', NULL, 'txn_21FA1rO3Wr7E5IJr62bbaV8A', NULL, 2, 'Pending', 100.00, 2.56, 'bdt', NULL, 1, '', 'FA1602501', '2021-03-06 05:12:22', '2021-03-06 05:12:22', 4, NULL, NULL, 'School', NULL, NULL, '0', NULL, NULL),
(75, 96, 427, 'FA1615007599', NULL, 'txn_21FApdUXE5pp5JXQYxbzhqYy', '2021-03-06 05:18:30', 2, 'Paid', 100.00, 2.56, 'bdt', 'BKASH-BKash', 1, '12123990', 'FA1602501', '2021-03-06 05:13:19', '2021-03-06 05:13:39', 4, '2021-03-06 11:18:30', '2021-07-06 11:18:30', 'School', 21.45, NULL, '0', NULL, NULL),
(76, 0, 0, NULL, NULL, 'txn_21FAWPxeWo4FhhXTXeynGPwI', NULL, NULL, NULL, 0.00, NULL, '', NULL, 1, NULL, NULL, '2021-03-08 10:43:16', '2021-03-08 10:43:16', NULL, NULL, NULL, 'School', NULL, NULL, '0', NULL, NULL),
(77, 0, 0, NULL, NULL, 'txn_21FADeRvjAdzu0NMyWoWcgM0', NULL, NULL, NULL, 0.00, NULL, '', NULL, 3, NULL, NULL, '2021-03-08 10:50:57', '2021-03-08 10:50:57', NULL, NULL, NULL, 'School', NULL, NULL, '0', NULL, NULL),
(78, 0, 0, NULL, NULL, 'txn_21FAQFhfDZheISpw9b8tyJbn', NULL, NULL, NULL, 0.00, NULL, '', NULL, 1, NULL, NULL, '2021-03-08 10:51:22', '2021-03-08 10:51:22', NULL, NULL, NULL, 'School', NULL, NULL, '0', NULL, NULL),
(79, 0, 0, NULL, NULL, 'txn_21FAmN6oD5rq67OrMit9qnHf', NULL, NULL, NULL, 0.00, NULL, '', NULL, 3, NULL, NULL, '2021-03-08 10:54:20', '2021-03-08 10:54:20', NULL, NULL, NULL, 'School', NULL, NULL, '0', NULL, NULL),
(80, 0, 0, NULL, NULL, 'txn_21FAaGjK8KF7RNXk9uMIjImv', NULL, NULL, NULL, 0.00, NULL, '', NULL, 2, NULL, NULL, '2021-03-08 10:55:47', '2021-03-08 10:55:47', NULL, NULL, NULL, 'School', NULL, NULL, '0', NULL, NULL),
(81, 0, 0, NULL, NULL, 'txn_21FANbkoUYRQc584fE0qgHhy', NULL, NULL, NULL, 0.00, NULL, '', NULL, 2, NULL, NULL, '2021-03-08 11:07:33', '2021-03-08 11:07:33', NULL, NULL, NULL, 'School', NULL, NULL, '0', NULL, NULL),
(82, 96, 427, 'FA1615201770', NULL, 'txn_21FAhxXAJOoCwQCCFA8cUz3i', NULL, 2, 'Pending', 500.00, 9.99, 'bdt', NULL, 3, '12123990', 'FA36044AE', '2021-03-08 11:09:29', '2021-03-08 11:09:30', 2, NULL, NULL, 'School', 21.45, NULL, '0', NULL, NULL),
(83, 0, 0, NULL, NULL, 'txn_21FAmOS5UFYmIY2k6rWBKSeD', NULL, NULL, NULL, 0.00, NULL, '', NULL, 2, NULL, NULL, '2021-03-08 11:11:14', '2021-03-08 11:11:14', NULL, NULL, NULL, 'School', NULL, NULL, '0', NULL, NULL),
(84, 96, 427, 'FA1615286078', NULL, 'txn_21FAXHj05CSFUYXAAhyAQojE', NULL, 2, 'Pending', 2000.00, 9.99, 'bdt', NULL, 3, '12123990', 'FA36044AF', '2021-03-09 10:34:37', '2021-03-09 10:34:38', 7, NULL, NULL, 'School', 21.45, NULL, '0', NULL, NULL),
(85, 96, 427, 'FA1615292534', NULL, 'txn_21FAKFY7OV7xYL3QsABlqvwF', '2021-03-09 12:27:31', 2, 'Paid', 500.00, 9.99, 'bdt', 'BKASH-BKash', 3, '12123990', 'FA36044AE', '2021-03-09 12:22:14', '2021-03-09 12:22:30', 2, '2021-03-09 18:27:31', '2021-05-09 18:27:31', 'School', 21.45, NULL, '0', NULL, NULL),
(86, 96, 427, 'FA1615292685', NULL, 'txn_21FAu2iU5igUi8er8rXvUudW', '2021-03-09 12:30:01', 2, 'Paid', 500.00, 9.99, 'bdt', 'BKASH-BKash', 3, '12123990', 'FA36044AE', '2021-03-09 12:24:45', '2021-03-09 12:24:59', 2, '2021-03-09 18:30:01', '2021-05-09 18:30:01', 'School', NULL, NULL, '0', NULL, NULL),
(87, 96, 427, 'FA1615292781', NULL, 'txn_21FAHCrTkkDkQ21biPBlQfnF', '2021-03-09 12:31:37', 2, 'Paid', 500.00, 9.99, 'bdt', 'BKASH-BKash', 3, '12123990', 'FA36044AE', '2021-03-09 12:26:21', '2021-03-09 12:26:35', 2, '2021-03-09 18:31:37', '2021-05-09 18:31:37', 'School', NULL, NULL, '0', NULL, NULL),
(88, 94, 425, 'FA1615358386', NULL, 'txn_21FAQu9kfrc4ivKuIBOSIddx', '2021-03-10 06:45:06', 2, 'Paid', 500.00, 9.99, 'bdt', 'BKASH-BKash', 3, '12123990', 'FA36044AE', '2021-03-10 06:39:46', '2021-03-10 07:07:44', 2, '2021-03-10 12:45:06', '2021-05-10 12:45:06', 'School', NULL, NULL, '0', NULL, NULL),
(89, 94, 425, 'FA1615360533', NULL, 'txn_21FANvGm6DmSf9z6gJILCUdW', '2021-03-10 07:20:50', 2, 'Paid', 500.00, 9.99, 'bdt', 'BKASH-BKash', 3, '12123990', 'FA36044AE', '2021-03-10 07:15:33', '2021-03-10 07:16:08', 2, '2021-03-10 13:20:50', '2021-05-10 13:20:50', 'School', NULL, NULL, '0', NULL, NULL),
(90, 94, 425, 'FA1615361513', NULL, 'txn_21FALzQA99DiWC4kuE3cFLLH', '2021-03-10 07:37:10', 2, 'Paid', 500.00, 9.99, 'bdt', 'BKASH-BKash', 3, '12123990', 'FA36044AE', '2021-03-10 07:31:53', '2021-03-10 07:37:28', 2, '2021-03-10 13:37:10', '2021-05-10 13:37:10', 'School', NULL, NULL, '0', NULL, NULL),
(91, 94, 425, 'FA1615363170', NULL, 'txn_21FAxWFtEp1vmCYqRscRIJEU', '2021-03-10 08:04:47', 2, 'Paid', 500.00, 9.99, 'bdt', 'BKASH-BKash', 3, '12123990', 'FA36044AE', '2021-03-10 07:59:30', '2021-03-10 07:59:45', 2, '2021-03-10 14:04:47', '2021-05-10 14:04:47', 'School', NULL, NULL, '0', NULL, NULL),
(92, 94, 425, 'FA1615363599', NULL, 'txn_21FAsXY6o8CmLEWrtMmDZkRr', '2021-03-10 08:11:56', 2, 'Paid', 500.00, 9.99, 'bdt', 'BKASH-BKash', 3, '12123990', 'FA36044AE', '2021-03-10 08:06:39', '2021-03-10 08:06:53', 2, '2021-03-10 14:11:56', '2021-05-10 14:11:56', 'School', NULL, NULL, '0', NULL, NULL),
(93, 94, 425, 'FA1615368234', NULL, 'txn_21FAOoa4OengzsuqBbmUS0vj', '2021-03-10 09:29:12', 2, 'Paid', 500.00, 9.99, 'bdt', 'BKASH-BKash', 3, '12123990', 'FA36044AE', '2021-03-10 09:23:54', '2021-03-10 09:24:10', 2, '2021-03-10 15:29:12', '2021-05-10 15:29:12', 'School', NULL, NULL, '0', NULL, NULL),
(94, 94, 425, 'FA1615368371', NULL, 'txn_21FAbrefg07bmVdr9lTpBUeF', '2021-03-10 09:31:29', 2, 'Paid', 500.00, 9.99, 'bdt', 'BKASH-BKash', 3, '12123990', 'FA36044AE', '2021-03-10 09:26:11', '2021-03-10 09:26:27', 2, '2021-03-10 15:31:29', '2021-05-10 15:31:29', 'School', NULL, NULL, '0', NULL, NULL),
(95, 94, 425, 'FA1615368901', NULL, 'txn_21FAncmckmxp8Igao6HAltpG', '2021-03-10 09:40:19', 2, 'Paid', 500.00, 9.99, 'bdt', 'BKASH-BKash', 3, '12123990', 'FA36044AE', '2021-03-10 09:35:01', '2021-03-10 09:35:16', 2, '2021-05-10 15:31:29', '2021-07-10 15:31:29', 'School', NULL, NULL, '0', NULL, NULL),
(96, 96, 427, 'FA1615372634', NULL, 'txn_21FApiPgVfIPzSTu0p77HNDo', '2021-03-10 10:42:32', 2, 'Paid', 500.00, 9.99, 'bdt', 'BKASH-BKash', 3, '12123990', 'FA36044AE', '2021-03-10 10:37:14', '2021-03-10 10:48:09', 2, '2021-07-06 11:18:30', '2021-09-06 11:18:30', 'School', NULL, NULL, '0', NULL, NULL),
(97, 96, 427, 'FA1615373360', NULL, 'txn_21FAIz3yfXYs91DVw0XahFHM', '2021-03-10 10:54:37', 2, 'Paid', 500.00, 9.99, 'bdt', 'BKASH-BKash', 3, '12123990', 'FA36044AE', '2021-03-10 10:49:20', '2021-03-10 10:49:35', 2, '2021-09-06 11:18:30', '2021-11-06 11:18:30', 'School', NULL, NULL, '0', NULL, NULL),
(98, 96, 427, 'FA1615373680', NULL, 'txn_21FA8OkQpF4OGLiEVTJb7hA9', '2021-03-10 10:59:57', 2, 'Paid', 500.00, 9.99, 'bdt', 'BKASH-BKash', 3, '12123990', 'FA36044AE', '2021-03-10 10:54:40', '2021-03-10 10:54:54', 2, '2021-11-06 11:18:30', '2022-01-06 11:18:30', 'School', NULL, NULL, '0', NULL, NULL),
(100, 96, 427, 'FA1615375495', NULL, 'txn_21FA0tK2sMXRjhYRWzr7W1s9', NULL, 2, 'Pending', 500.00, 9.99, 'bdt', NULL, 3, '12123990', 'FA36044AE', '2021-03-10 11:24:55', '2021-03-10 11:24:55', 2, NULL, NULL, 'School', NULL, NULL, '0', NULL, NULL),
(104, 96, 427, 'FA1615376461', NULL, 'txn_21FAaYFQC3EEd2ssNMLVXCrK', NULL, 2, 'Failed', 500.00, 9.99, 'bdt', NULL, 3, '12123990', 'FA36044AE', '2021-03-10 11:41:01', '2021-03-10 11:45:21', 2, NULL, NULL, 'School', NULL, NULL, '0', NULL, NULL),
(105, 96, 427, 'FA1615376760', NULL, 'txn_21FAyL8bs4IAJShR0j2s4hxS', NULL, 2, 'Failed', 1500.00, 9.99, 'bdt', NULL, 3, '12123990', 'FA36044AD', '2021-03-10 11:46:00', '2021-03-10 11:47:00', 5, NULL, NULL, 'School', NULL, NULL, '0', NULL, NULL),
(106, 94, 425, 'FA1615803568', NULL, 'txn_21FAhYKK8K6YlNYhlCYwrj6y', '2021-03-15 10:24:56', 2, 'Paid', 500.00, 9.99, 'bdt', 'BKASH-BKash', 3, '12123990', 'FA36044AE', '2021-03-15 10:19:28', '2021-03-15 10:20:14', 2, '2021-07-10 15:31:29', '2021-09-10 15:31:29', 'School', NULL, NULL, '0', NULL, NULL),
(107, 94, 425, 'FA1615805226', NULL, 'txn_21FAfnQxN5nd2G4mW6GiK0mB', '2021-03-16 08:23:22', 2, 'Pending', 500.00, 9.99, 'bdt', NULL, 3, '12123990', 'FA36044AE', '2021-03-15 10:47:06', '2021-03-15 10:47:06', 2, NULL, NULL, 'School', NULL, NULL, '0', NULL, NULL),
(108, 94, 425, 'FA1615808021', NULL, 'txn_21FA9BScxF69IFH15z6Qce1B', '2021-03-16 08:23:40', 2, 'Pending', 500.00, 9.99, 'bdt', NULL, 3, '12123990', 'FA36044AE', '2021-03-15 11:33:41', '2021-03-15 11:33:41', 2, NULL, NULL, 'School', NULL, NULL, '0', NULL, NULL),
(109, 0, 0, NULL, NULL, NULL, NULL, NULL, NULL, 0.00, NULL, '', NULL, 2, NULL, NULL, '2021-03-16 05:28:31', '2021-03-16 05:28:31', NULL, NULL, NULL, 'School', NULL, NULL, '0', NULL, NULL),
(110, 95, 426, 'FA1615894301', 'ch_1IVb7hBXLGOKjnPzV27XpjTq', 'txn_1IVb7hBXLGOKjnPz2UrHmESY', '0000-00-00 00:00:00', 1, 'Paid', 200.00, 6.28, 'usd', NULL, 3, '12123991', 'FA3604F1E', '2021-03-16 05:31:41', '2021-03-16 05:31:41', 6, '0000-00-00 00:00:00', '2021-09-16 11:31:41', 'School', NULL, 10.00, '0', NULL, NULL),
(111, 0, 0, NULL, NULL, NULL, NULL, NULL, NULL, 0.00, NULL, '', NULL, 2, NULL, NULL, '2021-03-16 05:47:02', '2021-03-16 05:47:02', NULL, NULL, NULL, 'School', NULL, NULL, '0', NULL, NULL),
(112, 95, 426, 'FA1615895491', 'ch_1IVbQsBXLGOKjnPzTATzrxIr', 'txn_1IVbQtBXLGOKjnPzP8OtGAqU', '2021-03-16 05:51:30', 1, 'Paid', 200.00, 6.28, 'usd', NULL, 3, '12123991', 'FA3604F1E', '2021-03-16 05:51:31', '2021-03-31 10:07:54', 6, '2021-09-16 11:31:41', '2022-03-16 11:31:41', 'School', 20.00, 40.00, '1', 'AP123214', 'The ucwords() function converts the first character of each word in a string to uppercase. \r\nNote: This function is binary-safe'),
(113, 95, 426, 'FA1615895882', 'ch_1IVbX7BXLGOKjnPz8pa6rTBn', 'txn_1IVbX7BXLGOKjnPzN8ZhlwVl', '0000-00-00 00:00:00', 1, 'Paid', 200.00, 6.28, 'usd', NULL, 3, '12123991', 'FA3604F1E', '2021-03-16 05:58:02', '2021-03-16 05:58:02', 6, '2021-09-16 11:31:41', '2022-03-16 11:31:41', 'School', NULL, 10.00, '0', NULL, NULL),
(114, 95, 426, 'FA1615896181', 'ch_1IVbc0BXLGOKjnPzD4twWBVO', 'txn_1IVbc0BXLGOKjnPzKEQsFUVn', '2021-03-16 06:03:00', 1, 'Paid', 1500.00, 9.99, 'usd', NULL, 3, '12123991', 'FA3604F16', '2021-03-16 06:03:01', '2021-03-31 10:07:54', 12, '2022-03-16 11:31:41', '2023-03-16 11:31:41', 'School', 20.00, 300.00, '1', 'AP123214', 'The ucwords() function converts the first character of each word in a string to uppercase. \r\nNote: This function is binary-safe'),
(115, 94, 425, 'FA1616052309', NULL, 'txn_21FAzHTNFwUy1Py5ZQiysLfO', '2021-03-18 07:30:41', 2, 'Paid', 500.00, 9.99, 'bdt', 'BKASH-BKash', 3, '12123990', 'FA36044AE', '2021-03-18 07:25:08', '2021-03-18 07:25:34', 2, '2021-09-10 15:31:29', '2021-11-10 15:31:29', 'School', NULL, NULL, '0', NULL, NULL),
(116, 94, 425, 'FA1616052657', NULL, 'txn_21FAjBfFtH6pIPLDTL1KdD78', '2021-03-18 07:36:29', 2, 'Paid', 500.00, 9.99, 'bdt', 'BKASH-BKash', 3, '12123990', 'FA36044AE', '2021-03-18 07:30:57', '2021-03-18 07:31:21', 2, '2021-11-10 15:31:29', '2022-01-10 15:31:29', 'School', NULL, NULL, '0', NULL, NULL),
(117, 94, 425, 'FA1616056785', NULL, 'txn_21FACFsJ9o1EF4IwsCyTB99I', '2021-03-18 08:23:49', 2, 'Pending', 500.00, 9.99, 'bdt', NULL, 3, '12123990', 'FA36044AE', '2021-03-18 08:39:45', '2021-03-18 08:39:45', 2, NULL, NULL, 'School', NULL, NULL, '0', NULL, NULL),
(118, 94, 425, 'FA1616056809', NULL, 'txn_21FAd6NyD9OQKvhmcT6LVQJS', '2021-03-19 08:24:03', 2, 'Pending', 500.00, 9.99, 'bdt', NULL, 3, '12123990', 'FA36044AE', '2021-03-18 08:40:09', '2021-03-18 08:40:09', 2, NULL, NULL, 'School', NULL, NULL, '0', NULL, NULL),
(120, 94, 425, 'FA1616058628', NULL, 'txn_21FAaAnEBdDa3W18SrbKVjYy', '2021-03-18 09:15:59', 2, 'Paid', 1500.00, 9.99, 'bdt', 'BKASH-BKash', 3, '12123990', 'FA36044AD', '2021-03-18 09:10:27', '2021-03-18 09:10:44', 5, '2022-01-10 15:31:29', '2022-06-10 15:31:29', 'School', NULL, NULL, '0', NULL, NULL),
(121, 94, 425, 'FA1616066020', NULL, 'txn_21FAWgcRE8ww0mqQMPfPi0RP', '2021-03-18 11:19:12', 2, 'Paid', 1500.00, 9.99, 'bdt', 'BKASH-BKash', 3, '12123990', 'FA36044AD', '2021-03-18 11:13:39', '2021-03-18 11:13:56', 5, '2022-06-10 15:31:29', '2022-11-10 15:31:29', 'School', NULL, NULL, '0', NULL, NULL),
(122, 94, 425, 'FA1616066205', NULL, 'txn_21FAgMC85vez1oxw0A1peaAS', '2021-03-18 11:22:17', 2, 'Paid', 1500.00, 9.99, 'bdt', 'BKASH-BKash', 3, '12123990', 'FA36044AD', '2021-03-18 11:16:45', '2021-03-18 11:16:58', 5, '2022-11-10 15:31:29', '2023-04-10 15:31:29', 'School', NULL, NULL, '0', NULL, NULL),
(123, 94, 425, 'FA1616302321', NULL, 'txn_21FANBt6zjJjYYpAl6lVoM9H', NULL, 2, 'Pending', 500.00, 9.99, 'bdt', NULL, 3, '12123990', 'FA36044AE', '2021-03-21 04:52:01', '2021-03-21 04:52:01', 2, NULL, NULL, 'School', NULL, NULL, '0', NULL, NULL),
(124, 97, 428, 'FA1616485751', 'ch_1IY4z5BXLGOKjnPzwRfgLP4j', 'txn_1IY4z6BXLGOKjnPzmgOcE3bf', '2021-03-22 19:49:03', 1, 'Paid', 200.00, 6.28, 'usd', NULL, 1, '12123991', 'FA17D30FD', '2021-03-23 07:49:11', '2021-03-31 06:55:40', 12, '2021-03-23 01:49:03', '2022-03-23 07:49:03', 'School', 20.00, 40.00, '1', 'id-144-124', 'dadad'),
(125, 1, 12, 'FA1616564374', 'ch_1IYPREBXLGOKjnPzh6tVX0wI', 'txn_1IYPRFBXLGOKjnPzEIhYRqO3', '2021-03-24 05:39:28', 1, 'Paid', 1500.00, 9.99, 'usd', NULL, 3, NULL, 'FA3604F16', '2021-03-24 05:39:34', '2021-03-24 05:39:34', 12, '4368-03-24 16:16:56', '2022-03-24 05:39:28', 'Agent', NULL, NULL, '0', NULL, NULL),
(126, 94, 425, 'FA1616565937', NULL, 'txn_21FAuM8BdQhJFTkA4zQyGIf4', NULL, 2, 'Pending', 500.00, 9.99, 'bdt', NULL, 3, '12123990', 'FA36044AE', '2021-03-24 06:05:36', '2021-03-24 06:05:37', 2, NULL, NULL, 'School', NULL, NULL, '0', NULL, NULL),
(127, 0, 0, NULL, NULL, 'txn_21FA1FmT8RBNJeX1gesxgzJJ', NULL, NULL, NULL, 0.00, NULL, '', NULL, 1, NULL, NULL, '2021-03-25 06:18:46', '2021-03-25 06:18:46', NULL, NULL, NULL, 'School', NULL, NULL, '0', NULL, NULL),
(128, 0, 0, NULL, NULL, 'txn_21FAfGT1ebpmmZ9jE84jbb2m', NULL, NULL, NULL, 0.00, NULL, '', NULL, 1, NULL, NULL, '2021-03-25 06:21:44', '2021-03-25 06:21:44', NULL, NULL, NULL, 'School', NULL, NULL, '0', NULL, NULL),
(131, 0, 0, NULL, NULL, 'txn_21FAbgwqZtBN2RWcanwsikZv', NULL, NULL, NULL, 0.00, NULL, '', NULL, 1, NULL, NULL, '2021-03-25 06:50:41', '2021-03-25 06:50:41', NULL, NULL, NULL, 'School', NULL, NULL, '0', NULL, NULL),
(132, 0, 0, NULL, NULL, 'txn_21FAIYQQ3ZW1tBbxG7BAZZwG', NULL, NULL, NULL, 0.00, NULL, '', NULL, 1, NULL, NULL, '2021-03-25 06:51:20', '2021-03-25 06:51:20', NULL, NULL, NULL, 'School', NULL, NULL, '0', NULL, NULL),
(133, 94, 425, 'FA1616655225', NULL, 'txn_21FAzvou6Z71IaS3N7FtG0b7', '2021-03-25 06:59:29', 2, 'Paid', 15000.00, 9.99, 'bdt', 'BKASH-BKash', 3, '12123990', 'FA1A0A79A', '2021-03-25 06:53:45', '2021-03-25 07:27:14', 4, '2023-04-10 15:31:29', '2023-08-10 15:31:29', 'Agent', 21.45, 3217.50, '1', NULL, NULL),
(134, 94, 425, 'FA1616655256', NULL, 'txn_21FA4bBZeBDMbCRfEv9PtT3m', '2021-03-25 07:00:00', 2, 'Paid', 2000.00, 9.99, 'bdt', 'BKASH-BKash', 3, '12123990', 'FA36044AF', '2021-03-25 06:54:15', '2021-03-25 07:29:07', 7, '2023-08-10 15:31:29', '2024-03-10 15:31:29', 'School', 0.00, 0.00, '0', NULL, NULL),
(136, 83, 414, 'FA1616658371', NULL, 'txn_21FAoX7LfpYJLp3BfQZCgKeL', '2021-03-25 07:51:15', 2, 'Failed', 500.00, 9.99, 'bdt', NULL, 3, '12123990', 'FA36044AE', '2021-03-25 07:46:11', '2021-03-25 07:47:17', 2, NULL, NULL, 'Agent', 0.00, 0.00, '0', NULL, NULL),
(137, 83, 414, 'FA1616658722', NULL, 'txn_21FAESQLqMb9Si6znn5W9GFK', '2021-03-25 07:59:35', 2, 'Pending', 2000.00, 9.99, 'bdt', NULL, 3, '12123990', 'FA36044AF', '2021-03-25 07:52:02', '2021-03-25 07:52:02', 7, NULL, NULL, 'Agent', 0.00, 0.00, '0', NULL, NULL),
(138, 83, 414, 'FA1616658766', NULL, 'txn_21FAfNI1faruXzOOW0bccXCE', '2021-03-25 07:59:32', 2, 'Pending', 2000.00, 9.99, 'bdt', NULL, 3, '12123990', 'FA36044AF', '2021-03-25 07:52:46', '2021-03-25 07:52:46', 7, NULL, NULL, 'Agent', 0.00, 0.00, '0', NULL, NULL),
(139, 83, 414, 'FA1616658814', NULL, 'txn_21FAUqqRGdOHqZtORUytOvhW', '2021-03-25 07:59:25', 2, 'Pending', 2000.00, 9.99, 'bdt', NULL, 3, '12123990', 'FA36044AF', '2021-03-25 07:53:34', '2021-03-25 07:53:34', 7, NULL, NULL, 'Agent', 0.00, 0.00, '0', NULL, NULL),
(140, 83, 414, 'FA1616658910', NULL, 'txn_21FAbOhoADjRmBVtpPZgFaIu', '2021-03-25 07:55:47', 2, 'Failed', 2000.00, 9.99, 'bdt', NULL, 3, '12123990', 'FA36044AF', '2021-03-25 07:55:10', '2021-03-25 07:55:47', 7, NULL, NULL, 'Agent', 0.00, 0.00, '0', NULL, NULL),
(141, 83, 414, 'FA1616659246', NULL, 'txn_21FAQUuMut8KRvdokTf2IBp9', '2021-03-25 08:00:46', 2, 'Pending', 500.00, 9.99, 'bdt', NULL, 3, '12123990', 'FA36044AE', '2021-03-25 08:00:46', '2021-03-25 08:00:46', 2, NULL, NULL, 'Agent', 0.00, 0.00, '0', NULL, NULL),
(142, 83, 414, 'FA1616660169', NULL, 'txn_21FAfBO1iNrxkIcA55rIcFg1', '2021-03-25 08:16:09', 2, 'Pending', 500.00, 9.99, 'bdt', NULL, 3, '12123990', 'FA36044AE', '2021-03-25 08:16:09', '2021-03-25 08:16:09', 2, NULL, NULL, 'Agent', 0.00, 0.00, '0', NULL, NULL),
(143, 93, 424, 'FA1616666997', 'ch_1IYq8MBXLGOKjnPzH3anOc62', 'txn_1IYq8MBXLGOKjnPzzK8uPask', '2021-03-25 10:09:46', 1, 'Paid', 200.00, 6.28, 'usd', NULL, 3, '12123991', 'FA3604F1E', '2021-03-25 10:09:56', '2021-03-25 10:09:57', 6, '2021-05-02 12:09:55', '2021-11-02 12:09:55', 'Agent', 20.00, 10.00, '1', NULL, NULL),
(144, 93, 424, 'FA1616667135', 'ch_1IYqAlBXLGOKjnPzeT3NPreA', 'txn_1IYqAlBXLGOKjnPzQ8fTcJmU', '2021-03-25 10:12:15', 1, 'Paid', 1500.00, 9.99, 'usd', NULL, 3, '12123991', 'FA3604F16', '2021-03-25 10:12:14', '2021-03-31 06:55:40', 12, '2021-11-02 12:09:55', '2022-11-02 12:09:55', 'Agent', 20.00, 300.00, '1', 'id-144-124', 'dadad'),
(145, 10000222, 0, 'FA1616671393', NULL, 'txn_21FAyapJRajE5h3lHd7fOAcB', '2021-03-25 11:39:12', 2, 'Pending', 1000.00, 9.99, 'bdt', NULL, 1, '', '', '2021-03-25 11:23:12', '2021-03-25 11:23:13', 12, NULL, NULL, 'School', NULL, NULL, '0', NULL, NULL),
(146, 98, 445, 'FA1616671780', NULL, 'txn_21FAZJzZpzrTVi8j6C5SjV8K', '2021-03-25 11:35:27', 2, 'Paid', 1000.00, 9.99, 'bdt', 'BKASH-BKash', 1, '', '', '2021-03-25 11:29:40', '2021-03-25 11:29:58', 12, '2021-03-25 17:35:27', '2022-03-25 17:35:27', 'School', NULL, NULL, '0', NULL, NULL),
(147, 85, 416, 'FA1617018497', NULL, 'txn_21FAg5B6rzytSrMu46pslAEe', '2021-03-29 11:54:09', 2, 'Paid', 500.00, 9.99, 'bdt', 'BKASH-BKash', 3, '12123990', 'FA36044AE', '2021-03-29 11:48:17', '2021-03-31 07:00:06', 2, '2021-03-29 17:54:09', '2021-05-29 17:54:09', 'Agent', 21.45, 107.25, '1', 'LL-120', '1245'),
(148, 85, 416, 'FA1617019154', NULL, 'txn_21FAtXgBVPmaZrFs0hBZkxCi', '2021-03-29 12:05:05', 2, 'Paid', 2000.00, 9.99, 'bdt', 'BKASH-BKash', 3, '12123990', 'FA36044AF', '2021-03-29 11:59:14', '2021-03-31 07:00:06', 7, '2021-05-29 17:54:09', '2021-12-29 17:54:09', 'Agent', 21.45, 429.00, '1', 'LL-120', '1245'),
(149, 85, 416, 'FA1617019269', NULL, 'txn_21FAKNlVZ4MsJXr2cC2h6b48', '2021-03-29 12:07:01', 2, 'Paid', 1500.00, 9.99, 'bdt', 'BKASH-BKash', 3, '12123990', 'FA36044AD', '2021-03-29 12:01:09', '2021-03-29 12:01:26', 5, '2021-12-29 17:54:09', '2022-05-29 17:54:09', 'Agent', 21.45, 321.75, '1', NULL, NULL),
(150, 0, 0, 'FA1617429173', NULL, 'txn_21FAFmDJR7sDTeE10k0Xn15H', NULL, 2, 'Pending', 8200.00, 9.99, 'bdt', NULL, 1, '', 'FA1606589', '2021-04-03 05:52:52', '2021-04-03 05:52:53', 4, NULL, NULL, 'School', 0.00, NULL, '0', NULL, NULL);

-- --------------------------------------------------------

--
-- Table structure for table `sections`
--

CREATE TABLE `sections` (
  `id` bigint(20) UNSIGNED NOT NULL,
  `section_number` varchar(191) COLLATE utf8mb4_unicode_ci NOT NULL,
  `room_number` int(11) NOT NULL,
  `class_id` int(10) UNSIGNED NOT NULL,
  `user_id` int(10) UNSIGNED NOT NULL DEFAULT 0,
  `status` tinyint(4) NOT NULL DEFAULT 1 COMMENT '1=active,2=inactive',
  `created_at` timestamp NULL DEFAULT NULL,
  `updated_at` timestamp NULL DEFAULT NULL
) ENGINE=InnoDB DEFAULT CHARSET=utf8mb4 COLLATE=utf8mb4_unicode_ci;

--
-- Dumping data for table `sections`
--

INSERT INTO `sections` (`id`, `section_number`, `room_number`, `class_id`, `user_id`, `status`, `created_at`, `updated_at`) VALUES
(1, 'M', 4, 9, 0, 1, '2020-10-28 06:23:23', '2020-10-28 06:23:23'),
(2, 'E', 7, 4, 0, 1, '2020-10-28 06:23:23', '2020-10-28 06:23:23'),
(3, 'G', 1, 1, 0, 1, '2020-10-28 06:23:23', '2020-10-28 06:23:23'),
(4, 'K', 1, 8, 0, 1, '2020-10-28 06:23:23', '2020-10-28 06:23:23'),
(5, 'L', 1, 11, 0, 1, '2020-10-28 06:23:23', '2020-10-28 06:23:23'),
(6, 'G', 5, 2, 0, 1, '2020-10-28 06:23:23', '2020-10-28 06:23:23'),
(7, 'G', 3, 4, 0, 1, '2020-10-28 06:23:23', '2020-10-28 06:23:23'),
(8, 'E', 9, 9, 0, 1, '2020-10-28 06:23:23', '2020-10-28 06:23:23'),
(9, 'I', 5, 7, 0, 1, '2020-10-28 06:23:23', '2020-10-28 06:23:23'),
(10, 'B', 222, 13, 12, 1, '2020-10-28 06:23:23', '2021-01-17 09:34:18'),
(11, 'E', 1, 10, 0, 1, '2020-10-28 06:23:23', '2020-10-28 06:23:23'),
(12, 'B', 6, 8, 0, 1, '2020-10-28 06:23:23', '2020-10-28 06:23:23'),
(13, 'E', 6, 6, 0, 1, '2020-10-28 06:23:23', '2020-10-28 06:23:23'),
(14, 'J', 8, 2, 0, 1, '2020-10-28 06:23:23', '2020-10-28 06:23:23'),
(15, 'E', 7, 6, 0, 1, '2020-10-28 06:23:23', '2020-10-28 06:23:23'),
(16, 'F', 3, 5, 0, 1, '2020-10-28 06:23:23', '2020-10-28 06:23:23'),
(17, 'A', 9, 9, 0, 1, '2020-10-28 06:23:23', '2020-10-28 06:23:23'),
(18, 'E', 3, 10, 0, 1, '2020-10-28 06:23:23', '2020-10-28 06:23:23'),
(19, 'G', 6, 7, 0, 1, '2020-10-28 06:23:23', '2020-10-28 06:23:23'),
(20, 'E', 5, 11, 0, 1, '2020-10-28 06:23:23', '2020-10-28 06:23:23'),
(21, 'Science A', 101, 10, 0, 1, '2020-11-22 07:04:51', '2020-11-22 07:04:51'),
(22, 'Science B', 102, 10, 0, 1, '2020-11-22 07:05:10', '2020-11-22 07:05:10'),
(23, 'Shihab', 120, 1, 2, 1, '2020-12-01 07:09:05', '2020-12-05 06:07:07'),
(24, 'Admission', 101, 7, 0, 1, '2020-12-02 05:44:25', '2020-12-02 05:44:25'),
(25, 'admission', 404, 10, 0, 1, '2020-12-02 06:57:34', '2020-12-02 06:57:34'),
(26, 'Admission', 234, 3, 0, 1, '2020-12-02 07:46:49', '2020-12-02 07:46:49'),
(27, 'Arun', 102, 1, 12, 1, '2020-12-15 09:51:26', '2020-12-15 09:51:26'),
(28, 'A', 101, 17, 359, 1, '2020-12-21 07:20:06', '2020-12-21 07:20:06'),
(29, 'A', 204, 18, 12, 1, '2021-01-17 09:13:29', '2021-01-17 09:13:29'),
(30, 'G', 22333, 13, 12, 1, '2021-01-17 09:34:04', '2021-01-17 09:34:04'),
(31, 'G', 588, 1, 12, 1, '2021-01-18 05:47:09', '2021-01-18 05:47:09');

-- --------------------------------------------------------

--
-- Table structure for table `sessions`
--

CREATE TABLE `sessions` (
  `id` bigint(20) UNSIGNED NOT NULL,
  `school_id` bigint(20) UNSIGNED NOT NULL,
  `schoolyear` varchar(191) COLLATE utf8mb4_unicode_ci NOT NULL,
  `starttime` varchar(191) COLLATE utf8mb4_unicode_ci DEFAULT NULL,
  `endtime` varchar(191) COLLATE utf8mb4_unicode_ci DEFAULT NULL,
  `status` tinyint(4) NOT NULL DEFAULT 1,
  `created_at` timestamp NULL DEFAULT NULL,
  `updated_at` timestamp NULL DEFAULT NULL
) ENGINE=InnoDB DEFAULT CHARSET=utf8mb4 COLLATE=utf8mb4_unicode_ci;

--
-- Dumping data for table `sessions`
--

INSERT INTO `sessions` (`id`, `school_id`, `schoolyear`, `starttime`, `endtime`, `status`, `created_at`, `updated_at`) VALUES
(1, 1, '2020-21', '08-01-2021', '31-12-2021', 1, '2020-12-27 09:40:40', '2021-01-17 09:54:26'),
(2, 1, '2021-22', '01-01-2022', '31-12-2022', 2, '2020-12-27 10:36:18', '2020-12-27 10:41:56'),
(3, 1, '2019-20', '01-01-2019', '31-12-2019', 2, '2020-12-27 10:37:49', '2020-12-27 10:41:34'),
(4, 1, '2018-19', '01-01-2018', '31-12-2018', 2, '2020-12-27 10:41:06', '2020-12-27 10:41:06'),
(5, 1, '2021-2022', '13-01-2021', '13-01-2022', 1, '2021-01-17 09:56:33', '2021-01-17 09:56:55');

-- --------------------------------------------------------

--
-- Table structure for table `settings`
--

CREATE TABLE `settings` (
  `id` bigint(20) UNSIGNED NOT NULL,
  `school_id` bigint(20) UNSIGNED NOT NULL,
  `slogan` varchar(191) COLLATE utf8mb4_unicode_ci DEFAULT NULL,
  `eiin` varchar(50) COLLATE utf8mb4_unicode_ci DEFAULT NULL,
  `email` varchar(191) COLLATE utf8mb4_unicode_ci DEFAULT NULL,
  `phone` varchar(191) COLLATE utf8mb4_unicode_ci DEFAULT NULL,
  `telephone` varchar(191) COLLATE utf8mb4_unicode_ci DEFAULT NULL,
  `standard` varchar(191) COLLATE utf8mb4_unicode_ci DEFAULT NULL,
  `icon` varchar(191) COLLATE utf8mb4_unicode_ci DEFAULT NULL,
  `express` varchar(191) COLLATE utf8mb4_unicode_ci DEFAULT NULL,
  `logo_type` tinyint(4) NOT NULL DEFAULT 1 COMMENT '1=Express,2=Standard',
  `about_pic` varchar(199) COLLATE utf8mb4_unicode_ci DEFAULT NULL,
  `timezone` varchar(50) COLLATE utf8mb4_unicode_ci NOT NULL DEFAULT 'UTC',
  `language` varchar(5) COLLATE utf8mb4_unicode_ci NOT NULL DEFAULT 'en',
  `facebook` varchar(191) COLLATE utf8mb4_unicode_ci NOT NULL DEFAULT '#',
  `twitter` varchar(191) COLLATE utf8mb4_unicode_ci NOT NULL DEFAULT '#',
  `pinterest` varchar(191) COLLATE utf8mb4_unicode_ci NOT NULL DEFAULT '#',
  `linkedin` varchar(191) COLLATE utf8mb4_unicode_ci NOT NULL DEFAULT '#',
  `google_analytics` varchar(191) COLLATE utf8mb4_unicode_ci DEFAULT NULL,
  `tracking_code` varchar(191) COLLATE utf8mb4_unicode_ci DEFAULT NULL,
  `meta_tags` varchar(191) COLLATE utf8mb4_unicode_ci DEFAULT NULL,
  `meta_disc` varchar(191) COLLATE utf8mb4_unicode_ci DEFAULT NULL,
  `site_map` longtext COLLATE utf8mb4_unicode_ci DEFAULT NULL,
  `contact_title` varchar(191) COLLATE utf8mb4_unicode_ci DEFAULT NULL,
  `user_verify` tinyint(4) DEFAULT 1 COMMENT '1=yes,0=no',
  `admission_form` tinyint(4) NOT NULL DEFAULT 1 COMMENT '1=published,0=unpublished',
  `admission_verify` tinyint(4) NOT NULL DEFAULT 0,
  `add_payment_status` tinyint(4) NOT NULL DEFAULT 0 COMMENT '0=without payment,1=with payment',
  `admission_amount` double(8,2) NOT NULL DEFAULT 200.00,
  `add_amount_charge` tinyint(4) NOT NULL DEFAULT 1 COMMENT '1=Stripe/Sslcommerz charge with amount,0=Stripe/Sslcommerz charge without amount',
  `admission_status` tinyint(4) NOT NULL DEFAULT 1 COMMENT '1=yes,0=no',
  `admission_exam` tinyint(4) NOT NULL DEFAULT 0 COMMENT '1=yes,0=no',
  `admit_card` tinyint(4) NOT NULL DEFAULT 0 COMMENT '1=yes,0=no',
  `admi_card_template` bigint(20) DEFAULT NULL,
  `admission_result` tinyint(4) NOT NULL DEFAULT 0 COMMENT '1=yes,0=no',
  `add_result_pubtime` timestamp NULL DEFAULT NULL COMMENT 'if admissionResult is 1,then when published result time. Result will automatically published this date time',
  `admission_student` int(11) NOT NULL DEFAULT 0 COMMENT 'Total student per admission for effect admission result published',
  `site_published` tinyint(4) NOT NULL DEFAULT 1 COMMENT '1=yes,0=no',
  `unpublished_msg` varchar(191) COLLATE utf8mb4_unicode_ci DEFAULT NULL COMMENT 'if sitePublished is 1, then write message why siteUnPublished',
  `invoice_copy` tinyint(4) NOT NULL DEFAULT 1,
  `invoice_template` tinyint(4) NOT NULL DEFAULT 1,
  `created_at` timestamp NULL DEFAULT NULL,
  `updated_at` timestamp NULL DEFAULT NULL
) ENGINE=InnoDB DEFAULT CHARSET=utf8mb4 COLLATE=utf8mb4_unicode_ci;

--
-- Dumping data for table `settings`
--

INSERT INTO `settings` (`id`, `school_id`, `slogan`, `eiin`, `email`, `phone`, `telephone`, `standard`, `icon`, `express`, `logo_type`, `about_pic`, `timezone`, `language`, `facebook`, `twitter`, `pinterest`, `linkedin`, `google_analytics`, `tracking_code`, `meta_tags`, `meta_disc`, `site_map`, `contact_title`, `user_verify`, `admission_form`, `admission_verify`, `add_payment_status`, `admission_amount`, `add_amount_charge`, `admission_status`, `admission_exam`, `admit_card`, `admi_card_template`, `admission_result`, `add_result_pubtime`, `admission_student`, `site_published`, `unpublished_msg`, `invoice_copy`, `invoice_template`, `created_at`, `updated_at`) VALUES
(1, 1, 'Education in continuing a proud tradition.', '123456336', 'info@foqas.org', '415555656565', '+65 6883 0655', NULL, NULL, NULL, 1, 'http://192.168.0.109:8001/storage/FA20165757S/FA20165757H/2021/Express/4291615875178.png', 'Asia/Dhaka', 'en', '#', '#', '#', '#', NULL, NULL, NULL, NULL, 'https://www.google.com/maps/embed?pb=!1m22!1m8!1m3!1d3652.0566682306526!2d90.38299671498125!3d23.74535853459189!3m2!1i1024!2i768!4f13.1!4m11!3e6!4m3!3m2!1d23.7452766!2d90.385115!4m5!1s0x3755b8bf5487ba93%3A0xdff56ff3b68006a2!2sipsita%20computers%20pte%20ltd!3m2!1d23.7453884!2d90.38528989999999!5e0!3m2!1sen!2sbd!4v1609135731513!5m2!1sen!2sbd', NULL, 0, 1, 1, 1, 150.00, 1, 1, 0, 1, 67, 0, '2015-02-06 23:05:00', 100, 1, NULL, 1, 2, '2020-12-06 11:07:23', '2021-03-20 12:10:01'),
(2, 2, NULL, '2563', NULL, NULL, NULL, NULL, NULL, NULL, 1, NULL, '', '', '', '', '', '', NULL, NULL, NULL, NULL, NULL, NULL, 1, 1, 0, 0, 200.00, 1, 1, 0, 0, NULL, 0, NULL, 0, 1, NULL, 1, 1, '2020-12-06 11:07:23', '2020-12-06 11:07:23'),
(3, 3, NULL, '2333', NULL, NULL, NULL, NULL, NULL, NULL, 1, NULL, '', '', '', '', '', '', NULL, NULL, NULL, NULL, NULL, NULL, 1, 1, 0, 0, 200.00, 1, 1, 0, 0, NULL, 0, NULL, 0, 1, NULL, 1, 1, '2020-12-06 11:07:23', '2020-12-06 11:07:23'),
(4, 4, NULL, NULL, NULL, NULL, NULL, NULL, NULL, NULL, 1, NULL, '', '', '', '', '', '', NULL, NULL, NULL, NULL, NULL, NULL, 1, 1, 0, 0, 200.00, 1, 1, 0, 0, NULL, 0, NULL, 0, 1, NULL, 1, 1, '2020-12-06 11:07:23', '2020-12-06 11:07:23'),
(5, 5, NULL, NULL, NULL, NULL, NULL, NULL, NULL, NULL, 1, NULL, '', '', '', '', '', '', NULL, NULL, NULL, NULL, NULL, NULL, 1, 1, 0, 0, 200.00, 1, 1, 0, 0, NULL, 0, NULL, 0, 1, NULL, 1, 1, '2020-12-06 11:07:23', '2020-12-06 11:07:23'),
(6, 6, NULL, NULL, NULL, NULL, NULL, NULL, NULL, NULL, 1, NULL, '', '', '', '', '', '', NULL, NULL, NULL, NULL, NULL, NULL, 1, 1, 0, 0, 200.00, 1, 1, 0, 0, NULL, 0, NULL, 0, 1, NULL, 1, 1, '2020-12-06 11:07:23', '2020-12-06 11:07:23'),
(7, 7, NULL, NULL, NULL, NULL, NULL, NULL, NULL, NULL, 1, NULL, '', '', '', '', '', '', NULL, NULL, NULL, NULL, NULL, NULL, 1, 1, 0, 0, 200.00, 1, 1, 0, 0, NULL, 0, NULL, 0, 1, NULL, 1, 1, '2020-12-06 11:07:23', '2020-12-06 11:07:23'),
(8, 8, NULL, NULL, NULL, NULL, NULL, NULL, NULL, NULL, 1, NULL, '', '', '', '', '', '', NULL, NULL, NULL, NULL, NULL, NULL, 1, 1, 0, 0, 200.00, 1, 1, 0, 0, NULL, 0, NULL, 0, 1, NULL, 1, 1, '2020-12-06 11:07:23', '2020-12-06 11:07:23'),
(9, 9, NULL, NULL, NULL, NULL, NULL, NULL, NULL, NULL, 1, NULL, '', '', '', '', '', '', NULL, NULL, NULL, NULL, NULL, NULL, 1, 1, 0, 0, 200.00, 1, 1, 0, 0, NULL, 0, NULL, 0, 1, NULL, 1, 1, '2020-12-06 11:07:24', '2020-12-06 11:07:24'),
(10, 10, NULL, NULL, NULL, NULL, NULL, NULL, NULL, NULL, 1, NULL, '', '', '', '', '', '', NULL, NULL, NULL, NULL, NULL, NULL, 1, 1, 0, 0, 200.00, 1, 1, 0, 0, NULL, 0, NULL, 0, 1, NULL, 1, 1, '2020-12-06 11:07:24', '2020-12-06 11:07:24'),
(11, 11, NULL, NULL, NULL, NULL, NULL, NULL, NULL, NULL, 1, NULL, '', '', '', '', '', '', NULL, NULL, NULL, NULL, NULL, NULL, 1, 1, 0, 0, 200.00, 1, 1, 0, 0, NULL, 0, NULL, 0, 1, NULL, 1, 1, '2020-12-06 11:07:24', '2020-12-06 11:07:24'),
(12, 12, NULL, NULL, NULL, NULL, NULL, NULL, NULL, NULL, 1, NULL, '', '', '', '', '', '', NULL, NULL, NULL, NULL, NULL, NULL, 1, 1, 0, 0, 200.00, 1, 1, 0, 0, NULL, 0, NULL, 0, 1, NULL, 1, 1, '2020-12-06 11:07:24', '2020-12-06 11:07:24'),
(13, 13, NULL, NULL, NULL, NULL, NULL, NULL, NULL, NULL, 1, NULL, '', '', '', '', '', '', NULL, NULL, NULL, NULL, NULL, NULL, 1, 1, 0, 0, 200.00, 1, 1, 0, 0, NULL, 0, NULL, 0, 1, NULL, 1, 1, '2020-12-06 11:07:24', '2020-12-06 11:07:24'),
(14, 14, NULL, NULL, NULL, NULL, NULL, NULL, NULL, NULL, 1, NULL, '', '', '', '', '', '', NULL, NULL, NULL, NULL, NULL, NULL, 1, 1, 0, 0, 200.00, 1, 1, 0, 0, NULL, 0, NULL, 0, 1, NULL, 1, 1, '2020-12-06 11:07:24', '2020-12-06 11:07:24'),
(15, 15, NULL, NULL, NULL, NULL, NULL, NULL, NULL, NULL, 1, NULL, '', '', '', '', '', '', NULL, NULL, NULL, NULL, NULL, NULL, 1, 1, 0, 0, 200.00, 1, 1, 0, 0, NULL, 0, NULL, 0, 1, NULL, 1, 1, '2020-12-06 11:07:24', '2020-12-06 11:07:24'),
(16, 16, NULL, NULL, NULL, NULL, NULL, NULL, NULL, NULL, 1, NULL, '', '', '', '', '', '', NULL, NULL, NULL, NULL, NULL, NULL, 1, 1, 0, 0, 200.00, 1, 1, 0, 0, NULL, 0, NULL, 0, 1, NULL, 1, 1, '2020-12-06 11:07:24', '2020-12-06 11:07:24'),
(17, 17, NULL, NULL, NULL, NULL, NULL, NULL, NULL, NULL, 1, NULL, '', '', '', '', '', '', NULL, NULL, NULL, NULL, NULL, NULL, 1, 1, 0, 0, 200.00, 1, 1, 0, 0, NULL, 0, NULL, 0, 1, NULL, 1, 1, '2020-12-06 11:07:24', '2020-12-06 11:07:24'),
(18, 18, NULL, NULL, NULL, NULL, NULL, NULL, NULL, NULL, 1, NULL, '', '', '', '', '', '', NULL, NULL, NULL, NULL, NULL, NULL, 1, 1, 0, 0, 200.00, 1, 1, 0, 0, NULL, 0, NULL, 0, 1, NULL, 1, 1, '2020-12-06 11:07:24', '2020-12-06 11:07:24'),
(19, 19, NULL, NULL, NULL, NULL, NULL, NULL, NULL, NULL, 1, NULL, '', '', '', '', '', '', NULL, NULL, NULL, NULL, NULL, NULL, 1, 1, 0, 0, 200.00, 1, 1, 0, 0, NULL, 0, NULL, 0, 1, NULL, 1, 1, '2020-12-06 11:07:24', '2020-12-06 11:07:24'),
(20, 20, NULL, NULL, NULL, NULL, NULL, NULL, NULL, NULL, 1, NULL, '', '', '', '', '', '', NULL, NULL, NULL, NULL, NULL, NULL, 1, 1, 0, 0, 200.00, 1, 1, 0, 0, NULL, 0, NULL, 0, 1, NULL, 1, 1, '2020-12-06 11:07:24', '2020-12-06 11:07:24'),
(21, 21, NULL, NULL, NULL, NULL, NULL, NULL, NULL, NULL, 1, NULL, '', '', '', '', '', '', NULL, NULL, NULL, NULL, NULL, NULL, 1, 1, 0, 0, 200.00, 1, 1, 0, 0, NULL, 0, NULL, 0, 1, NULL, 1, 1, '2020-12-06 11:07:24', '2020-12-06 11:07:24'),
(22, 22, NULL, NULL, NULL, NULL, NULL, NULL, NULL, NULL, 1, NULL, '', '', '', '', '', '', NULL, NULL, NULL, NULL, NULL, NULL, 1, 1, 0, 0, 200.00, 1, 1, 0, 0, NULL, 0, NULL, 0, 1, NULL, 1, 1, '2020-12-06 11:07:24', '2020-12-06 11:07:24'),
(23, 23, NULL, NULL, NULL, NULL, NULL, NULL, NULL, NULL, 1, NULL, '', '', '', '', '', '', NULL, NULL, NULL, NULL, NULL, NULL, 1, 1, 0, 0, 200.00, 1, 1, 0, 0, NULL, 0, NULL, 0, 1, NULL, 1, 1, '2020-12-06 11:07:24', '2020-12-06 11:07:24'),
(24, 24, NULL, NULL, NULL, NULL, NULL, NULL, NULL, NULL, 1, NULL, '', '', '', '', '', '', NULL, NULL, NULL, NULL, NULL, NULL, 1, 1, 0, 0, 200.00, 1, 1, 0, 0, NULL, 0, NULL, 0, 1, NULL, 1, 1, '2020-12-06 11:07:24', '2020-12-06 11:07:24'),
(25, 25, NULL, NULL, NULL, NULL, NULL, NULL, NULL, NULL, 1, NULL, '', '', '', '', '', '', NULL, NULL, NULL, NULL, NULL, NULL, 1, 1, 0, 0, 200.00, 1, 1, 0, 0, NULL, 0, NULL, 0, 1, NULL, 1, 1, '2020-12-06 11:07:24', '2020-12-06 11:07:24'),
(26, 26, NULL, NULL, NULL, NULL, NULL, NULL, NULL, NULL, 1, NULL, '', '', '', '', '', '', NULL, NULL, NULL, NULL, NULL, NULL, 1, 1, 0, 0, 200.00, 1, 1, 0, 0, NULL, 0, NULL, 0, 1, NULL, 1, 1, '2020-12-06 11:07:24', '2020-12-06 11:07:24'),
(27, 27, NULL, NULL, NULL, NULL, NULL, NULL, NULL, NULL, 1, NULL, '', '', '', '', '', '', NULL, NULL, NULL, NULL, NULL, NULL, 1, 1, 0, 0, 200.00, 1, 1, 0, 0, NULL, 0, NULL, 0, 1, NULL, 1, 1, '2020-12-06 11:07:24', '2020-12-06 11:07:24'),
(28, 28, NULL, NULL, NULL, NULL, NULL, NULL, NULL, NULL, 1, NULL, '', '', '', '', '', '', NULL, NULL, NULL, NULL, NULL, NULL, 1, 1, 0, 0, 200.00, 1, 1, 0, 0, NULL, 0, NULL, 0, 1, NULL, 1, 1, '2020-12-06 11:07:24', '2020-12-06 11:07:24'),
(29, 29, NULL, NULL, NULL, NULL, NULL, NULL, NULL, NULL, 1, NULL, '', '', '', '', '', '', NULL, NULL, NULL, NULL, NULL, NULL, 1, 1, 0, 0, 200.00, 1, 1, 0, 0, NULL, 0, NULL, 0, 1, NULL, 1, 1, '2020-12-06 11:07:24', '2020-12-06 11:07:24'),
(30, 30, NULL, NULL, NULL, NULL, NULL, NULL, NULL, NULL, 1, NULL, '', '', '', '', '', '', NULL, NULL, NULL, NULL, NULL, NULL, 1, 1, 0, 0, 200.00, 1, 1, 0, 0, NULL, 0, NULL, 0, 1, NULL, 1, 1, '2020-12-06 11:07:24', '2020-12-06 11:07:24'),
(31, 31, NULL, NULL, NULL, NULL, NULL, NULL, NULL, NULL, 1, NULL, '', '', '', '', '', '', NULL, NULL, NULL, NULL, NULL, NULL, 1, 1, 0, 0, 200.00, 1, 1, 0, 0, NULL, 0, NULL, 0, 1, NULL, 1, 1, '2020-12-06 11:07:24', '2020-12-06 11:07:24'),
(32, 32, NULL, NULL, NULL, NULL, NULL, NULL, NULL, NULL, 1, NULL, '', '', '', '', '', '', NULL, NULL, NULL, NULL, NULL, NULL, 1, 1, 0, 0, 200.00, 1, 1, 0, 0, NULL, 0, NULL, 0, 1, NULL, 1, 1, '2020-12-06 11:07:24', '2020-12-06 11:07:24'),
(33, 33, NULL, NULL, NULL, NULL, NULL, NULL, NULL, NULL, 1, NULL, '', '', '', '', '', '', NULL, NULL, NULL, NULL, NULL, NULL, 1, 1, 0, 0, 200.00, 1, 1, 0, 0, NULL, 0, NULL, 0, 1, NULL, 1, 1, '2020-12-06 11:07:24', '2020-12-06 11:07:24'),
(34, 34, NULL, NULL, NULL, NULL, NULL, NULL, NULL, NULL, 1, NULL, '', '', '', '', '', '', NULL, NULL, NULL, NULL, NULL, NULL, 1, 1, 0, 0, 200.00, 1, 1, 0, 0, NULL, 0, NULL, 0, 1, NULL, 1, 1, '2020-12-06 11:07:24', '2020-12-06 11:07:24'),
(35, 35, NULL, NULL, NULL, NULL, NULL, NULL, NULL, NULL, 1, NULL, '', '', '', '', '', '', NULL, NULL, NULL, NULL, NULL, NULL, 1, 1, 0, 0, 200.00, 1, 1, 0, 0, NULL, 0, NULL, 0, 1, NULL, 1, 1, '2020-12-06 11:07:24', '2020-12-06 11:07:24'),
(36, 36, NULL, NULL, NULL, NULL, NULL, NULL, NULL, NULL, 1, NULL, '', '', '', '', '', '', NULL, NULL, NULL, NULL, NULL, NULL, 1, 1, 0, 0, 200.00, 1, 1, 0, 0, NULL, 0, NULL, 0, 1, NULL, 1, 1, '2020-12-06 11:07:24', '2020-12-06 11:07:24'),
(37, 37, NULL, NULL, NULL, NULL, NULL, NULL, NULL, NULL, 1, NULL, '', '', '', '', '', '', NULL, NULL, NULL, NULL, NULL, NULL, 1, 1, 0, 0, 200.00, 1, 1, 0, 0, NULL, 0, NULL, 0, 1, NULL, 1, 1, '2020-12-06 11:07:24', '2020-12-06 11:07:24'),
(38, 38, NULL, NULL, NULL, NULL, NULL, NULL, NULL, NULL, 1, NULL, '', '', '', '', '', '', NULL, NULL, NULL, NULL, NULL, NULL, 1, 1, 0, 0, 200.00, 1, 1, 0, 0, NULL, 0, NULL, 0, 1, NULL, 1, 1, '2020-12-06 11:07:24', '2020-12-06 11:07:24'),
(39, 39, NULL, NULL, NULL, NULL, NULL, NULL, NULL, NULL, 1, NULL, '', '', '', '', '', '', NULL, NULL, NULL, NULL, NULL, NULL, 1, 1, 0, 0, 200.00, 1, 1, 0, 0, NULL, 0, NULL, 0, 1, NULL, 1, 1, '2020-12-06 11:07:25', '2020-12-06 11:07:25'),
(40, 40, NULL, NULL, NULL, NULL, NULL, NULL, NULL, NULL, 1, NULL, '', '', '', '', '', '', NULL, NULL, NULL, NULL, NULL, NULL, 1, 1, 0, 0, 200.00, 1, 1, 0, 0, NULL, 0, NULL, 0, 1, NULL, 1, 1, '2020-12-06 11:07:25', '2020-12-06 11:07:25'),
(41, 41, NULL, NULL, NULL, NULL, NULL, NULL, NULL, NULL, 1, NULL, '', '', '', '', '', '', NULL, NULL, NULL, NULL, NULL, NULL, 1, 1, 0, 0, 200.00, 1, 1, 0, 0, NULL, 0, NULL, 0, 1, NULL, 1, 1, '2020-12-06 11:07:25', '2020-12-06 11:07:25'),
(42, 42, NULL, NULL, NULL, NULL, NULL, NULL, NULL, NULL, 1, NULL, '', '', '', '', '', '', NULL, NULL, NULL, NULL, NULL, NULL, 1, 1, 0, 0, 200.00, 1, 1, 0, 0, NULL, 0, NULL, 0, 1, NULL, 1, 1, '2020-12-06 11:07:25', '2020-12-06 11:07:25'),
(43, 43, NULL, NULL, NULL, NULL, NULL, NULL, NULL, NULL, 1, NULL, '', '', '', '', '', '', NULL, NULL, NULL, NULL, NULL, NULL, 1, 1, 0, 0, 200.00, 1, 1, 0, 0, NULL, 0, NULL, 0, 1, NULL, 1, 1, '2020-12-06 11:07:25', '2020-12-06 11:07:25'),
(44, 44, NULL, NULL, NULL, NULL, NULL, NULL, NULL, NULL, 1, NULL, '', '', '', '', '', '', NULL, NULL, NULL, NULL, NULL, NULL, 1, 1, 0, 0, 200.00, 1, 1, 0, 0, NULL, 0, NULL, 0, 1, NULL, 1, 1, '2020-12-06 11:07:25', '2020-12-06 11:07:25'),
(45, 45, NULL, NULL, NULL, NULL, NULL, NULL, NULL, NULL, 1, NULL, '', '', '', '', '', '', NULL, NULL, NULL, NULL, NULL, NULL, 1, 1, 0, 0, 200.00, 1, 1, 0, 0, NULL, 0, NULL, 0, 1, NULL, 1, 1, '2020-12-06 11:07:25', '2020-12-06 11:07:25'),
(46, 46, NULL, NULL, NULL, NULL, NULL, NULL, NULL, NULL, 1, NULL, '', '', '', '', '', '', NULL, NULL, NULL, NULL, NULL, NULL, 1, 1, 0, 0, 200.00, 1, 1, 0, 0, NULL, 0, NULL, 0, 1, NULL, 1, 1, '2020-12-06 11:07:25', '2020-12-06 11:07:25'),
(47, 47, NULL, NULL, NULL, NULL, NULL, NULL, NULL, NULL, 1, NULL, '', '', '', '', '', '', NULL, NULL, NULL, NULL, NULL, NULL, 1, 1, 0, 0, 200.00, 1, 1, 0, 0, NULL, 0, NULL, 0, 1, NULL, 1, 1, '2020-12-06 11:07:25', '2020-12-06 11:07:25'),
(48, 48, NULL, NULL, NULL, NULL, NULL, NULL, NULL, NULL, 1, NULL, '', '', '', '', '', '', NULL, NULL, NULL, NULL, NULL, NULL, 1, 1, 0, 0, 200.00, 1, 1, 0, 0, NULL, 0, NULL, 0, 1, NULL, 1, 1, '2020-12-06 11:07:25', '2020-12-06 11:07:25'),
(49, 49, NULL, NULL, NULL, NULL, NULL, NULL, NULL, NULL, 1, NULL, '', '', '', '', '', '', NULL, NULL, NULL, NULL, NULL, NULL, 1, 1, 0, 0, 200.00, 1, 1, 0, 0, NULL, 0, NULL, 0, 1, NULL, 1, 1, '2020-12-06 11:07:25', '2020-12-06 11:07:25'),
(50, 50, NULL, NULL, NULL, NULL, NULL, NULL, NULL, NULL, 1, NULL, '', '', '', '', '', '', NULL, NULL, NULL, NULL, NULL, NULL, 1, 1, 0, 0, 200.00, 1, 1, 0, 0, NULL, 0, NULL, 0, 1, NULL, 1, 1, '2020-12-06 11:07:25', '2020-12-06 11:07:25'),
(51, 51, NULL, NULL, NULL, NULL, NULL, NULL, NULL, NULL, 1, NULL, '', '', '', '', '', '', NULL, NULL, NULL, NULL, NULL, NULL, 1, 1, 0, 0, 200.00, 1, 1, 0, 0, NULL, 0, NULL, 0, 1, NULL, 1, 1, '2020-12-06 11:07:25', '2020-12-06 11:07:25'),
(52, 52, NULL, NULL, NULL, NULL, NULL, NULL, NULL, NULL, 1, NULL, '', '', '', '', '', '', NULL, NULL, NULL, NULL, NULL, NULL, 1, 1, 0, 0, 200.00, 1, 1, 0, 0, NULL, 0, NULL, 0, 1, NULL, 1, 1, '2020-12-06 11:07:25', '2020-12-06 11:07:25'),
(53, 53, NULL, NULL, NULL, NULL, NULL, NULL, NULL, NULL, 1, NULL, '', '', '', '', '', '', NULL, NULL, NULL, NULL, NULL, NULL, 1, 1, 0, 0, 200.00, 1, 1, 0, 0, NULL, 0, NULL, 0, 1, NULL, 1, 1, '2020-12-06 11:07:25', '2020-12-06 11:07:25'),
(54, 54, NULL, NULL, NULL, NULL, NULL, NULL, NULL, NULL, 1, NULL, '', '', '', '', '', '', NULL, NULL, NULL, NULL, NULL, NULL, 1, 1, 0, 0, 200.00, 1, 1, 0, 0, NULL, 0, NULL, 0, 1, NULL, 1, 1, '2020-12-06 11:07:25', '2020-12-06 11:07:25'),
(55, 55, NULL, NULL, 'info@demo.com', '***********', '***********', NULL, NULL, NULL, 1, NULL, 'UTC', 'Engli', '#', '#', '#', '#', NULL, NULL, NULL, NULL, NULL, NULL, 1, 1, 0, 0, 200.00, 1, 1, 0, 0, NULL, 0, NULL, 0, 1, NULL, 1, 1, '2020-12-13 11:34:17', '2020-12-13 11:34:17'),
(56, 56, NULL, NULL, 'info@demo.com', '***********', '***********', NULL, NULL, NULL, 1, NULL, 'UTC', 'Engli', '#', '#', '#', '#', NULL, NULL, NULL, NULL, NULL, NULL, 1, 1, 0, 0, 200.00, 1, 1, 0, 0, NULL, 0, NULL, 0, 1, NULL, 1, 1, '2021-01-17 10:00:33', '2021-01-17 10:00:33'),
(57, 57, NULL, NULL, 'info@demo.com', '***********', '***********', NULL, NULL, NULL, 1, NULL, 'UTC', 'Engli', '#', '#', '#', '#', NULL, NULL, NULL, NULL, NULL, NULL, 1, 1, 0, 0, 200.00, 1, 1, 0, 0, NULL, 0, NULL, 0, 1, NULL, 1, 1, '2021-01-17 10:02:56', '2021-01-17 10:02:56'),
(58, 58, NULL, '123456', 'info@demo.com', '***********', '***********', NULL, NULL, NULL, 1, NULL, 'UTC', 'Engli', '#', '#', '#', '#', NULL, NULL, NULL, NULL, NULL, NULL, 1, 1, 0, 0, 200.00, 1, 1, 0, 0, NULL, 0, NULL, 0, 1, NULL, 1, 1, '2021-01-27 10:21:44', '2021-01-27 10:21:44'),
(59, 59, NULL, '123456', 'info@demo.com', '***********', '***********', NULL, NULL, NULL, 1, NULL, 'UTC', 'Engli', '#', '#', '#', '#', NULL, NULL, NULL, NULL, NULL, NULL, 1, 1, 0, 0, 200.00, 1, 1, 0, 0, NULL, 0, NULL, 0, 1, NULL, 1, 1, '2021-01-27 10:26:43', '2021-01-27 10:26:43'),
(60, 60, NULL, 'Reprehenderit in vel', 'info@demo.com', '***********', '***********', NULL, NULL, NULL, 1, NULL, 'UTC', 'Engli', '#', '#', '#', '#', NULL, NULL, NULL, NULL, NULL, NULL, 1, 1, 0, 0, 200.00, 1, 1, 0, 0, NULL, 0, NULL, 0, 1, NULL, 1, 1, '2021-01-28 05:28:54', '2021-01-28 05:28:54'),
(61, 61, NULL, 'Reprehenderit in vel', 'info@demo.com', '***********', '***********', NULL, NULL, NULL, 1, NULL, 'UTC', 'Engli', '#', '#', '#', '#', NULL, NULL, NULL, NULL, NULL, NULL, 1, 1, 0, 0, 200.00, 1, 1, 0, 0, NULL, 0, NULL, 0, 1, NULL, 1, 1, '2021-01-28 05:33:03', '2021-01-28 05:33:03'),
(62, 62, NULL, 'Reprehenderit in vel', 'info@demo.com', '***********', '***********', NULL, NULL, NULL, 1, NULL, 'UTC', 'Engli', '#', '#', '#', '#', NULL, NULL, NULL, NULL, NULL, NULL, 1, 1, 0, 0, 200.00, 1, 1, 0, 0, NULL, 0, NULL, 0, 1, NULL, 1, 1, '2021-01-28 06:41:33', '2021-01-28 06:41:33'),
(63, 63, NULL, 'Reprehenderit in vel', 'info@demo.com', '***********', '***********', NULL, NULL, NULL, 1, NULL, 'UTC', 'Engli', '#', '#', '#', '#', NULL, NULL, NULL, NULL, NULL, NULL, 1, 1, 0, 0, 200.00, 1, 1, 0, 0, NULL, 0, NULL, 0, 1, NULL, 1, 1, '2021-01-28 07:46:29', '2021-01-28 07:46:29'),
(64, 64, NULL, '123456', 'info@demo.com', '***********', '***********', NULL, NULL, NULL, 1, NULL, 'UTC', 'Engli', '#', '#', '#', '#', NULL, NULL, NULL, NULL, NULL, NULL, 1, 1, 0, 0, 200.00, 1, 1, 0, 0, NULL, 0, NULL, 0, 1, NULL, 1, 1, '2021-01-28 11:05:06', '2021-01-28 11:05:06'),
(65, 65, NULL, '123456', 'info@demo.com', '***********', '***********', NULL, NULL, NULL, 1, NULL, 'UTC', 'Engli', '#', '#', '#', '#', NULL, NULL, NULL, NULL, NULL, NULL, 1, 1, 0, 0, 200.00, 1, 1, 0, 0, NULL, 0, NULL, 0, 1, NULL, 1, 1, '2021-01-28 11:10:15', '2021-01-28 11:10:15'),
(66, 66, NULL, '1233', 'info@demo.com', '***********', '***********', NULL, NULL, NULL, 1, NULL, 'UTC', 'Engli', '#', '#', '#', '#', NULL, NULL, NULL, NULL, NULL, NULL, 1, 1, 0, 0, 200.00, 1, 1, 0, 0, NULL, 0, NULL, 0, 1, NULL, 1, 1, '2021-01-28 11:40:55', '2021-01-28 11:40:55'),
(67, 67, NULL, '123456', 'info@demo.com', '***********', '***********', NULL, NULL, NULL, 1, NULL, 'UTC', 'Engli', '#', '#', '#', '#', NULL, NULL, NULL, NULL, NULL, NULL, 1, 1, 0, 0, 200.00, 1, 1, 0, 0, NULL, 0, NULL, 0, 1, NULL, 1, 1, '2021-01-31 11:13:20', '2021-01-31 11:13:20'),
(68, 68, NULL, '123456', 'info@demo.com', '***********', '***********', NULL, NULL, NULL, 1, NULL, 'UTC', 'Engli', '#', '#', '#', '#', NULL, NULL, NULL, NULL, NULL, NULL, 1, 1, 0, 0, 200.00, 1, 1, 0, 0, NULL, 0, NULL, 0, 1, NULL, 1, 1, '2021-01-31 11:32:38', '2021-01-31 11:32:38'),
(69, 69, NULL, '131', 'info@demo.com', '***********', '***********', NULL, NULL, NULL, 1, NULL, 'UTC', 'Engli', '#', '#', '#', '#', NULL, NULL, NULL, NULL, NULL, NULL, 1, 1, 0, 0, 200.00, 1, 1, 0, 0, NULL, 0, NULL, 0, 1, NULL, 1, 1, '2021-01-31 11:36:23', '2021-01-31 11:36:23'),
(70, 70, NULL, '131', 'info@demo.com', '***********', '***********', NULL, NULL, NULL, 1, NULL, 'UTC', 'Engli', '#', '#', '#', '#', NULL, NULL, NULL, NULL, NULL, NULL, 1, 1, 0, 0, 200.00, 1, 1, 0, 0, NULL, 0, NULL, 0, 1, NULL, 1, 1, '2021-01-31 11:37:45', '2021-01-31 11:37:45'),
(71, 71, NULL, '131', 'info@demo.com', '***********', '***********', NULL, NULL, NULL, 1, NULL, 'UTC', 'Engli', '#', '#', '#', '#', NULL, NULL, NULL, NULL, NULL, NULL, 1, 1, 0, 0, 200.00, 1, 1, 0, 0, NULL, 0, NULL, 0, 1, NULL, 1, 1, '2021-01-31 11:48:39', '2021-01-31 11:48:39'),
(72, 72, NULL, '432', 'info@demo.com', '***********', '***********', NULL, NULL, NULL, 1, NULL, 'UTC', 'Engli', '#', '#', '#', '#', NULL, NULL, NULL, NULL, NULL, NULL, 1, 1, 0, 0, 200.00, 1, 1, 0, 0, NULL, 0, NULL, 0, 1, NULL, 1, 1, '2021-01-31 11:55:10', '2021-01-31 11:55:10'),
(73, 73, NULL, '341', 'info@demo.com', '***********', '***********', NULL, NULL, NULL, 1, NULL, 'UTC', 'Engli', '#', '#', '#', '#', NULL, NULL, NULL, NULL, NULL, NULL, 1, 1, 0, 0, 200.00, 1, 1, 0, 0, NULL, 0, NULL, 0, 1, NULL, 1, 1, '2021-01-31 12:13:23', '2021-01-31 12:13:23'),
(74, 74, NULL, '123456', 'info@demo.com', '***********', '***********', NULL, NULL, NULL, 1, NULL, 'UTC', 'Engli', '#', '#', '#', '#', NULL, NULL, NULL, NULL, NULL, NULL, 1, 1, 0, 0, 200.00, 1, 1, 0, 0, NULL, 0, NULL, 0, 1, NULL, 1, 1, '2021-01-31 12:21:40', '2021-01-31 12:21:40'),
(75, 75, NULL, '324', 'info@demo.com', '***********', '***********', NULL, NULL, NULL, 1, NULL, 'UTC', 'Engli', '#', '#', '#', '#', NULL, NULL, NULL, NULL, NULL, NULL, 1, 1, 0, 0, 200.00, 1, 1, 0, 0, NULL, 0, NULL, 0, 1, NULL, 1, 1, '2021-01-31 12:28:11', '2021-01-31 12:28:11'),
(76, 76, NULL, '43124', 'info@demo.com', '***********', '***********', NULL, NULL, NULL, 1, NULL, 'UTC', 'Engli', '#', '#', '#', '#', NULL, NULL, NULL, NULL, NULL, NULL, 1, 1, 0, 0, 200.00, 1, 1, 0, 0, NULL, 0, NULL, 0, 1, NULL, 1, 1, '2021-02-14 07:06:55', '2021-02-14 07:06:55'),
(77, 77, NULL, '5555', 'info@demo.com', '***********', '***********', NULL, NULL, NULL, 1, NULL, 'UTC', 'Engli', '#', '#', '#', '#', NULL, NULL, NULL, NULL, NULL, NULL, 1, 1, 0, 0, 200.00, 1, 1, 0, 0, NULL, 0, NULL, 0, 1, NULL, 1, 1, '2021-02-14 07:11:56', '2021-02-14 07:11:56'),
(78, 78, NULL, 'Aute tempor sit ut l', 'info@demo.com', '***********', '***********', NULL, NULL, NULL, 1, NULL, 'UTC', 'Engli', '#', '#', '#', '#', NULL, NULL, NULL, NULL, NULL, NULL, 1, 1, 0, 0, 200.00, 1, 1, 0, 0, NULL, 0, NULL, 0, 1, NULL, 1, 1, '2021-02-17 10:46:14', '2021-02-17 10:46:14'),
(79, 79, NULL, 'esfsf', 'info@demo.com', '***********', '***********', NULL, NULL, NULL, 1, NULL, 'UTC', 'Engli', '#', '#', '#', '#', NULL, NULL, NULL, NULL, NULL, NULL, 1, 1, 0, 0, 200.00, 1, 1, 0, 0, NULL, 0, NULL, 0, 1, NULL, 1, 1, '2021-02-18 10:51:39', '2021-02-18 10:51:39'),
(80, 80, NULL, 'faf', 'info@demo.com', '***********', '***********', NULL, NULL, NULL, 1, NULL, 'UTC', 'Engli', '#', '#', '#', '#', NULL, NULL, NULL, NULL, NULL, NULL, 1, 1, 0, 0, 200.00, 1, 1, 0, 0, NULL, 0, NULL, 0, 1, NULL, 1, 1, '2021-02-18 11:24:39', '2021-02-18 11:24:39'),
(81, 81, NULL, '12345', 'info@demo.com', '***********', '***********', NULL, NULL, NULL, 1, NULL, 'UTC', 'Engli', '#', '#', '#', '#', NULL, NULL, NULL, NULL, NULL, NULL, 1, 1, 0, 0, 200.00, 1, 1, 0, 0, NULL, 0, NULL, 0, 1, NULL, 1, 1, '2021-02-22 06:01:15', '2021-02-22 06:01:15'),
(82, 82, NULL, '258', 'info@demo.com', '***********', '***********', NULL, NULL, NULL, 1, NULL, 'UTC', 'Engli', '#', '#', '#', '#', NULL, NULL, NULL, NULL, NULL, NULL, 1, 1, 0, 0, 200.00, 1, 1, 0, 0, NULL, 0, NULL, 0, 1, NULL, 1, 1, '2021-02-22 06:10:19', '2021-02-22 06:10:19'),
(83, 83, NULL, 'Ducimus non recusan', 'info@demo.com', '***********', '***********', NULL, NULL, NULL, 1, NULL, 'UTC', 'Engli', '#', '#', '#', '#', NULL, NULL, NULL, NULL, NULL, NULL, 1, 1, 0, 0, 200.00, 1, 1, 0, 0, NULL, 0, NULL, 0, 1, NULL, 1, 1, '2021-02-22 06:20:48', '2021-02-22 06:20:48'),
(84, 84, NULL, 'Reiciendis ea ut sin', 'info@demo.com', '***********', '***********', NULL, NULL, NULL, 1, NULL, 'UTC', 'Engli', '#', '#', '#', '#', NULL, NULL, NULL, NULL, NULL, NULL, 1, 1, 0, 0, 200.00, 1, 1, 0, 0, NULL, 0, NULL, 0, 1, NULL, 1, 1, '2021-02-22 06:27:59', '2021-02-22 06:27:59'),
(85, 85, NULL, 'Aut distinctio Enim', 'info@demo.com', '***********', '***********', NULL, NULL, NULL, 1, NULL, 'UTC', 'Engli', '#', '#', '#', '#', NULL, NULL, NULL, NULL, NULL, NULL, 1, 1, 0, 0, 200.00, 1, 1, 0, 0, NULL, 0, NULL, 0, 1, NULL, 1, 1, '2021-02-22 06:30:11', '2021-02-22 06:30:11'),
(86, 86, NULL, 'Ullamco minima autem', 'info@demo.com', '***********', '***********', NULL, NULL, NULL, 1, NULL, 'UTC', 'Engli', '#', '#', '#', '#', NULL, NULL, NULL, NULL, NULL, NULL, 1, 1, 0, 0, 200.00, 1, 1, 0, 0, NULL, 0, NULL, 0, 1, NULL, 1, 1, '2021-02-22 06:34:05', '2021-02-22 06:34:05'),
(87, 87, NULL, 'Pariatur Recusandae', 'info@demo.com', '***********', '***********', NULL, NULL, NULL, 1, NULL, 'UTC', 'Engli', '#', '#', '#', '#', NULL, NULL, NULL, NULL, NULL, NULL, 1, 1, 0, 0, 200.00, 1, 1, 0, 0, NULL, 0, NULL, 0, 1, NULL, 1, 1, '2021-03-02 03:44:28', '2021-03-02 03:44:28'),
(88, 88, NULL, 'Voluptatem nisi volu', 'info@demo.com', '***********', '***********', NULL, NULL, NULL, 1, NULL, 'Asia/Dhaka', 'Engli', '#', '#', '#', '#', NULL, NULL, NULL, NULL, NULL, NULL, 1, 1, 0, 0, 200.00, 1, 1, 0, 0, NULL, 0, NULL, 0, 1, NULL, 1, 1, '2021-03-02 03:58:14', '2021-03-02 03:58:14'),
(89, 89, NULL, 'Nesciunt dolore in', 'info@demo.com', '***********', '***********', NULL, NULL, NULL, 1, NULL, 'Asia/Dhaka', 'Engli', '#', '#', '#', '#', NULL, NULL, NULL, NULL, NULL, NULL, 1, 1, 0, 0, 200.00, 1, 1, 0, 0, NULL, 0, NULL, 0, 1, NULL, 1, 1, '2021-03-02 10:09:23', '2021-03-02 10:09:23'),
(90, 90, NULL, 'Reprehenderit est a', 'info@demo.com', '***********', '***********', NULL, NULL, NULL, 1, NULL, 'UTC', 'Engli', '#', '#', '#', '#', NULL, NULL, NULL, NULL, NULL, NULL, 1, 1, 0, 0, 200.00, 1, 1, 0, 0, NULL, 0, NULL, 0, 1, NULL, 1, 1, '2021-03-02 11:48:08', '2021-03-02 11:48:08'),
(91, 91, NULL, 'Reprehenderit est a', 'info@demo.com', '***********', '***********', NULL, NULL, NULL, 1, NULL, 'UTC', 'Engli', '#', '#', '#', '#', NULL, NULL, NULL, NULL, NULL, NULL, 1, 1, 0, 0, 200.00, 1, 1, 0, 0, NULL, 0, NULL, 0, 1, NULL, 1, 1, '2021-03-02 11:52:05', '2021-03-02 11:52:05'),
(92, 92, NULL, 'Reprehenderit est a', 'info@demo.com', '***********', '***********', NULL, NULL, NULL, 1, NULL, 'UTC', 'Engli', '#', '#', '#', '#', NULL, NULL, NULL, NULL, NULL, NULL, 1, 1, 0, 0, 200.00, 1, 1, 0, 0, NULL, 0, NULL, 0, 1, NULL, 1, 1, '2021-03-02 11:56:44', '2021-03-02 11:56:44'),
(93, 93, NULL, 'Et ex modi aut rerum', 'info@demo.com', '***********', '***********', NULL, NULL, NULL, 1, NULL, 'UTC', 'Engli', '#', '#', '#', '#', NULL, NULL, NULL, NULL, NULL, NULL, 1, 1, 0, 0, 200.00, 1, 1, 0, 0, NULL, 0, NULL, 0, 1, NULL, 1, 1, '2021-03-02 12:09:57', '2021-03-02 12:09:57'),
(94, 94, NULL, '123', 'info@demo.com', '***********', '***********', 'http://192.168.0.109:8001/storage/FA21298820S/FA21298820H/2021/Standard/2751615363405.png', NULL, NULL, 2, NULL, 'Asia/Dhaka', 'en', '#', '#', '#', '#', NULL, NULL, NULL, NULL, NULL, NULL, 1, 1, 0, 0, 200.00, 1, 1, 0, 0, NULL, 0, NULL, 0, 1, NULL, 1, 1, '2021-03-03 05:35:07', '2021-03-18 11:29:21'),
(95, 95, NULL, 'Necessitatibus fugia', 'mdshihabuddinm@gmail.com', '***********', '***********', NULL, 'http://192.168.0.107:8001/storage/FA21596420S/FA21596420H/2021/Icon/5031614850411.png', 'http://192.168.0.107:8001/storage/FA21596420S/FA21596420H/2021/Express/6341614850625.png', 1, NULL, 'UTC', 'en', '#', '#', '#', '#', NULL, NULL, NULL, NULL, NULL, NULL, 1, 1, 0, 0, 200.00, 1, 1, 0, 0, NULL, 0, NULL, 0, 1, NULL, 1, 1, '2021-03-03 06:01:03', '2021-03-20 00:06:34'),
(96, 96, NULL, 'Qui quis illum moll', 'info@demo.com', '***********', '***********', NULL, NULL, NULL, 1, NULL, 'Asia/Dhaka', 'Engli', '#', '#', '#', '#', NULL, NULL, NULL, NULL, NULL, NULL, 1, 1, 0, 0, 200.00, 1, 1, 0, 0, NULL, 0, NULL, 0, 1, NULL, 1, 1, '2021-03-06 05:13:38', '2021-03-06 05:13:38'),
(97, 97, NULL, 'rsgseg', 'info@demo.com', '***********', '***********', NULL, NULL, NULL, 1, NULL, 'UTC', 'Engli', '#', '#', '#', '#', NULL, NULL, NULL, NULL, NULL, NULL, 1, 1, 0, 0, 200.00, 1, 1, 0, 0, NULL, 0, NULL, 0, 1, NULL, 1, 1, '2021-03-23 07:49:10', '2021-03-23 07:49:10'),
(98, 98, NULL, '123', 'info@demo.com', '***********', '***********', NULL, NULL, NULL, 1, NULL, 'Asia/Dhaka', 'Engli', '#', '#', '#', '#', NULL, NULL, NULL, NULL, NULL, NULL, 1, 1, 0, 0, 200.00, 1, 1, 0, 0, NULL, 0, NULL, 0, 1, NULL, 1, 1, '2021-03-25 11:29:57', '2021-03-25 11:29:57');

-- --------------------------------------------------------

--
-- Table structure for table `sliders`
--

CREATE TABLE `sliders` (
  `id` bigint(20) UNSIGNED NOT NULL,
  `school_id` int(10) UNSIGNED NOT NULL,
  `title` varchar(191) COLLATE utf8mb4_unicode_ci DEFAULT NULL,
  `image` varchar(191) COLLATE utf8mb4_unicode_ci NOT NULL,
  `link` varchar(191) COLLATE utf8mb4_unicode_ci DEFAULT NULL,
  `shortdrc` varchar(191) COLLATE utf8mb4_unicode_ci DEFAULT NULL,
  `priority` int(11) DEFAULT NULL,
  `status` tinyint(4) NOT NULL,
  `created_at` timestamp NULL DEFAULT NULL,
  `updated_at` timestamp NULL DEFAULT NULL
) ENGINE=InnoDB DEFAULT CHARSET=utf8mb4 COLLATE=utf8mb4_unicode_ci;

--
-- Dumping data for table `sliders`
--

INSERT INTO `sliders` (`id`, `school_id`, `title`, `image`, `link`, `shortdrc`, `priority`, `status`, `created_at`, `updated_at`) VALUES
(18, 1, 'My School', 'http://192.168.0.109:8001/storage/FA20165757S/FA20165757H/2021/MS/4721615093731.png', NULL, 'sdassascascascacacacacs', 1, 1, '2021-03-07 05:08:52', '2021-03-07 05:08:52'),
(19, 1, 'School Image', 'http://192.168.0.109:8001/storage/FA20165757S/FA20165757H/2021/MS/2471615093795.png', NULL, 'sadddeddwdwd', 2, 1, '2021-03-07 05:09:55', '2021-03-07 05:09:55'),
(20, 1, 'dbbgdfbbfdbfbdfb', 'http://192.168.0.109:8001/storage/FA20165757S/FA20165757H/2021/MS/9311615093817.png', NULL, 'fvdfvfdvdfvdf', 3, 1, '2021-03-07 05:10:17', '2021-03-07 05:10:17');

-- --------------------------------------------------------

--
-- Table structure for table `states`
--

CREATE TABLE `states` (
  `id` int(11) NOT NULL,
  `country_id` int(11) NOT NULL,
  `name` varchar(100) NOT NULL,
  `status` char(1) NOT NULL,
  `created_at` timestamp NULL DEFAULT NULL,
  `updated_at` timestamp NULL DEFAULT NULL
) ENGINE=InnoDB DEFAULT CHARSET=latin1;

--
-- Dumping data for table `states`
--

INSERT INTO `states` (`id`, `country_id`, `name`, `status`, `created_at`, `updated_at`) VALUES
(1, 1, 'Alabama', '1', '2018-12-21 21:17:05', '2020-12-12 06:54:47'),
(2, 1, 'Alaska', '1', '2018-12-21 21:17:36', '2020-09-02 21:54:58'),
(3, 1, 'Arizona', '1', '2018-12-21 21:18:05', '2020-09-03 15:13:30'),
(4, 1, 'Arkansas', '1', '2018-12-21 21:18:15', '2020-09-03 15:13:35'),
(5, 1, 'California', '1', '2018-12-21 21:18:21', '2020-09-03 15:13:39'),
(6, 1, 'Colorado', '1', '2018-12-21 21:18:31', '2020-09-03 15:13:44'),
(7, 1, 'Connecticut', '1', '2018-12-21 21:18:47', '2020-09-03 15:13:51'),
(8, 1, 'Delaware', '1', '2018-12-21 21:18:57', '2020-09-03 15:13:57'),
(9, 1, 'Florida', '1', '2018-12-21 21:19:03', '2020-09-03 15:14:02'),
(10, 1, 'Georgia', '1', '2018-12-21 21:19:08', '2020-09-03 15:14:09'),
(11, 1, 'Hawaii', '1', '2018-12-21 21:19:14', '2020-09-03 15:14:14'),
(12, 1, 'Idaho', '1', '2018-12-21 21:19:22', '2020-09-03 15:14:20'),
(13, 1, 'Illinois', '1', '2018-12-21 21:19:27', '2020-09-03 15:14:27'),
(14, 1, 'Indiana', '1', '2018-12-21 21:19:35', '2020-09-03 15:14:39'),
(15, 1, 'Iowa', '1', '2018-12-21 21:19:42', '2020-09-03 15:14:48'),
(16, 1, 'Kansas', '1', '2018-12-21 21:19:47', '2020-09-03 15:14:55'),
(17, 1, 'Kentucky', '1', '2018-12-21 21:19:54', '2020-09-03 15:15:00'),
(18, 1, 'Louisiana', '1', '2018-12-21 21:20:06', '2020-09-03 15:15:06'),
(19, 1, 'Maine', '1', '2018-12-21 21:20:12', '2020-09-03 15:15:10'),
(20, 1, 'Maryland', '1', '2018-12-21 21:20:18', '2020-09-03 15:15:14'),
(21, 1, 'Massachusetts', '1', '2018-12-21 21:20:29', '2020-09-03 15:15:21'),
(22, 1, 'Michigan', '1', '2018-12-21 21:20:34', '2020-09-03 15:15:28'),
(23, 1, 'Minnesota', '1', '2018-12-21 21:20:40', '2020-09-03 15:15:37'),
(24, 1, 'Mississippi', '1', '2018-12-21 21:20:47', '2020-09-03 15:15:47'),
(25, 1, 'Missouri', '1', '2018-12-21 21:20:53', '2020-09-03 15:15:57'),
(26, 1, 'Montana', '1', '2018-12-21 21:20:59', '2020-09-03 15:16:04'),
(27, 1, 'Nebraska', '1', '2018-12-21 21:21:05', '2020-09-03 15:16:11'),
(28, 1, 'Nevada', '1', '2018-12-21 21:21:12', '2020-09-03 15:16:19'),
(29, 1, 'New Hampshire', '1', '2018-12-21 21:21:33', '2020-09-03 15:16:26'),
(30, 1, 'New Jersey', '1', '2018-12-21 21:21:50', '2019-09-26 12:50:41'),
(31, 1, 'New Mexico', '1', '2018-12-21 21:21:56', '2020-09-03 15:16:44'),
(32, 1, 'New York', '1', '2018-12-21 21:22:02', '2019-07-05 15:42:46'),
(33, 1, 'North Carolina', '1', '2018-12-21 21:22:08', '2020-09-03 15:16:57'),
(34, 1, 'North Dakota', '1', '2018-12-21 21:22:13', '2020-09-03 15:17:05'),
(35, 1, 'Ohio', '1', '2018-12-21 21:22:18', '2020-09-03 15:17:11'),
(36, 1, 'Oklahoma', '1', '2018-12-21 21:22:24', '2020-09-03 15:17:18'),
(37, 1, 'Oregon', '1', '2018-12-21 21:22:30', '2020-09-03 15:17:25'),
(38, 1, 'Pennsylvania', '1', '2018-12-21 21:22:36', '2020-09-03 16:50:13'),
(39, 1, 'Rhode Island', '1', '2018-12-21 21:22:42', '2020-09-03 16:50:20'),
(40, 1, 'South Carolina', '1', '2018-12-21 21:22:47', '2020-09-03 16:50:32'),
(41, 1, 'South Dakota', '1', '2018-12-21 21:22:52', '2020-09-03 16:50:49'),
(42, 1, 'Tennessee', '1', '2018-12-21 21:22:58', '2020-09-03 16:50:55'),
(43, 1, 'Texas', '1', '2018-12-21 21:23:04', '2020-09-03 16:51:02'),
(44, 1, 'Utah', '1', '2018-12-21 21:23:09', '2020-09-03 16:51:08'),
(45, 1, 'Vermont', '1', '2018-12-21 21:23:15', '2020-09-03 16:51:15'),
(46, 1, 'Virginia', '1', '2018-12-21 21:23:21', '2020-09-03 16:51:22'),
(47, 1, 'Washington', '1', '2018-12-21 21:24:37', '2020-09-03 16:54:00'),
(48, 1, 'West Virginia', '1', '2018-12-21 21:24:43', '2020-09-03 16:51:36'),
(49, 1, 'Wisconsin', '1', '2018-12-21 21:24:48', '2020-09-03 16:51:42'),
(50, 1, 'Wyoming', '1', '2018-12-21 21:24:54', '2020-09-03 16:51:48'),
(51, 1, 'American Samoa', '1', '2018-12-21 21:24:59', '2020-09-03 16:51:55'),
(52, 1, 'District of Columbia', '1', '2018-12-21 21:25:04', '2020-09-03 16:52:02'),
(53, 1, 'Federated States of Micronesia', '1', '2018-12-21 21:25:11', '2020-09-03 16:52:11'),
(54, 1, 'Guam', '1', '2018-12-21 21:25:17', '2020-09-03 16:52:17'),
(55, 1, 'Marshall Islands', '1', '2018-12-21 21:25:23', '2020-09-03 16:52:23'),
(56, 1, 'Northern Mariana Islands', '1', '2018-12-21 21:25:27', '2020-09-03 16:52:29'),
(57, 1, 'Palau', '1', '2018-12-21 21:25:33', '2020-09-03 16:52:36'),
(58, 1, 'Puerto Rico', '1', '2018-12-21 21:25:39', '2020-09-03 16:52:42'),
(59, 1, 'Virgin Islands', '1', '2018-12-21 21:25:43', '2020-09-03 16:52:54'),
(60, 1, 'Dhaka', '1', '2019-01-08 05:29:46', '2020-12-12 07:00:54');

-- --------------------------------------------------------

--
-- Table structure for table `student_board_exams`
--

CREATE TABLE `student_board_exams` (
  `id` int(10) UNSIGNED NOT NULL,
  `student_id` int(10) UNSIGNED NOT NULL,
  `exam_name` varchar(191) COLLATE utf8mb4_unicode_ci NOT NULL,
  `group` varchar(191) COLLATE utf8mb4_unicode_ci NOT NULL,
  `roll` int(11) NOT NULL,
  `registration` int(11) NOT NULL,
  `session` varchar(191) COLLATE utf8mb4_unicode_ci NOT NULL,
  `board` varchar(191) COLLATE utf8mb4_unicode_ci NOT NULL,
  `passing_year` int(11) NOT NULL,
  `institution_name` varchar(191) COLLATE utf8mb4_unicode_ci NOT NULL,
  `gpa` double(8,2) NOT NULL,
  `user_id` int(10) UNSIGNED NOT NULL,
  `created_at` timestamp NULL DEFAULT NULL,
  `updated_at` timestamp NULL DEFAULT NULL
) ENGINE=InnoDB DEFAULT CHARSET=utf8mb4 COLLATE=utf8mb4_unicode_ci;

--
-- Dumping data for table `student_board_exams`
--

INSERT INTO `student_board_exams` (`id`, `student_id`, `exam_name`, `group`, `roll`, `registration`, `session`, `board`, `passing_year`, `institution_name`, `gpa`, `user_id`, `created_at`, `updated_at`) VALUES
(1, 111, 'A Level', 'commerce', 4766421, 3484065, '2018-19', 'rajsahi', 2011, 'efnj school', 5.00, 111, '2020-10-28 06:24:14', '2020-10-28 06:24:14'),
(2, 126, 'SSC', 'arts', 8132629, 9512669, '2018-19', 'sylhet', 2011, 'efnj school', 5.00, 126, '2020-10-28 06:24:14', '2020-10-28 06:24:14'),
(3, 156, 'SSC', 'science', 7733857, 6008322, '2018-19', 'rajsahi', 2011, 'efnj school', 5.00, 156, '2020-10-28 06:24:14', '2020-10-28 06:24:14'),
(4, 124, 'O Level', 'commerce', 4334201, 5338392, '2018-19', 'rajsahi', 2011, 'efnj school', 5.00, 124, '2020-10-28 06:24:14', '2020-10-28 06:24:14'),
(5, 135, 'A Level', 'commerce', 8658640, 8663686, '2018-19', 'rajsahi', 2011, 'efnj school', 5.00, 135, '2020-10-28 06:24:14', '2020-10-28 06:24:14'),
(6, 188, 'A Level', 'arts', 8669862, 8824103, '2018-19', 'rajsahi', 2011, 'efnj school', 5.00, 188, '2020-10-28 06:24:14', '2020-10-28 06:24:14'),
(7, 164, 'A Level', 'arts', 7941823, 8344790, '2018-19', 'rajsahi', 2011, 'efnj school', 5.00, 164, '2020-10-28 06:24:15', '2020-10-28 06:24:15'),
(8, 118, 'O Level', 'arts', 7905627, 6982104, '2018-19', 'sylhet', 2011, 'efnj school', 5.00, 118, '2020-10-28 06:24:15', '2020-10-28 06:24:15'),
(9, 105, 'JSC', 'commerce', 886127, 1701906, '2018-19', 'sylhet', 2011, 'efnj school', 5.00, 105, '2020-10-28 06:24:15', '2020-10-28 06:24:15'),
(10, 166, 'O Level', 'arts', 182934, 2629234, '2018-19', 'sylhet', 2011, 'efnj school', 5.00, 166, '2020-10-28 06:24:15', '2020-10-28 06:24:15'),
(11, 162, 'SSC', 'commerce', 7729604, 7956854, '2018-19', 'sylhet', 2011, 'efnj school', 5.00, 162, '2020-10-28 06:24:15', '2020-10-28 06:24:15'),
(12, 87, 'SSC', 'commerce', 9561190, 200828, '2018-19', 'rajsahi', 2011, 'efnj school', 5.00, 87, '2020-10-28 06:24:15', '2020-10-28 06:24:15'),
(13, 221, 'O Level', 'commerce', 2482255, 4021637, '2018-19', 'rajsahi', 2011, 'efnj school', 5.00, 221, '2020-10-28 06:24:15', '2020-10-28 06:24:15'),
(14, 140, 'A Level', 'arts', 2756521, 1802255, '2018-19', 'dhaka', 2011, 'efnj school', 5.00, 140, '2020-10-28 06:24:15', '2020-10-28 06:24:15'),
(15, 243, 'A Level', 'commerce', 7685317, 7044271, '2018-19', 'rajsahi', 2011, 'efnj school', 5.00, 243, '2020-10-28 06:24:15', '2020-10-28 06:24:15'),
(16, 70, 'A Level', 'arts', 8974131, 5139448, '2018-19', 'sylhet', 2011, 'efnj school', 5.00, 70, '2020-10-28 06:24:15', '2020-10-28 06:24:15'),
(17, 214, 'O Level', 'commerce', 5598850, 4231254, '2018-19', 'dhaka', 2011, 'efnj school', 5.00, 214, '2020-10-28 06:24:15', '2020-10-28 06:24:15'),
(18, 188, 'SSC', 'arts', 421420, 5122424, '2018-19', 'rajsahi', 2011, 'efnj school', 5.00, 188, '2020-10-28 06:24:15', '2020-10-28 06:24:15'),
(19, 128, 'SSC', 'science', 2578598, 9541457, '2018-19', 'sylhet', 2011, 'efnj school', 5.00, 128, '2020-10-28 06:24:15', '2020-10-28 06:24:15'),
(20, 102, 'A Level', 'science', 7372825, 3054535, '2018-19', 'rajsahi', 2011, 'efnj school', 5.00, 102, '2020-10-28 06:24:15', '2020-10-28 06:24:15'),
(21, 227, 'A Level', 'science', 2873751, 124388, '2018-19', 'sylhet', 2011, 'efnj school', 5.00, 227, '2020-10-28 06:24:15', '2020-10-28 06:24:15'),
(22, 250, 'SSC', 'science', 3872618, 7376060, '2018-19', 'dhaka', 2011, 'efnj school', 5.00, 250, '2020-10-28 06:24:15', '2020-10-28 06:24:15'),
(23, 256, 'O Level', 'science', 3751417, 4267197, '2018-19', 'sylhet', 2011, 'efnj school', 5.00, 256, '2020-10-28 06:24:15', '2020-10-28 06:24:15'),
(24, 137, 'A Level', 'commerce', 9786968, 687, '2018-19', 'rajsahi', 2011, 'efnj school', 5.00, 137, '2020-10-28 06:24:15', '2020-10-28 06:24:15'),
(25, 142, 'JSC', 'science', 3582595, 8341280, '2018-19', 'rajsahi', 2011, 'efnj school', 5.00, 142, '2020-10-28 06:24:15', '2020-10-28 06:24:15'),
(26, 120, 'SSC', 'commerce', 5291774, 116975, '2018-19', 'dhaka', 2011, 'efnj school', 5.00, 120, '2020-10-28 06:24:15', '2020-10-28 06:24:15'),
(27, 213, 'SSC', 'arts', 9680982, 3689173, '2018-19', 'rajsahi', 2011, 'efnj school', 5.00, 213, '2020-10-28 06:24:15', '2020-10-28 06:24:15'),
(28, 226, 'O Level', 'commerce', 5269869, 9152786, '2018-19', 'sylhet', 2011, 'efnj school', 5.00, 226, '2020-10-28 06:24:15', '2020-10-28 06:24:15'),
(29, 259, 'O Level', 'commerce', 5690798, 6663687, '2018-19', 'rajsahi', 2011, 'efnj school', 5.00, 259, '2020-10-28 06:24:15', '2020-10-28 06:24:15'),
(30, 176, 'A Level', 'arts', 4921633, 2119251, '2018-19', 'sylhet', 2011, 'efnj school', 5.00, 176, '2020-10-28 06:24:15', '2020-10-28 06:24:15'),
(31, 85, 'JSC', 'science', 924749, 3404594, '2018-19', 'dhaka', 2011, 'efnj school', 5.00, 85, '2020-10-28 06:24:15', '2020-10-28 06:24:15'),
(32, 157, 'A Level', 'arts', 7530830, 7982829, '2018-19', 'rajsahi', 2011, 'efnj school', 5.00, 157, '2020-10-28 06:24:15', '2020-10-28 06:24:15'),
(33, 261, 'JSC', 'arts', 5572098, 560572, '2018-19', 'rajsahi', 2011, 'efnj school', 5.00, 261, '2020-10-28 06:24:15', '2020-10-28 06:24:15'),
(34, 166, 'A Level', 'science', 9513752, 684226, '2018-19', 'sylhet', 2011, 'efnj school', 5.00, 166, '2020-10-28 06:24:15', '2020-10-28 06:24:15'),
(35, 155, 'SSC', 'commerce', 1224839, 3013710, '2018-19', 'rajsahi', 2011, 'efnj school', 5.00, 155, '2020-10-28 06:24:15', '2020-10-28 06:24:15'),
(36, 200, 'O Level', 'science', 5073836, 9156485, '2018-19', 'sylhet', 2011, 'efnj school', 5.00, 200, '2020-10-28 06:24:15', '2020-10-28 06:24:15'),
(37, 84, 'SSC', 'commerce', 3069557, 2531752, '2018-19', 'dhaka', 2011, 'efnj school', 5.00, 84, '2020-10-28 06:24:15', '2020-10-28 06:24:15'),
(38, 250, 'O Level', 'arts', 1028306, 8062975, '2018-19', 'dhaka', 2011, 'efnj school', 5.00, 250, '2020-10-28 06:24:15', '2020-10-28 06:24:15'),
(39, 188, 'A Level', 'science', 7023394, 9316306, '2018-19', 'sylhet', 2011, 'efnj school', 5.00, 188, '2020-10-28 06:24:15', '2020-10-28 06:24:15'),
(40, 195, 'A Level', 'commerce', 6383252, 2321720, '2018-19', 'sylhet', 2011, 'efnj school', 5.00, 195, '2020-10-28 06:24:16', '2020-10-28 06:24:16'),
(41, 191, 'O Level', 'science', 2715773, 2462156, '2018-19', 'dhaka', 2011, 'efnj school', 5.00, 191, '2020-10-28 06:24:16', '2020-10-28 06:24:16'),
(42, 91, 'JSC', 'commerce', 6345751, 7694898, '2018-19', 'dhaka', 2011, 'efnj school', 5.00, 91, '2020-10-28 06:24:16', '2020-10-28 06:24:16'),
(43, 121, 'O Level', 'arts', 6478966, 5639044, '2018-19', 'rajsahi', 2011, 'efnj school', 5.00, 121, '2020-10-28 06:24:16', '2020-10-28 06:24:16'),
(44, 134, 'JSC', 'commerce', 2411594, 8425025, '2018-19', 'sylhet', 2011, 'efnj school', 5.00, 134, '2020-10-28 06:24:16', '2020-10-28 06:24:16'),
(45, 77, 'JSC', 'arts', 2710570, 9611667, '2018-19', 'dhaka', 2011, 'efnj school', 5.00, 77, '2020-10-28 06:24:16', '2020-10-28 06:24:16'),
(46, 182, 'SSC', 'commerce', 5076462, 3169879, '2018-19', 'rajsahi', 2011, 'efnj school', 5.00, 182, '2020-10-28 06:24:16', '2020-10-28 06:24:16'),
(47, 224, 'SSC', 'science', 8016620, 8642621, '2018-19', 'sylhet', 2011, 'efnj school', 5.00, 224, '2020-10-28 06:24:16', '2020-10-28 06:24:16'),
(48, 156, 'A Level', 'arts', 5604127, 6554961, '2018-19', 'sylhet', 2011, 'efnj school', 5.00, 156, '2020-10-28 06:24:16', '2020-10-28 06:24:16'),
(49, 98, 'O Level', 'arts', 1921068, 3510179, '2018-19', 'rajsahi', 2011, 'efnj school', 5.00, 98, '2020-10-28 06:24:16', '2020-10-28 06:24:16'),
(50, 76, 'O Level', 'commerce', 8048991, 7719957, '2018-19', 'sylhet', 2011, 'efnj school', 5.00, 76, '2020-10-28 06:24:16', '2020-10-28 06:24:16'),
(51, 182, 'A Level', 'science', 1385290, 137421, '2018-19', 'dhaka', 2011, 'efnj school', 5.00, 182, '2020-10-28 06:24:16', '2020-10-28 06:24:16'),
(52, 109, 'A Level', 'science', 4134186, 8983431, '2018-19', 'sylhet', 2011, 'efnj school', 5.00, 109, '2020-10-28 06:24:16', '2020-10-28 06:24:16'),
(53, 175, 'A Level', 'arts', 1914764, 2089940, '2018-19', 'dhaka', 2011, 'efnj school', 5.00, 175, '2020-10-28 06:24:16', '2020-10-28 06:24:16'),
(54, 168, 'O Level', 'commerce', 4994284, 6261684, '2018-19', 'dhaka', 2011, 'efnj school', 5.00, 168, '2020-10-28 06:24:16', '2020-10-28 06:24:16'),
(55, 197, 'JSC', 'science', 6264198, 7426166, '2018-19', 'dhaka', 2011, 'efnj school', 5.00, 197, '2020-10-28 06:24:16', '2020-10-28 06:24:16'),
(56, 236, 'SSC', 'commerce', 5001596, 6088219, '2018-19', 'rajsahi', 2011, 'efnj school', 5.00, 236, '2020-10-28 06:24:16', '2020-10-28 06:24:16'),
(57, 204, 'O Level', 'commerce', 9315376, 551491, '2018-19', 'sylhet', 2011, 'efnj school', 5.00, 204, '2020-10-28 06:24:16', '2020-10-28 06:24:16'),
(58, 78, 'O Level', 'science', 9229772, 9744141, '2018-19', 'sylhet', 2011, 'efnj school', 5.00, 78, '2020-10-28 06:24:16', '2020-10-28 06:24:16'),
(59, 87, 'JSC', 'commerce', 5437259, 2279290, '2018-19', 'rajsahi', 2011, 'efnj school', 5.00, 87, '2020-10-28 06:24:16', '2020-10-28 06:24:16'),
(60, 199, 'JSC', 'commerce', 910131, 3411602, '2018-19', 'sylhet', 2011, 'efnj school', 5.00, 199, '2020-10-28 06:24:16', '2020-10-28 06:24:16'),
(61, 219, 'O Level', 'arts', 9093373, 1808996, '2018-19', 'sylhet', 2011, 'efnj school', 5.00, 219, '2020-10-28 06:24:16', '2020-10-28 06:24:16'),
(62, 237, 'A Level', 'arts', 3891919, 6841083, '2018-19', 'rajsahi', 2011, 'efnj school', 5.00, 237, '2020-10-28 06:24:16', '2020-10-28 06:24:16'),
(63, 111, 'A Level', 'arts', 1755465, 2174829, '2018-19', 'dhaka', 2011, 'efnj school', 5.00, 111, '2020-10-28 06:24:16', '2020-10-28 06:24:16'),
(64, 144, 'SSC', 'commerce', 1901482, 9556131, '2018-19', 'sylhet', 2011, 'efnj school', 5.00, 144, '2020-10-28 06:24:16', '2020-10-28 06:24:16'),
(65, 128, 'SSC', 'science', 9141299, 5117531, '2018-19', 'sylhet', 2011, 'efnj school', 5.00, 128, '2020-10-28 06:24:16', '2020-10-28 06:24:16'),
(66, 145, 'O Level', 'science', 4388503, 9606761, '2018-19', 'dhaka', 2011, 'efnj school', 5.00, 145, '2020-10-28 06:24:16', '2020-10-28 06:24:16'),
(67, 69, 'JSC', 'arts', 5614293, 5445140, '2018-19', 'dhaka', 2011, 'efnj school', 5.00, 69, '2020-10-28 06:24:16', '2020-10-28 06:24:16'),
(68, 241, 'A Level', 'commerce', 7663842, 6482082, '2018-19', 'sylhet', 2011, 'efnj school', 5.00, 241, '2020-10-28 06:24:16', '2020-10-28 06:24:16'),
(69, 179, 'SSC', 'commerce', 4720469, 6106333, '2018-19', 'sylhet', 2011, 'efnj school', 5.00, 179, '2020-10-28 06:24:16', '2020-10-28 06:24:16'),
(70, 210, 'A Level', 'science', 691711, 2913960, '2018-19', 'sylhet', 2011, 'efnj school', 5.00, 210, '2020-10-28 06:24:16', '2020-10-28 06:24:16'),
(71, 191, 'O Level', 'arts', 9256654, 6306937, '2018-19', 'sylhet', 2011, 'efnj school', 5.00, 191, '2020-10-28 06:24:16', '2020-10-28 06:24:16'),
(72, 199, 'A Level', 'commerce', 3850115, 8278351, '2018-19', 'dhaka', 2011, 'efnj school', 5.00, 199, '2020-10-28 06:24:16', '2020-10-28 06:24:16'),
(73, 223, 'JSC', 'commerce', 1935581, 2290268, '2018-19', 'rajsahi', 2011, 'efnj school', 5.00, 223, '2020-10-28 06:24:16', '2020-10-28 06:24:16'),
(74, 118, 'O Level', 'commerce', 7639231, 6699231, '2018-19', 'sylhet', 2011, 'efnj school', 5.00, 118, '2020-10-28 06:24:17', '2020-10-28 06:24:17'),
(75, 88, 'JSC', 'commerce', 7823037, 1135729, '2018-19', 'sylhet', 2011, 'efnj school', 5.00, 88, '2020-10-28 06:24:17', '2020-10-28 06:24:17'),
(76, 228, 'SSC', 'science', 8757346, 7331983, '2018-19', 'rajsahi', 2011, 'efnj school', 5.00, 228, '2020-10-28 06:24:17', '2020-10-28 06:24:17'),
(77, 83, 'JSC', 'commerce', 8792906, 7719583, '2018-19', 'rajsahi', 2011, 'efnj school', 5.00, 83, '2020-10-28 06:24:17', '2020-10-28 06:24:17'),
(78, 256, 'JSC', 'commerce', 3679013, 8216948, '2018-19', 'sylhet', 2011, 'efnj school', 5.00, 256, '2020-10-28 06:24:17', '2020-10-28 06:24:17'),
(79, 224, 'JSC', 'science', 455275, 6525743, '2018-19', 'dhaka', 2011, 'efnj school', 5.00, 224, '2020-10-28 06:24:17', '2020-10-28 06:24:17'),
(80, 205, 'JSC', 'arts', 4605006, 7926332, '2018-19', 'dhaka', 2011, 'efnj school', 5.00, 205, '2020-10-28 06:24:17', '2020-10-28 06:24:17'),
(81, 206, 'O Level', 'commerce', 7014986, 6968145, '2018-19', 'sylhet', 2011, 'efnj school', 5.00, 206, '2020-10-28 06:24:17', '2020-10-28 06:24:17'),
(82, 81, 'A Level', 'commerce', 5787771, 3692883, '2018-19', 'rajsahi', 2011, 'efnj school', 5.00, 81, '2020-10-28 06:24:17', '2020-10-28 06:24:17'),
(83, 257, 'JSC', 'science', 6754317, 9126901, '2018-19', 'dhaka', 2011, 'efnj school', 5.00, 257, '2020-10-28 06:24:17', '2020-10-28 06:24:17'),
(84, 211, 'SSC', 'science', 7137305, 9685787, '2018-19', 'sylhet', 2011, 'efnj school', 5.00, 211, '2020-10-28 06:24:17', '2020-10-28 06:24:17'),
(85, 136, 'O Level', 'arts', 7221000, 5626380, '2018-19', 'dhaka', 2011, 'efnj school', 5.00, 136, '2020-10-28 06:24:17', '2020-10-28 06:24:17'),
(86, 84, 'O Level', 'science', 2267744, 1929852, '2018-19', 'rajsahi', 2011, 'efnj school', 5.00, 84, '2020-10-28 06:24:17', '2020-10-28 06:24:17'),
(87, 243, 'A Level', 'arts', 144746, 3424270, '2018-19', 'dhaka', 2011, 'efnj school', 5.00, 243, '2020-10-28 06:24:17', '2020-10-28 06:24:17'),
(88, 117, 'SSC', 'arts', 851695, 7161675, '2018-19', 'dhaka', 2011, 'efnj school', 5.00, 117, '2020-10-28 06:24:17', '2020-10-28 06:24:17'),
(89, 256, 'SSC', 'arts', 9781530, 2849233, '2018-19', 'sylhet', 2011, 'efnj school', 5.00, 256, '2020-10-28 06:24:17', '2020-10-28 06:24:17'),
(90, 110, 'JSC', 'commerce', 102308, 6102009, '2018-19', 'dhaka', 2011, 'efnj school', 5.00, 110, '2020-10-28 06:24:17', '2020-10-28 06:24:17'),
(91, 94, 'SSC', 'science', 7424189, 4285215, '2018-19', 'dhaka', 2011, 'efnj school', 5.00, 94, '2020-10-28 06:24:17', '2020-10-28 06:24:17'),
(92, 147, 'JSC', 'science', 4436249, 6761383, '2018-19', 'dhaka', 2011, 'efnj school', 5.00, 147, '2020-10-28 06:24:17', '2020-10-28 06:24:17'),
(93, 179, 'JSC', 'commerce', 9249200, 8248900, '2018-19', 'rajsahi', 2011, 'efnj school', 5.00, 179, '2020-10-28 06:24:17', '2020-10-28 06:24:17'),
(94, 114, 'SSC', 'commerce', 7643484, 2093068, '2018-19', 'dhaka', 2011, 'efnj school', 5.00, 114, '2020-10-28 06:24:17', '2020-10-28 06:24:17'),
(95, 88, 'JSC', 'commerce', 6718714, 3477342, '2018-19', 'sylhet', 2011, 'efnj school', 5.00, 88, '2020-10-28 06:24:17', '2020-10-28 06:24:17'),
(96, 102, 'O Level', 'arts', 3080330, 4997674, '2018-19', 'rajsahi', 2011, 'efnj school', 5.00, 102, '2020-10-28 06:24:17', '2020-10-28 06:24:17'),
(97, 97, 'O Level', 'arts', 7628463, 7092417, '2018-19', 'rajsahi', 2011, 'efnj school', 5.00, 97, '2020-10-28 06:24:17', '2020-10-28 06:24:17'),
(98, 80, 'JSC', 'science', 3959525, 9508693, '2018-19', 'sylhet', 2011, 'efnj school', 5.00, 80, '2020-10-28 06:24:17', '2020-10-28 06:24:17'),
(99, 86, 'A Level', 'commerce', 3086465, 6034189, '2018-19', 'sylhet', 2011, 'efnj school', 5.00, 86, '2020-10-28 06:24:17', '2020-10-28 06:24:17'),
(100, 188, 'O Level', 'arts', 6850486, 3225611, '2018-19', 'sylhet', 2011, 'efnj school', 5.00, 188, '2020-10-28 06:24:17', '2020-10-28 06:24:17'),
(101, 248, 'JSC', 'science', 5726110, 7353144, '2018-19', 'sylhet', 2011, 'efnj school', 5.00, 248, '2020-10-28 06:24:17', '2020-10-28 06:24:17'),
(102, 135, 'SSC', 'arts', 3850965, 88983, '2018-19', 'sylhet', 2011, 'efnj school', 5.00, 135, '2020-10-28 06:24:17', '2020-10-28 06:24:17'),
(103, 93, 'JSC', 'science', 9944669, 4746034, '2018-19', 'dhaka', 2011, 'efnj school', 5.00, 93, '2020-10-28 06:24:17', '2020-10-28 06:24:17'),
(104, 114, 'SSC', 'arts', 9081414, 5666961, '2018-19', 'rajsahi', 2011, 'efnj school', 5.00, 114, '2020-10-28 06:24:17', '2020-10-28 06:24:17'),
(105, 109, 'A Level', 'commerce', 2534815, 4810925, '2018-19', 'sylhet', 2011, 'efnj school', 5.00, 109, '2020-10-28 06:24:18', '2020-10-28 06:24:18'),
(106, 85, 'SSC', 'science', 8122728, 8425875, '2018-19', 'rajsahi', 2011, 'efnj school', 5.00, 85, '2020-10-28 06:24:18', '2020-10-28 06:24:18'),
(107, 178, 'O Level', 'science', 4670312, 7410826, '2018-19', 'sylhet', 2011, 'efnj school', 5.00, 178, '2020-10-28 06:24:18', '2020-10-28 06:24:18'),
(108, 135, 'A Level', 'science', 5038187, 5462638, '2018-19', 'sylhet', 2011, 'efnj school', 5.00, 135, '2020-10-28 06:24:18', '2020-10-28 06:24:18'),
(109, 260, 'JSC', 'arts', 19008, 5241304, '2018-19', 'rajsahi', 2011, 'efnj school', 5.00, 260, '2020-10-28 06:24:18', '2020-10-28 06:24:18'),
(110, 153, 'A Level', 'science', 8381996, 5308308, '2018-19', 'dhaka', 2011, 'efnj school', 5.00, 153, '2020-10-28 06:24:18', '2020-10-28 06:24:18'),
(111, 136, 'SSC', 'commerce', 9191710, 8661126, '2018-19', 'rajsahi', 2011, 'efnj school', 5.00, 136, '2020-10-28 06:24:18', '2020-10-28 06:24:18'),
(112, 147, 'A Level', 'science', 7524202, 1307622, '2018-19', 'sylhet', 2011, 'efnj school', 5.00, 147, '2020-10-28 06:24:18', '2020-10-28 06:24:18'),
(113, 243, 'A Level', 'science', 6210990, 7898432, '2018-19', 'dhaka', 2011, 'efnj school', 5.00, 243, '2020-10-28 06:24:18', '2020-10-28 06:24:18'),
(114, 150, 'A Level', 'science', 5804895, 1807221, '2018-19', 'dhaka', 2011, 'efnj school', 5.00, 150, '2020-10-28 06:24:18', '2020-10-28 06:24:18'),
(115, 160, 'O Level', 'arts', 563084, 5623680, '2018-19', 'sylhet', 2011, 'efnj school', 5.00, 160, '2020-10-28 06:24:18', '2020-10-28 06:24:18'),
(116, 257, 'O Level', 'arts', 7215239, 4378399, '2018-19', 'rajsahi', 2011, 'efnj school', 5.00, 257, '2020-10-28 06:24:18', '2020-10-28 06:24:18'),
(117, 240, 'A Level', 'commerce', 8841936, 2474799, '2018-19', 'rajsahi', 2011, 'efnj school', 5.00, 240, '2020-10-28 06:24:18', '2020-10-28 06:24:18'),
(118, 171, 'SSC', 'arts', 7956718, 7805605, '2018-19', 'rajsahi', 2011, 'efnj school', 5.00, 171, '2020-10-28 06:24:18', '2020-10-28 06:24:18'),
(119, 68, 'A Level', 'arts', 5418442, 4155628, '2018-19', 'sylhet', 2011, 'efnj school', 5.00, 68, '2020-10-28 06:24:18', '2020-10-28 06:24:18'),
(120, 194, 'O Level', 'arts', 4859730, 8306881, '2018-19', 'sylhet', 2011, 'efnj school', 5.00, 194, '2020-10-28 06:24:18', '2020-10-28 06:24:18'),
(121, 241, 'O Level', 'arts', 9638321, 4892851, '2018-19', 'sylhet', 2011, 'efnj school', 5.00, 241, '2020-10-28 06:24:18', '2020-10-28 06:24:18'),
(122, 231, 'A Level', 'science', 2408422, 6734526, '2018-19', 'sylhet', 2011, 'efnj school', 5.00, 231, '2020-10-28 06:24:18', '2020-10-28 06:24:18'),
(123, 91, 'SSC', 'science', 8570185, 2962285, '2018-19', 'sylhet', 2011, 'efnj school', 5.00, 91, '2020-10-28 06:24:18', '2020-10-28 06:24:18'),
(124, 181, 'A Level', 'arts', 8018411, 6100485, '2018-19', 'dhaka', 2011, 'efnj school', 5.00, 181, '2020-10-28 06:24:18', '2020-10-28 06:24:18'),
(125, 197, 'SSC', 'science', 5691670, 9663011, '2018-19', 'sylhet', 2011, 'efnj school', 5.00, 197, '2020-10-28 06:24:18', '2020-10-28 06:24:18'),
(126, 222, 'SSC', 'commerce', 6389398, 5072207, '2018-19', 'sylhet', 2011, 'efnj school', 5.00, 222, '2020-10-28 06:24:18', '2020-10-28 06:24:18'),
(127, 68, 'A Level', 'commerce', 2419308, 8314534, '2018-19', 'rajsahi', 2011, 'efnj school', 5.00, 68, '2020-10-28 06:24:18', '2020-10-28 06:24:18'),
(128, 81, 'O Level', 'arts', 3770412, 2164006, '2018-19', 'rajsahi', 2011, 'efnj school', 5.00, 81, '2020-10-28 06:24:18', '2020-10-28 06:24:18'),
(129, 259, 'O Level', 'arts', 233064, 163001, '2018-19', 'sylhet', 2011, 'efnj school', 5.00, 259, '2020-10-28 06:24:18', '2020-10-28 06:24:18'),
(130, 88, 'A Level', 'commerce', 9051486, 3275336, '2018-19', 'sylhet', 2011, 'efnj school', 5.00, 88, '2020-10-28 06:24:18', '2020-10-28 06:24:18'),
(131, 221, 'O Level', 'arts', 8057677, 6221605, '2018-19', 'rajsahi', 2011, 'efnj school', 5.00, 221, '2020-10-28 06:24:18', '2020-10-28 06:24:18'),
(132, 173, 'A Level', 'science', 4995118, 546870, '2018-19', 'rajsahi', 2011, 'efnj school', 5.00, 173, '2020-10-28 06:24:18', '2020-10-28 06:24:18'),
(133, 242, 'JSC', 'science', 3120030, 7793135, '2018-19', 'rajsahi', 2011, 'efnj school', 5.00, 242, '2020-10-28 06:24:18', '2020-10-28 06:24:18'),
(134, 178, 'SSC', 'arts', 6354248, 6179945, '2018-19', 'sylhet', 2011, 'efnj school', 5.00, 178, '2020-10-28 06:24:18', '2020-10-28 06:24:18'),
(135, 97, 'O Level', 'arts', 503772, 1508336, '2018-19', 'dhaka', 2011, 'efnj school', 5.00, 97, '2020-10-28 06:24:18', '2020-10-28 06:24:18'),
(136, 146, 'JSC', 'science', 7954710, 666016, '2018-19', 'sylhet', 2011, 'efnj school', 5.00, 146, '2020-10-28 06:24:18', '2020-10-28 06:24:18'),
(137, 200, 'JSC', 'science', 8962123, 8213358, '2018-19', 'dhaka', 2011, 'efnj school', 5.00, 200, '2020-10-28 06:24:19', '2020-10-28 06:24:19'),
(138, 144, 'SSC', 'science', 4959052, 873033, '2018-19', 'dhaka', 2011, 'efnj school', 5.00, 144, '2020-10-28 06:24:19', '2020-10-28 06:24:19'),
(139, 128, 'JSC', 'commerce', 5044444, 3224535, '2018-19', 'sylhet', 2011, 'efnj school', 5.00, 128, '2020-10-28 06:24:19', '2020-10-28 06:24:19'),
(140, 163, 'SSC', 'commerce', 5420582, 1309369, '2018-19', 'rajsahi', 2011, 'efnj school', 5.00, 163, '2020-10-28 06:24:19', '2020-10-28 06:24:19'),
(141, 210, 'SSC', 'science', 9315743, 4272013, '2018-19', 'rajsahi', 2011, 'efnj school', 5.00, 210, '2020-10-28 06:24:19', '2020-10-28 06:24:19'),
(142, 104, 'O Level', 'commerce', 3398575, 1575424, '2018-19', 'sylhet', 2011, 'efnj school', 5.00, 104, '2020-10-28 06:24:19', '2020-10-28 06:24:19'),
(143, 253, 'SSC', 'arts', 3365049, 6189342, '2018-19', 'rajsahi', 2011, 'efnj school', 5.00, 253, '2020-10-28 06:24:19', '2020-10-28 06:24:19'),
(144, 128, 'JSC', 'arts', 5081732, 569105, '2018-19', 'sylhet', 2011, 'efnj school', 5.00, 128, '2020-10-28 06:24:19', '2020-10-28 06:24:19'),
(145, 131, 'O Level', 'arts', 9967366, 1672885, '2018-19', 'sylhet', 2011, 'efnj school', 5.00, 131, '2020-10-28 06:24:19', '2020-10-28 06:24:19'),
(146, 75, 'JSC', 'commerce', 9633751, 1618839, '2018-19', 'dhaka', 2011, 'efnj school', 5.00, 75, '2020-10-28 06:24:19', '2020-10-28 06:24:19'),
(147, 65, 'O Level', 'science', 7849484, 1779617, '2018-19', 'sylhet', 2011, 'efnj school', 5.00, 65, '2020-10-28 06:24:19', '2020-10-28 06:24:19'),
(148, 260, 'O Level', 'commerce', 8622189, 896346, '2018-19', 'rajsahi', 2011, 'efnj school', 5.00, 260, '2020-10-28 06:24:19', '2020-10-28 06:24:19'),
(149, 207, 'A Level', 'arts', 2036789, 4708459, '2018-19', 'dhaka', 2011, 'efnj school', 5.00, 207, '2020-10-28 06:24:19', '2020-10-28 06:24:19'),
(150, 95, 'SSC', 'science', 1738836, 910490, '2018-19', 'sylhet', 2011, 'efnj school', 5.00, 95, '2020-10-28 06:24:19', '2020-10-28 06:24:19'),
(151, 197, 'SSC', 'arts', 9406831, 5626945, '2018-19', 'dhaka', 2011, 'efnj school', 5.00, 197, '2020-10-28 06:24:19', '2020-10-28 06:24:19'),
(152, 67, 'O Level', 'science', 2289843, 152645, '2018-19', 'sylhet', 2011, 'efnj school', 5.00, 67, '2020-10-28 06:24:19', '2020-10-28 06:24:19'),
(153, 88, 'SSC', 'commerce', 538885, 313152, '2018-19', 'sylhet', 2011, 'efnj school', 5.00, 88, '2020-10-28 06:24:19', '2020-10-28 06:24:19'),
(154, 127, 'A Level', 'commerce', 7676622, 2682629, '2018-19', 'dhaka', 2011, 'efnj school', 5.00, 127, '2020-10-28 06:24:19', '2020-10-28 06:24:19'),
(155, 208, 'JSC', 'arts', 6156485, 8612539, '2018-19', 'sylhet', 2011, 'efnj school', 5.00, 208, '2020-10-28 06:24:19', '2020-10-28 06:24:19'),
(156, 141, 'O Level', 'commerce', 7743454, 3269296, '2018-19', 'dhaka', 2011, 'efnj school', 5.00, 141, '2020-10-28 06:24:19', '2020-10-28 06:24:19'),
(157, 88, 'SSC', 'arts', 3436571, 5104440, '2018-19', 'sylhet', 2011, 'efnj school', 5.00, 88, '2020-10-28 06:24:19', '2020-10-28 06:24:19'),
(158, 125, 'O Level', 'commerce', 4108588, 3420481, '2018-19', 'sylhet', 2011, 'efnj school', 5.00, 125, '2020-10-28 06:24:19', '2020-10-28 06:24:19'),
(159, 131, 'JSC', 'arts', 5019955, 4433160, '2018-19', 'sylhet', 2011, 'efnj school', 5.00, 131, '2020-10-28 06:24:19', '2020-10-28 06:24:19'),
(160, 161, 'A Level', 'commerce', 4994148, 6766690, '2018-19', 'sylhet', 2011, 'efnj school', 5.00, 161, '2020-10-28 06:24:19', '2020-10-28 06:24:19'),
(161, 138, 'O Level', 'science', 6574118, 2370392, '2018-19', 'rajsahi', 2011, 'efnj school', 5.00, 138, '2020-10-28 06:24:19', '2020-10-28 06:24:19'),
(162, 80, 'JSC', 'commerce', 3864511, 767733, '2018-19', 'rajsahi', 2011, 'efnj school', 5.00, 80, '2020-10-28 06:24:19', '2020-10-28 06:24:19'),
(163, 229, 'A Level', 'arts', 1106265, 1783709, '2018-19', 'sylhet', 2011, 'efnj school', 5.00, 229, '2020-10-28 06:24:19', '2020-10-28 06:24:19'),
(164, 113, 'O Level', 'arts', 7989657, 851588, '2018-19', 'sylhet', 2011, 'efnj school', 5.00, 113, '2020-10-28 06:24:19', '2020-10-28 06:24:19'),
(165, 188, 'A Level', 'commerce', 9847441, 7367635, '2018-19', 'rajsahi', 2011, 'efnj school', 5.00, 188, '2020-10-28 06:24:19', '2020-10-28 06:24:19'),
(166, 236, 'SSC', 'science', 562431, 3613574, '2018-19', 'rajsahi', 2011, 'efnj school', 5.00, 236, '2020-10-28 06:24:19', '2020-10-28 06:24:19'),
(167, 89, 'JSC', 'science', 6836027, 2269878, '2018-19', 'sylhet', 2011, 'efnj school', 5.00, 89, '2020-10-28 06:24:19', '2020-10-28 06:24:19'),
(168, 111, 'SSC', 'arts', 6728280, 6385098, '2018-19', 'dhaka', 2011, 'efnj school', 5.00, 111, '2020-10-28 06:24:19', '2020-10-28 06:24:19'),
(169, 62, 'SSC', 'commerce', 761544, 8681210, '2018-19', 'dhaka', 2011, 'efnj school', 5.00, 62, '2020-10-28 06:24:20', '2020-10-28 06:24:20'),
(170, 188, 'A Level', 'arts', 7292439, 5383553, '2018-19', 'sylhet', 2011, 'efnj school', 5.00, 188, '2020-10-28 06:24:20', '2020-10-28 06:24:20'),
(171, 245, 'O Level', 'arts', 9782128, 5819122, '2018-19', 'sylhet', 2011, 'efnj school', 5.00, 245, '2020-10-28 06:24:20', '2020-10-28 06:24:20'),
(172, 141, 'O Level', 'commerce', 1994065, 6298095, '2018-19', 'rajsahi', 2011, 'efnj school', 5.00, 141, '2020-10-28 06:24:20', '2020-10-28 06:24:20'),
(173, 196, 'O Level', 'arts', 3073200, 7260298, '2018-19', 'sylhet', 2011, 'efnj school', 5.00, 196, '2020-10-28 06:24:20', '2020-10-28 06:24:20'),
(174, 104, 'O Level', 'science', 6549537, 4937015, '2018-19', 'sylhet', 2011, 'efnj school', 5.00, 104, '2020-10-28 06:24:20', '2020-10-28 06:24:20'),
(175, 178, 'SSC', 'commerce', 3149471, 4687912, '2018-19', 'dhaka', 2011, 'efnj school', 5.00, 178, '2020-10-28 06:24:20', '2020-10-28 06:24:20'),
(176, 88, 'O Level', 'arts', 5847804, 3878633, '2018-19', 'sylhet', 2011, 'efnj school', 5.00, 88, '2020-10-28 06:24:20', '2020-10-28 06:24:20'),
(177, 242, 'A Level', 'commerce', 1154566, 5189307, '2018-19', 'dhaka', 2011, 'efnj school', 5.00, 242, '2020-10-28 06:24:20', '2020-10-28 06:24:20'),
(178, 169, 'O Level', 'commerce', 209078, 580322, '2018-19', 'rajsahi', 2011, 'efnj school', 5.00, 169, '2020-10-28 06:24:20', '2020-10-28 06:24:20'),
(179, 235, 'A Level', 'science', 6677273, 7079800, '2018-19', 'sylhet', 2011, 'efnj school', 5.00, 235, '2020-10-28 06:24:20', '2020-10-28 06:24:20'),
(180, 194, 'A Level', 'commerce', 1211042, 6372509, '2018-19', 'dhaka', 2011, 'efnj school', 5.00, 194, '2020-10-28 06:24:20', '2020-10-28 06:24:20'),
(181, 254, 'A Level', 'arts', 500872, 4023925, '2018-19', 'dhaka', 2011, 'efnj school', 5.00, 254, '2020-10-28 06:24:20', '2020-10-28 06:24:20'),
(182, 254, 'JSC', 'commerce', 234536, 5444601, '2018-19', 'sylhet', 2011, 'efnj school', 5.00, 254, '2020-10-28 06:24:20', '2020-10-28 06:24:20'),
(183, 156, 'A Level', 'science', 8653449, 8543475, '2018-19', 'rajsahi', 2011, 'efnj school', 5.00, 156, '2020-10-28 06:24:20', '2020-10-28 06:24:20'),
(184, 105, 'SSC', 'science', 7538387, 1397399, '2018-19', 'dhaka', 2011, 'efnj school', 5.00, 105, '2020-10-28 06:24:20', '2020-10-28 06:24:20'),
(185, 239, 'O Level', 'science', 4296850, 6169071, '2018-19', 'sylhet', 2011, 'efnj school', 5.00, 239, '2020-10-28 06:24:20', '2020-10-28 06:24:20'),
(186, 82, 'A Level', 'science', 8175761, 5214467, '2018-19', 'sylhet', 2011, 'efnj school', 5.00, 82, '2020-10-28 06:24:20', '2020-10-28 06:24:20'),
(187, 130, 'JSC', 'commerce', 8457862, 24408, '2018-19', 'rajsahi', 2011, 'efnj school', 5.00, 130, '2020-10-28 06:24:20', '2020-10-28 06:24:20'),
(188, 214, 'O Level', 'commerce', 9113704, 8909034, '2018-19', 'sylhet', 2011, 'efnj school', 5.00, 214, '2020-10-28 06:24:20', '2020-10-28 06:24:20'),
(189, 194, 'O Level', 'science', 9557630, 6298997, '2018-19', 'dhaka', 2011, 'efnj school', 5.00, 194, '2020-10-28 06:24:20', '2020-10-28 06:24:20'),
(190, 248, 'A Level', 'arts', 7366212, 3877541, '2018-19', 'dhaka', 2011, 'efnj school', 5.00, 248, '2020-10-28 06:24:20', '2020-10-28 06:24:20'),
(191, 133, 'JSC', 'commerce', 4803608, 6245886, '2018-19', 'rajsahi', 2011, 'efnj school', 5.00, 133, '2020-10-28 06:24:20', '2020-10-28 06:24:20'),
(192, 109, 'A Level', 'science', 3286087, 237389, '2018-19', 'sylhet', 2011, 'efnj school', 5.00, 109, '2020-10-28 06:24:20', '2020-10-28 06:24:20'),
(193, 95, 'A Level', 'science', 3377164, 9104228, '2018-19', 'rajsahi', 2011, 'efnj school', 5.00, 95, '2020-10-28 06:24:20', '2020-10-28 06:24:20'),
(194, 256, 'A Level', 'arts', 8105767, 1622707, '2018-19', 'rajsahi', 2011, 'efnj school', 5.00, 256, '2020-10-28 06:24:20', '2020-10-28 06:24:20'),
(195, 77, 'O Level', 'science', 2405802, 3338058, '2018-19', 'rajsahi', 2011, 'efnj school', 5.00, 77, '2020-10-28 06:24:20', '2020-10-28 06:24:20'),
(196, 148, 'SSC', 'science', 6270747, 267695, '2018-19', 'dhaka', 2011, 'efnj school', 5.00, 148, '2020-10-28 06:24:21', '2020-10-28 06:24:21'),
(197, 70, 'A Level', 'arts', 7400962, 7334061, '2018-19', 'rajsahi', 2011, 'efnj school', 5.00, 70, '2020-10-28 06:24:21', '2020-10-28 06:24:21'),
(198, 234, 'O Level', 'arts', 1290206, 7560179, '2018-19', 'rajsahi', 2011, 'efnj school', 5.00, 234, '2020-10-28 06:24:21', '2020-10-28 06:24:21'),
(199, 150, 'SSC', 'science', 8687134, 7800599, '2018-19', 'rajsahi', 2011, 'efnj school', 5.00, 150, '2020-10-28 06:24:21', '2020-10-28 06:24:21'),
(200, 144, 'JSC', 'science', 1745641, 204562, '2018-19', 'dhaka', 2011, 'efnj school', 5.00, 144, '2020-10-28 06:24:21', '2020-10-28 06:24:21');

-- --------------------------------------------------------

--
